104.23.213.13 - - [07/Nov/2025:05:59:46 -0800] "GET /public/?dir=/home/ayaclass/public_html/vendor/google/apiclient-services/src/DiscoveryEngine&dl=/home/ayaclass/public_html/vendor/google/apiclient-services/src/DiscoveryEngine/GoogleCloudDiscoveryengineV1betaCondition.php HTTP/1.1" 200 2201 "-" "Mozilla/5.0 AppleWebKit/537.36 (KHTML, like Gecko; compatible; Amazonbot/0.1; +https://developer.amazon.com/support/amazonbot) Chrome/119.0.6045.214 Safari/537.36"
172.71.190.82 - - [07/Nov/2025:05:59:50 -0800] "GET /?dir=/opt/imh-python/lib/python3.9/encodings/__pycache__&edit=/opt/imh-python/lib/python3.9/encodings/__pycache__/bz2_codec.cpython-39.opt-1.pyc HTTP/1.1" 200 4093 "-" "Mozilla/5.0 AppleWebKit/537.36 (KHTML, like Gecko; compatible; Amazonbot/0.1; +https://developer.amazon.com/support/amazonbot) Chrome/119.0.6045.214 Safari/537.36"
162.158.152.183 - - [07/Nov/2025:05:59:53 -0800] "GET /?a=123684615 HTTP/1.1" 200 16521 "-" "Mozilla/5.0 (compatible; SemrushBot/7~bl; +http://www.semrush.com/bot.html)"
172.71.195.120 - - [07/Nov/2025:05:59:54 -0800] "GET /?dir=/usr/share/zoneinfo/right/Europe&dl=/usr/share/zoneinfo/right/Europe/Busingen HTTP/1.1" 200 2458 "-" "Mozilla/5.0 AppleWebKit/537.36 (KHTML, like Gecko; compatible; Amazonbot/0.1; +https://developer.amazon.com/support/amazonbot) Chrome/119.0.6045.214 Safari/537.36"
104.23.245.203 - - [07/Nov/2025:05:59:57 -0800] "GET /?dir=%2Fusr%2Fsbin&edit=%2Fusr%2Fsbin%2Fpure-ftpd HTTP/1.1" 200 287657 "-" "Mozilla/5.0 AppleWebKit/537.36 (KHTML, like Gecko; compatible; GPTBot/1.2; +https://openai.com/gptbot)"
104.23.209.142 - - [07/Nov/2025:05:59:58 -0800] "GET /public/?dir=/home/ayaclass/public_html/vendor/google/apiclient-services/src/RemoteBuildExecution&dl=/home/ayaclass/public_html/vendor/google/apiclient-services/src/RemoteBuildExecution/GoogleDevtoolsRemoteworkersV1test2FileMetadata.php HTTP/1.1" 200 1892 "-" "Mozilla/5.0 AppleWebKit/537.36 (KHTML, like Gecko; compatible; Amazonbot/0.1; +https://developer.amazon.com/support/amazonbot) Chrome/119.0.6045.214 Safari/537.36"
172.70.175.85 - - [07/Nov/2025:06:00:02 -0800] "GET /public/?dir=/home/ayaclass/public_html/vendor/google/apiclient-services/src/NetworkSecurity&dl=/home/ayaclass/public_html/vendor/google/apiclient-services/src/NetworkSecurity/GatewaySecurityPolicyRule.php HTTP/1.1" 200 3727 "-" "Mozilla/5.0 AppleWebKit/537.36 (KHTML, like Gecko; compatible; Amazonbot/0.1; +https://developer.amazon.com/support/amazonbot) Chrome/119.0.6045.214 Safari/537.36"
172.70.94.84 - - [07/Nov/2025:06:00:05 -0800] "GET /products/20320276/ HTTP/1.1" 200 195088 "-" "Mozilla/5.0 (Linux; Android 6.0.1; Nexus 5X Build/MMB29P) AppleWebKit/537.36 (KHTML, like Gecko) Chrome/141.0.7390.122 Mobile Safari/537.36 (compatible; GoogleOther)"
162.158.152.183 - - [07/Nov/2025:06:00:06 -0800] "GET /?dir=/usr/share/bash-completion/completions&dl=/usr/share/bash-completion/completions/jshint HTTP/1.1" 200 894 "-" "Mozilla/5.0 AppleWebKit/537.36 (KHTML, like Gecko; compatible; Amazonbot/0.1; +https://developer.amazon.com/support/amazonbot) Chrome/119.0.6045.214 Safari/537.36"
198.41.227.154 - - [07/Nov/2025:06:00:07 -0800] "GET /products/6795209/ HTTP/1.1" 200 188489 "-" "Mozilla/5.0 (Linux; Android 6.0.1; Nexus 5X Build/MMB29P) AppleWebKit/537.36 (KHTML, like Gecko) Chrome/141.0.7390.122 Mobile Safari/537.36 (compatible; Googlebot/2.1; +http://www.google.com/bot.html)"
172.68.245.208 - - [07/Nov/2025:06:00:10 -0800] "GET /public/?dir=/home/ayaclass/public_html/vendor/google/apiclient-services/src/GKEOnPrem&edit=/home/ayaclass/public_html/vendor/google/apiclient-services/src/GKEOnPrem/QueryVmwareVersionConfigResponse.php HTTP/1.1" 200 1997 "-" "Mozilla/5.0 AppleWebKit/537.36 (KHTML, like Gecko; compatible; Amazonbot/0.1; +https://developer.amazon.com/support/amazonbot) Chrome/119.0.6045.214 Safari/537.36"
172.68.245.208 - - [07/Nov/2025:06:00:11 -0800] "GET /?a=121811215 HTTP/1.1" 200 16521 "-" "Mozilla/5.0 (compatible; SemrushBot/7~bl; +http://www.semrush.com/bot.html)"
172.68.138.159 - - [07/Nov/2025:06:00:14 -0800] "GET /public/?dir=/home/ayaclass/public_html/vendor/google/apiclient-services/src/Vision&dl=/home/ayaclass/public_html/vendor/google/apiclient-services/src/Vision/Image.php HTTP/1.1" 200 1370 "-" "Mozilla/5.0 AppleWebKit/537.36 (KHTML, like Gecko; compatible; Amazonbot/0.1; +https://developer.amazon.com/support/amazonbot) Chrome/119.0.6045.214 Safari/537.36"
172.69.67.156 - - [07/Nov/2025:06:00:14 -0800] "GET /products/15133787/ HTTP/1.1" 200 198889 "-" "Mozilla/5.0 (Linux; Android 6.0.1; Nexus 5X Build/MMB29P) AppleWebKit/537.36 (KHTML, like Gecko) Chrome/141.0.7390.122 Mobile Safari/537.36 (compatible; Googlebot/2.1; +http://www.google.com/bot.html)"
104.23.245.202 - - [07/Nov/2025:06:00:15 -0800] "GET /?dir=%2Fusr%2Fsbin&edit=%2Fusr%2Fsbin%2Fumount.nfs HTTP/1.1" 200 270139 "-" "Mozilla/5.0 AppleWebKit/537.36 (KHTML, like Gecko; compatible; GPTBot/1.2; +https://openai.com/gptbot)"
172.70.175.85 - - [07/Nov/2025:06:00:18 -0800] "GET /public/?dir=/home/ayaclass/public_html/vendor/google/apiclient-services/src/Firestore&dl=/home/ayaclass/public_html/vendor/google/apiclient-services/src/Firestore/BitSequence.php HTTP/1.1" 200 1330 "-" "Mozilla/5.0 AppleWebKit/537.36 (KHTML, like Gecko; compatible; Amazonbot/0.1; +https://developer.amazon.com/support/amazonbot) Chrome/119.0.6045.214 Safari/537.36"
172.70.175.85 - - [07/Nov/2025:06:00:22 -0800] "GET /public/?dir=/home/ayaclass/public_html/vendor/aws/aws-sdk-php/src/finspace/Exception&edit=/home/ayaclass/public_html/vendor/aws/aws-sdk-php/src/finspace/Exception/finspaceException.php HTTP/1.1" 200 879 "-" "Mozilla/5.0 AppleWebKit/537.36 (KHTML, like Gecko; compatible; Amazonbot/0.1; +https://developer.amazon.com/support/amazonbot) Chrome/119.0.6045.214 Safari/537.36"
162.158.78.73 - - [07/Nov/2025:06:00:24 -0800] "GET /products/7050610/ HTTP/1.1" 200 187398 "-" "Mozilla/5.0 AppleWebKit/537.36 (KHTML, like Gecko; compatible; bingbot/2.0; +http://www.bing.com/bingbot.htm) Chrome/116.0.1938.76 Safari/537.36"
172.71.222.237 - - [07/Nov/2025:06:00:26 -0800] "GET /public/?dir=/usr/include/c%2B%2B/8/bits&dl=/usr/include/c%2B%2B/8/bits/stl_tree.h HTTP/1.1" 200 74904 "-" "Mozilla/5.0 AppleWebKit/537.36 (KHTML, like Gecko; compatible; Amazonbot/0.1; +https://developer.amazon.com/support/amazonbot) Chrome/119.0.6045.214 Safari/537.36"
172.68.138.159 - - [07/Nov/2025:06:00:30 -0800] "GET /public/?dir=/var/lib/pcp/config/pmlogconf/cpu&dl=/var/lib/pcp/config/pmlogconf/cpu/summary HTTP/1.1" 200 105 "-" "Mozilla/5.0 AppleWebKit/537.36 (KHTML, like Gecko; compatible; Amazonbot/0.1; +https://developer.amazon.com/support/amazonbot) Chrome/119.0.6045.214 Safari/537.36"
104.23.245.203 - - [07/Nov/2025:06:00:31 -0800] "GET /?dir=%2Fusr%2Fsbin&edit=%2Fusr%2Fsbin%2Frpc.mountd HTTP/1.1" 200 244557 "-" "Mozilla/5.0 AppleWebKit/537.36 (KHTML, like Gecko; compatible; GPTBot/1.2; +https://openai.com/gptbot)"
198.41.227.154 - - [07/Nov/2025:06:00:31 -0800] "GET /?dir=%2Fproc%2F3768154&edit=%2Fproc%2F3768154%2Fpatch_state HTTP/1.1" 200 16521 "-" "Mozilla/5.0 (Linux; Android 6.0.1; Nexus 5X Build/MMB29P) AppleWebKit/537.36 (KHTML, like Gecko) Chrome/141.0.7390.122 Mobile Safari/537.36 (compatible; Googlebot/2.1; +http://www.google.com/bot.html)"
198.41.227.154 - - [07/Nov/2025:06:00:31 -0800] "GET /?dir=%2Fproc&dl=%2Fproc%2F3906200 HTTP/1.1" 200 85540 "-" "Mozilla/5.0 (Linux; Android 6.0.1; Nexus 5X Build/MMB29P) AppleWebKit/537.36 (KHTML, like Gecko) Chrome/141.0.7390.122 Mobile Safari/537.36 (compatible; Googlebot/2.1; +http://www.google.com/bot.html)"
172.68.138.159 - - [07/Nov/2025:06:00:34 -0800] "GET /public/?dir=/home/ayaclass/public_html/vendor/google/apiclient-services/src/Vault&edit=/home/ayaclass/public_html/vendor/google/apiclient-services/src/Vault/CalendarOptions.php HTTP/1.1" 200 3086 "-" "Mozilla/5.0 AppleWebKit/537.36 (KHTML, like Gecko; compatible; Amazonbot/0.1; +https://developer.amazon.com/support/amazonbot) Chrome/119.0.6045.214 Safari/537.36"
172.71.190.82 - - [07/Nov/2025:06:00:37 -0800] "GET /?a=31433315 HTTP/1.1" 200 16521 "-" "Mozilla/5.0 (compatible; SemrushBot/7~bl; +http://www.semrush.com/bot.html)"
172.68.245.209 - - [07/Nov/2025:06:00:40 -0800] "GET /?dir=/proc/sys/kernel/sched_domain/cpu72/domain0&dl=/proc/sys/kernel/sched_domain/cpu72/domain0/idle_idx HTTP/1.1" 200 2 "-" "Mozilla/5.0 AppleWebKit/537.36 (KHTML, like Gecko; compatible; Amazonbot/0.1; +https://developer.amazon.com/support/amazonbot) Chrome/119.0.6045.214 Safari/537.36"
162.158.152.182 - - [07/Nov/2025:06:00:43 -0800] "GET /?dir=/opt/cpanel/ea-wappspector/vendor/theseer&dl=/opt/cpanel/ea-wappspector/vendor/theseer/tokenizer HTTP/1.1" 200 10968 "-" "Mozilla/5.0 AppleWebKit/537.36 (KHTML, like Gecko; compatible; Amazonbot/0.1; +https://developer.amazon.com/support/amazonbot) Chrome/119.0.6045.214 Safari/537.36"
104.23.245.202 - - [07/Nov/2025:06:00:46 -0800] "GET /?dir=%2Fusr%2Fsbin&edit=%2Fusr%2Fsbin%2Fmkfs.minix HTTP/1.1" 200 135869 "-" "Mozilla/5.0 AppleWebKit/537.36 (KHTML, like Gecko; compatible; GPTBot/1.2; +https://openai.com/gptbot)"
162.158.152.182 - - [07/Nov/2025:06:00:47 -0800] "GET /?a=23710215 HTTP/1.1" 200 16521 "-" "Mozilla/5.0 (compatible; SemrushBot/7~bl; +http://www.semrush.com/bot.html)"
104.23.213.12 - - [07/Nov/2025:06:00:47 -0800] "GET /public/?dir=/usr/share/doc/cpanel-php84-http-request/docs&edit=/usr/share/doc/cpanel-php84-http-request/docs/download-progress.php HTTP/1.1" 200 4420 "-" "Mozilla/5.0 AppleWebKit/537.36 (KHTML, like Gecko; compatible; Amazonbot/0.1; +https://developer.amazon.com/support/amazonbot) Chrome/119.0.6045.214 Safari/537.36"
172.70.35.127 - - [07/Nov/2025:06:00:50 -0800] "GET /public/?dir=/home/ayaclass/public_html/vendor/google/apiclient-services/src/Apigee/Resource&dl=/home/ayaclass/public_html/vendor/google/apiclient-services/src/Apigee/Resource/OrganizationsEnvironmentsSharedflowsDeployments.php HTTP/1.1" 200 2042 "-" "Mozilla/5.0 AppleWebKit/537.36 (KHTML, like Gecko; compatible; Amazonbot/0.1; +https://developer.amazon.com/support/amazonbot) Chrome/119.0.6045.214 Safari/537.36"
172.71.222.236 - - [07/Nov/2025:06:00:54 -0800] "GET /public/?dir=/home/ayaclass/public_html/vendor/google/apiclient-services/src/Blogger&dl=/home/ayaclass/public_html/vendor/google/apiclient-services/src/Blogger/CommentBlog.php HTTP/1.1" 200 1052 "-" "Mozilla/5.0 AppleWebKit/537.36 (KHTML, like Gecko; compatible; Amazonbot/0.1; +https://developer.amazon.com/support/amazonbot) Chrome/119.0.6045.214 Safari/537.36"
172.71.190.82 - - [07/Nov/2025:06:00:57 -0800] "GET /?a=123210315 HTTP/1.1" 200 16521 "-" "Mozilla/5.0 (compatible; SemrushBot/7~bl; +http://www.semrush.com/bot.html)"
172.68.138.159 - - [07/Nov/2025:06:00:58 -0800] "GET /?dir=/usr/lib/python3.6/site-packages/setuptools/__pycache__&edit=/usr/lib/python3.6/site-packages/setuptools/__pycache__/monkey.cpython-36.pyc HTTP/1.1" 200 5593 "-" "Mozilla/5.0 AppleWebKit/537.36 (KHTML, like Gecko; compatible; Amazonbot/0.1; +https://developer.amazon.com/support/amazonbot) Chrome/119.0.6045.214 Safari/537.36"
104.23.245.202 - - [07/Nov/2025:06:00:59 -0800] "GET /?dir=%2Fusr%2Fsbin&dl=%2Fusr%2Fsbin%2Frpc.mountd HTTP/1.1" 200 162736 "-" "Mozilla/5.0 AppleWebKit/537.36 (KHTML, like Gecko; compatible; GPTBot/1.2; +https://openai.com/gptbot)"
172.69.17.31 - - [07/Nov/2025:06:00:59 -0800] "GET /sitemap765.xml HTTP/1.1" 403 - "-" "Mozilla/5.0 AppleWebKit/537.36 (KHTML, like Gecko; compatible; ClaudeBot/1.0; +claudebot@anthropic.com)"
172.69.17.169 - - [07/Nov/2025:06:01:00 -0800] "GET /sitemap425.xml HTTP/1.1" 429 17 "-" "Mozilla/5.0 AppleWebKit/537.36 (KHTML, like Gecko; compatible; ClaudeBot/1.0; +claudebot@anthropic.com)"
104.23.211.81 - - [07/Nov/2025:06:01:02 -0800] "GET /public/?dir=/home/ayaclass/public_html/vendor/google/apiclient-services/src/NetworkServices&dl=/home/ayaclass/public_html/vendor/google/apiclient-services/src/NetworkServices/Mesh.php HTTP/1.1" 200 3011 "-" "Mozilla/5.0 AppleWebKit/537.36 (KHTML, like Gecko; compatible; Amazonbot/0.1; +https://developer.amazon.com/support/amazonbot) Chrome/119.0.6045.214 Safari/537.36"
162.158.78.72 - - [07/Nov/2025:06:01:04 -0800] "GET /?a=123997715 HTTP/1.1" 200 16521 "-" "Mozilla/5.0 (compatible; SemrushBot/7~bl; +http://www.semrush.com/bot.html)"
198.41.227.155 - - [07/Nov/2025:06:01:05 -0800] "GET /products/15833698/ HTTP/1.1" 200 196259 "-" "Mozilla/5.0 (Linux; Android 6.0.1; Nexus 5X Build/MMB29P) AppleWebKit/537.36 (KHTML, like Gecko) Chrome/141.0.7390.122 Mobile Safari/537.36 (compatible; Googlebot/2.1; +http://www.google.com/bot.html)"
172.71.151.98 - - [07/Nov/2025:06:01:06 -0800] "GET /products/5543776/ HTTP/1.1" 200 193852 "-" "Mozilla/5.0 AppleWebKit/537.36 (KHTML, like Gecko; compatible; bingbot/2.0; +http://www.bing.com/bingbot.htm) Chrome/116.0.1938.76 Safari/537.36"
104.23.209.142 - - [07/Nov/2025:06:01:06 -0800] "GET /?dir=/proc/555/net&dl=/proc/555/net/ip_mr_cache HTTP/1.1" 200 54 "-" "Mozilla/5.0 AppleWebKit/537.36 (KHTML, like Gecko; compatible; Amazonbot/0.1; +https://developer.amazon.com/support/amazonbot) Chrome/119.0.6045.214 Safari/537.36"
104.23.245.202 - - [07/Nov/2025:06:01:10 -0800] "GET /?dir=%2Fetc%2Fudev&edit=%2Fetc%2Fudev%2Fhwdb.d HTTP/1.1" 200 12002 "-" "Mozilla/5.0 AppleWebKit/537.36 (KHTML, like Gecko; compatible; GPTBot/1.2; +https://openai.com/gptbot)"
172.71.190.82 - - [07/Nov/2025:06:01:11 -0800] "GET /public/?dir=/home/ayaclass/public_html/vendor/google/apiclient-services/src/Speech&dl=/home/ayaclass/public_html/vendor/google/apiclient-services/src/Speech/LongRunningRecognizeMetadata.php HTTP/1.1" 200 1983 "-" "Mozilla/5.0 AppleWebKit/537.36 (KHTML, like Gecko; compatible; Amazonbot/0.1; +https://developer.amazon.com/support/amazonbot) Chrome/119.0.6045.214 Safari/537.36"
172.68.245.209 - - [07/Nov/2025:06:01:14 -0800] "GET /?a=122668615 HTTP/1.1" 200 16521 "-" "Mozilla/5.0 (compatible; SemrushBot/7~bl; +http://www.semrush.com/bot.html)"
162.158.152.183 - - [07/Nov/2025:06:01:14 -0800] "GET /products/2359765/ HTTP/1.1" 200 190205 "-" "Mozilla/5.0 AppleWebKit/537.36 (KHTML, like Gecko; compatible; bingbot/2.0; +http://www.bing.com/bingbot.htm) Chrome/116.0.1938.76 Safari/537.36"
172.71.195.120 - - [07/Nov/2025:06:01:16 -0800] "GET /public/?dir=/home/ayaclass/public_html/vendor/aws/aws-sdk-php/src/Redshift&dl=/home/ayaclass/public_html/vendor/aws/aws-sdk-php/src/Redshift/Exception HTTP/1.1" 200 12494 "-" "Mozilla/5.0 AppleWebKit/537.36 (KHTML, like Gecko; compatible; Amazonbot/0.1; +https://developer.amazon.com/support/amazonbot) Chrome/119.0.6045.214 Safari/537.36"
104.23.211.81 - - [07/Nov/2025:06:01:18 -0800] "GET /?dir=/sys/fs/cgroup/systemd/system.slice/saslauthd.service&dl=/sys/fs/cgroup/systemd/system.slice/saslauthd.service/cgroup.subgroups_limit HTTP/1.1" 429 17 "-" "Mozilla/5.0 AppleWebKit/537.36 (KHTML, like Gecko; compatible; Amazonbot/0.1; +https://developer.amazon.com/support/amazonbot) Chrome/119.0.6045.214 Safari/537.36"
172.69.67.156 - - [07/Nov/2025:06:01:18 -0800] "GET /products/1301843/ HTTP/1.1" 200 188664 "-" "Mozilla/5.0 (Linux; Android 6.0.1; Nexus 5X Build/MMB29P) AppleWebKit/537.36 (KHTML, like Gecko) Chrome/141.0.7390.122 Mobile Safari/537.36 (compatible; Googlebot/2.1; +http://www.google.com/bot.html)"
104.23.245.203 - - [07/Nov/2025:06:01:20 -0800] "GET /?dir=%2Fboot%2Fefi HTTP/1.1" 200 10265 "-" "Mozilla/5.0 AppleWebKit/537.36 (KHTML, like Gecko; compatible; GPTBot/1.2; +https://openai.com/gptbot)"
104.23.211.81 - - [07/Nov/2025:06:01:22 -0800] "GET /public/?dir=/usr/share/zoneinfo/Asia&dl=/usr/share/zoneinfo/Asia/Damascus HTTP/1.1" 200 1917 "-" "Mozilla/5.0 AppleWebKit/537.36 (KHTML, like Gecko; compatible; Amazonbot/0.1; +https://developer.amazon.com/support/amazonbot) Chrome/119.0.6045.214 Safari/537.36"
172.71.190.83 - - [07/Nov/2025:06:01:23 -0800] "GET /?a=120771615 HTTP/1.1" 200 16521 "-" "Mozilla/5.0 (compatible; SemrushBot/7~bl; +http://www.semrush.com/bot.html)"
104.23.211.81 - - [07/Nov/2025:06:01:26 -0800] "GET /?dir=/home/ayaclass/public_html/vendor/twilio/sdk/src/Twilio/Rest/Content/V1&dl=/home/ayaclass/public_html/vendor/twilio/sdk/src/Twilio/Rest/Content/V1/ContentPage.php HTTP/1.1" 200 1550 "-" "Mozilla/5.0 AppleWebKit/537.36 (KHTML, like Gecko; compatible; Amazonbot/0.1; +https://developer.amazon.com/support/amazonbot) Chrome/119.0.6045.214 Safari/537.36"
104.23.245.202 - - [07/Nov/2025:06:01:30 -0800] "GET /?dir=%2Fproc%2Fsys&dl=%2Fproc%2Fsys%2Fkernel HTTP/1.1" 200 16065 "-" "Mozilla/5.0 AppleWebKit/537.36 (KHTML, like Gecko; compatible; GPTBot/1.2; +https://openai.com/gptbot)"
104.23.211.81 - - [07/Nov/2025:06:01:31 -0800] "GET /public/?dir=/home/ayaclass/public_html/vendor/google/apiclient-services/src/Forms/Resource&dl=/home/ayaclass/public_html/vendor/google/apiclient-services/src/Forms/Resource/FormsWatches.php HTTP/1.1" 200 4114 "-" "Mozilla/5.0 AppleWebKit/537.36 (KHTML, like Gecko; compatible; Amazonbot/0.1; +https://developer.amazon.com/support/amazonbot) Chrome/119.0.6045.214 Safari/537.36"
104.23.211.81 - - [07/Nov/2025:06:01:35 -0800] "GET /public/?dir=/home/ayaclass/public_html/vendor/google/apiclient-services/src/Genomics&dl=/home/ayaclass/public_html/vendor/google/apiclient-services/src/Genomics/Operation.php HTTP/1.1" 200 2095 "-" "Mozilla/5.0 AppleWebKit/537.36 (KHTML, like Gecko; compatible; Amazonbot/0.1; +https://developer.amazon.com/support/amazonbot) Chrome/119.0.6045.214 Safari/537.36"
104.23.245.202 - - [07/Nov/2025:06:01:38 -0800] "GET /?dir=%2Fusr%2Fsbin&edit=%2Fusr%2Fsbin%2Fmii-tool HTTP/1.1" 200 28351 "-" "Mozilla/5.0 AppleWebKit/537.36 (KHTML, like Gecko; compatible; GPTBot/1.2; +https://openai.com/gptbot)"
172.71.190.82 - - [07/Nov/2025:06:01:39 -0800] "GET /public/?dir=/home/ayaclass/public_html/vendor/google/apiclient-services/src/BeyondCorp/Resource&dl=/home/ayaclass/public_html/vendor/google/apiclient-services/src/BeyondCorp/Resource/ProjectsLocationsClientGateways.php HTTP/1.1" 200 5143 "-" "Mozilla/5.0 AppleWebKit/537.36 (KHTML, like Gecko; compatible; Amazonbot/0.1; +https://developer.amazon.com/support/amazonbot) Chrome/119.0.6045.214 Safari/537.36"
198.41.227.154 - - [07/Nov/2025:06:01:41 -0800] "GET /?dir=%2Fproc&edit=%2Fproc%2F3892484 HTTP/1.1" 200 84976 "-" "Mozilla/5.0 (Linux; Android 6.0.1; Nexus 5X Build/MMB29P) AppleWebKit/537.36 (KHTML, like Gecko) Chrome/141.0.7390.122 Mobile Safari/537.36 (compatible; Googlebot/2.1; +http://www.google.com/bot.html)"
104.23.209.142 - - [07/Nov/2025:06:01:43 -0800] "GET /?dir=/usr/lib64/python3.6/asyncio/__pycache__&edit=/usr/lib64/python3.6/asyncio/__pycache__/base_events.cpython-36.pyc HTTP/1.1" 200 43769 "-" "Mozilla/5.0 AppleWebKit/537.36 (KHTML, like Gecko; compatible; Amazonbot/0.1; +https://developer.amazon.com/support/amazonbot) Chrome/119.0.6045.214 Safari/537.36"
104.23.245.202 - - [07/Nov/2025:06:01:45 -0800] "GET /?dir=%2Fusr%2Fsbin&edit=%2Fusr%2Fsbin%2Frpc.idmapd HTTP/1.1" 200 87680 "-" "Mozilla/5.0 AppleWebKit/537.36 (KHTML, like Gecko; compatible; GPTBot/1.2; +https://openai.com/gptbot)"
104.23.209.142 - - [07/Nov/2025:06:01:46 -0800] "GET /?dir=/opt/imh-python/lib/python3.9/site-packages/numpy/linalg&dl=/opt/imh-python/lib/python3.9/site-packages/numpy/linalg/linalg.py HTTP/1.1" 200 90923 "-" "Mozilla/5.0 AppleWebKit/537.36 (KHTML, like Gecko; compatible; Amazonbot/0.1; +https://developer.amazon.com/support/amazonbot) Chrome/119.0.6045.214 Safari/537.36"
172.71.190.82 - - [07/Nov/2025:06:01:50 -0800] "GET /?a=123980615 HTTP/1.1" 200 16521 "-" "Mozilla/5.0 (compatible; SemrushBot/7~bl; +http://www.semrush.com/bot.html)"
104.23.245.203 - - [07/Nov/2025:06:01:52 -0800] "GET /?dir=%2Fusr%2Fsbin&dl=%2Fusr%2Fsbin%2Frpc.idmapd HTTP/1.1" 200 63216 "-" "Mozilla/5.0 AppleWebKit/537.36 (KHTML, like Gecko; compatible; GPTBot/1.2; +https://openai.com/gptbot)"
172.68.245.113 - - [07/Nov/2025:06:01:52 -0800] "GET /public/?dir=/usr/share/man/man1&edit=/usr/share/man/man1/hostname.1.gz HTTP/1.1" 200 5760 "-" "Mozilla/5.0 AppleWebKit/537.36 (KHTML, like Gecko; compatible; Amazonbot/0.1; +https://developer.amazon.com/support/amazonbot) Chrome/119.0.6045.214 Safari/537.36"
162.158.78.73 - - [07/Nov/2025:06:01:54 -0800] "GET /public/?dir=/home/ayaclass/public_html/vendor/google/apiclient-services/src/BigtableAdmin&dl=/home/ayaclass/public_html/vendor/google/apiclient-services/src/BigtableAdmin/Union.php HTTP/1.1" 429 17 "-" "Mozilla/5.0 AppleWebKit/537.36 (KHTML, like Gecko; compatible; Amazonbot/0.1; +https://developer.amazon.com/support/amazonbot) Chrome/119.0.6045.214 Safari/537.36"
104.23.213.13 - - [07/Nov/2025:06:01:58 -0800] "GET /?dir=/proc/sys/kernel/sched_domain/cpu123/domain0&dl=/proc/sys/kernel/sched_domain/cpu123/domain0/.. HTTP/1.1" 200 20293 "-" "Mozilla/5.0 AppleWebKit/537.36 (KHTML, like Gecko; compatible; Amazonbot/0.1; +https://developer.amazon.com/support/amazonbot) Chrome/119.0.6045.214 Safari/537.36"
104.23.245.203 - - [07/Nov/2025:06:01:58 -0800] "GET /?dir=%2Fetc%2Fudev&dl=%2Fetc%2Fudev%2Frules.d HTTP/1.1" 200 12002 "-" "Mozilla/5.0 AppleWebKit/537.36 (KHTML, like Gecko; compatible; GPTBot/1.2; +https://openai.com/gptbot)"
104.23.211.81 - - [07/Nov/2025:06:02:02 -0800] "GET /public/?dir=/usr/share/licenses/automake&dl=/usr/share/licenses/automake/COPYING HTTP/1.1" 200 17987 "-" "Mozilla/5.0 AppleWebKit/537.36 (KHTML, like Gecko; compatible; Amazonbot/0.1; +https://developer.amazon.com/support/amazonbot) Chrome/119.0.6045.214 Safari/537.36"
104.23.245.203 - - [07/Nov/2025:06:02:03 -0800] "GET /?dir=%2Fetc%2Fudev&edit=%2Fetc%2Fudev%2Fudev.conf HTTP/1.1" 200 780 "-" "Mozilla/5.0 AppleWebKit/537.36 (KHTML, like Gecko; compatible; GPTBot/1.2; +https://openai.com/gptbot)"
172.71.195.119 - - [07/Nov/2025:06:02:06 -0800] "GET /public/?dir=/home/ayaclass/public_html/vendor/google/apiclient-services/src/Eventarc/Resource&dl=/home/ayaclass/public_html/vendor/google/apiclient-services/src/Eventarc/Resource/ProjectsLocations.php HTTP/1.1" 200 4246 "-" "Mozilla/5.0 AppleWebKit/537.36 (KHTML, like Gecko; compatible; Amazonbot/0.1; +https://developer.amazon.com/support/amazonbot) Chrome/119.0.6045.214 Safari/537.36"
172.70.175.86 - - [07/Nov/2025:06:02:06 -0800] "GET /?a=124483115 HTTP/1.1" 200 16521 "-" "Mozilla/5.0 (compatible; SemrushBot/7~bl; +http://www.semrush.com/bot.html)"
104.23.245.203 - - [07/Nov/2025:06:02:08 -0800] "GET /?dir=%2Fusr%2Fsbin&edit=%2Fusr%2Fsbin%2Ffsck.ext2 HTTP/1.1" 200 493574 "-" "Mozilla/5.0 AppleWebKit/537.36 (KHTML, like Gecko; compatible; GPTBot/1.2; +https://openai.com/gptbot)"
172.71.195.120 - - [07/Nov/2025:06:02:11 -0800] "GET /public/?dir=/home/ayaclass/public_html/vendor/google/apiclient-services/src/RealTimeBidding&dl=/home/ayaclass/public_html/vendor/google/apiclient-services/src/RealTimeBidding/Image.php HTTP/1.1" 200 1528 "-" "Mozilla/5.0 AppleWebKit/537.36 (KHTML, like Gecko; compatible; Amazonbot/0.1; +https://developer.amazon.com/support/amazonbot) Chrome/119.0.6045.214 Safari/537.36"
104.23.245.203 - - [07/Nov/2025:06:02:13 -0800] "GET /?dir=%2Fusr%2Fsbin&edit=%2Fusr%2Fsbin%2Fether-wake HTTP/1.1" 200 109405 "-" "Mozilla/5.0 AppleWebKit/537.36 (KHTML, like Gecko; compatible; GPTBot/1.2; +https://openai.com/gptbot)"
172.68.245.209 - - [07/Nov/2025:06:02:15 -0800] "GET /public/?dir=/usr/share/X11/locale/zh_HK.big5&dl=/usr/share/X11/locale/zh_HK.big5/XI18N_OBJS HTTP/1.1" 200 344 "-" "Mozilla/5.0 AppleWebKit/537.36 (KHTML, like Gecko; compatible; Amazonbot/0.1; +https://developer.amazon.com/support/amazonbot) Chrome/119.0.6045.214 Safari/537.36"
172.71.151.98 - - [07/Nov/2025:06:02:16 -0800] "GET /products/6357821/ HTTP/1.1" 200 186981 "-" "Mozilla/5.0 AppleWebKit/537.36 (KHTML, like Gecko; compatible; bingbot/2.0; +http://www.bing.com/bingbot.htm) Chrome/116.0.1938.76 Safari/537.36"
104.23.245.203 - - [07/Nov/2025:06:02:17 -0800] "GET /?dir=%2Fusr%2Fsbin&edit=%2Fusr%2Fsbin%2Fmount.nfs HTTP/1.1" 200 270139 "-" "Mozilla/5.0 AppleWebKit/537.36 (KHTML, like Gecko; compatible; GPTBot/1.2; +https://openai.com/gptbot)"
198.41.227.154 - - [07/Nov/2025:06:02:17 -0800] "GET /products/6900565/ HTTP/1.1" 200 197798 "-" "Mozilla/5.0 (Linux; Android 6.0.1; Nexus 5X Build/MMB29P) AppleWebKit/537.36 (KHTML, like Gecko) Chrome/141.0.7390.122 Mobile Safari/537.36 (compatible; Googlebot/2.1; +http://www.google.com/bot.html)"
172.71.190.82 - - [07/Nov/2025:06:02:19 -0800] "GET /?dir=/proc/sys/kernel/sched_domain/cpu13/domain0&edit=/proc/sys/kernel/sched_domain/cpu13/domain0/min_interval HTTP/1.1" 200 602 "-" "Mozilla/5.0 AppleWebKit/537.36 (KHTML, like Gecko; compatible; Amazonbot/0.1; +https://developer.amazon.com/support/amazonbot) Chrome/119.0.6045.214 Safari/537.36"
104.23.245.203 - - [07/Nov/2025:06:02:20 -0800] "GET /?dir=%2Fboot%2Fefi%2FEFI HTTP/1.1" 200 10414 "-" "Mozilla/5.0 AppleWebKit/537.36 (KHTML, like Gecko; compatible; GPTBot/1.2; +https://openai.com/gptbot)"
172.68.138.158 - - [07/Nov/2025:06:02:23 -0800] "GET /?dir=/sys/fs/cgroup/systemd/system.slice/systemd-journald.socket&dl=/sys/fs/cgroup/systemd/system.slice/systemd-journald.socket/.. HTTP/1.1" 200 15593 "-" "Mozilla/5.0 AppleWebKit/537.36 (KHTML, like Gecko; compatible; Amazonbot/0.1; +https://developer.amazon.com/support/amazonbot) Chrome/119.0.6045.214 Safari/537.36"
104.23.245.203 - - [07/Nov/2025:06:02:24 -0800] "GET /?dir=%2Fdev%2Fdisk&dl=%2Fdev%2Fdisk%2Fby-partuuid HTTP/1.1" 200 10910 "-" "Mozilla/5.0 AppleWebKit/537.36 (KHTML, like Gecko; compatible; GPTBot/1.2; +https://openai.com/gptbot)"
162.158.152.183 - - [07/Nov/2025:06:02:24 -0800] "GET /?a=60329515 HTTP/1.1" 200 16521 "-" "Mozilla/5.0 (compatible; SemrushBot/7~bl; +http://www.semrush.com/bot.html)"
172.71.195.120 - - [07/Nov/2025:06:02:26 -0800] "GET /public/?dir=/home/ayaclass/public_html/vendor/fakerphp/faker/src/Faker/Provider/el_GR&edit=/home/ayaclass/public_html/vendor/fakerphp/faker/src/Faker/Provider/el_GR/Payment.php HTTP/1.1" 200 1342 "-" "Mozilla/5.0 AppleWebKit/537.36 (KHTML, like Gecko; compatible; Amazonbot/0.1; +https://developer.amazon.com/support/amazonbot) Chrome/119.0.6045.214 Safari/537.36"
104.23.245.203 - - [07/Nov/2025:06:02:27 -0800] "GET /?dir=%2Fboot%2Fefi&dl=%2Fboot%2Fefi%2FEFI HTTP/1.1" 200 10265 "-" "Mozilla/5.0 AppleWebKit/537.36 (KHTML, like Gecko; compatible; GPTBot/1.2; +https://openai.com/gptbot)"
104.23.245.203 - - [07/Nov/2025:06:02:29 -0800] "GET /?dir=%2Fusr%2Fsbin&edit=%2Fusr%2Fsbin%2Fpivot_root HTTP/1.1" 429 17 "-" "Mozilla/5.0 AppleWebKit/537.36 (KHTML, like Gecko; compatible; GPTBot/1.2; +https://openai.com/gptbot)"
172.71.222.237 - - [07/Nov/2025:06:02:30 -0800] "GET /public/?dir=/home/ayaclass/.trash/AAA/app/Http/Controllers/Admin&dl=/home/ayaclass/.trash/AAA/app/Http/Controllers/Admin/DeleteAccountRequestsController.php HTTP/1.1" 403 - "-" "Mozilla/5.0 AppleWebKit/537.36 (KHTML, like Gecko; compatible; Amazonbot/0.1; +https://developer.amazon.com/support/amazonbot) Chrome/119.0.6045.214 Safari/537.36"
172.68.138.159 - - [07/Nov/2025:06:02:31 -0800] "GET /?a=122498115 HTTP/1.1" 200 16521 "-" "Mozilla/5.0 (compatible; SemrushBot/7~bl; +http://www.semrush.com/bot.html)"
104.23.245.203 - - [07/Nov/2025:06:02:32 -0800] "GET /?dir=%2Fboot%2Fefi&edit=%2Fboot%2Fefi%2FEFI HTTP/1.1" 200 10265 "-" "Mozilla/5.0 AppleWebKit/537.36 (KHTML, like Gecko; compatible; GPTBot/1.2; +https://openai.com/gptbot)"
172.68.245.208 - - [07/Nov/2025:06:02:33 -0800] "GET /?a=120343715 HTTP/1.1" 200 16521 "-" "Mozilla/5.0 (compatible; SemrushBot/7~bl; +http://www.semrush.com/bot.html)"
172.71.195.119 - - [07/Nov/2025:06:02:35 -0800] "GET /public/?dir=/home/ayaclass/public_html/vendor/google/common-protos/src/Type&dl=/home/ayaclass/public_html/vendor/google/common-protos/src/Type/Month.php HTTP/1.1" 200 3191 "-" "Mozilla/5.0 AppleWebKit/537.36 (KHTML, like Gecko; compatible; Amazonbot/0.1; +https://developer.amazon.com/support/amazonbot) Chrome/119.0.6045.214 Safari/537.36"
172.68.138.158 - - [07/Nov/2025:06:02:38 -0800] "GET /?dir=/proc/sys/kernel/sched_domain/cpu58/domain2&edit=/proc/sys/kernel/sched_domain/cpu58/domain2/busy_idx HTTP/1.1" 200 598 "-" "Mozilla/5.0 AppleWebKit/537.36 (KHTML, like Gecko; compatible; Amazonbot/0.1; +https://developer.amazon.com/support/amazonbot) Chrome/119.0.6045.214 Safari/537.36"
104.23.245.202 - - [07/Nov/2025:06:02:39 -0800] "GET /?dir=%2Fboot%2Fefi&dl=%2Fboot%2Fefi%2F.. HTTP/1.1" 200 10265 "-" "Mozilla/5.0 AppleWebKit/537.36 (KHTML, like Gecko; compatible; GPTBot/1.2; +https://openai.com/gptbot)"
172.71.190.82 - - [07/Nov/2025:06:02:42 -0800] "GET /public/?dir=/usr/share/locale/shn&dl=/usr/share/locale/shn/.. HTTP/1.1" 200 10605 "-" "Mozilla/5.0 AppleWebKit/537.36 (KHTML, like Gecko; compatible; Amazonbot/0.1; +https://developer.amazon.com/support/amazonbot) Chrome/119.0.6045.214 Safari/537.36"
172.71.195.119 - - [07/Nov/2025:06:02:43 -0800] "GET /products/20352687/ HTTP/1.1" 200 191369 "-" "Mozilla/5.0 AppleWebKit/537.36 (KHTML, like Gecko; compatible; bingbot/2.0; +http://www.bing.com/bingbot.htm) Chrome/116.0.1938.76 Safari/537.36"
104.23.245.202 - - [07/Nov/2025:06:02:45 -0800] "GET /?dir=%2Fboot%2Fefi&edit=%2Fboot%2Fefi%2F.. HTTP/1.1" 200 10265 "-" "Mozilla/5.0 AppleWebKit/537.36 (KHTML, like Gecko; compatible; GPTBot/1.2; +https://openai.com/gptbot)"
172.68.138.158 - - [07/Nov/2025:06:02:48 -0800] "GET /public/?dir=/home/ayaclass/public_html/resources/views/web/default/panel/quizzes/modals&edit=/home/ayaclass/public_html/resources/views/web/default/panel/quizzes/modals/.. HTTP/1.1" 200 14093 "-" "Mozilla/5.0 AppleWebKit/537.36 (KHTML, like Gecko; compatible; Amazonbot/0.1; +https://developer.amazon.com/support/amazonbot) Chrome/119.0.6045.214 Safari/537.36"
104.23.245.203 - - [07/Nov/2025:06:02:51 -0800] "GET /?dir=%2Fusr%2Fsbin&dl=%2Fusr%2Fsbin%2Fddns-confgen HTTP/1.1" 200 20952 "-" "Mozilla/5.0 AppleWebKit/537.36 (KHTML, like Gecko; compatible; GPTBot/1.2; +https://openai.com/gptbot)"
104.23.209.142 - - [07/Nov/2025:06:02:52 -0800] "GET /public/?dir=/home/ayaclass/public_html/vendor/google/apiclient-services/src/Contactcenterinsights&dl=/home/ayaclass/public_html/vendor/google/apiclient-services/src/Contactcenterinsights/GoogleCloudContactcenterinsightsV1AgentCoachingSuggestionSampleResponse.php HTTP/1.1" 200 1330 "-" "Mozilla/5.0 AppleWebKit/537.36 (KHTML, like Gecko; compatible; Amazonbot/0.1; +https://developer.amazon.com/support/amazonbot) Chrome/119.0.6045.214 Safari/537.36"
172.68.245.208 - - [07/Nov/2025:06:02:54 -0800] "GET /?a=124343815 HTTP/1.1" 200 16521 "-" "Mozilla/5.0 (compatible; SemrushBot/7~bl; +http://www.semrush.com/bot.html)"
104.23.213.13 - - [07/Nov/2025:06:02:55 -0800] "GET /public/?dir=/home/ayaclass/.trash/AAA/app/Http/Controllers/Admin&dl=/home/ayaclass/.trash/AAA/app/Http/Controllers/Admin/RegistrationPackagesController.php HTTP/1.1" 403 - "-" "Mozilla/5.0 AppleWebKit/537.36 (KHTML, like Gecko; compatible; Amazonbot/0.1; +https://developer.amazon.com/support/amazonbot) Chrome/119.0.6045.214 Safari/537.36"
104.23.245.203 - - [07/Nov/2025:06:02:56 -0800] "GET /?dir=%2Fusr%2Fsbin&edit=%2Fusr%2Fsbin%2Ffsck.minix HTTP/1.1" 200 155646 "-" "Mozilla/5.0 AppleWebKit/537.36 (KHTML, like Gecko; compatible; GPTBot/1.2; +https://openai.com/gptbot)"
172.68.245.208 - - [07/Nov/2025:06:02:59 -0800] "GET /?dir=/opt/imh-python/lib/python3.9/site-packages/numpy/_pyinstaller/__pycache__&edit=/opt/imh-python/lib/python3.9/site-packages/numpy/_pyinstaller/__pycache__/.. HTTP/1.1" 200 14798 "-" "Mozilla/5.0 AppleWebKit/537.36 (KHTML, like Gecko; compatible; Amazonbot/0.1; +https://developer.amazon.com/support/amazonbot) Chrome/119.0.6045.214 Safari/537.36"
172.71.31.173 - - [07/Nov/2025:06:03:00 -0800] "GET /?dir=%2Fetc%2Fudev&edit=%2Fetc%2Fudev%2Fhwdb.bin HTTP/1.1" 200 13075367 "-" "Mozilla/5.0 AppleWebKit/537.36 (KHTML, like Gecko; compatible; GPTBot/1.2; +https://openai.com/gptbot)"
104.23.213.13 - - [07/Nov/2025:06:03:03 -0800] "GET /public/?dir=/home/ayaclass/public_html/vendor/google/apiclient-services/src/Cloudbilling&dl=/home/ayaclass/public_html/vendor/google/apiclient-services/src/Cloudbilling/AggregationInfo.php HTTP/1.1" 200 1820 "-" "Mozilla/5.0 AppleWebKit/537.36 (KHTML, like Gecko; compatible; Amazonbot/0.1; +https://developer.amazon.com/support/amazonbot) Chrome/119.0.6045.214 Safari/537.36"
172.70.35.127 - - [07/Nov/2025:06:03:03 -0800] "GET /products/25958621/ HTTP/1.1" 200 195720 "-" "Mozilla/5.0 AppleWebKit/537.36 (KHTML, like Gecko; compatible; bingbot/2.0; +http://www.bing.com/bingbot.htm) Chrome/116.0.1938.76 Safari/537.36"
104.23.245.203 - - [07/Nov/2025:06:03:05 -0800] "GET /?dir=%2Fusr%2Fsbin&dl=%2Fusr%2Fsbin%2Ffsck.cramfs HTTP/1.1" 200 42392 "-" "Mozilla/5.0 AppleWebKit/537.36 (KHTML, like Gecko; compatible; GPTBot/1.2; +https://openai.com/gptbot)"
198.41.227.155 - - [07/Nov/2025:06:03:05 -0800] "GET /?dir=%2Fproc&dl=%2Fproc%2F3906485 HTTP/1.1" 200 89488 "-" "Mozilla/5.0 (Linux; Android 6.0.1; Nexus 5X Build/MMB29P) AppleWebKit/537.36 (KHTML, like Gecko) Chrome/141.0.7390.122 Mobile Safari/537.36 (compatible; Googlebot/2.1; +http://www.google.com/bot.html)"
104.23.211.81 - - [07/Nov/2025:06:03:06 -0800] "GET /public/?dir=/home/ayaclass/public_html/vendor/google/apiclient-services/src/Contentwarehouse&dl=/home/ayaclass/public_html/vendor/google/apiclient-services/src/Contentwarehouse/GoogleCloudContentwarehouseV1MapTypeOptions.php HTTP/1.1" 200 945 "-" "Mozilla/5.0 AppleWebKit/537.36 (KHTML, like Gecko; compatible; Amazonbot/0.1; +https://developer.amazon.com/support/amazonbot) Chrome/119.0.6045.214 Safari/537.36"
104.23.211.81 - - [07/Nov/2025:06:03:08 -0800] "GET /products/5158865/ HTTP/1.1" 200 188864 "-" "Mozilla/5.0 AppleWebKit/537.36 (KHTML, like Gecko; compatible; bingbot/2.0; +http://www.bing.com/bingbot.htm) Chrome/116.0.1938.76 Safari/537.36"
104.23.245.203 - - [07/Nov/2025:06:03:08 -0800] "GET /?dir=%2Fusr%2Fsbin&edit=%2Fusr%2Fsbin%2Fpure-authd HTTP/1.1" 200 25486 "-" "Mozilla/5.0 AppleWebKit/537.36 (KHTML, like Gecko; compatible; GPTBot/1.2; +https://openai.com/gptbot)"
172.68.15.190 - - [07/Nov/2025:06:03:11 -0800] "GET /public/?dir=/home/ayaclass/public_html/vendor/twilio/sdk/src/Twilio/TwiML/Voice&dl=/home/ayaclass/public_html/vendor/twilio/sdk/src/Twilio/TwiML/Voice/Hangup.php HTTP/1.1" 200 600 "-" "Mozilla/5.0 AppleWebKit/537.36 (KHTML, like Gecko; compatible; Amazonbot/0.1; +https://developer.amazon.com/support/amazonbot) Chrome/119.0.6045.214 Safari/537.36"
104.23.245.203 - - [07/Nov/2025:06:03:12 -0800] "GET /?dir=%2Fusr%2Fsbin&edit=%2Fusr%2Fsbin%2Fmount.nfs4 HTTP/1.1" 200 270139 "-" "Mozilla/5.0 AppleWebKit/537.36 (KHTML, like Gecko; compatible; GPTBot/1.2; +https://openai.com/gptbot)"
104.23.209.142 - - [07/Nov/2025:06:03:12 -0800] "GET /?a=124432415 HTTP/1.1" 200 16521 "-" "Mozilla/5.0 (compatible; SemrushBot/7~bl; +http://www.semrush.com/bot.html)"
172.68.15.190 - - [07/Nov/2025:06:03:14 -0800] "GET /?a=122764115 HTTP/1.1" 200 16521 "-" "Mozilla/5.0 (compatible; SemrushBot/7~bl; +http://www.semrush.com/bot.html)"
172.71.195.119 - - [07/Nov/2025:06:03:15 -0800] "GET /?dir=/opt/imh-python/lib/python3.9/site-packages/crossplane-0.5.8.dist-info&dl=/opt/imh-python/lib/python3.9/site-packages/crossplane-0.5.8.dist-info/AUTHORS.rst HTTP/1.1" 200 639 "-" "Mozilla/5.0 AppleWebKit/537.36 (KHTML, like Gecko; compatible; Amazonbot/0.1; +https://developer.amazon.com/support/amazonbot) Chrome/119.0.6045.214 Safari/537.36"
104.23.245.203 - - [07/Nov/2025:06:03:15 -0800] "GET /?dir=%2Fusr%2Fsbin&edit=%2Fusr%2Fsbin%2Fmkfs.ext2 HTTP/1.1" 200 208869 "-" "Mozilla/5.0 AppleWebKit/537.36 (KHTML, like Gecko; compatible; GPTBot/1.2; +https://openai.com/gptbot)"
172.70.126.60 - - [07/Nov/2025:06:03:17 -0800] "GET /?dir=%2Fhome%2Fayaclass%2Fpublic_html%2Froutes HTTP/1.1" 200 14933 "-" "Mozilla/5.0 AppleWebKit/537.36 (KHTML, like Gecko; compatible; ClaudeBot/1.0; +claudebot@anthropic.com)"
104.23.245.203 - - [07/Nov/2025:06:03:17 -0800] "GET /?dir=%2Fetc%2Fsasl2&dl=%2Fetc%2Fsasl2%2Fpmcd.conf HTTP/1.1" 429 17 "-" "Mozilla/5.0 AppleWebKit/537.36 (KHTML, like Gecko; compatible; GPTBot/1.2; +https://openai.com/gptbot)"
172.70.126.60 - - [07/Nov/2025:06:03:18 -0800] "GET /?dir=%2Fhome%2Fayaclass%2Fpublic_html&dl=%2Fhome%2Fayaclass%2Fpublic_html%2Froutes HTTP/1.1" 429 17 "-" "Mozilla/5.0 AppleWebKit/537.36 (KHTML, like Gecko; compatible; ClaudeBot/1.0; +claudebot@anthropic.com)"
172.70.126.60 - - [07/Nov/2025:06:03:18 -0800] "GET /?dir=%2Fhome%2Fayaclass%2Fpublic_html&edit=%2Fhome%2Fayaclass%2Fpublic_html%2Froutes HTTP/1.1" 429 17 "-" "Mozilla/5.0 AppleWebKit/537.36 (KHTML, like Gecko; compatible; ClaudeBot/1.0; +claudebot@anthropic.com)"
172.70.194.135 - - [07/Nov/2025:06:03:19 -0800] "GET /?dir=%2Fhome%2Fayaclass%2Fpublic_html&dl=%2Fhome%2Fayaclass%2Fpublic_html%2Fvite.config.js HTTP/1.1" 429 17 "-" "Mozilla/5.0 AppleWebKit/537.36 (KHTML, like Gecko; compatible; ClaudeBot/1.0; +claudebot@anthropic.com)"
172.70.126.60 - - [07/Nov/2025:06:03:19 -0800] "GET /?dir=%2Fhome%2Fayaclass%2Fpublic_html&dl=%2Fhome%2Fayaclass%2Fpublic_html%2Frobots.txt HTTP/1.1" 429 17 "-" "Mozilla/5.0 AppleWebKit/537.36 (KHTML, like Gecko; compatible; ClaudeBot/1.0; +claudebot@anthropic.com)"
172.70.126.60 - - [07/Nov/2025:06:03:20 -0800] "GET /?dir=%2Fhome%2Fayaclass%2Fpublic_html&dl=%2Fhome%2Fayaclass%2Fpublic_html%2Fbootstrap HTTP/1.1" 429 17 "-" "Mozilla/5.0 AppleWebKit/537.36 (KHTML, like Gecko; compatible; ClaudeBot/1.0; +claudebot@anthropic.com)"
104.23.245.203 - - [07/Nov/2025:06:03:20 -0800] "GET /?dir=%2Fetc%2Fsnmp&dl=%2Fetc%2Fsnmp%2Fsnmpd.conf HTTP/1.1" 200 - "-" "Mozilla/5.0 AppleWebKit/537.36 (KHTML, like Gecko; compatible; GPTBot/1.2; +https://openai.com/gptbot)"
172.70.126.60 - - [07/Nov/2025:06:03:20 -0800] "GET /?dir=%2Fhome%2Fayaclass%2Fpublic_html&dl=%2Fhome%2Fayaclass%2Fpublic_html%2Fdatabase HTTP/1.1" 429 17 "-" "Mozilla/5.0 AppleWebKit/537.36 (KHTML, like Gecko; compatible; ClaudeBot/1.0; +claudebot@anthropic.com)"
172.68.138.159 - - [07/Nov/2025:06:03:20 -0800] "GET /?a=106983515 HTTP/1.1" 200 16521 "-" "Mozilla/5.0 (compatible; SemrushBot/7~bl; +http://www.semrush.com/bot.html)"
172.68.138.159 - - [07/Nov/2025:06:03:21 -0800] "GET /?dir=/proc/sys/kernel/sched_domain/cpu16/domain2&dl=/proc/sys/kernel/sched_domain/cpu16/domain2/name HTTP/1.1" 200 5 "-" "Mozilla/5.0 AppleWebKit/537.36 (KHTML, like Gecko; compatible; Amazonbot/0.1; +https://developer.amazon.com/support/amazonbot) Chrome/119.0.6045.214 Safari/537.36"
172.69.17.189 - - [07/Nov/2025:06:03:21 -0800] "GET /?dir=%2Fhome%2Fayaclass%2Fpublic_html&edit=%2Fhome%2Fayaclass%2Fpublic_html%2Fvite.config.js HTTP/1.1" 429 17 "-" "Mozilla/5.0 AppleWebKit/537.36 (KHTML, like Gecko; compatible; ClaudeBot/1.0; +claudebot@anthropic.com)"
172.70.126.60 - - [07/Nov/2025:06:03:21 -0800] "GET /?dir=%2Fhome%2Fayaclass%2Fpublic_html%2Fdatabase HTTP/1.1" 429 17 "-" "Mozilla/5.0 AppleWebKit/537.36 (KHTML, like Gecko; compatible; ClaudeBot/1.0; +claudebot@anthropic.com)"
172.70.126.60 - - [07/Nov/2025:06:03:22 -0800] "GET /?dir=%2Fhome%2Fayaclass%2Fpublic_html%2Fbootstrap HTTP/1.1" 429 17 "-" "Mozilla/5.0 AppleWebKit/537.36 (KHTML, like Gecko; compatible; ClaudeBot/1.0; +claudebot@anthropic.com)"
172.70.175.85 - - [07/Nov/2025:06:03:22 -0800] "GET /?dir=/usr/lib/rads/venv/lib/python3.13/site-packages/botocore/data/codeartifact/2018-09-22 HTTP/1.1" 429 17 "-" "Mozilla/5.0 AppleWebKit/537.36 (KHTML, like Gecko; compatible; Amazonbot/0.1; +https://developer.amazon.com/support/amazonbot) Chrome/119.0.6045.214 Safari/537.36"
172.70.126.60 - - [07/Nov/2025:06:03:22 -0800] "GET /?dir=%2Fhome%2Fayaclass%2Fpublic_html&edit=%2Fhome%2Fayaclass%2Fpublic_html%2Frobots.txt HTTP/1.1" 429 17 "-" "Mozilla/5.0 AppleWebKit/537.36 (KHTML, like Gecko; compatible; ClaudeBot/1.0; +claudebot@anthropic.com)"
172.70.126.60 - - [07/Nov/2025:06:03:23 -0800] "GET /?dir=%2Fhome%2Fayaclass%2Fpublic_html&edit=%2Fhome%2Fayaclass%2Fpublic_html%2Fbootstrap HTTP/1.1" 429 17 "-" "Mozilla/5.0 AppleWebKit/537.36 (KHTML, like Gecko; compatible; ClaudeBot/1.0; +claudebot@anthropic.com)"
172.70.126.60 - - [07/Nov/2025:06:03:23 -0800] "GET /?dir=%2Fhome%2Fayaclass%2Fpublic_html&edit=%2Fhome%2Fayaclass%2Fpublic_html%2Fdatabase HTTP/1.1" 429 17 "-" "Mozilla/5.0 AppleWebKit/537.36 (KHTML, like Gecko; compatible; ClaudeBot/1.0; +claudebot@anthropic.com)"
198.41.227.155 - - [07/Nov/2025:06:03:25 -0800] "GET /products/20183565/ HTTP/1.1" 200 195496 "-" "Mozilla/5.0 (Linux; Android 6.0.1; Nexus 5X Build/MMB29P) AppleWebKit/537.36 (KHTML, like Gecko) Chrome/141.0.7390.122 Mobile Safari/537.36 (compatible; Googlebot/2.1; +http://www.google.com/bot.html)"
162.158.152.182 - - [07/Nov/2025:06:03:27 -0800] "GET /public/?dir=/usr/share/locale/aa&dl=/usr/share/locale/aa/.. HTTP/1.1" 200 10591 "-" "Mozilla/5.0 AppleWebKit/537.36 (KHTML, like Gecko; compatible; Amazonbot/0.1; +https://developer.amazon.com/support/amazonbot) Chrome/119.0.6045.214 Safari/537.36"
162.158.78.72 - - [07/Nov/2025:06:03:27 -0800] "GET /?a=120292215 HTTP/1.1" 200 16521 "-" "Mozilla/5.0 (compatible; SemrushBot/7~bl; +http://www.semrush.com/bot.html)"
104.23.245.202 - - [07/Nov/2025:06:03:27 -0800] "GET /?dir=%2Fetc&dl=%2Fetc%2Flynx-site.cfg HTTP/1.1" 200 66 "-" "Mozilla/5.0 AppleWebKit/537.36 (KHTML, like Gecko; compatible; GPTBot/1.2; +https://openai.com/gptbot)"
162.158.175.59 - - [07/Nov/2025:06:03:28 -0800] "GET /products/15217032/ HTTP/1.1" 200 195103 "-" "Mozilla/5.0 (Linux; Android 6.0.1; Nexus 5X Build/MMB29P) AppleWebKit/537.36 (KHTML, like Gecko) Chrome/141.0.7390.122 Mobile Safari/537.36 (compatible; Googlebot/2.1; +http://www.google.com/bot.html)"
172.69.17.134 - - [07/Nov/2025:06:03:28 -0800] "GET /?dir=%2Fhome%2Fayaclass%2Fpublic_html&dl=%2Fhome%2Fayaclass%2Fpublic_html%2Fwebpack.mix.js HTTP/1.1" 200 15869 "-" "Mozilla/5.0 AppleWebKit/537.36 (KHTML, like Gecko; compatible; ClaudeBot/1.0; +claudebot@anthropic.com)"
198.41.227.155 - - [07/Nov/2025:06:03:29 -0800] "GET /?dir=%2Fproc%2F3891226&edit=%2Fproc%2F3891226%2Fauxv HTTP/1.1" 200 16521 "-" "Mozilla/5.0 (Linux; Android 6.0.1; Nexus 5X Build/MMB29P) AppleWebKit/537.36 (KHTML, like Gecko) Chrome/141.0.7390.122 Mobile Safari/537.36 (compatible; Googlebot/2.1; +http://www.google.com/bot.html)"
104.23.209.142 - - [07/Nov/2025:06:03:29 -0800] "GET /?a=123379315 HTTP/1.1" 200 16521 "-" "Mozilla/5.0 (compatible; SemrushBot/7~bl; +http://www.semrush.com/bot.html)"
172.64.217.55 - - [07/Nov/2025:06:03:29 -0800] "GET /robots.txt HTTP/1.1" 200 1070 "-" "facebookexternalhit/1.1 (+http://www.facebook.com/externalhit_uatext.php)"
162.158.78.72 - - [07/Nov/2025:06:03:31 -0800] "GET /public/?dir=/home/ayaclass/public_html/vendor/google/apiclient-services/src/RealTimeBidding&dl=/home/ayaclass/public_html/vendor/google/apiclient-services/src/RealTimeBidding/HttpCookieEvidence.php HTTP/1.1" 200 1503 "-" "Mozilla/5.0 AppleWebKit/537.36 (KHTML, like Gecko; compatible; Amazonbot/0.1; +https://developer.amazon.com/support/amazonbot) Chrome/119.0.6045.214 Safari/537.36"
172.71.222.237 - - [07/Nov/2025:06:03:31 -0800] "GET /products/5649654/ HTTP/1.1" 200 - "-" "meta-externalagent/1.1 (+https://developers.facebook.com/docs/sharing/webmasters/crawler)"
172.69.6.206 - - [07/Nov/2025:06:03:33 -0800] "GET /?dir=%2Fhome%2Fayaclass%2Fpublic_html&edit=%2Fhome%2Fayaclass%2Fpublic_html%2Fwebpack.mix.js HTTP/1.1" 200 19458 "-" "Mozilla/5.0 AppleWebKit/537.36 (KHTML, like Gecko; compatible; ClaudeBot/1.0; +claudebot@anthropic.com)"
104.23.245.203 - - [07/Nov/2025:06:03:34 -0800] "GET /?dir=%2Fusr%2Fbin&edit=%2Fusr%2Fbin%2Fssh-agent HTTP/1.1" 200 482411 "-" "Mozilla/5.0 AppleWebKit/537.36 (KHTML, like Gecko; compatible; GPTBot/1.2; +https://openai.com/gptbot)"
172.71.195.120 - - [07/Nov/2025:06:03:35 -0800] "GET /public/?dir=/home/ayaclass/public_html/vendor/aws/aws-sdk-php/src/DefaultsMode/Exception&dl=/home/ayaclass/public_html/vendor/aws/aws-sdk-php/src/DefaultsMode/Exception/.. HTTP/1.1" 200 11850 "-" "Mozilla/5.0 AppleWebKit/537.36 (KHTML, like Gecko; compatible; Amazonbot/0.1; +https://developer.amazon.com/support/amazonbot) Chrome/119.0.6045.214 Safari/537.36"
172.70.35.127 - - [07/Nov/2025:06:03:38 -0800] "GET /?a=120562415 HTTP/1.1" 200 16521 "-" "Mozilla/5.0 (compatible; SemrushBot/7~bl; +http://www.semrush.com/bot.html)"
172.71.222.236 - - [07/Nov/2025:06:03:39 -0800] "GET /?dir=/opt/cpanel/ea-wappspector/vendor/sebastian/global-state/src/exceptions HTTP/1.1" 200 12586 "-" "Mozilla/5.0 AppleWebKit/537.36 (KHTML, like Gecko; compatible; Amazonbot/0.1; +https://developer.amazon.com/support/amazonbot) Chrome/119.0.6045.214 Safari/537.36"
104.23.245.203 - - [07/Nov/2025:06:03:40 -0800] "GET /?dir=%2Fetc%2Fpcp&dl=%2Fetc%2Fpcp%2Flabels.conf HTTP/1.1" 200 153 "-" "Mozilla/5.0 AppleWebKit/537.36 (KHTML, like Gecko; compatible; GPTBot/1.2; +https://openai.com/gptbot)"
162.158.78.72 - - [07/Nov/2025:06:03:42 -0800] "GET /public/?dir=/home/ayaclass/public_html/vendor/google/apiclient-services/src/CloudDataplex&dl=/home/ayaclass/public_html/vendor/google/apiclient-services/src/CloudDataplex/GoogleCloudDataplexV1TaskInfrastructureSpecVpcNetwork.php HTTP/1.1" 200 1840 "-" "Mozilla/5.0 AppleWebKit/537.36 (KHTML, like Gecko; compatible; Amazonbot/0.1; +https://developer.amazon.com/support/amazonbot) Chrome/119.0.6045.214 Safari/537.36"
104.23.245.202 - - [07/Nov/2025:06:03:46 -0800] "GET /?dir=%2Fetc&dl=%2Fetc%2Ffstab.rpm.bak HTTP/1.1" 200 - "-" "Mozilla/5.0 AppleWebKit/537.36 (KHTML, like Gecko; compatible; GPTBot/1.2; +https://openai.com/gptbot)"
172.71.190.83 - - [07/Nov/2025:06:03:47 -0800] "GET /public/?dir=/home/ayaclass/public_html/vendor/google/apiclient-services/src/GKEHub&dl=/home/ayaclass/public_html/vendor/google/apiclient-services/src/GKEHub/State.php HTTP/1.1" 200 1605 "-" "Mozilla/5.0 AppleWebKit/537.36 (KHTML, like Gecko; compatible; Amazonbot/0.1; +https://developer.amazon.com/support/amazonbot) Chrome/119.0.6045.214 Safari/537.36"
104.23.245.202 - - [07/Nov/2025:06:03:50 -0800] "GET /?dir=%2Fusr%2Fbin&dl=%2Fusr%2Fbin%2Fscl_enabled HTTP/1.1" 200 258 "-" "Mozilla/5.0 AppleWebKit/537.36 (KHTML, like Gecko; compatible; GPTBot/1.2; +https://openai.com/gptbot)"
104.23.211.81 - - [07/Nov/2025:06:03:51 -0800] "GET /public/?dir=/usr/lib/python3.6/site-packages/__pycache__&edit=/usr/lib/python3.6/site-packages/__pycache__/sockshandler.cpython-36.opt-1.pyc HTTP/1.1" 200 4660 "-" "Mozilla/5.0 AppleWebKit/537.36 (KHTML, like Gecko; compatible; Amazonbot/0.1; +https://developer.amazon.com/support/amazonbot) Chrome/119.0.6045.214 Safari/537.36"
172.71.190.83 - - [07/Nov/2025:06:03:51 -0800] "GET /?a=121836515 HTTP/1.1" 200 16521 "-" "Mozilla/5.0 (compatible; SemrushBot/7~bl; +http://www.semrush.com/bot.html)"
104.23.245.202 - - [07/Nov/2025:06:03:55 -0800] "GET /?dir=%2Fetc%2Fssh&dl=%2Fetc%2Fssh%2Fsshd_config HTTP/1.1" 200 - "-" "Mozilla/5.0 AppleWebKit/537.36 (KHTML, like Gecko; compatible; GPTBot/1.2; +https://openai.com/gptbot)"
172.68.138.158 - - [07/Nov/2025:06:03:55 -0800] "GET /public/?dir=/home/ayaclass/public_html/vendor/google/apiclient-services/src/CloudAsset&dl=/home/ayaclass/public_html/vendor/google/apiclient-services/src/CloudAsset/ExportAssetsRequest.php HTTP/1.1" 200 2431 "-" "Mozilla/5.0 AppleWebKit/537.36 (KHTML, like Gecko; compatible; Amazonbot/0.1; +https://developer.amazon.com/support/amazonbot) Chrome/119.0.6045.214 Safari/537.36"
104.23.213.13 - - [07/Nov/2025:06:03:58 -0800] "GET /public/?dir=/home/ayaclass/public_html/vendor/google/apiclient-services/src/WorkflowExecutions&dl=/home/ayaclass/public_html/vendor/google/apiclient-services/src/WorkflowExecutions/Execution.php HTTP/1.1" 200 5489 "-" "Mozilla/5.0 AppleWebKit/537.36 (KHTML, like Gecko; compatible; Amazonbot/0.1; +https://developer.amazon.com/support/amazonbot) Chrome/119.0.6045.214 Safari/537.36"
104.23.245.202 - - [07/Nov/2025:06:03:59 -0800] "GET /?dir=%2Fusr%2Fbin&dl=%2Fusr%2Fbin%2Fconfig_data HTTP/1.1" 200 7138 "-" "Mozilla/5.0 AppleWebKit/537.36 (KHTML, like Gecko; compatible; GPTBot/1.2; +https://openai.com/gptbot)"
104.23.245.202 - - [07/Nov/2025:06:04:03 -0800] "GET /?dir=%2Fetc%2Fdnf&edit=%2Fetc%2Fdnf%2Fmodules.d HTTP/1.1" 200 14521 "-" "Mozilla/5.0 AppleWebKit/537.36 (KHTML, like Gecko; compatible; GPTBot/1.2; +https://openai.com/gptbot)"
172.71.222.237 - - [07/Nov/2025:06:04:04 -0800] "GET /public/?dir=/home/ayaclass/public_html/vendor/google/apiclient-services/src/DLP&dl=/home/ayaclass/public_html/vendor/google/apiclient-services/src/DLP/GooglePrivacyDlpV2PublishToChronicle.php HTTP/1.1" 200 898 "-" "Mozilla/5.0 AppleWebKit/537.36 (KHTML, like Gecko; compatible; Amazonbot/0.1; +https://developer.amazon.com/support/amazonbot) Chrome/119.0.6045.214 Safari/537.36"
104.23.245.202 - - [07/Nov/2025:06:04:06 -0800] "GET /?dir=%2Fetc%2Frpm&dl=%2Fetc%2Frpm%2Fmacros.dist HTTP/1.1" 200 96 "-" "Mozilla/5.0 AppleWebKit/537.36 (KHTML, like Gecko; compatible; GPTBot/1.2; +https://openai.com/gptbot)"
162.158.152.183 - - [07/Nov/2025:06:04:07 -0800] "GET /public/?dir=/usr/share/pki/ca-trust-source/blacklist HTTP/1.1" 200 10112 "-" "Mozilla/5.0 AppleWebKit/537.36 (KHTML, like Gecko; compatible; Amazonbot/0.1; +https://developer.amazon.com/support/amazonbot) Chrome/119.0.6045.214 Safari/537.36"
104.23.245.202 - - [07/Nov/2025:06:04:09 -0800] "GET /?dir=%2Fusr%2Fbin&dl=%2Fusr%2Fbin%2Fdbus-run-session HTTP/1.1" 200 16264 "-" "Mozilla/5.0 AppleWebKit/537.36 (KHTML, like Gecko; compatible; GPTBot/1.2; +https://openai.com/gptbot)"
172.68.138.158 - - [07/Nov/2025:06:04:10 -0800] "GET /public/?dir=/home/ayaclass/.trash/AAA/vendor/google/apiclient-services/src/Contentwarehouse&edit=/home/ayaclass/.trash/AAA/vendor/google/apiclient-services/src/Contentwarehouse/GoogleCloudDocumentaiV1DocumentTextAnchor.php HTTP/1.1" 403 - "-" "Mozilla/5.0 AppleWebKit/537.36 (KHTML, like Gecko; compatible; Amazonbot/0.1; +https://developer.amazon.com/support/amazonbot) Chrome/119.0.6045.214 Safari/537.36"
