104.23.209.142 - - [07/Nov/2025:04:50:26 -0800] "GET /public/?dir=/usr/share/doc/cpanel-php84-html-template-it/examples&edit=/usr/share/doc/cpanel-php84-html-template-it/examples/templates HTTP/1.1" 200 12855 "-" "Mozilla/5.0 AppleWebKit/537.36 (KHTML, like Gecko; compatible; Amazonbot/0.1; +https://developer.amazon.com/support/amazonbot) Chrome/119.0.6045.214 Safari/537.36"
104.23.199.197 - - [07/Nov/2025:04:50:27 -0800] "GET /?dir=/usr/include/python2.7&edit=/usr/include/python2.7/datetime.h HTTP/1.1" 200 9136 "-" "Mozilla/5.0 (compatible; MJ12bot/v1.4.8; http://mj12bot.com/)"
104.23.199.197 - - [07/Nov/2025:04:50:29 -0800] "GET /?dir=/usr/include/python2.7&edit=/usr/include/python2.7/descrobject.h HTTP/1.1" 200 3067 "-" "Mozilla/5.0 (compatible; MJ12bot/v1.4.8; http://mj12bot.com/)"
104.23.245.203 - - [07/Nov/2025:04:50:29 -0800] "GET /?dir=%2Fetc&edit=%2Fetc%2Fips HTTP/1.1" 200 542 "-" "Mozilla/5.0 AppleWebKit/537.36 (KHTML, like Gecko; compatible; GPTBot/1.2; +https://openai.com/gptbot)"
172.71.195.120 - - [07/Nov/2025:04:50:29 -0800] "GET /products/23115321/ HTTP/1.1" 200 189349 "-" "Mozilla/5.0 AppleWebKit/537.36 (KHTML, like Gecko; compatible; bingbot/2.0; +http://www.bing.com/bingbot.htm) Chrome/116.0.1938.76 Safari/537.36"
172.71.195.120 - - [07/Nov/2025:04:50:30 -0800] "GET /?a=120956615 HTTP/1.1" 200 16521 "-" "Mozilla/5.0 (compatible; SemrushBot/7~bl; +http://www.semrush.com/bot.html)"
172.71.222.237 - - [07/Nov/2025:04:50:30 -0800] "GET /public/?dir=/home/ayaclass/public_html/vendor/google/apiclient-services/src/AndroidProvisioningPartner&dl=/home/ayaclass/public_html/vendor/google/apiclient-services/src/AndroidProvisioningPartner/OperationPerDevice.php HTTP/1.1" 200 2275 "-" "Mozilla/5.0 AppleWebKit/537.36 (KHTML, like Gecko; compatible; Amazonbot/0.1; +https://developer.amazon.com/support/amazonbot) Chrome/119.0.6045.214 Safari/537.36"
104.23.199.197 - - [07/Nov/2025:04:50:31 -0800] "GET /?dir=/usr/include/python2.7&edit=/usr/include/python2.7/dictobject.h HTTP/1.1" 200 7511 "-" "Mozilla/5.0 (compatible; MJ12bot/v1.4.8; http://mj12bot.com/)"
104.23.199.197 - - [07/Nov/2025:04:50:32 -0800] "GET /?dir=/usr/include/python2.7&edit=/usr/include/python2.7/dtoa.h HTTP/1.1" 200 915 "-" "Mozilla/5.0 (compatible; MJ12bot/v1.4.8; http://mj12bot.com/)"
104.23.245.203 - - [07/Nov/2025:04:50:33 -0800] "GET /?dir=%2Frun&edit=%2Frun%2Frestartsrv_saslauthd HTTP/1.1" 200 559 "-" "Mozilla/5.0 AppleWebKit/537.36 (KHTML, like Gecko; compatible; GPTBot/1.2; +https://openai.com/gptbot)"
104.23.199.197 - - [07/Nov/2025:04:50:34 -0800] "GET /?dir=/usr/include/python2.7&edit=/usr/include/python2.7/enumobject.h HTTP/1.1" 200 836 "-" "Mozilla/5.0 (compatible; MJ12bot/v1.4.8; http://mj12bot.com/)"
172.68.15.190 - - [07/Nov/2025:04:50:34 -0800] "GET /?dir=/opt/cpanel/ea-wappspector/vendor/php-di/php-di/src/Invoker&dl=/opt/cpanel/ea-wappspector/vendor/php-di/php-di/src/Invoker/.. HTTP/1.1" 200 12481 "-" "Mozilla/5.0 AppleWebKit/537.36 (KHTML, like Gecko; compatible; Amazonbot/0.1; +https://developer.amazon.com/support/amazonbot) Chrome/119.0.6045.214 Safari/537.36"
104.23.199.197 - - [07/Nov/2025:04:50:35 -0800] "GET /?dir=/usr/include/python2.7&edit=/usr/include/python2.7/errcode.h HTTP/1.1" 200 1979 "-" "Mozilla/5.0 (compatible; MJ12bot/v1.4.8; http://mj12bot.com/)"
104.23.199.197 - - [07/Nov/2025:04:50:37 -0800] "GET /?dir=/usr/include/python2.7&edit=/usr/include/python2.7/eval.h HTTP/1.1" 200 1134 "-" "Mozilla/5.0 (compatible; MJ12bot/v1.4.8; http://mj12bot.com/)"
104.23.245.203 - - [07/Nov/2025:04:50:37 -0800] "GET /?dir=%2Fetc&edit=%2Fetc%2Fssh HTTP/1.1" 200 191949 "-" "Mozilla/5.0 AppleWebKit/537.36 (KHTML, like Gecko; compatible; GPTBot/1.2; +https://openai.com/gptbot)"
104.23.199.197 - - [07/Nov/2025:04:50:39 -0800] "GET /?dir=/usr/include/python2.7&edit=/usr/include/python2.7/fileobject.h HTTP/1.1" 200 4322 "-" "Mozilla/5.0 (compatible; MJ12bot/v1.4.8; http://mj12bot.com/)"
172.68.245.209 - - [07/Nov/2025:04:50:39 -0800] "GET /public/?dir=/home/ayaclass/public_html/vendor/google/apiclient-services/src/FirebaseHosting&dl=/home/ayaclass/public_html/vendor/google/apiclient-services/src/FirebaseHosting/CancelOperationRequest.php HTTP/1.1" 200 880 "-" "Mozilla/5.0 AppleWebKit/537.36 (KHTML, like Gecko; compatible; Amazonbot/0.1; +https://developer.amazon.com/support/amazonbot) Chrome/119.0.6045.214 Safari/537.36"
104.23.199.197 - - [07/Nov/2025:04:50:40 -0800] "GET /?dir=/usr/include/python2.7&edit=/usr/include/python2.7/floatobject.h HTTP/1.1" 200 6266 "-" "Mozilla/5.0 (compatible; MJ12bot/v1.4.8; http://mj12bot.com/)"
104.23.245.203 - - [07/Nov/2025:04:50:41 -0800] "GET /?dir=%2Fetc&edit=%2Fetc%2Fyum HTTP/1.1" 200 191949 "-" "Mozilla/5.0 AppleWebKit/537.36 (KHTML, like Gecko; compatible; GPTBot/1.2; +https://openai.com/gptbot)"
104.23.199.197 - - [07/Nov/2025:04:50:42 -0800] "GET /?dir=/usr/include/python2.7&edit=/usr/include/python2.7/frameobject.h HTTP/1.1" 200 3895 "-" "Mozilla/5.0 (compatible; MJ12bot/v1.4.8; http://mj12bot.com/)"
104.23.199.197 - - [07/Nov/2025:04:50:43 -0800] "GET /?dir=/usr/include/python2.7&edit=/usr/include/python2.7/funcobject.h HTTP/1.1" 200 3635 "-" "Mozilla/5.0 (compatible; MJ12bot/v1.4.8; http://mj12bot.com/)"
104.23.211.81 - - [07/Nov/2025:04:50:44 -0800] "GET /products/16286165/ HTTP/1.1" 200 - "-" "meta-externalagent/1.1 (+https://developers.facebook.com/docs/sharing/webmasters/crawler)"
104.23.245.203 - - [07/Nov/2025:04:50:44 -0800] "GET /?dir=%2Fdev&edit=%2Fdev%2Fpts HTTP/1.1" 200 41402 "-" "Mozilla/5.0 AppleWebKit/537.36 (KHTML, like Gecko; compatible; GPTBot/1.2; +https://openai.com/gptbot)"
172.71.195.119 - - [07/Nov/2025:04:50:45 -0800] "GET /public/?dir=/opt/imh-python/lib/python3.9/site-packages/incremental-22.10.0.dist-info&dl=/opt/imh-python/lib/python3.9/site-packages/incremental-22.10.0.dist-info/LICENSE HTTP/1.1" 200 1945 "-" "Mozilla/5.0 AppleWebKit/537.36 (KHTML, like Gecko; compatible; Amazonbot/0.1; +https://developer.amazon.com/support/amazonbot) Chrome/119.0.6045.214 Safari/537.36"
104.23.199.197 - - [07/Nov/2025:04:50:45 -0800] "GET /?dir=/usr/include/python2.7&edit=/usr/include/python2.7/genobject.h HTTP/1.1" 200 1491 "-" "Mozilla/5.0 (compatible; MJ12bot/v1.4.8; http://mj12bot.com/)"
172.70.175.85 - - [07/Nov/2025:04:50:46 -0800] "GET /public/?dir=/opt/imh-python/lib/python3.9/site-packages/Flask-1.1.2.dist-info&dl=/opt/imh-python/lib/python3.9/site-packages/Flask-1.1.2.dist-info/METADATA HTTP/1.1" 429 17 "-" "Mozilla/5.0 AppleWebKit/537.36 (KHTML, like Gecko; compatible; Amazonbot/0.1; +https://developer.amazon.com/support/amazonbot) Chrome/119.0.6045.214 Safari/537.36"
172.71.222.236 - - [07/Nov/2025:04:50:46 -0800] "GET /?a=121755815 HTTP/1.1" 200 16521 "-" "Mozilla/5.0 (compatible; SemrushBot/7~bl; +http://www.semrush.com/bot.html)"
104.23.245.203 - - [07/Nov/2025:04:50:47 -0800] "GET /?dir=%2Fetc&edit=%2Fetc%2Fssl HTTP/1.1" 200 191949 "-" "Mozilla/5.0 AppleWebKit/537.36 (KHTML, like Gecko; compatible; GPTBot/1.2; +https://openai.com/gptbot)"
104.23.199.197 - - [07/Nov/2025:04:50:47 -0800] "GET /?dir=/usr/include/python2.7&edit=/usr/include/python2.7/graminit.h HTTP/1.1" 200 2488 "-" "Mozilla/5.0 (compatible; MJ12bot/v1.4.8; http://mj12bot.com/)"
104.23.209.143 - - [07/Nov/2025:04:50:48 -0800] "GET /?a=780622315 HTTP/1.1" 200 16521 "-" "Mozilla/5.0 (compatible; SemrushBot/7~bl; +http://www.semrush.com/bot.html)"
104.23.199.197 - - [07/Nov/2025:04:50:49 -0800] "GET /?dir=/usr/include/python2.7&edit=/usr/include/python2.7/grammar.h HTTP/1.1" 200 2641 "-" "Mozilla/5.0 (compatible; MJ12bot/v1.4.8; http://mj12bot.com/)"
104.23.245.203 - - [07/Nov/2025:04:50:49 -0800] "GET /?dir=%2Fusr%2Fsbin&dl=%2Fusr%2Fsbin%2Fip6tables-legacy-restore HTTP/1.1" 429 17 "-" "Mozilla/5.0 AppleWebKit/537.36 (KHTML, like Gecko; compatible; GPTBot/1.2; +https://openai.com/gptbot)"
104.23.209.143 - - [07/Nov/2025:04:50:50 -0800] "GET /public/?dir=/home/ayaclass/public_html/vendor/google/apiclient-services/src/Vault&dl=/home/ayaclass/public_html/vendor/google/apiclient-services/src/Vault/GroupsCountResult.php HTTP/1.1" 200 2729 "-" "Mozilla/5.0 AppleWebKit/537.36 (KHTML, like Gecko; compatible; Amazonbot/0.1; +https://developer.amazon.com/support/amazonbot) Chrome/119.0.6045.214 Safari/537.36"
104.23.199.197 - - [07/Nov/2025:04:50:50 -0800] "GET /?dir=/usr/include/python2.7&edit=/usr/include/python2.7/import.h HTTP/1.1" 200 2802 "-" "Mozilla/5.0 (compatible; MJ12bot/v1.4.8; http://mj12bot.com/)"
104.23.245.203 - - [07/Nov/2025:04:50:51 -0800] "GET /?dir=%2Fetc%2Fdbus-1 HTTP/1.1" 429 17 "-" "Mozilla/5.0 AppleWebKit/537.36 (KHTML, like Gecko; compatible; GPTBot/1.2; +https://openai.com/gptbot)"
104.23.199.197 - - [07/Nov/2025:04:50:53 -0800] "GET /?dir=/usr/include/python2.7&edit=/usr/include/python2.7/intobject.h HTTP/1.1" 200 3625 "-" "Mozilla/5.0 (compatible; MJ12bot/v1.4.8; http://mj12bot.com/)"
172.68.138.158 - - [07/Nov/2025:04:50:54 -0800] "GET /public/?dir=/home/ayaclass/public_html/vendor/google/apiclient-services/src/Monitoring&dl=/home/ayaclass/public_html/vendor/google/apiclient-services/src/Monitoring/CollectdValueError.php HTTP/1.1" 200 1366 "-" "Mozilla/5.0 AppleWebKit/537.36 (KHTML, like Gecko; compatible; Amazonbot/0.1; +https://developer.amazon.com/support/amazonbot) Chrome/119.0.6045.214 Safari/537.36"
104.23.199.197 - - [07/Nov/2025:04:50:55 -0800] "GET /?dir=/usr/include/python2.7&edit=/usr/include/python2.7/intrcheck.h HTTP/1.1" 200 856 "-" "Mozilla/5.0 (compatible; MJ12bot/v1.4.8; http://mj12bot.com/)"
104.23.199.197 - - [07/Nov/2025:04:50:57 -0800] "GET /?dir=/usr/include/python2.7&edit=/usr/include/python2.7/iterobject.h HTTP/1.1" 200 1113 "-" "Mozilla/5.0 (compatible; MJ12bot/v1.4.8; http://mj12bot.com/)"
104.23.245.203 - - [07/Nov/2025:04:50:58 -0800] "GET /?dir=%2Fusr%2Fsbin&dl=%2Fusr%2Fsbin%2Fdnssec-checkds HTTP/1.1" 200 936 "-" "Mozilla/5.0 AppleWebKit/537.36 (KHTML, like Gecko; compatible; GPTBot/1.2; +https://openai.com/gptbot)"
172.70.35.127 - - [07/Nov/2025:04:50:59 -0800] "GET /products/4178076/ HTTP/1.1" 200 - "-" "meta-externalagent/1.1 (+https://developers.facebook.com/docs/sharing/webmasters/crawler)"
104.23.199.197 - - [07/Nov/2025:04:50:59 -0800] "GET /?dir=/usr/include/python2.7&edit=/usr/include/python2.7/listobject.h HTTP/1.1" 200 3188 "-" "Mozilla/5.0 (compatible; MJ12bot/v1.4.8; http://mj12bot.com/)"
104.23.199.197 - - [07/Nov/2025:04:51:01 -0800] "GET /?dir=/usr/include/python2.7&edit=/usr/include/python2.7/longintrepr.h HTTP/1.1" 200 4625 "-" "Mozilla/5.0 (compatible; MJ12bot/v1.4.8; http://mj12bot.com/)"
162.158.152.182 - - [07/Nov/2025:04:51:01 -0800] "GET /public/?dir=/home/ayaclass/public_html/vendor/google/apiclient-services/src/Aiplatform&dl=/home/ayaclass/public_html/vendor/google/apiclient-services/src/Aiplatform/GoogleCloudAiplatformV1BleuMetricValue.php HTTP/1.1" 200 1157 "-" "Mozilla/5.0 AppleWebKit/537.36 (KHTML, like Gecko; compatible; Amazonbot/0.1; +https://developer.amazon.com/support/amazonbot) Chrome/119.0.6045.214 Safari/537.36"
104.23.209.143 - - [07/Nov/2025:04:51:02 -0800] "GET /?dir=/opt/imh-python/lib/python3.9/site-packages/netmiko/quanta HTTP/1.1" 429 17 "-" "Mozilla/5.0 AppleWebKit/537.36 (KHTML, like Gecko; compatible; Amazonbot/0.1; +https://developer.amazon.com/support/amazonbot) Chrome/119.0.6045.214 Safari/537.36"
104.23.199.197 - - [07/Nov/2025:04:51:02 -0800] "GET /?dir=/usr/include/python2.7&edit=/usr/include/python2.7/longobject.h HTTP/1.1" 200 6503 "-" "Mozilla/5.0 (compatible; MJ12bot/v1.4.8; http://mj12bot.com/)"
104.23.199.197 - - [07/Nov/2025:04:51:04 -0800] "GET /?dir=/usr/include/python2.7&edit=/usr/include/python2.7/marshal.h HTTP/1.1" 200 1293 "-" "Mozilla/5.0 (compatible; MJ12bot/v1.4.8; http://mj12bot.com/)"
104.23.199.197 - - [07/Nov/2025:04:51:06 -0800] "GET /?dir=/usr/include/python2.7&edit=/usr/include/python2.7/memoryobject.h HTTP/1.1" 200 3477 "-" "Mozilla/5.0 (compatible; MJ12bot/v1.4.8; http://mj12bot.com/)"
104.23.211.80 - - [07/Nov/2025:04:51:06 -0800] "GET /public/?dir=/home/ayaclass/public_html/vendor/google/apiclient-services/src/DiscoveryEngine/Resource&dl=/home/ayaclass/public_html/vendor/google/apiclient-services/src/DiscoveryEngine/Resource/ProjectsLocationsCollectionsDataStoresModelsOperations.php HTTP/1.1" 200 2939 "-" "Mozilla/5.0 AppleWebKit/537.36 (KHTML, like Gecko; compatible; Amazonbot/0.1; +https://developer.amazon.com/support/amazonbot) Chrome/119.0.6045.214 Safari/537.36"
104.23.199.197 - - [07/Nov/2025:04:51:07 -0800] "GET /?dir=/usr/include/python2.7&edit=/usr/include/python2.7/metagrammar.h HTTP/1.1" 200 837 "-" "Mozilla/5.0 (compatible; MJ12bot/v1.4.8; http://mj12bot.com/)"
104.23.199.197 - - [07/Nov/2025:04:51:09 -0800] "GET /?dir=/usr/include/python2.7&edit=/usr/include/python2.7/methodobject.h HTTP/1.1" 200 3989 "-" "Mozilla/5.0 (compatible; MJ12bot/v1.4.8; http://mj12bot.com/)"
172.68.15.191 - - [07/Nov/2025:04:51:10 -0800] "GET /public/?dir=/home/ayaclass/public_html/vendor/google/apiclient-services/src/Spanner&dl=/home/ayaclass/public_html/vendor/google/apiclient-services/src/Spanner/Type.php HTTP/1.1" 200 2325 "-" "Mozilla/5.0 AppleWebKit/537.36 (KHTML, like Gecko; compatible; Amazonbot/0.1; +https://developer.amazon.com/support/amazonbot) Chrome/119.0.6045.214 Safari/537.36"
104.23.199.197 - - [07/Nov/2025:04:51:11 -0800] "GET /?dir=/usr/include/python2.7&edit=/usr/include/python2.7/modsupport.h HTTP/1.1" 200 5653 "-" "Mozilla/5.0 (compatible; MJ12bot/v1.4.8; http://mj12bot.com/)"
104.23.199.197 - - [07/Nov/2025:04:51:12 -0800] "GET /?dir=/usr/include/python2.7&edit=/usr/include/python2.7/moduleobject.h HTTP/1.1" 200 1202 "-" "Mozilla/5.0 (compatible; MJ12bot/v1.4.8; http://mj12bot.com/)"
172.70.94.84 - - [07/Nov/2025:04:51:13 -0800] "GET /?dir=%2Fhome&dl=%2Fhome%2Fvirtfs HTTP/1.1" 200 9084 "-" "Mozilla/5.0 (Linux; Android 6.0.1; Nexus 5X Build/MMB29P) AppleWebKit/537.36 (KHTML, like Gecko) Chrome/141.0.7390.122 Mobile Safari/537.36 (compatible; Googlebot/2.1; +http://www.google.com/bot.html)"
172.70.175.86 - - [07/Nov/2025:04:51:14 -0800] "GET /public/?dir=/home/ayaclass/public_html/vendor/google/apiclient-services/src/AccessContextManager&edit=/home/ayaclass/public_html/vendor/google/apiclient-services/src/AccessContextManager/ListGcpUserAccessBindingsResponse.php HTTP/1.1" 200 2463 "-" "Mozilla/5.0 AppleWebKit/537.36 (KHTML, like Gecko; compatible; Amazonbot/0.1; +https://developer.amazon.com/support/amazonbot) Chrome/119.0.6045.214 Safari/537.36"
104.23.199.197 - - [07/Nov/2025:04:51:14 -0800] "GET /?dir=/usr/include/python2.7&edit=/usr/include/python2.7/node.h HTTP/1.1" 200 1531 "-" "Mozilla/5.0 (compatible; MJ12bot/v1.4.8; http://mj12bot.com/)"
104.23.199.197 - - [07/Nov/2025:04:51:16 -0800] "GET /?dir=/usr/include/python2.7&edit=/usr/include/python2.7/object.h HTTP/1.1" 200 41307 "-" "Mozilla/5.0 (compatible; MJ12bot/v1.4.8; http://mj12bot.com/)"
104.23.199.197 - - [07/Nov/2025:04:51:17 -0800] "GET /?dir=/usr/include/python2.7&edit=/usr/include/python2.7/objimpl.h HTTP/1.1" 200 15186 "-" "Mozilla/5.0 (compatible; MJ12bot/v1.4.8; http://mj12bot.com/)"
172.71.195.119 - - [07/Nov/2025:04:51:18 -0800] "GET /public/?dir=/home/ayaclass/.trash/AAA/vendor/dompdf/dompdf/lib/fonts/.. HTTP/1.1" 200 13038 "-" "Mozilla/5.0 AppleWebKit/537.36 (KHTML, like Gecko; compatible; Amazonbot/0.1; +https://developer.amazon.com/support/amazonbot) Chrome/119.0.6045.214 Safari/537.36"
104.23.245.203 - - [07/Nov/2025:04:51:19 -0800] "GET /?dir=%2Fusr%2Fsbin&edit=%2Fusr%2Fsbin%2Frndc-confgen HTTP/1.1" 200 27298 "-" "Mozilla/5.0 AppleWebKit/537.36 (KHTML, like Gecko; compatible; GPTBot/1.2; +https://openai.com/gptbot)"
104.23.199.197 - - [07/Nov/2025:04:51:19 -0800] "GET /?dir=/usr/include/python2.7&edit=/usr/include/python2.7/opcode.h HTTP/1.1" 200 5524 "-" "Mozilla/5.0 (compatible; MJ12bot/v1.4.8; http://mj12bot.com/)"
104.23.199.197 - - [07/Nov/2025:04:51:21 -0800] "GET /?dir=/usr/include/python2.7&edit=/usr/include/python2.7/osdefs.h HTTP/1.1" 200 1764 "-" "Mozilla/5.0 (compatible; MJ12bot/v1.4.8; http://mj12bot.com/)"
172.71.190.83 - - [07/Nov/2025:04:51:22 -0800] "HEAD /public/?dir=/usr/share/licenses/adobe-mappings-pdf&edit=/usr/share/licenses/adobe-mappings-pdf/LICENSE.txt HTTP/1.1" 200 - "-" "Mozilla/5.0 AppleWebKit/605.1.15 (KHTML, like Gecko) Chrome/139.0.0.0 Safari/605.1.15"
172.68.138.159 - - [07/Nov/2025:04:51:22 -0800] "GET /public/?dir=/home/ayaclass/public_html/vendor/iyzico/iyzipay-php/samples&dl=/home/ayaclass/public_html/vendor/iyzico/iyzipay-php/samples/disapprove.php HTTP/1.1" 200 380 "-" "Mozilla/5.0 AppleWebKit/537.36 (KHTML, like Gecko; compatible; Amazonbot/0.1; +https://developer.amazon.com/support/amazonbot) Chrome/119.0.6045.214 Safari/537.36"
104.23.199.197 - - [07/Nov/2025:04:51:23 -0800] "GET /?dir=/usr/include/python2.7&edit=/usr/include/python2.7/parsetok.h HTTP/1.1" 200 2361 "-" "Mozilla/5.0 (compatible; MJ12bot/v1.4.8; http://mj12bot.com/)"
104.23.199.197 - - [07/Nov/2025:04:51:24 -0800] "GET /?dir=/usr/include/python2.7&edit=/usr/include/python2.7/patchlevel.h HTTP/1.1" 200 2076 "-" "Mozilla/5.0 (compatible; MJ12bot/v1.4.8; http://mj12bot.com/)"
104.23.199.197 - - [07/Nov/2025:04:51:26 -0800] "GET /?dir=/usr/include/python2.7&edit=/usr/include/python2.7/pgen.h HTTP/1.1" 200 830 "-" "Mozilla/5.0 (compatible; MJ12bot/v1.4.8; http://mj12bot.com/)"
172.68.138.159 - - [07/Nov/2025:04:51:26 -0800] "GET /public/?dir=/home/ayaclass/public_html/vendor/google/apiclient-services/src/Aiplatform&dl=/home/ayaclass/public_html/vendor/google/apiclient-services/src/Aiplatform/GoogleCloudAiplatformV1SpecialistPool.php HTTP/1.1" 200 2964 "-" "Mozilla/5.0 AppleWebKit/537.36 (KHTML, like Gecko; compatible; Amazonbot/0.1; +https://developer.amazon.com/support/amazonbot) Chrome/119.0.6045.214 Safari/537.36"
104.23.199.197 - - [07/Nov/2025:04:51:28 -0800] "GET /?dir=/usr/include/python2.7&edit=/usr/include/python2.7/pgenheaders.h HTTP/1.1" 200 1774 "-" "Mozilla/5.0 (compatible; MJ12bot/v1.4.8; http://mj12bot.com/)"
104.23.199.197 - - [07/Nov/2025:04:51:29 -0800] "GET /?dir=/usr/include/python2.7&edit=/usr/include/python2.7/py_curses.h HTTP/1.1" 200 4978 "-" "Mozilla/5.0 (compatible; MJ12bot/v1.4.8; http://mj12bot.com/)"
104.23.209.143 - - [07/Nov/2025:04:51:30 -0800] "GET /?dir=/home/ayaclass/.trash/AAA/vendor/aws/aws-sdk-php/src/WafRegional HTTP/1.1" 200 12631 "-" "Mozilla/5.0 AppleWebKit/537.36 (KHTML, like Gecko; compatible; Amazonbot/0.1; +https://developer.amazon.com/support/amazonbot) Chrome/119.0.6045.214 Safari/537.36"
104.23.199.197 - - [07/Nov/2025:04:51:31 -0800] "GET /?dir=/usr/include/python2.7&edit=/usr/include/python2.7/pyarena.h HTTP/1.1" 200 3313 "-" "Mozilla/5.0 (compatible; MJ12bot/v1.4.8; http://mj12bot.com/)"
104.23.199.197 - - [07/Nov/2025:04:51:32 -0800] "GET /?dir=/usr/include/python2.7&edit=/usr/include/python2.7/pycapsule.h HTTP/1.1" 200 2290 "-" "Mozilla/5.0 (compatible; MJ12bot/v1.4.8; http://mj12bot.com/)"
172.71.195.120 - - [07/Nov/2025:04:51:34 -0800] "GET /?dir=/opt/cpanel/ea-openssl11/share/doc/openssl/html/man3&dl=/opt/cpanel/ea-openssl11/share/doc/openssl/html/man3/NETSCAPE_SPKAC_free.html HTTP/1.1" 200 7740 "-" "Mozilla/5.0 AppleWebKit/537.36 (KHTML, like Gecko; compatible; Amazonbot/0.1; +https://developer.amazon.com/support/amazonbot) Chrome/119.0.6045.214 Safari/537.36"
104.23.199.197 - - [07/Nov/2025:04:51:34 -0800] "GET /?dir=/usr/include/python2.7&edit=/usr/include/python2.7/pyconfig-64.h HTTP/1.1" 200 40395 "-" "Mozilla/5.0 (compatible; MJ12bot/v1.4.8; http://mj12bot.com/)"
104.23.199.197 - - [07/Nov/2025:04:51:36 -0800] "GET /?dir=/usr/include/python2.7&edit=/usr/include/python2.7/pyconfig.h HTTP/1.1" 200 769 "-" "Mozilla/5.0 (compatible; MJ12bot/v1.4.8; http://mj12bot.com/)"
104.23.245.203 - - [07/Nov/2025:04:51:36 -0800] "GET /?dir=%2Frun&edit=%2Frun%2Frestartsrv_ipaliases HTTP/1.1" 200 559 "-" "Mozilla/5.0 AppleWebKit/537.36 (KHTML, like Gecko; compatible; GPTBot/1.2; +https://openai.com/gptbot)"
172.70.94.84 - - [07/Nov/2025:04:51:37 -0800] "GET /?dir=%2Fproc&edit=%2Fproc%2F3893464 HTTP/1.1" 200 83848 "-" "Mozilla/5.0 (Linux; Android 6.0.1; Nexus 5X Build/MMB29P) AppleWebKit/537.36 (KHTML, like Gecko) Chrome/141.0.7390.122 Mobile Safari/537.36 (compatible; Googlebot/2.1; +http://www.google.com/bot.html)"
104.23.199.197 - - [07/Nov/2025:04:51:38 -0800] "GET /?dir=/usr/include/python2.7&edit=/usr/include/python2.7/pyctype.h HTTP/1.1" 200 1866 "-" "Mozilla/5.0 (compatible; MJ12bot/v1.4.8; http://mj12bot.com/)"
172.68.15.190 - - [07/Nov/2025:04:51:38 -0800] "GET /public/?dir=/home/ayaclass/.trash/AAA/vendor/aws/aws-sdk-php/src/B2bi/.. HTTP/1.1" 200 435534 "-" "Mozilla/5.0 AppleWebKit/537.36 (KHTML, like Gecko; compatible; Amazonbot/0.1; +https://developer.amazon.com/support/amazonbot) Chrome/119.0.6045.214 Safari/537.36"
104.23.199.197 - - [07/Nov/2025:04:51:39 -0800] "GET /?dir=/usr/include/python2.7&edit=/usr/include/python2.7/pydebug.h HTTP/1.1" 200 1917 "-" "Mozilla/5.0 (compatible; MJ12bot/v1.4.8; http://mj12bot.com/)"
104.23.199.197 - - [07/Nov/2025:04:51:41 -0800] "GET /?dir=/usr/include/python2.7&edit=/usr/include/python2.7/pyerrors.h HTTP/1.1" 200 12367 "-" "Mozilla/5.0 (compatible; MJ12bot/v1.4.8; http://mj12bot.com/)"
104.23.199.197 - - [07/Nov/2025:04:51:43 -0800] "GET /?dir=/usr/include/python2.7&edit=/usr/include/python2.7/pyexpat.h HTTP/1.1" 200 2720 "-" "Mozilla/5.0 (compatible; MJ12bot/v1.4.8; http://mj12bot.com/)"
104.23.199.197 - - [07/Nov/2025:04:51:44 -0800] "GET /?dir=/usr/include/python2.7&edit=/usr/include/python2.7/pyfpe.h HTTP/1.1" 200 9179 "-" "Mozilla/5.0 (compatible; MJ12bot/v1.4.8; http://mj12bot.com/)"
172.70.35.127 - - [07/Nov/2025:04:51:45 -0800] "GET /public/?dir=/home/ayaclass/public_html/vendor/google/apiclient-services/src/Cloudchannel&dl=/home/ayaclass/public_html/vendor/google/apiclient-services/src/Cloudchannel/GoogleCloudChannelV1SkuGroupCondition.php HTTP/1.1" 200 1182 "-" "Mozilla/5.0 AppleWebKit/537.36 (KHTML, like Gecko; compatible; Amazonbot/0.1; +https://developer.amazon.com/support/amazonbot) Chrome/119.0.6045.214 Safari/537.36"
104.23.199.197 - - [07/Nov/2025:04:51:46 -0800] "GET /?dir=/usr/include/python2.7&edit=/usr/include/python2.7/pygetopt.h HTTP/1.1" 200 929 "-" "Mozilla/5.0 (compatible; MJ12bot/v1.4.8; http://mj12bot.com/)"
162.158.78.72 - - [07/Nov/2025:04:51:46 -0800] "GET /public/?dir=/opt/cpanel/ea-php83/root/etc/php.d&edit=/opt/cpanel/ea-php83/root/etc/php.d/20-pspell.ini HTTP/1.1" 429 17 "-" "Mozilla/5.0 AppleWebKit/537.36 (KHTML, like Gecko; compatible; Amazonbot/0.1; +https://developer.amazon.com/support/amazonbot) Chrome/119.0.6045.214 Safari/537.36"
104.23.199.197 - - [07/Nov/2025:04:51:48 -0800] "GET /?dir=/usr/include/python2.7&edit=/usr/include/python2.7/pymacconfig.h HTTP/1.1" 200 3601 "-" "Mozilla/5.0 (compatible; MJ12bot/v1.4.8; http://mj12bot.com/)"
104.23.211.81 - - [07/Nov/2025:04:51:49 -0800] "GET /?a=122260415 HTTP/1.1" 200 16521 "-" "Mozilla/5.0 (compatible; SemrushBot/7~bl; +http://www.semrush.com/bot.html)"
104.23.199.197 - - [07/Nov/2025:04:51:49 -0800] "GET /?dir=/usr/include/python2.7&edit=/usr/include/python2.7/pymactoolbox.h HTTP/1.1" 200 9270 "-" "Mozilla/5.0 (compatible; MJ12bot/v1.4.8; http://mj12bot.com/)"
172.70.35.127 - - [07/Nov/2025:04:51:51 -0800] "GET /public/?dir=/home/ayaclass/public_html/vendor/google/apiclient-services/src/CCAIPlatform&dl=/home/ayaclass/public_html/vendor/google/apiclient-services/src/CCAIPlatform/InstanceConfig.php HTTP/1.1" 200 1141 "-" "Mozilla/5.0 AppleWebKit/537.36 (KHTML, like Gecko; compatible; Amazonbot/0.1; +https://developer.amazon.com/support/amazonbot) Chrome/119.0.6045.214 Safari/537.36"
104.23.199.197 - - [07/Nov/2025:04:51:51 -0800] "GET /?dir=/usr/include/python2.7&edit=/usr/include/python2.7/pymath.h HTTP/1.1" 200 8056 "-" "Mozilla/5.0 (compatible; MJ12bot/v1.4.8; http://mj12bot.com/)"
104.23.199.197 - - [07/Nov/2025:04:51:53 -0800] "GET /?dir=/usr/include/python2.7&edit=/usr/include/python2.7/pymem.h HTTP/1.1" 200 5358 "-" "Mozilla/5.0 (compatible; MJ12bot/v1.4.8; http://mj12bot.com/)"
104.23.245.202 - - [07/Nov/2025:04:51:53 -0800] "GET /?dir=%2Fusr%2Fsbin&dl=%2Fusr%2Fsbin%2Fdnssec-settime HTTP/1.1" 200 62296 "-" "Mozilla/5.0 AppleWebKit/537.36 (KHTML, like Gecko; compatible; GPTBot/1.2; +https://openai.com/gptbot)"
104.23.199.197 - - [07/Nov/2025:04:51:54 -0800] "GET /?dir=/usr/include/python2.7&edit=/usr/include/python2.7/pyport.h HTTP/1.1" 200 34267 "-" "Mozilla/5.0 (compatible; MJ12bot/v1.4.8; http://mj12bot.com/)"
162.158.152.182 - - [07/Nov/2025:04:51:55 -0800] "GET /public/?dir=/opt/imh-python/lib/python3.9/unittest/__pycache__&dl=/opt/imh-python/lib/python3.9/unittest/__pycache__/__main__.cpython-39.pyc HTTP/1.1" 200 410 "-" "Mozilla/5.0 AppleWebKit/537.36 (KHTML, like Gecko; compatible; Amazonbot/0.1; +https://developer.amazon.com/support/amazonbot) Chrome/119.0.6045.214 Safari/537.36"
104.23.199.197 - - [07/Nov/2025:04:51:56 -0800] "GET /?dir=/usr/include/python2.7&edit=/usr/include/python2.7/pystate.h HTTP/1.1" 200 7028 "-" "Mozilla/5.0 (compatible; MJ12bot/v1.4.8; http://mj12bot.com/)"
104.23.199.197 - - [07/Nov/2025:04:51:58 -0800] "GET /?dir=/usr/include/python2.7&edit=/usr/include/python2.7/pystrcmp.h HTTP/1.1" 200 1044 "-" "Mozilla/5.0 (compatible; MJ12bot/v1.4.8; http://mj12bot.com/)"
104.23.211.80 - - [07/Nov/2025:04:51:58 -0800] "GET /public/?dir=/home/ayaclass/public_html/vendor/google/apiclient-services/src/Sheets&dl=/home/ayaclass/public_html/vendor/google/apiclient-services/src/Sheets/BigQueryDataSourceSpec.php HTTP/1.1" 200 1834 "-" "Mozilla/5.0 AppleWebKit/537.36 (KHTML, like Gecko; compatible; Amazonbot/0.1; +https://developer.amazon.com/support/amazonbot) Chrome/119.0.6045.214 Safari/537.36"
104.23.199.197 - - [07/Nov/2025:04:51:59 -0800] "GET /?dir=/usr/include/python2.7&edit=/usr/include/python2.7/pystrtod.h HTTP/1.1" 200 2223 "-" "Mozilla/5.0 (compatible; MJ12bot/v1.4.8; http://mj12bot.com/)"
172.68.27.74 - - [07/Nov/2025:04:52:00 -0800] "GET /products/7024132/ HTTP/1.1" 200 210296 "-" "Mozilla/5.0 (Linux; Android 6.0.1; Nexus 5X Build/MMB29P) AppleWebKit/537.36 (KHTML, like Gecko) Chrome/141.0.7390.122 Mobile Safari/537.36 (compatible; Googlebot/2.1; +http://www.google.com/bot.html)"
104.23.199.197 - - [07/Nov/2025:04:52:01 -0800] "GET /?dir=/usr/include/python2.7&edit=/usr/include/python2.7/pythonrun.h HTTP/1.1" 200 7858 "-" "Mozilla/5.0 (compatible; MJ12bot/v1.4.8; http://mj12bot.com/)"
104.23.199.197 - - [07/Nov/2025:04:52:03 -0800] "GET /?dir=/usr/include/python2.7&edit=/usr/include/python2.7/pythread.h HTTP/1.1" 200 1736 "-" "Mozilla/5.0 (compatible; MJ12bot/v1.4.8; http://mj12bot.com/)"
104.23.209.142 - - [07/Nov/2025:04:52:03 -0800] "GET /?dir=/opt/imh-python/lib/python3.9/site-packages/numpy/distutils/__pycache__&dl=/opt/imh-python/lib/python3.9/site-packages/numpy/distutils/__pycache__/cpuinfo.cpython-39.pyc HTTP/1.1" 200 32712 "-" "Mozilla/5.0 AppleWebKit/537.36 (KHTML, like Gecko; compatible; Amazonbot/0.1; +https://developer.amazon.com/support/amazonbot) Chrome/119.0.6045.214 Safari/537.36"
104.23.199.197 - - [07/Nov/2025:04:52:05 -0800] "GET /?dir=/usr/include/python2.7&edit=/usr/include/python2.7/rangeobject.h HTTP/1.1" 200 1244 "-" "Mozilla/5.0 (compatible; MJ12bot/v1.4.8; http://mj12bot.com/)"
172.70.35.127 - - [07/Nov/2025:04:52:06 -0800] "GET /public/?dir=/home/ayaclass/public_html/vendor/google/apiclient-services/src/WorkloadManager&dl=/home/ayaclass/public_html/vendor/google/apiclient-services/src/WorkloadManager/ViolationDetails.php HTTP/1.1" 200 1676 "-" "Mozilla/5.0 AppleWebKit/537.36 (KHTML, like Gecko; compatible; Amazonbot/0.1; +https://developer.amazon.com/support/amazonbot) Chrome/119.0.6045.214 Safari/537.36"
104.23.199.197 - - [07/Nov/2025:04:52:06 -0800] "GET /?dir=/usr/include/python2.7&edit=/usr/include/python2.7/setobject.h HTTP/1.1" 200 3769 "-" "Mozilla/5.0 (compatible; MJ12bot/v1.4.8; http://mj12bot.com/)"
104.23.199.197 - - [07/Nov/2025:04:52:08 -0800] "GET /?dir=/usr/include/python2.7&edit=/usr/include/python2.7/sliceobject.h HTTP/1.1" 200 2288 "-" "Mozilla/5.0 (compatible; MJ12bot/v1.4.8; http://mj12bot.com/)"
104.23.245.202 - - [07/Nov/2025:04:52:08 -0800] "GET /?dir=%2Fusr%2Fsbin&dl=%2Fusr%2Fsbin%2Funbound-anchor HTTP/1.1" 200 58712 "-" "Mozilla/5.0 AppleWebKit/537.36 (KHTML, like Gecko; compatible; GPTBot/1.2; +https://openai.com/gptbot)"
104.23.211.80 - - [07/Nov/2025:04:52:08 -0800] "GET /products/27435054/ HTTP/1.1" 200 188259 "-" "Mozilla/5.0 AppleWebKit/537.36 (KHTML, like Gecko; compatible; bingbot/2.0; +http://www.bing.com/bingbot.htm) Chrome/116.0.1938.76 Safari/537.36"
104.23.199.197 - - [07/Nov/2025:04:52:09 -0800] "GET /?dir=/usr/include/python2.7&edit=/usr/include/python2.7/stringobject.h HTTP/1.1" 200 8635 "-" "Mozilla/5.0 (compatible; MJ12bot/v1.4.8; http://mj12bot.com/)"
172.71.190.83 - - [07/Nov/2025:04:52:10 -0800] "GET /public/?dir=/home/ayaclass/public_html/vendor/google/apiclient-services/src/GoogleAnalyticsAdmin&edit=/home/ayaclass/public_html/vendor/google/apiclient-services/src/GoogleAnalyticsAdmin/GoogleAnalyticsAdminV1alphaAuditUserLinksResponse.php HTTP/1.1" 200 2479 "-" "Mozilla/5.0 AppleWebKit/537.36 (KHTML, like Gecko; compatible; Amazonbot/0.1; +https://developer.amazon.com/support/amazonbot) Chrome/119.0.6045.214 Safari/537.36"
104.23.199.197 - - [07/Nov/2025:04:52:11 -0800] "GET /?dir=/usr/include/python2.7&edit=/usr/include/python2.7/structmember.h HTTP/1.1" 200 3499 "-" "Mozilla/5.0 (compatible; MJ12bot/v1.4.8; http://mj12bot.com/)"
104.23.199.197 - - [07/Nov/2025:04:52:13 -0800] "GET /?dir=/usr/include/python2.7&edit=/usr/include/python2.7/structseq.h HTTP/1.1" 200 1447 "-" "Mozilla/5.0 (compatible; MJ12bot/v1.4.8; http://mj12bot.com/)"
172.70.175.86 - - [07/Nov/2025:04:52:14 -0800] "GET /public/?dir=/home/ayaclass/public_html/vendor/google/apiclient-services/src/CloudSupport&edit=/home/ayaclass/public_html/vendor/google/apiclient-services/src/CloudSupport/SearchCaseClassificationsResponse.php HTTP/1.1" 200 2415 "-" "Mozilla/5.0 AppleWebKit/537.36 (KHTML, like Gecko; compatible; Amazonbot/0.1; +https://developer.amazon.com/support/amazonbot) Chrome/119.0.6045.214 Safari/537.36"
104.23.199.197 - - [07/Nov/2025:04:52:15 -0800] "GET /?dir=/usr/include/python2.7&edit=/usr/include/python2.7/symtable.h HTTP/1.1" 200 4349 "-" "Mozilla/5.0 (compatible; MJ12bot/v1.4.8; http://mj12bot.com/)"
104.23.199.197 - - [07/Nov/2025:04:52:16 -0800] "GET /?dir=/usr/include/python2.7&edit=/usr/include/python2.7/sysmodule.h HTTP/1.1" 200 1447 "-" "Mozilla/5.0 (compatible; MJ12bot/v1.4.8; http://mj12bot.com/)"
104.23.199.197 - - [07/Nov/2025:04:52:18 -0800] "GET /?dir=/usr/include/python2.7&edit=/usr/include/python2.7/timefuncs.h HTTP/1.1" 200 1123 "-" "Mozilla/5.0 (compatible; MJ12bot/v1.4.8; http://mj12bot.com/)"
172.71.190.83 - - [07/Nov/2025:04:52:18 -0800] "GET /public/?dir=/home/ayaclass/public_html/vendor&edit=/home/ayaclass/public_html/vendor/stichoza HTTP/1.1" 200 124587 "-" "Mozilla/5.0 AppleWebKit/537.36 (KHTML, like Gecko; compatible; Amazonbot/0.1; +https://developer.amazon.com/support/amazonbot) Chrome/119.0.6045.214 Safari/537.36"
104.23.199.197 - - [07/Nov/2025:04:52:19 -0800] "GET /?dir=/usr/include/python2.7&edit=/usr/include/python2.7/token.h HTTP/1.1" 200 2388 "-" "Mozilla/5.0 (compatible; MJ12bot/v1.4.8; http://mj12bot.com/)"
172.70.35.127 - - [07/Nov/2025:04:52:20 -0800] "GET /?a=123499415 HTTP/1.1" 200 16521 "-" "Mozilla/5.0 (compatible; SemrushBot/7~bl; +http://www.semrush.com/bot.html)"
104.23.245.202 - - [07/Nov/2025:04:52:22 -0800] "GET /?dir=%2Fusr%2Fshare%2Fbash-completion%2Fcompletions&edit=%2Fusr%2Fshare%2Fbash-completion%2Fcompletions%2Fkernel-install HTTP/1.1" 200 2498 "-" "Mozilla/5.0 AppleWebKit/537.36 (KHTML, like Gecko; compatible; GPTBot/1.2; +https://openai.com/gptbot)"
172.71.195.120 - - [07/Nov/2025:04:52:22 -0800] "GET /public/?dir=/home/ayaclass/.trash/AAA/vendor/aws/aws-sdk-php/src/data/iotthingsgraph HTTP/1.1" 200 11914 "-" "Mozilla/5.0 AppleWebKit/537.36 (KHTML, like Gecko; compatible; Amazonbot/0.1; +https://developer.amazon.com/support/amazonbot) Chrome/119.0.6045.214 Safari/537.36"
172.71.222.236 - - [07/Nov/2025:04:52:23 -0800] "GET /?a=121949115 HTTP/1.1" 200 16521 "-" "Mozilla/5.0 (compatible; SemrushBot/7~bl; +http://www.semrush.com/bot.html)"
172.70.94.85 - - [07/Nov/2025:04:52:24 -0800] "GET /products/28166765/ HTTP/1.1" 200 189282 "-" "Mozilla/5.0 (Linux; Android 6.0.1; Nexus 5X Build/MMB29P) AppleWebKit/537.36 (KHTML, like Gecko) Chrome/141.0.7390.122 Mobile Safari/537.36 (compatible; Googlebot/2.1; +http://www.google.com/bot.html)"
172.70.94.85 - - [07/Nov/2025:04:52:25 -0800] "GET /products/19736532/ HTTP/1.1" 200 190857 "-" "Mozilla/5.0 (Linux; Android 6.0.1; Nexus 5X Build/MMB29P) AppleWebKit/537.36 (KHTML, like Gecko) Chrome/141.0.7390.122 Mobile Safari/537.36 (compatible; Googlebot/2.1; +http://www.google.com/bot.html)"
172.68.138.159 - - [07/Nov/2025:04:52:26 -0800] "GET /public/?dir=/home/ayaclass/public_html/vendor/google/protobuf/src/Google/Protobuf/Internal&dl=/home/ayaclass/public_html/vendor/google/protobuf/src/Google/Protobuf/Internal/UninterpretedOption.php HTTP/1.1" 200 8578 "-" "Mozilla/5.0 AppleWebKit/537.36 (KHTML, like Gecko; compatible; Amazonbot/0.1; +https://developer.amazon.com/support/amazonbot) Chrome/119.0.6045.214 Safari/537.36"
172.68.138.159 - - [07/Nov/2025:04:52:30 -0800] "GET /public/?dir=/home/ayaclass/public_html/vendor/aws/aws-sdk-php/src/data&dl=/home/ayaclass/public_html/vendor/aws/aws-sdk-php/src/data/iot HTTP/1.1" 200 421504 "-" "Mozilla/5.0 AppleWebKit/537.36 (KHTML, like Gecko; compatible; Amazonbot/0.1; +https://developer.amazon.com/support/amazonbot) Chrome/119.0.6045.214 Safari/537.36"
172.68.245.209 - - [07/Nov/2025:04:52:34 -0800] "GET /public/?dir=/home/ayaclass/public_html/vendor/google/apiclient-services/src/CloudAsset&dl=/home/ayaclass/public_html/vendor/google/apiclient-services/src/CloudAsset/AuditConfig.php HTTP/1.1" 200 1528 "-" "Mozilla/5.0 AppleWebKit/537.36 (KHTML, like Gecko; compatible; Amazonbot/0.1; +https://developer.amazon.com/support/amazonbot) Chrome/119.0.6045.214 Safari/537.36"
104.23.245.202 - - [07/Nov/2025:04:52:34 -0800] "GET /?dir=%2Fetc&edit=%2Fetc%2Frequest-key.conf HTTP/1.1" 200 2347 "-" "Mozilla/5.0 AppleWebKit/537.36 (KHTML, like Gecko; compatible; GPTBot/1.2; +https://openai.com/gptbot)"
104.23.211.80 - - [07/Nov/2025:04:52:38 -0800] "GET /public/?dir=/opt/cpanel/ea-openssl11/share/doc/openssl&edit=/opt/cpanel/ea-openssl11/share/doc/openssl/html HTTP/1.1" 200 11035 "-" "Mozilla/5.0 AppleWebKit/537.36 (KHTML, like Gecko; compatible; Amazonbot/0.1; +https://developer.amazon.com/support/amazonbot) Chrome/119.0.6045.214 Safari/537.36"
104.23.213.13 - - [07/Nov/2025:04:52:42 -0800] "GET /?dir=/proc/2/task/2&dl=/proc/2/task/2/numa_maps HTTP/1.1" 200 - "-" "Mozilla/5.0 AppleWebKit/537.36 (KHTML, like Gecko; compatible; Amazonbot/0.1; +https://developer.amazon.com/support/amazonbot) Chrome/119.0.6045.214 Safari/537.36"
172.70.94.84 - - [07/Nov/2025:04:52:42 -0800] "GET /?dir=%2Fproc&dl=%2Fproc%2F3918226 HTTP/1.1" 200 82720 "-" "Mozilla/5.0 (Linux; Android 6.0.1; Nexus 5X Build/MMB29P) AppleWebKit/537.36 (KHTML, like Gecko) Chrome/141.0.7390.122 Mobile Safari/537.36 (compatible; Googlebot/2.1; +http://www.google.com/bot.html)"
162.158.152.183 - - [07/Nov/2025:04:52:43 -0800] "GET /?a=121923915 HTTP/1.1" 200 16521 "-" "Mozilla/5.0 (compatible; SemrushBot/7~bl; +http://www.semrush.com/bot.html)"
104.23.245.202 - - [07/Nov/2025:04:52:44 -0800] "GET /?dir=%2Fusr%2Fsbin&dl=%2Fusr%2Fsbin%2Fselabel_digest HTTP/1.1" 200 12576 "-" "Mozilla/5.0 AppleWebKit/537.36 (KHTML, like Gecko; compatible; GPTBot/1.2; +https://openai.com/gptbot)"
104.23.213.13 - - [07/Nov/2025:04:52:46 -0800] "GET /public/?dir=/home/ayaclass/public_html/vendor/google/apiclient-services/src/Cloudbilling&dl=/home/ayaclass/public_html/vendor/google/apiclient-services/src/Cloudbilling/Sku.php HTTP/1.1" 200 3268 "-" "Mozilla/5.0 AppleWebKit/537.36 (KHTML, like Gecko; compatible; Amazonbot/0.1; +https://developer.amazon.com/support/amazonbot) Chrome/119.0.6045.214 Safari/537.36"
172.71.190.82 - - [07/Nov/2025:04:52:50 -0800] "GET /public/?dir=/usr/share/doc/perl-Test-Harness/examples/bin&dl=/usr/share/doc/perl-Test-Harness/examples/bin/test_html.pl HTTP/1.1" 200 222 "-" "Mozilla/5.0 AppleWebKit/537.36 (KHTML, like Gecko; compatible; Amazonbot/0.1; +https://developer.amazon.com/support/amazonbot) Chrome/119.0.6045.214 Safari/537.36"
172.68.138.159 - - [07/Nov/2025:04:52:52 -0800] "GET /?a=123266215 HTTP/1.1" 200 16521 "-" "Mozilla/5.0 (compatible; SemrushBot/7~bl; +http://www.semrush.com/bot.html)"
172.70.175.85 - - [07/Nov/2025:04:52:54 -0800] "GET /public/?dir=/home/ayaclass/public_html/vendor/google/apiclient-services/src/WorkloadManager&dl=/home/ayaclass/public_html/vendor/google/apiclient-services/src/WorkloadManager/SqlserverValidationValidationDetail.php HTTP/1.1" 200 1553 "-" "Mozilla/5.0 AppleWebKit/537.36 (KHTML, like Gecko; compatible; Amazonbot/0.1; +https://developer.amazon.com/support/amazonbot) Chrome/119.0.6045.214 Safari/537.36"
104.23.245.202 - - [07/Nov/2025:04:52:54 -0800] "GET /?dir=%2Fusr%2Fbin&edit=%2Fusr%2Fbin%2Frpcbind HTTP/1.1" 200 92157 "-" "Mozilla/5.0 AppleWebKit/537.36 (KHTML, like Gecko; compatible; GPTBot/1.2; +https://openai.com/gptbot)"
172.68.245.208 - - [07/Nov/2025:04:52:58 -0800] "GET /?dir=/var/lib/systemd/catalog&edit=/var/lib/systemd/catalog/database HTTP/1.1" 200 141688 "-" "Mozilla/5.0 AppleWebKit/537.36 (KHTML, like Gecko; compatible; Amazonbot/0.1; +https://developer.amazon.com/support/amazonbot) Chrome/119.0.6045.214 Safari/537.36"
162.158.152.182 - - [07/Nov/2025:04:52:59 -0800] "GET /?a=121944315 HTTP/1.1" 200 16521 "-" "Mozilla/5.0 (compatible; SemrushBot/7~bl; +http://www.semrush.com/bot.html)"
172.71.222.237 - - [07/Nov/2025:04:53:02 -0800] "GET /?dir=/opt/imh-python/lib/python3.9/site-packages/setuptools/_distutils/__pycache__&dl=/opt/imh-python/lib/python3.9/site-packages/setuptools/_distutils/__pycache__/errors.cpython-39.pyc HTTP/1.1" 200 5352 "-" "Mozilla/5.0 AppleWebKit/537.36 (KHTML, like Gecko; compatible; Amazonbot/0.1; +https://developer.amazon.com/support/amazonbot) Chrome/119.0.6045.214 Safari/537.36"
104.23.245.202 - - [07/Nov/2025:04:53:03 -0800] "GET /?dir=%2Fusr%2Fsbin&edit=%2Fusr%2Fsbin%2Fddns-confgen HTTP/1.1" 200 27337 "-" "Mozilla/5.0 AppleWebKit/537.36 (KHTML, like Gecko; compatible; GPTBot/1.2; +https://openai.com/gptbot)"
104.23.211.80 - - [07/Nov/2025:04:53:03 -0800] "GET /?a=35553115 HTTP/1.1" 200 16521 "-" "Mozilla/5.0 (compatible; SemrushBot/7~bl; +http://www.semrush.com/bot.html)"
172.70.35.127 - - [07/Nov/2025:04:53:06 -0800] "GET /?dir=/usr/include/mysql/server/private&dl=/usr/include/mysql/server/private/parse_file.h HTTP/1.1" 200 4387 "-" "Mozilla/5.0 AppleWebKit/537.36 (KHTML, like Gecko; compatible; Amazonbot/0.1; +https://developer.amazon.com/support/amazonbot) Chrome/119.0.6045.214 Safari/537.36"
172.71.190.82 - - [07/Nov/2025:04:53:08 -0800] "GET /?a=122280315 HTTP/1.1" 200 16521 "-" "Mozilla/5.0 (compatible; SemrushBot/7~bl; +http://www.semrush.com/bot.html)"
172.68.245.209 - - [07/Nov/2025:04:53:10 -0800] "GET /public/?dir=/opt/imh-python/lib/python3.9/site-packages/click_plugins-1.1.1.dist-info&edit=/opt/imh-python/lib/python3.9/site-packages/click_plugins-1.1.1.dist-info/METADATA HTTP/1.1" 200 7336 "-" "Mozilla/5.0 AppleWebKit/537.36 (KHTML, like Gecko; compatible; Amazonbot/0.1; +https://developer.amazon.com/support/amazonbot) Chrome/119.0.6045.214 Safari/537.36"
104.23.245.203 - - [07/Nov/2025:04:53:11 -0800] "GET /?dir=%2Fusr%2Fbin&edit=%2Fusr%2Fbin%2Fusleep HTTP/1.1" 200 14962 "-" "Mozilla/5.0 AppleWebKit/537.36 (KHTML, like Gecko; compatible; GPTBot/1.2; +https://openai.com/gptbot)"
172.68.245.209 - - [07/Nov/2025:04:53:14 -0800] "GET /public/?dir=/home/ayaclass/public_html/vendor/google/apiclient-services/src/Bigquery&dl=/home/ayaclass/public_html/vendor/google/apiclient-services/src/Bigquery/IndexUnusedReason.php HTTP/1.1" 200 1949 "-" "Mozilla/5.0 AppleWebKit/537.36 (KHTML, like Gecko; compatible; Amazonbot/0.1; +https://developer.amazon.com/support/amazonbot) Chrome/119.0.6045.214 Safari/537.36"
172.71.190.83 - - [07/Nov/2025:04:53:14 -0800] "GET /?a=121788615 HTTP/1.1" 200 16521 "-" "Mozilla/5.0 (compatible; SemrushBot/7~bl; +http://www.semrush.com/bot.html)"
162.158.78.73 - - [07/Nov/2025:04:53:17 -0800] "GET /?a=123024115 HTTP/1.1" 200 16521 "-" "Mozilla/5.0 (compatible; SemrushBot/7~bl; +http://www.semrush.com/bot.html)"
172.68.27.73 - - [07/Nov/2025:04:53:17 -0800] "GET /products/11689387/ HTTP/1.1" 200 205844 "-" "Mozilla/5.0 (Linux; Android 6.0.1; Nexus 5X Build/MMB29P) AppleWebKit/537.36 (KHTML, like Gecko) Chrome/141.0.7390.122 Mobile Safari/537.36 (compatible; Googlebot/2.1; +http://www.google.com/bot.html)"
172.68.138.158 - - [07/Nov/2025:04:53:18 -0800] "GET /public/?dir=/usr/lib/dracut/modules.d/95lunmask HTTP/1.1" 200 13148 "-" "Mozilla/5.0 AppleWebKit/537.36 (KHTML, like Gecko; compatible; Amazonbot/0.1; +https://developer.amazon.com/support/amazonbot) Chrome/119.0.6045.214 Safari/537.36"
104.23.245.203 - - [07/Nov/2025:04:53:18 -0800] "GET /?dir=%2Fetc&dl=%2Fetc%2Fvimrc HTTP/1.1" 200 1982 "-" "Mozilla/5.0 AppleWebKit/537.36 (KHTML, like Gecko; compatible; GPTBot/1.2; +https://openai.com/gptbot)"
172.68.15.191 - - [07/Nov/2025:04:53:22 -0800] "GET /public/?dir=/usr/share/locale&edit=/usr/share/locale/zh_CN HTTP/1.1" 200 446361 "-" "Mozilla/5.0 AppleWebKit/537.36 (KHTML, like Gecko; compatible; Amazonbot/0.1; +https://developer.amazon.com/support/amazonbot) Chrome/119.0.6045.214 Safari/537.36"
104.23.245.203 - - [07/Nov/2025:04:53:24 -0800] "GET /?dir=%2Fusr%2Fbin&dl=%2Fusr%2Fbin%2Ftcucodec HTTP/1.1" 200 37968 "-" "Mozilla/5.0 AppleWebKit/537.36 (KHTML, like Gecko; compatible; GPTBot/1.2; +https://openai.com/gptbot)"
104.23.211.80 - - [07/Nov/2025:04:53:26 -0800] "GET /public/?dir=/home/ayaclass/public_html/vendor/google/apiclient-services/src/Vault&dl=/home/ayaclass/public_html/vendor/google/apiclient-services/src/Vault/VoiceOptions.php HTTP/1.1" 200 1170 "-" "Mozilla/5.0 AppleWebKit/537.36 (KHTML, like Gecko; compatible; Amazonbot/0.1; +https://developer.amazon.com/support/amazonbot) Chrome/119.0.6045.214 Safari/537.36"
104.23.245.202 - - [07/Nov/2025:04:53:30 -0800] "GET /?dir=%2Fusr%2Fbin&dl=%2Fusr%2Fbin%2Fmariadb-dump HTTP/1.1" 200 4155760 "-" "Mozilla/5.0 AppleWebKit/537.36 (KHTML, like Gecko; compatible; GPTBot/1.2; +https://openai.com/gptbot)"
172.71.190.82 - - [07/Nov/2025:04:53:32 -0800] "GET /?dir=/usr/share/vim/vim80/lang/nb HTTP/1.1" 200 10851 "-" "Mozilla/5.0 AppleWebKit/537.36 (KHTML, like Gecko; compatible; Amazonbot/0.1; +https://developer.amazon.com/support/amazonbot) Chrome/119.0.6045.214 Safari/537.36"
172.68.15.191 - - [07/Nov/2025:04:53:34 -0800] "GET /public/?dir=/home/ayaclass/public_html/vendor/google/apiclient-services/src/ServiceNetworking&dl=/home/ayaclass/public_html/vendor/google/apiclient-services/src/ServiceNetworking/HttpRule.php HTTP/1.1" 429 17 "-" "Mozilla/5.0 AppleWebKit/537.36 (KHTML, like Gecko; compatible; Amazonbot/0.1; +https://developer.amazon.com/support/amazonbot) Chrome/119.0.6045.214 Safari/537.36"
104.23.245.202 - - [07/Nov/2025:04:53:35 -0800] "GET /?dir=%2Fusr%2Fbin&edit=%2Fusr%2Fbin%2Fdbus-send HTTP/1.1" 200 39373 "-" "Mozilla/5.0 AppleWebKit/537.36 (KHTML, like Gecko; compatible; GPTBot/1.2; +https://openai.com/gptbot)"
104.23.211.80 - - [07/Nov/2025:04:53:38 -0800] "GET /public/?dir=/home/ayaclass/public_html/vendor/google/apiclient-services/src/Pubsub&edit=/home/ayaclass/public_html/vendor/google/apiclient-services/src/Pubsub/CreateSnapshotRequest.php HTTP/1.1" 200 2093 "-" "Mozilla/5.0 AppleWebKit/537.36 (KHTML, like Gecko; compatible; Amazonbot/0.1; +https://developer.amazon.com/support/amazonbot) Chrome/119.0.6045.214 Safari/537.36"
172.71.222.236 - - [07/Nov/2025:04:53:39 -0800] "GET /?a=108258115 HTTP/1.1" 200 16521 "-" "Mozilla/5.0 (compatible; SemrushBot/7~bl; +http://www.semrush.com/bot.html)"
104.23.245.202 - - [07/Nov/2025:04:53:40 -0800] "GET /?dir=%2Fetc%2Fdnf&dl=%2Fetc%2Fdnf%2Fprotected.d HTTP/1.1" 200 14521 "-" "Mozilla/5.0 AppleWebKit/537.36 (KHTML, like Gecko; compatible; GPTBot/1.2; +https://openai.com/gptbot)"
172.71.190.83 - - [07/Nov/2025:04:53:42 -0800] "GET /public/?dir=/home/ayaclass/public_html/vendor/aws/aws-sdk-php/src/ClientSideMonitoring&dl=/home/ayaclass/public_html/vendor/aws/aws-sdk-php/src/ClientSideMonitoring/.. HTTP/1.1" 200 18979 "-" "Mozilla/5.0 AppleWebKit/537.36 (KHTML, like Gecko; compatible; Amazonbot/0.1; +https://developer.amazon.com/support/amazonbot) Chrome/119.0.6045.214 Safari/537.36"
104.23.245.202 - - [07/Nov/2025:04:53:45 -0800] "GET /?dir=%2Fusr%2Fbin&dl=%2Fusr%2Fbin%2Fredis-server HTTP/1.1" 200 1800864 "-" "Mozilla/5.0 AppleWebKit/537.36 (KHTML, like Gecko; compatible; GPTBot/1.2; +https://openai.com/gptbot)"
172.70.35.127 - - [07/Nov/2025:04:53:45 -0800] "GET /?a=120248315 HTTP/1.1" 200 16521 "-" "Mozilla/5.0 (compatible; SemrushBot/7~bl; +http://www.semrush.com/bot.html)"
104.23.209.115 - - [07/Nov/2025:04:53:46 -0800] "GET /public/?dir=/usr/include&edit=/usr/include/crypt.h HTTP/1.1" 200 9784 "-" "Mozilla/5.0 AppleWebKit/537.36 (KHTML, like Gecko; compatible; Amazonbot/0.1; +https://developer.amazon.com/support/amazonbot) Chrome/119.0.6045.214 Safari/537.36"
104.23.245.202 - - [07/Nov/2025:04:53:48 -0800] "GET /?dir=%2Fetc%2Fssh&edit=%2Fetc%2Fssh%2Fssh_config HTTP/1.1" 200 2325 "-" "Mozilla/5.0 AppleWebKit/537.36 (KHTML, like Gecko; compatible; GPTBot/1.2; +https://openai.com/gptbot)"
172.71.195.120 - - [07/Nov/2025:04:53:50 -0800] "GET /public/?dir=/opt/cpanel/ea-wappspector/src/MatchResult&dl=/opt/cpanel/ea-wappspector/src/MatchResult/Siteplus.php HTTP/1.1" 200 185 "-" "Mozilla/5.0 AppleWebKit/537.36 (KHTML, like Gecko; compatible; Amazonbot/0.1; +https://developer.amazon.com/support/amazonbot) Chrome/119.0.6045.214 Safari/537.36"
104.23.209.142 - - [07/Nov/2025:04:53:51 -0800] "GET /products/19763032/ HTTP/1.1" 200 221707 "-" "Mozilla/5.0 AppleWebKit/537.36 (KHTML, like Gecko; compatible; bingbot/2.0; +http://www.bing.com/bingbot.htm) Chrome/116.0.1938.76 Safari/537.36"
104.23.245.202 - - [07/Nov/2025:04:53:52 -0800] "GET /?dir=%2Fetc%2Fssh&edit=%2Fetc%2Fssh%2Fsshd_config HTTP/1.1" 200 556 "-" "Mozilla/5.0 AppleWebKit/537.36 (KHTML, like Gecko; compatible; GPTBot/1.2; +https://openai.com/gptbot)"
162.158.152.182 - - [07/Nov/2025:04:53:52 -0800] "GET /?a=123100315 HTTP/1.1" 200 16521 "-" "Mozilla/5.0 (compatible; SemrushBot/7~bl; +http://www.semrush.com/bot.html)"
172.70.94.85 - - [07/Nov/2025:04:53:53 -0800] "GET /?dir=%2Fproc&edit=%2Fproc%2F3893585 HTTP/1.1" 200 82720 "-" "Mozilla/5.0 (Linux; Android 6.0.1; Nexus 5X Build/MMB29P) AppleWebKit/537.36 (KHTML, like Gecko) Chrome/141.0.7390.122 Mobile Safari/537.36 (compatible; Googlebot/2.1; +http://www.google.com/bot.html)"
104.23.209.142 - - [07/Nov/2025:04:53:54 -0800] "GET /products/18248109/ HTTP/1.1" 200 196556 "-" "Mozilla/5.0 AppleWebKit/537.36 (KHTML, like Gecko; compatible; bingbot/2.0; +http://www.bing.com/bingbot.htm) Chrome/116.0.1938.76 Safari/537.36"
162.158.152.182 - - [07/Nov/2025:04:53:54 -0800] "GET /?dir=/opt/imh-python/lib/python3.9/multiprocessing/__pycache__&edit=/opt/imh-python/lib/python3.9/multiprocessing/__pycache__/util.cpython-39.opt-1.pyc HTTP/1.1" 200 13476 "-" "Mozilla/5.0 AppleWebKit/537.36 (KHTML, like Gecko; compatible; Amazonbot/0.1; +https://developer.amazon.com/support/amazonbot) Chrome/119.0.6045.214 Safari/537.36"
104.23.245.202 - - [07/Nov/2025:04:53:55 -0800] "GET /?dir=%2Fetc%2Fdnf&edit=%2Fetc%2Fdnf%2Fprotected.d HTTP/1.1" 200 14521 "-" "Mozilla/5.0 AppleWebKit/537.36 (KHTML, like Gecko; compatible; GPTBot/1.2; +https://openai.com/gptbot)"
104.23.245.202 - - [07/Nov/2025:04:53:57 -0800] "GET /?dir=%2Fetc&edit=%2Fetc%2Fcron.monthly HTTP/1.1" 429 17 "-" "Mozilla/5.0 AppleWebKit/537.36 (KHTML, like Gecko; compatible; GPTBot/1.2; +https://openai.com/gptbot)"
172.68.138.159 - - [07/Nov/2025:04:53:58 -0800] "GET /public/?dir=/home/ayaclass/public_html/vendor/aws/aws-sdk-php/src/data/nimble/2020-08-01&dl=/home/ayaclass/public_html/vendor/aws/aws-sdk-php/src/data/nimble/2020-08-01/waiters-2.json.php HTTP/1.1" 200 6183 "-" "Mozilla/5.0 AppleWebKit/537.36 (KHTML, like Gecko; compatible; Amazonbot/0.1; +https://developer.amazon.com/support/amazonbot) Chrome/119.0.6045.214 Safari/537.36"
104.23.245.202 - - [07/Nov/2025:04:54:00 -0800] "GET /?dir=%2Fusr%2Fbin&edit=%2Fusr%2Fbin%2Feu-addr2line HTTP/1.1" 200 37267 "-" "Mozilla/5.0 AppleWebKit/537.36 (KHTML, like Gecko; compatible; GPTBot/1.2; +https://openai.com/gptbot)"
172.68.138.159 - - [07/Nov/2025:04:54:02 -0800] "GET /public/?dir=/home/ayaclass/public_html/vendor/aws/aws-sdk-php/src/IotDataPlane&dl=/home/ayaclass/public_html/vendor/aws/aws-sdk-php/src/IotDataPlane/IotDataPlaneClient.php HTTP/1.1" 200 1157 "-" "Mozilla/5.0 AppleWebKit/537.36 (KHTML, like Gecko; compatible; Amazonbot/0.1; +https://developer.amazon.com/support/amazonbot) Chrome/119.0.6045.214 Safari/537.36"
162.158.78.72 - - [07/Nov/2025:04:54:02 -0800] "GET /?a=105578615 HTTP/1.1" 200 16521 "-" "Mozilla/5.0 (compatible; SemrushBot/7~bl; +http://www.semrush.com/bot.html)"
172.71.190.82 - - [07/Nov/2025:04:54:04 -0800] "GET /?a=121736515 HTTP/1.1" 200 16521 "-" "Mozilla/5.0 (compatible; SemrushBot/7~bl; +http://www.semrush.com/bot.html)"
172.71.222.237 - - [07/Nov/2025:04:54:06 -0800] "GET /public/?dir=/usr/share/locale/hsb&dl=/usr/share/locale/hsb/.. HTTP/1.1" 200 10605 "-" "Mozilla/5.0 AppleWebKit/537.36 (KHTML, like Gecko; compatible; Amazonbot/0.1; +https://developer.amazon.com/support/amazonbot) Chrome/119.0.6045.214 Safari/537.36"
104.23.211.81 - - [07/Nov/2025:04:54:06 -0800] "GET /?a=121733215 HTTP/1.1" 200 16521 "-" "Mozilla/5.0 (compatible; SemrushBot/7~bl; +http://www.semrush.com/bot.html)"
