172.71.222.237 - - [07/Nov/2025:06:26:30 -0800] "GET /public/?dir=/home/ayaclass/public_html/vendor/google/apiclient-services/src/CloudRetail&dl=/home/ayaclass/public_html/vendor/google/apiclient-services/src/CloudRetail/GoogleCloudRetailV2betaPurgeMetadata.php HTTP/1.1" 200 914 "-" "Mozilla/5.0 AppleWebKit/537.36 (KHTML, like Gecko; compatible; Amazonbot/0.1; +https://developer.amazon.com/support/amazonbot) Chrome/119.0.6045.214 Safari/537.36"
104.23.245.202 - - [07/Nov/2025:06:26:30 -0800] "GET /?dir=%2Fusr%2Fsbin&dl=%2Fusr%2Fsbin%2Fxtables-legacy-multi HTTP/1.1" 200 94392 "-" "Mozilla/5.0 AppleWebKit/537.36 (KHTML, like Gecko; compatible; GPTBot/1.2; +https://openai.com/gptbot)"
172.71.190.82 - - [07/Nov/2025:06:26:33 -0800] "GET /?a=123339315 HTTP/1.1" 200 16521 "-" "Mozilla/5.0 (compatible; SemrushBot/7~bl; +http://www.semrush.com/bot.html)"
162.158.78.72 - - [07/Nov/2025:06:26:34 -0800] "GET /public/?dir=/usr/share/locale/ig&dl=/usr/share/locale/ig/.. HTTP/1.1" 200 10591 "-" "Mozilla/5.0 AppleWebKit/537.36 (KHTML, like Gecko; compatible; Amazonbot/0.1; +https://developer.amazon.com/support/amazonbot) Chrome/119.0.6045.214 Safari/537.36"
104.23.245.202 - - [07/Nov/2025:06:26:35 -0800] "GET /?dir=%2Fusr%2Fsbin&dl=%2Fusr%2Fsbin%2Fiptables-legacy-save HTTP/1.1" 200 94392 "-" "Mozilla/5.0 AppleWebKit/537.36 (KHTML, like Gecko; compatible; GPTBot/1.2; +https://openai.com/gptbot)"
172.70.35.127 - - [07/Nov/2025:06:26:36 -0800] "GET /?a=121798415 HTTP/1.1" 200 16521 "-" "Mozilla/5.0 (compatible; SemrushBot/7~bl; +http://www.semrush.com/bot.html)"
172.71.222.237 - - [07/Nov/2025:06:26:38 -0800] "GET /public/?dir=/usr/lib/systemd/user&dl=/usr/lib/systemd/user/gpg-agent-browser.socket HTTP/1.1" 200 298 "-" "Mozilla/5.0 AppleWebKit/537.36 (KHTML, like Gecko; compatible; Amazonbot/0.1; +https://developer.amazon.com/support/amazonbot) Chrome/119.0.6045.214 Safari/537.36"
104.23.245.202 - - [07/Nov/2025:06:26:39 -0800] "GET /?dir=%2Fusr%2Fsbin&edit=%2Fusr%2Fsbin%2Fpam_timestamp_check HTTP/1.1" 200 16171 "-" "Mozilla/5.0 AppleWebKit/537.36 (KHTML, like Gecko; compatible; GPTBot/1.2; +https://openai.com/gptbot)"
172.71.190.83 - - [07/Nov/2025:06:26:42 -0800] "GET /?dir=/opt/cpanel/ea-php82/root/var/lib/pear/.channels&dl=/opt/cpanel/ea-php82/root/var/lib/pear/.channels/.. HTTP/1.1" 200 14618 "-" "Mozilla/5.0 AppleWebKit/537.36 (KHTML, like Gecko; compatible; Amazonbot/0.1; +https://developer.amazon.com/support/amazonbot) Chrome/119.0.6045.214 Safari/537.36"
172.70.94.85 - - [07/Nov/2025:06:26:43 -0800] "GET /?dir=%2Fproc%2F3876276&edit=%2Fproc%2F3876276%2Fmounts HTTP/1.1" 200 16521 "-" "Mozilla/5.0 (Linux; Android 6.0.1; Nexus 5X Build/MMB29P) AppleWebKit/537.36 (KHTML, like Gecko) Chrome/141.0.7390.122 Mobile Safari/537.36 (compatible; Googlebot/2.1; +http://www.google.com/bot.html)"
104.23.245.202 - - [07/Nov/2025:06:26:43 -0800] "GET /?dir=%2Fusr%2Fshare%2Fbash-completion%2Fcompletions&edit=%2Fusr%2Fshare%2Fbash-completion%2Fcompletions%2Fjavaws HTTP/1.1" 200 1405 "-" "Mozilla/5.0 AppleWebKit/537.36 (KHTML, like Gecko; compatible; GPTBot/1.2; +https://openai.com/gptbot)"
172.70.35.127 - - [07/Nov/2025:06:26:46 -0800] "GET /public/?dir=/usr/share/locale/co&dl=/usr/share/locale/co/LC_MESSAGES HTTP/1.1" 200 10591 "-" "Mozilla/5.0 AppleWebKit/537.36 (KHTML, like Gecko; compatible; Amazonbot/0.1; +https://developer.amazon.com/support/amazonbot) Chrome/119.0.6045.214 Safari/537.36"
104.23.245.202 - - [07/Nov/2025:06:26:47 -0800] "GET /?dir=%2Fusr%2Fshare%2Fbash-completion%2Fcompletions&dl=%2Fusr%2Fshare%2Fbash-completion%2Fcompletions%2Fvgchange HTTP/1.1" 200 19978 "-" "Mozilla/5.0 AppleWebKit/537.36 (KHTML, like Gecko; compatible; GPTBot/1.2; +https://openai.com/gptbot)"
172.68.138.159 - - [07/Nov/2025:06:26:50 -0800] "GET /public/?dir=/home/ayaclass/.trash/AAA/public/vendor/laravel-filemanager/images/test-folder&dl=/home/ayaclass/.trash/AAA/public/vendor/laravel-filemanager/images/test-folder/thumbs HTTP/1.1" 200 12883 "-" "Mozilla/5.0 AppleWebKit/537.36 (KHTML, like Gecko; compatible; Amazonbot/0.1; +https://developer.amazon.com/support/amazonbot) Chrome/119.0.6045.214 Safari/537.36"
104.23.245.202 - - [07/Nov/2025:06:26:50 -0800] "GET /?dir=%2Fusr%2Fshare%2Fbash-completion%2Fcompletions&dl=%2Fusr%2Fshare%2Fbash-completion%2Fcompletions%2Fvgextend HTTP/1.1" 200 19978 "-" "Mozilla/5.0 AppleWebKit/537.36 (KHTML, like Gecko; compatible; GPTBot/1.2; +https://openai.com/gptbot)"
104.23.245.202 - - [07/Nov/2025:06:26:53 -0800] "GET /?dir=%2Fetc&edit=%2Fetc%2Fexim.conf.mailman2.exiscan.dist HTTP/1.1" 200 31209 "-" "Mozilla/5.0 AppleWebKit/537.36 (KHTML, like Gecko; compatible; GPTBot/1.2; +https://openai.com/gptbot)"
172.70.35.127 - - [07/Nov/2025:06:26:54 -0800] "GET /?dir=/opt/imh-python/lib/python3.9/site-packages/pyroute2/nftables/parser/__pycache__&edit=/opt/imh-python/lib/python3.9/site-packages/pyroute2/nftables/parser/__pycache__/__init__.cpython-39.pyc HTTP/1.1" 200 910 "-" "Mozilla/5.0 AppleWebKit/537.36 (KHTML, like Gecko; compatible; Amazonbot/0.1; +https://developer.amazon.com/support/amazonbot) Chrome/119.0.6045.214 Safari/537.36"
104.23.245.202 - - [07/Nov/2025:06:26:56 -0800] "GET /?dir=%2Fusr%2Fshare%2Fbash-completion%2Fcompletions&edit=%2Fusr%2Fshare%2Fbash-completion%2Fcompletions%2Fpngfix HTTP/1.1" 200 1495 "-" "Mozilla/5.0 AppleWebKit/537.36 (KHTML, like Gecko; compatible; GPTBot/1.2; +https://openai.com/gptbot)"
104.23.245.202 - - [07/Nov/2025:06:26:58 -0800] "GET /?dir=%2Fusr%2Fshare%2Fbash-completion%2Fcompletions&dl=%2Fusr%2Fshare%2Fbash-completion%2Fcompletions%2Fpyflakes HTTP/1.1" 429 17 "-" "Mozilla/5.0 AppleWebKit/537.36 (KHTML, like Gecko; compatible; GPTBot/1.2; +https://openai.com/gptbot)"
172.68.138.159 - - [07/Nov/2025:06:26:58 -0800] "GET /public/?dir=/home/ayaclass/public_html/vendor/google/apiclient-services/src/DiscoveryEngine/Resource&dl=/home/ayaclass/public_html/vendor/google/apiclient-services/src/DiscoveryEngine/Resource/ProjectsLocationsCollectionsDataStoresBranchesDocuments.php HTTP/1.1" 200 9819 "-" "Mozilla/5.0 AppleWebKit/537.36 (KHTML, like Gecko; compatible; Amazonbot/0.1; +https://developer.amazon.com/support/amazonbot) Chrome/119.0.6045.214 Safari/537.36"
104.23.245.202 - - [07/Nov/2025:06:27:00 -0800] "GET /?dir=%2Fusr%2Fshare%2Fbash-completion%2Fcompletions&dl=%2Fusr%2Fshare%2Fbash-completion%2Fcompletions%2Fquotaoff HTTP/1.1" 200 3710 "-" "Mozilla/5.0 AppleWebKit/537.36 (KHTML, like Gecko; compatible; GPTBot/1.2; +https://openai.com/gptbot)"
172.68.27.73 - - [07/Nov/2025:06:27:00 -0800] "GET /products/22417809/ HTTP/1.1" 200 204742 "-" "Mozilla/5.0 (Linux; Android 6.0.1; Nexus 5X Build/MMB29P) AppleWebKit/537.36 (KHTML, like Gecko) Chrome/141.0.7390.122 Mobile Safari/537.36 (compatible; Googlebot/2.1; +http://www.google.com/bot.html)"
172.68.245.208 - - [07/Nov/2025:06:27:02 -0800] "GET /public/?dir=/home/ayaclass/public_html/vendor/google/apiclient-services/src/Contentwarehouse&dl=/home/ayaclass/public_html/vendor/google/apiclient-services/src/Contentwarehouse/AssistantDevicesPlatformProtoSecurityConfig.php HTTP/1.1" 200 1362 "-" "Mozilla/5.0 AppleWebKit/537.36 (KHTML, like Gecko; compatible; Amazonbot/0.1; +https://developer.amazon.com/support/amazonbot) Chrome/119.0.6045.214 Safari/537.36"
172.68.245.208 - - [07/Nov/2025:06:27:06 -0800] "GET /?dir=/usr/share/zoneinfo/posix/Asia&dl=/usr/share/zoneinfo/posix/Asia/Karachi HTTP/1.1" 200 417 "-" "Mozilla/5.0 AppleWebKit/537.36 (KHTML, like Gecko; compatible; Amazonbot/0.1; +https://developer.amazon.com/support/amazonbot) Chrome/119.0.6045.214 Safari/537.36"
104.23.245.202 - - [07/Nov/2025:06:27:06 -0800] "GET /?dir=%2Fusr%2Fshare%2Fbash-completion%2Fcompletions&dl=%2Fusr%2Fshare%2Fbash-completion%2Fcompletions%2Fvgexport HTTP/1.1" 200 19978 "-" "Mozilla/5.0 AppleWebKit/537.36 (KHTML, like Gecko; compatible; GPTBot/1.2; +https://openai.com/gptbot)"
172.68.245.208 - - [07/Nov/2025:06:27:10 -0800] "GET /public/?dir=/usr/include/c%2B%2B/8/bits&dl=/usr/include/c%2B%2B/8/bits/alloc_traits.h HTTP/1.1" 200 20066 "-" "Mozilla/5.0 AppleWebKit/537.36 (KHTML, like Gecko; compatible; Amazonbot/0.1; +https://developer.amazon.com/support/amazonbot) Chrome/119.0.6045.214 Safari/537.36"
104.23.245.202 - - [07/Nov/2025:06:27:12 -0800] "GET /?dir=%2Fusr%2Fshare%2Fbash-completion%2Fcompletions&dl=%2Fusr%2Fshare%2Fbash-completion%2Fcompletions%2Fiwconfig HTTP/1.1" 200 2841 "-" "Mozilla/5.0 AppleWebKit/537.36 (KHTML, like Gecko; compatible; GPTBot/1.2; +https://openai.com/gptbot)"
172.68.15.191 - - [07/Nov/2025:06:27:14 -0800] "GET /public/?dir=/home/ayaclass/public_html/vendor/google/apiclient-services/src/Directory&edit=/home/ayaclass/public_html/vendor/google/apiclient-services/src/Directory/ChromeOsDeviceDeviceFiles.php HTTP/1.1" 200 2613 "-" "Mozilla/5.0 AppleWebKit/537.36 (KHTML, like Gecko; compatible; Amazonbot/0.1; +https://developer.amazon.com/support/amazonbot) Chrome/119.0.6045.214 Safari/537.36"
104.23.245.202 - - [07/Nov/2025:06:27:17 -0800] "GET /?dir=%2Fusr%2Flib64%2Fpython3.6%2F__pycache__&edit=%2Fusr%2Flib64%2Fpython3.6%2F__pycache__%2Fglob.cpython-36.pyc HTTP/1.1" 200 5303 "-" "Mozilla/5.0 AppleWebKit/537.36 (KHTML, like Gecko; compatible; GPTBot/1.2; +https://openai.com/gptbot)"
162.158.78.73 - - [07/Nov/2025:06:27:18 -0800] "GET /public/?dir=/home/ayaclass/public_html/vendor/google/apiclient-services/src/DLP&dl=/home/ayaclass/public_html/vendor/google/apiclient-services/src/DLP/GooglePrivacyDlpV2FindingLimits.php HTTP/1.1" 200 2100 "-" "Mozilla/5.0 AppleWebKit/537.36 (KHTML, like Gecko; compatible; Amazonbot/0.1; +https://developer.amazon.com/support/amazonbot) Chrome/119.0.6045.214 Safari/537.36"
172.70.94.85 - - [07/Nov/2025:06:27:18 -0800] "GET /products/27910310/ HTTP/1.1" 200 191454 "-" "Mozilla/5.0 (Linux; Android 6.0.1; Nexus 5X Build/MMB29P) AppleWebKit/537.36 (KHTML, like Gecko) Chrome/141.0.7390.122 Mobile Safari/537.36 (compatible; Googlebot/2.1; +http://www.google.com/bot.html)"
198.41.227.155 - - [07/Nov/2025:06:27:19 -0800] "GET /products/6475443/ HTTP/1.1" 200 195115 "-" "Mozilla/5.0 (Linux; Android 6.0.1; Nexus 5X Build/MMB29P) AppleWebKit/537.36 (KHTML, like Gecko) Chrome/141.0.7390.122 Mobile Safari/537.36 (compatible; Googlebot/2.1; +http://www.google.com/bot.html)"
104.23.245.202 - - [07/Nov/2025:06:27:21 -0800] "GET /?dir=%2Fproc%2F903&dl=%2Fproc%2F903%2F.. HTTP/1.1" 200 37904 "-" "Mozilla/5.0 AppleWebKit/537.36 (KHTML, like Gecko; compatible; GPTBot/1.2; +https://openai.com/gptbot)"
104.23.211.81 - - [07/Nov/2025:06:27:22 -0800] "GET /public/?dir=/home/ayaclass/public_html/vendor/google/apiclient-services/src/CloudResourceManager&dl=/home/ayaclass/public_html/vendor/google/apiclient-services/src/CloudResourceManager/TagBinding.php HTTP/1.1" 200 1959 "-" "Mozilla/5.0 AppleWebKit/537.36 (KHTML, like Gecko; compatible; Amazonbot/0.1; +https://developer.amazon.com/support/amazonbot) Chrome/119.0.6045.214 Safari/537.36"
104.23.245.202 - - [07/Nov/2025:06:27:26 -0800] "GET /?dir=%2Fproc%2F157&dl=%2Fproc%2F157%2F.. HTTP/1.1" 200 37904 "-" "Mozilla/5.0 AppleWebKit/537.36 (KHTML, like Gecko; compatible; GPTBot/1.2; +https://openai.com/gptbot)"
172.68.138.159 - - [07/Nov/2025:06:27:26 -0800] "GET /?dir=/proc/sys/kernel/sched_domain/cpu69/domain1&dl=/proc/sys/kernel/sched_domain/cpu69/domain1/idle_idx HTTP/1.1" 200 2 "-" "Mozilla/5.0 AppleWebKit/537.36 (KHTML, like Gecko; compatible; Amazonbot/0.1; +https://developer.amazon.com/support/amazonbot) Chrome/119.0.6045.214 Safari/537.36"
172.68.22.157 - - [07/Nov/2025:06:27:29 -0800] "GET /products/5602698/ HTTP/1.1" 200 195910 "-" "Mozilla/5.0 AppleWebKit/537.36 (KHTML, like Gecko; compatible; bingbot/2.0; +http://www.bing.com/bingbot.htm) Chrome/116.0.1938.76 Safari/537.36"
104.23.245.202 - - [07/Nov/2025:06:27:30 -0800] "GET /?dir=%2Fproc%2F574&dl=%2Fproc%2F574%2F.. HTTP/1.1" 200 37904 "-" "Mozilla/5.0 AppleWebKit/537.36 (KHTML, like Gecko; compatible; GPTBot/1.2; +https://openai.com/gptbot)"
172.70.175.85 - - [07/Nov/2025:06:27:30 -0800] "GET /?dir=/usr/lib/python3.6/site-packages/authselect/snippets/.. HTTP/1.1" 200 15130 "-" "Mozilla/5.0 AppleWebKit/537.36 (KHTML, like Gecko; compatible; Amazonbot/0.1; +https://developer.amazon.com/support/amazonbot) Chrome/119.0.6045.214 Safari/537.36"
104.23.245.202 - - [07/Nov/2025:06:27:33 -0800] "GET /?dir=%2Fproc%2F589&dl=%2Fproc%2F589%2F.. HTTP/1.1" 200 37904 "-" "Mozilla/5.0 AppleWebKit/537.36 (KHTML, like Gecko; compatible; GPTBot/1.2; +https://openai.com/gptbot)"
172.68.15.191 - - [07/Nov/2025:06:27:34 -0800] "GET /?dir=/opt/imh-python/lib/python3.9/site-packages/celery-5.4.0.dist-info&dl=/opt/imh-python/lib/python3.9/site-packages/celery-5.4.0.dist-info/.. HTTP/1.1" 200 17442 "-" "Mozilla/5.0 AppleWebKit/537.36 (KHTML, like Gecko; compatible; Amazonbot/0.1; +https://developer.amazon.com/support/amazonbot) Chrome/119.0.6045.214 Safari/537.36"
104.23.213.13 - - [07/Nov/2025:06:27:34 -0800] "GET /?a=125483415 HTTP/1.1" 200 16521 "-" "Mozilla/5.0 (compatible; SemrushBot/7~bl; +http://www.semrush.com/bot.html)"
104.23.245.202 - - [07/Nov/2025:06:27:36 -0800] "GET /?dir=%2Fproc%2F586&dl=%2Fproc%2F586%2F.. HTTP/1.1" 200 37904 "-" "Mozilla/5.0 AppleWebKit/537.36 (KHTML, like Gecko; compatible; GPTBot/1.2; +https://openai.com/gptbot)"
172.70.94.85 - - [07/Nov/2025:06:27:37 -0800] "GET /?dir=%2Fproc&dl=%2Fproc%2F3891972 HTTP/1.1" 200 87232 "-" "Mozilla/5.0 (Linux; Android 6.0.1; Nexus 5X Build/MMB29P) AppleWebKit/537.36 (KHTML, like Gecko) Chrome/141.0.7390.122 Mobile Safari/537.36 (compatible; Googlebot/2.1; +http://www.google.com/bot.html)"
162.158.78.72 - - [07/Nov/2025:06:27:38 -0800] "GET /?dir=/proc/sys/kernel/sched_domain/cpu110/domain1&dl=/proc/sys/kernel/sched_domain/cpu110/domain1/.. HTTP/1.1" 200 20293 "-" "Mozilla/5.0 AppleWebKit/537.36 (KHTML, like Gecko; compatible; Amazonbot/0.1; +https://developer.amazon.com/support/amazonbot) Chrome/119.0.6045.214 Safari/537.36"
104.23.245.202 - - [07/Nov/2025:06:27:38 -0800] "GET /?dir=%2Fproc%2F150&dl=%2Fproc%2F150%2F.. HTTP/1.1" 429 17 "-" "Mozilla/5.0 AppleWebKit/537.36 (KHTML, like Gecko; compatible; GPTBot/1.2; +https://openai.com/gptbot)"
104.23.245.202 - - [07/Nov/2025:06:27:41 -0800] "GET /?dir=%2Fusr%2Fsbin&edit=%2Fusr%2Fsbin%2Fgrub2-switch-to-blscfg HTTP/1.1" 200 11182 "-" "Mozilla/5.0 AppleWebKit/537.36 (KHTML, like Gecko; compatible; GPTBot/1.2; +https://openai.com/gptbot)"
172.71.195.120 - - [07/Nov/2025:06:27:42 -0800] "GET /?dir=/proc/sys/kernel/sched_domain/cpu14/domain2&edit=/proc/sys/kernel/sched_domain/cpu14/domain2/busy_idx HTTP/1.1" 200 598 "-" "Mozilla/5.0 AppleWebKit/537.36 (KHTML, like Gecko; compatible; Amazonbot/0.1; +https://developer.amazon.com/support/amazonbot) Chrome/119.0.6045.214 Safari/537.36"
172.71.190.83 - - [07/Nov/2025:06:27:43 -0800] "GET /?a=122539815 HTTP/1.1" 200 16521 "-" "Mozilla/5.0 (compatible; SemrushBot/7~bl; +http://www.semrush.com/bot.html)"
172.71.222.236 - - [07/Nov/2025:06:27:46 -0800] "GET /public/?dir=/usr/share/zoneinfo/Asia&dl=/usr/share/zoneinfo/Asia/Dhaka HTTP/1.1" 200 370 "-" "Mozilla/5.0 AppleWebKit/537.36 (KHTML, like Gecko; compatible; Amazonbot/0.1; +https://developer.amazon.com/support/amazonbot) Chrome/119.0.6045.214 Safari/537.36"
172.68.15.190 - - [07/Nov/2025:06:27:47 -0800] "GET /?a=780142915 HTTP/1.1" 200 16521 "-" "Mozilla/5.0 (compatible; SemrushBot/7~bl; +http://www.semrush.com/bot.html)"
104.23.245.203 - - [07/Nov/2025:06:27:49 -0800] "GET /?dir=%2Frun&dl=%2Frun%2Frestartsrv_wp-toolkit-background-tasks HTTP/1.1" 200 - "-" "Mozilla/5.0 AppleWebKit/537.36 (KHTML, like Gecko; compatible; GPTBot/1.2; +https://openai.com/gptbot)"
162.158.78.72 - - [07/Nov/2025:06:27:50 -0800] "GET /public/?dir=/home/ayaclass/public_html/vendor/google/apiclient-services/src/Classroom/Resource&dl=/home/ayaclass/public_html/vendor/google/apiclient-services/src/Classroom/Resource/CoursesCourseWorkMaterials.php HTTP/1.1" 200 11338 "-" "Mozilla/5.0 AppleWebKit/537.36 (KHTML, like Gecko; compatible; Amazonbot/0.1; +https://developer.amazon.com/support/amazonbot) Chrome/119.0.6045.214 Safari/537.36"
172.68.138.158 - - [07/Nov/2025:06:27:54 -0800] "GET /public/?dir=/usr/include/linux/usb&dl=/usr/include/linux/usb/cdc-wdm.h HTTP/1.1" 200 739 "-" "Mozilla/5.0 AppleWebKit/537.36 (KHTML, like Gecko; compatible; Amazonbot/0.1; +https://developer.amazon.com/support/amazonbot) Chrome/119.0.6045.214 Safari/537.36"
172.71.158.135 - - [07/Nov/2025:06:27:55 -0800] "GET / HTTP/1.1" 200 16521 "http://www.ayaclass.com" "Mozilla/5.0 (iPhone; CPU iPhone OS 13_2_3 like Mac OS X) AppleWebKit/605.1.15 (KHTML, like Gecko) Version/13.0.3 Mobile/15E148 Safari/604.1"
104.23.245.202 - - [07/Nov/2025:06:27:56 -0800] "GET /?dir=%2Fproc%2F589&edit=%2Fproc%2F589%2Fstatm HTTP/1.1" 200 575 "-" "Mozilla/5.0 AppleWebKit/537.36 (KHTML, like Gecko; compatible; GPTBot/1.2; +https://openai.com/gptbot)"
172.68.245.208 - - [07/Nov/2025:06:27:58 -0800] "GET /public/?dir=/opt/cpanel/ea-libxml2/ea-libxml2&dl=/opt/cpanel/ea-libxml2/ea-libxml2/NEWS HTTP/1.1" 200 234735 "-" "Mozilla/5.0 AppleWebKit/537.36 (KHTML, like Gecko; compatible; Amazonbot/0.1; +https://developer.amazon.com/support/amazonbot) Chrome/119.0.6045.214 Safari/537.36"
172.70.94.84 - - [07/Nov/2025:06:27:58 -0800] "GET /products/17008409/ HTTP/1.1" 200 185982 "-" "Mozilla/5.0 (Linux; Android 6.0.1; Nexus 5X Build/MMB29P) AppleWebKit/537.36 (KHTML, like Gecko) Chrome/141.0.7390.122 Mobile Safari/537.36 (compatible; Googlebot/2.1; +http://www.google.com/bot.html)"
162.158.152.183 - - [07/Nov/2025:06:28:02 -0800] "GET /public/?dir=/home/ayaclass/public_html/vendor/google/apiclient-services/src/CloudNaturalLanguage&dl=/home/ayaclass/public_html/vendor/google/apiclient-services/src/CloudNaturalLanguage/ModerateTextRequest.php HTTP/1.1" 200 1479 "-" "Mozilla/5.0 AppleWebKit/537.36 (KHTML, like Gecko; compatible; Amazonbot/0.1; +https://developer.amazon.com/support/amazonbot) Chrome/119.0.6045.214 Safari/537.36"
104.23.245.203 - - [07/Nov/2025:06:28:02 -0800] "GET /?dir=%2Fproc%2F589%2F.. HTTP/1.1" 200 84976 "-" "Mozilla/5.0 AppleWebKit/537.36 (KHTML, like Gecko; compatible; GPTBot/1.2; +https://openai.com/gptbot)"
104.23.209.142 - - [07/Nov/2025:06:28:03 -0800] "GET /?a=113734815 HTTP/1.1" 200 16521 "-" "Mozilla/5.0 (compatible; SemrushBot/7~bl; +http://www.semrush.com/bot.html)"
172.68.15.191 - - [07/Nov/2025:06:28:06 -0800] "GET /?a=57545615 HTTP/1.1" 200 16521 "-" "Mozilla/5.0 (compatible; SemrushBot/7~bl; +http://www.semrush.com/bot.html)"
172.68.138.158 - - [07/Nov/2025:06:28:06 -0800] "GET /public/?dir=/home/ayaclass/public_html/vendor/google/apiclient-services/src/WorkloadManager&edit=/home/ayaclass/public_html/vendor/google/apiclient-services/src/WorkloadManager/SapDiscoveryMetadata.php HTTP/1.1" 200 2772 "-" "Mozilla/5.0 AppleWebKit/537.36 (KHTML, like Gecko; compatible; Amazonbot/0.1; +https://developer.amazon.com/support/amazonbot) Chrome/119.0.6045.214 Safari/537.36"
104.23.245.202 - - [07/Nov/2025:06:28:07 -0800] "GET /?dir=%2Fproc%2F586%2F.. HTTP/1.1" 200 84412 "-" "Mozilla/5.0 AppleWebKit/537.36 (KHTML, like Gecko; compatible; GPTBot/1.2; +https://openai.com/gptbot)"
172.68.22.157 - - [07/Nov/2025:06:28:08 -0800] "GET /products/27594109/ HTTP/1.1" 200 212242 "-" "Mozilla/5.0 AppleWebKit/537.36 (KHTML, like Gecko; compatible; bingbot/2.0; +http://www.bing.com/bingbot.htm) Chrome/116.0.1938.76 Safari/537.36"
172.71.195.120 - - [07/Nov/2025:06:28:10 -0800] "GET /public/?dir=/home/ayaclass/public_html/vendor/google/apiclient-services/src/SecretManager&dl=/home/ayaclass/public_html/vendor/google/apiclient-services/src/SecretManager/TestIamPermissionsResponse.php HTTP/1.1" 200 1228 "-" "Mozilla/5.0 AppleWebKit/537.36 (KHTML, like Gecko; compatible; Amazonbot/0.1; +https://developer.amazon.com/support/amazonbot) Chrome/119.0.6045.214 Safari/537.36"
104.23.245.202 - - [07/Nov/2025:06:28:12 -0800] "GET /?dir=%2Fetc&edit=%2Fetc%2Frequest-key.d HTTP/1.1" 200 191949 "-" "Mozilla/5.0 AppleWebKit/537.36 (KHTML, like Gecko; compatible; GPTBot/1.2; +https://openai.com/gptbot)"
172.71.190.82 - - [07/Nov/2025:06:28:14 -0800] "GET /?dir=/home/ayaclass/.trash/AAA/vendor/aws/aws-sdk-php/src/data/cloudfront/2019-03-26&edit=/home/ayaclass/.trash/AAA/vendor/aws/aws-sdk-php/src/data/cloudfront/2019-03-26/waiters-2.json.php HTTP/1.1" 403 - "-" "Mozilla/5.0 AppleWebKit/537.36 (KHTML, like Gecko; compatible; Amazonbot/0.1; +https://developer.amazon.com/support/amazonbot) Chrome/119.0.6045.214 Safari/537.36"
172.71.190.82 - - [07/Nov/2025:06:28:14 -0800] "GET /products/12686332/ HTTP/1.1" 200 194569 "-" "Mozilla/5.0 AppleWebKit/537.36 (KHTML, like Gecko; compatible; bingbot/2.0; +http://www.bing.com/bingbot.htm) Chrome/116.0.1938.76 Safari/537.36"
104.23.245.202 - - [07/Nov/2025:06:28:17 -0800] "GET /?dir=%2Fetc&edit=%2Fetc%2Fdracut.conf.d HTTP/1.1" 200 191949 "-" "Mozilla/5.0 AppleWebKit/537.36 (KHTML, like Gecko; compatible; GPTBot/1.2; +https://openai.com/gptbot)"
198.41.227.154 - - [07/Nov/2025:06:28:17 -0800] "GET /products/24973021/ HTTP/1.1" 200 185836 "-" "Mozilla/5.0 (Linux; Android 6.0.1; Nexus 5X Build/MMB29P) AppleWebKit/537.36 (KHTML, like Gecko) Chrome/141.0.7390.122 Mobile Safari/537.36 (compatible; Googlebot/2.1; +http://www.google.com/bot.html)"
162.158.78.73 - - [07/Nov/2025:06:28:18 -0800] "GET /?dir=/usr/share/zoneinfo/posix/Europe&dl=/usr/share/zoneinfo/posix/Europe/Podgorica HTTP/1.1" 200 1957 "-" "Mozilla/5.0 AppleWebKit/537.36 (KHTML, like Gecko; compatible; Amazonbot/0.1; +https://developer.amazon.com/support/amazonbot) Chrome/119.0.6045.214 Safari/537.36"
172.70.94.85 - - [07/Nov/2025:06:28:19 -0800] "GET /?dir=%2Fproc%2F3858664&edit=%2Fproc%2F3858664%2Foom_adj HTTP/1.1" 200 16521 "-" "Mozilla/5.0 (Linux; Android 6.0.1; Nexus 5X Build/MMB29P) AppleWebKit/537.36 (KHTML, like Gecko) Chrome/141.0.7390.122 Mobile Safari/537.36 (compatible; Googlebot/2.1; +http://www.google.com/bot.html)"
104.23.245.202 - - [07/Nov/2025:06:28:20 -0800] "GET /?dir=%2Fproc&edit=%2Fproc%2F3944840 HTTP/1.1" 200 84976 "-" "Mozilla/5.0 AppleWebKit/537.36 (KHTML, like Gecko; compatible; GPTBot/1.2; +https://openai.com/gptbot)"
172.68.138.159 - - [07/Nov/2025:06:28:22 -0800] "GET /?a=11198615 HTTP/1.1" 200 16521 "-" "Mozilla/5.0 (compatible; SemrushBot/7~bl; +http://www.semrush.com/bot.html)"
172.71.190.83 - - [07/Nov/2025:06:28:22 -0800] "GET /?dir=/proc/sys/kernel/sched_domain/cpu43/domain1&dl=/proc/sys/kernel/sched_domain/cpu43/domain1/.. HTTP/1.1" 200 20219 "-" "Mozilla/5.0 AppleWebKit/537.36 (KHTML, like Gecko; compatible; Amazonbot/0.1; +https://developer.amazon.com/support/amazonbot) Chrome/119.0.6045.214 Safari/537.36"
162.158.152.182 - - [07/Nov/2025:06:28:22 -0800] "GET /products/25144954/ HTTP/1.1" 200 - "-" "meta-externalagent/1.1 (+https://developers.facebook.com/docs/sharing/webmasters/crawler)"
172.68.15.190 - - [07/Nov/2025:06:28:23 -0800] "GET /?a=123896915 HTTP/1.1" 200 16521 "-" "Mozilla/5.0 (compatible; SemrushBot/7~bl; +http://www.semrush.com/bot.html)"
104.23.245.202 - - [07/Nov/2025:06:28:24 -0800] "GET /?dir=%2Fproc%2F3942025 HTTP/1.1" 200 38984 "-" "Mozilla/5.0 AppleWebKit/537.36 (KHTML, like Gecko; compatible; GPTBot/1.2; +https://openai.com/gptbot)"
172.71.195.120 - - [07/Nov/2025:06:28:26 -0800] "GET /?a=121696815 HTTP/1.1" 200 16521 "-" "Mozilla/5.0 (compatible; SemrushBot/7~bl; +http://www.semrush.com/bot.html)"
172.71.195.119 - - [07/Nov/2025:06:28:26 -0800] "GET /public/?dir=/home/ayaclass/public_html/vendor/ezyang/htmlpurifier/library/HTMLPurifier/ConfigSchema/schema&dl=/home/ayaclass/public_html/vendor/ezyang/htmlpurifier/library/HTMLPurifier/ConfigSchema/schema/HTML.DefinitionRev.txt HTTP/1.1" 200 533 "-" "Mozilla/5.0 AppleWebKit/537.36 (KHTML, like Gecko; compatible; Amazonbot/0.1; +https://developer.amazon.com/support/amazonbot) Chrome/119.0.6045.214 Safari/537.36"
104.23.245.202 - - [07/Nov/2025:06:28:27 -0800] "GET /?dir=%2Fproc&dl=%2Fproc%2F3944629 HTTP/1.1" 200 83848 "-" "Mozilla/5.0 AppleWebKit/537.36 (KHTML, like Gecko; compatible; GPTBot/1.2; +https://openai.com/gptbot)"
162.158.152.183 - - [07/Nov/2025:06:28:30 -0800] "GET /public/?dir=/home/ayaclass/public_html/vendor/google/apiclient-services/src/AndroidPublisher&dl=/home/ayaclass/public_html/vendor/google/apiclient-services/src/AndroidPublisher/RevocationContext.php HTTP/1.1" 200 1714 "-" "Mozilla/5.0 AppleWebKit/537.36 (KHTML, like Gecko; compatible; Amazonbot/0.1; +https://developer.amazon.com/support/amazonbot) Chrome/119.0.6045.214 Safari/537.36"
104.23.245.202 - - [07/Nov/2025:06:28:30 -0800] "GET /?dir=%2Fetc&dl=%2Fetc%2Ftrusted-key.key HTTP/1.1" 200 375 "-" "Mozilla/5.0 AppleWebKit/537.36 (KHTML, like Gecko; compatible; GPTBot/1.2; +https://openai.com/gptbot)"
104.23.245.202 - - [07/Nov/2025:06:28:33 -0800] "GET /?dir=%2Fproc%2Fnet HTTP/1.1" 200 52073 "-" "Mozilla/5.0 AppleWebKit/537.36 (KHTML, like Gecko; compatible; GPTBot/1.2; +https://openai.com/gptbot)"
162.158.78.72 - - [07/Nov/2025:06:28:34 -0800] "GET /?dir=/sys/devices/system/cpu/cpu3/topology&dl=/sys/devices/system/cpu/cpu3/topology/physical_package_id HTTP/1.1" 200 2 "-" "Mozilla/5.0 AppleWebKit/537.36 (KHTML, like Gecko; compatible; Amazonbot/0.1; +https://developer.amazon.com/support/amazonbot) Chrome/119.0.6045.214 Safari/537.36"
104.23.245.202 - - [07/Nov/2025:06:28:35 -0800] "GET /?dir=%2Fetc&edit=%2Fetc%2Fpure-ftpd.pem HTTP/1.1" 429 17 "-" "Mozilla/5.0 AppleWebKit/537.36 (KHTML, like Gecko; compatible; GPTBot/1.2; +https://openai.com/gptbot)"
104.23.245.202 - - [07/Nov/2025:06:28:38 -0800] "GET /?dir=%2Fproc%2F3942025%2F.. HTTP/1.1" 200 82720 "-" "Mozilla/5.0 AppleWebKit/537.36 (KHTML, like Gecko; compatible; GPTBot/1.2; +https://openai.com/gptbot)"
172.68.138.158 - - [07/Nov/2025:06:28:38 -0800] "GET /public/?dir=/usr/share/locale/kk&dl=/usr/share/locale/kk/.. HTTP/1.1" 200 11275 "-" "Mozilla/5.0 AppleWebKit/537.36 (KHTML, like Gecko; compatible; Amazonbot/0.1; +https://developer.amazon.com/support/amazonbot) Chrome/119.0.6045.214 Safari/537.36"
198.41.227.154 - - [07/Nov/2025:06:28:41 -0800] "GET /products/16241087/ HTTP/1.1" 200 199459 "-" "Mozilla/5.0 (Linux; Android 6.0.1; Nexus 5X Build/MMB29P) AppleWebKit/537.36 (KHTML, like Gecko) Chrome/141.0.7390.122 Mobile Safari/537.36 (compatible; Googlebot/2.1; +http://www.google.com/bot.html)"
172.71.190.82 - - [07/Nov/2025:06:28:42 -0800] "GET /?dir=/opt/imh-python/lib/python3.9/site-packages/dill/tests/__pycache__&dl=/opt/imh-python/lib/python3.9/site-packages/dill/tests/__pycache__/test_weakref.cpython-39.pyc HTTP/1.1" 200 1801 "-" "Mozilla/5.0 AppleWebKit/537.36 (KHTML, like Gecko; compatible; Amazonbot/0.1; +https://developer.amazon.com/support/amazonbot) Chrome/119.0.6045.214 Safari/537.36"
104.23.245.202 - - [07/Nov/2025:06:28:44 -0800] "GET /?dir=%2Frun&edit=%2Frun%2Fsw-engine.pid HTTP/1.1" 200 559 "-" "Mozilla/5.0 AppleWebKit/537.36 (KHTML, like Gecko; compatible; GPTBot/1.2; +https://openai.com/gptbot)"
172.71.195.120 - - [07/Nov/2025:06:28:46 -0800] "GET /?dir=/opt/cpanel/ea-wappspector/vendor/league/flysystem-local&dl=/opt/cpanel/ea-wappspector/vendor/league/flysystem-local/.. HTTP/1.1" 200 13846 "-" "Mozilla/5.0 AppleWebKit/537.36 (KHTML, like Gecko; compatible; Amazonbot/0.1; +https://developer.amazon.com/support/amazonbot) Chrome/119.0.6045.214 Safari/537.36"
104.23.245.202 - - [07/Nov/2025:06:28:49 -0800] "GET /?dir=%2Fetc%2Fssh&dl=%2Fetc%2Fssh%2Fssh_host_ed25519_key.pub HTTP/1.1" 200 82 "-" "Mozilla/5.0 AppleWebKit/537.36 (KHTML, like Gecko; compatible; GPTBot/1.2; +https://openai.com/gptbot)"
172.70.35.127 - - [07/Nov/2025:06:28:50 -0800] "GET /public/?dir=/home/ayaclass/public_html/vendor/google/apiclient-services/src/Testing&dl=/home/ayaclass/public_html/vendor/google/apiclient-services/src/Testing/AndroidModel.php HTTP/1.1" 200 5622 "-" "Mozilla/5.0 AppleWebKit/537.36 (KHTML, like Gecko; compatible; Amazonbot/0.1; +https://developer.amazon.com/support/amazonbot) Chrome/119.0.6045.214 Safari/537.36"
172.71.195.119 - - [07/Nov/2025:06:28:54 -0800] "GET /?dir=/usr/lib/python3.6/site-packages/dns/__pycache__&edit=/usr/lib/python3.6/site-packages/dns/__pycache__/node.cpython-36.opt-1.pyc HTTP/1.1" 200 6419 "-" "Mozilla/5.0 AppleWebKit/537.36 (KHTML, like Gecko; compatible; Amazonbot/0.1; +https://developer.amazon.com/support/amazonbot) Chrome/119.0.6045.214 Safari/537.36"
104.23.245.202 - - [07/Nov/2025:06:28:54 -0800] "GET /?dir=%2Fproc%2F3942025&dl=%2Fproc%2F3942025%2Fnuma_maps HTTP/1.1" 200 - "-" "Mozilla/5.0 AppleWebKit/537.36 (KHTML, like Gecko; compatible; GPTBot/1.2; +https://openai.com/gptbot)"
172.68.245.208 - - [07/Nov/2025:06:28:58 -0800] "GET /public/?dir=/home/ayaclass/public_html/vendor/google/apiclient-services/src/CloudRetail&edit=/home/ayaclass/public_html/vendor/google/apiclient-services/src/CloudRetail/GoogleCloudRetailV2RemoveLocalInventoriesResponse.php HTTP/1.1" 200 1663 "-" "Mozilla/5.0 AppleWebKit/537.36 (KHTML, like Gecko; compatible; Amazonbot/0.1; +https://developer.amazon.com/support/amazonbot) Chrome/119.0.6045.214 Safari/537.36"
104.23.245.202 - - [07/Nov/2025:06:28:59 -0800] "GET /?dir=%2Fetc&edit=%2Fetc%2Falmalinux-release HTTP/1.1" 200 598 "-" "Mozilla/5.0 AppleWebKit/537.36 (KHTML, like Gecko; compatible; GPTBot/1.2; +https://openai.com/gptbot)"
162.158.152.182 - - [07/Nov/2025:06:29:02 -0800] "GET /public/?dir=/home/ayaclass/.trash/AAA/vendor/symfony/http-kernel/CacheClearer&dl=/home/ayaclass/.trash/AAA/vendor/symfony/http-kernel/CacheClearer/Psr6CacheClearer.php HTTP/1.1" 403 - "-" "Mozilla/5.0 AppleWebKit/537.36 (KHTML, like Gecko; compatible; Amazonbot/0.1; +https://developer.amazon.com/support/amazonbot) Chrome/119.0.6045.214 Safari/537.36"
172.68.27.74 - - [07/Nov/2025:06:29:02 -0800] "GET /?dir=%2Fproc%2F3891431&dl=%2Fproc%2F3891431%2Fschedstat HTTP/1.1" 200 16521 "-" "Mozilla/5.0 (Linux; Android 6.0.1; Nexus 5X Build/MMB29P) AppleWebKit/537.36 (KHTML, like Gecko) Chrome/141.0.7390.122 Mobile Safari/537.36 (compatible; Googlebot/2.1; +http://www.google.com/bot.html)"
104.23.245.202 - - [07/Nov/2025:06:29:03 -0800] "GET /?dir=%2Fusr%2Fbin&edit=%2Fusr%2Fbin%2Fsystemd-socket-activate HTTP/1.1" 200 33869 "-" "Mozilla/5.0 AppleWebKit/537.36 (KHTML, like Gecko; compatible; GPTBot/1.2; +https://openai.com/gptbot)"
172.68.245.208 - - [07/Nov/2025:06:29:06 -0800] "GET /public/?dir=/home/ayaclass/public_html/vendor/google/apiclient-services/src/Aiplatform/Resource&dl=/home/ayaclass/public_html/vendor/google/apiclient-services/src/Aiplatform/Resource/ProjectsLocationsEndpoints.php HTTP/1.1" 200 23547 "-" "Mozilla/5.0 AppleWebKit/537.36 (KHTML, like Gecko; compatible; Amazonbot/0.1; +https://developer.amazon.com/support/amazonbot) Chrome/119.0.6045.214 Safari/537.36"
104.23.245.202 - - [07/Nov/2025:06:29:07 -0800] "GET /?dir=%2Fproc%2F3947265%2Fnet&edit=%2Fproc%2F3947265%2Fnet%2Fwireless HTTP/1.1" 200 726 "-" "Mozilla/5.0 AppleWebKit/537.36 (KHTML, like Gecko; compatible; GPTBot/1.2; +https://openai.com/gptbot)"
104.23.209.142 - - [07/Nov/2025:06:29:09 -0800] "GET /?a=121628515 HTTP/1.1" 200 16521 "-" "Mozilla/5.0 (compatible; SemrushBot/7~bl; +http://www.semrush.com/bot.html)"
172.71.222.237 - - [07/Nov/2025:06:29:10 -0800] "GET /public/?dir=/home/ayaclass/public_html/vendor/google/apiclient-services/src/Contentwarehouse&dl=/home/ayaclass/public_html/vendor/google/apiclient-services/src/Contentwarehouse/GoodocSemanticLabelEditCorrectionCandidate.php HTTP/1.1" 200 1533 "-" "Mozilla/5.0 AppleWebKit/537.36 (KHTML, like Gecko; compatible; Amazonbot/0.1; +https://developer.amazon.com/support/amazonbot) Chrome/119.0.6045.214 Safari/537.36"
104.23.245.202 - - [07/Nov/2025:06:29:10 -0800] "GET /?dir=%2Fusr%2Fsbin&dl=%2Fusr%2Fsbin%2Fpure-mrtginfo HTTP/1.1" 200 11424 "-" "Mozilla/5.0 AppleWebKit/537.36 (KHTML, like Gecko; compatible; GPTBot/1.2; +https://openai.com/gptbot)"
104.23.245.202 - - [07/Nov/2025:06:29:13 -0800] "GET /?dir=%2Fusr%2Fsbin&edit=%2Fusr%2Fsbin%2Fload_policy HTTP/1.1" 200 15368 "-" "Mozilla/5.0 AppleWebKit/537.36 (KHTML, like Gecko; compatible; GPTBot/1.2; +https://openai.com/gptbot)"
162.158.152.182 - - [07/Nov/2025:06:29:14 -0800] "GET /public/?dir=/home/ayaclass/public_html/vendor/google/apiclient-services/src/Playdeveloperreporting&dl=/home/ayaclass/public_html/vendor/google/apiclient-services/src/Playdeveloperreporting/GooglePlayDeveloperReportingV1beta1QueryErrorCountMetricSetResponse.php HTTP/1.1" 200 1756 "-" "Mozilla/5.0 AppleWebKit/537.36 (KHTML, like Gecko; compatible; Amazonbot/0.1; +https://developer.amazon.com/support/amazonbot) Chrome/119.0.6045.214 Safari/537.36"
172.68.15.190 - - [07/Nov/2025:06:29:15 -0800] "GET /?a=19407015 HTTP/1.1" 200 16521 "-" "Mozilla/5.0 (compatible; SemrushBot/7~bl; +http://www.semrush.com/bot.html)"
104.23.245.202 - - [07/Nov/2025:06:29:16 -0800] "GET /?dir=%2Fusr%2Fsbin&edit=%2Fusr%2Fsbin%2Fpure-ftpwho HTTP/1.1" 200 36671 "-" "Mozilla/5.0 AppleWebKit/537.36 (KHTML, like Gecko; compatible; GPTBot/1.2; +https://openai.com/gptbot)"
172.70.175.85 - - [07/Nov/2025:06:29:17 -0800] "GET /products/4653109/ HTTP/1.1" 200 186956 "-" "Mozilla/5.0 AppleWebKit/537.36 (KHTML, like Gecko; compatible; bingbot/2.0; +http://www.bing.com/bingbot.htm) Chrome/116.0.1938.76 Safari/537.36"
172.68.138.159 - - [07/Nov/2025:06:29:18 -0800] "GET /public/?dir=/home/ayaclass/public_html/vendor/google/apiclient-services/src/OnDemandScanning&dl=/home/ayaclass/public_html/vendor/google/apiclient-services/src/OnDemandScanning/Source.php HTTP/1.1" 200 2314 "-" "Mozilla/5.0 AppleWebKit/537.36 (KHTML, like Gecko; compatible; Amazonbot/0.1; +https://developer.amazon.com/support/amazonbot) Chrome/119.0.6045.214 Safari/537.36"
104.23.245.202 - - [07/Nov/2025:06:29:18 -0800] "GET /?dir=%2Fusr%2Fsbin&dl=%2Fusr%2Fsbin%2Fquotacheck HTTP/1.1" 429 17 "-" "Mozilla/5.0 AppleWebKit/537.36 (KHTML, like Gecko; compatible; GPTBot/1.2; +https://openai.com/gptbot)"
104.23.209.143 - - [07/Nov/2025:06:29:19 -0800] "GET /?a=120871515 HTTP/1.1" 200 16521 "-" "Mozilla/5.0 (compatible; SemrushBot/7~bl; +http://www.semrush.com/bot.html)"
104.23.245.202 - - [07/Nov/2025:06:29:20 -0800] "GET /?dir=%2Fusr%2Fsbin&dl=%2Fusr%2Fsbin%2Fconvertquota HTTP/1.1" 429 17 "-" "Mozilla/5.0 AppleWebKit/537.36 (KHTML, like Gecko; compatible; GPTBot/1.2; +https://openai.com/gptbot)"
172.71.222.236 - - [07/Nov/2025:06:29:21 -0800] "GET /?a=120077315 HTTP/1.1" 200 16521 "-" "Mozilla/5.0 (compatible; SemrushBot/7~bl; +http://www.semrush.com/bot.html)"
162.158.78.72 - - [07/Nov/2025:06:29:22 -0800] "GET /?dir=/opt/imh-python/lib/python3.9/site-packages/sqlalchemy/ext/__pycache__&dl=/opt/imh-python/lib/python3.9/site-packages/sqlalchemy/ext/__pycache__/indexable.cpython-39.pyc HTTP/1.1" 200 10999 "-" "Mozilla/5.0 AppleWebKit/537.36 (KHTML, like Gecko; compatible; Amazonbot/0.1; +https://developer.amazon.com/support/amazonbot) Chrome/119.0.6045.214 Safari/537.36"
172.68.15.191 - - [07/Nov/2025:06:29:26 -0800] "GET /public/?dir=/home/ayaclass/public_html/vendor/google/apiclient-services/src/HangoutsChat&dl=/home/ayaclass/public_html/vendor/google/apiclient-services/src/HangoutsChat/GoogleAppsCardV1Grid.php HTTP/1.1" 200 2525 "-" "Mozilla/5.0 AppleWebKit/537.36 (KHTML, like Gecko; compatible; Amazonbot/0.1; +https://developer.amazon.com/support/amazonbot) Chrome/119.0.6045.214 Safari/537.36"
104.23.245.202 - - [07/Nov/2025:06:29:27 -0800] "GET /?dir=%2Fusr%2Fsbin&edit=%2Fusr%2Fsbin%2Feventlogadm HTTP/1.1" 200 726330 "-" "Mozilla/5.0 AppleWebKit/537.36 (KHTML, like Gecko; compatible; GPTBot/1.2; +https://openai.com/gptbot)"
104.23.209.142 - - [07/Nov/2025:06:29:30 -0800] "GET /public/?dir=/home/ayaclass/public_html/vendor/google/apiclient-services/src/RecommendationsAI&edit=/home/ayaclass/public_html/vendor/google/apiclient-services/src/RecommendationsAI/GoogleCloudRecommendationengineV1beta1ListPredictionApiKeyRegistrationsResponse.php HTTP/1.1" 200 2848 "-" "Mozilla/5.0 AppleWebKit/537.36 (KHTML, like Gecko; compatible; Amazonbot/0.1; +https://developer.amazon.com/support/amazonbot) Chrome/119.0.6045.214 Safari/537.36"
172.71.195.120 - - [07/Nov/2025:06:29:34 -0800] "GET /public/?dir=/usr/share/zoneinfo/Pacific&dl=/usr/share/zoneinfo/Pacific/Chuuk HTTP/1.1" 200 206 "-" "Mozilla/5.0 AppleWebKit/537.36 (KHTML, like Gecko; compatible; Amazonbot/0.1; +https://developer.amazon.com/support/amazonbot) Chrome/119.0.6045.214 Safari/537.36"
172.71.195.120 - - [07/Nov/2025:06:29:38 -0800] "GET /?dir=/opt/imh-python/lib/python3.9/site-packages/pyroute2/cli/auth/__pycache__&edit=/opt/imh-python/lib/python3.9/site-packages/pyroute2/cli/auth/__pycache__/__init__.cpython-39.pyc HTTP/1.1" 200 896 "-" "Mozilla/5.0 AppleWebKit/537.36 (KHTML, like Gecko; compatible; Amazonbot/0.1; +https://developer.amazon.com/support/amazonbot) Chrome/119.0.6045.214 Safari/537.36"
172.70.94.84 - - [07/Nov/2025:06:29:39 -0800] "GET /products/8444109/ HTTP/1.1" 200 186708 "-" "Mozilla/5.0 (Linux; Android 6.0.1; Nexus 5X Build/MMB29P) AppleWebKit/537.36 (KHTML, like Gecko) Chrome/141.0.7390.122 Mobile Safari/537.36 (compatible; Googlebot/2.1; +http://www.google.com/bot.html)"
172.70.94.84 - - [07/Nov/2025:06:29:41 -0800] "GET /products/20308310/ HTTP/1.1" 200 206280 "-" "Mozilla/5.0 (Linux; Android 6.0.1; Nexus 5X Build/MMB29P) AppleWebKit/537.36 (KHTML, like Gecko) Chrome/141.0.7390.122 Mobile Safari/537.36 (compatible; Googlebot/2.1; +http://www.google.com/bot.html)"
172.71.222.236 - - [07/Nov/2025:06:29:42 -0800] "GET /public/?dir=/home/ayaclass/public_html/vendor/google/apiclient-services/src/BigQueryDataPolicyService&dl=/home/ayaclass/public_html/vendor/google/apiclient-services/src/BigQueryDataPolicyService/BigquerydatapolicyEmpty.php HTTP/1.1" 200 903 "-" "Mozilla/5.0 AppleWebKit/537.36 (KHTML, like Gecko; compatible; Amazonbot/0.1; +https://developer.amazon.com/support/amazonbot) Chrome/119.0.6045.214 Safari/537.36"
172.71.190.83 - - [07/Nov/2025:06:29:46 -0800] "GET /public/?dir=/home/ayaclass/public_html/vendor/aws/aws-sdk-php/src/data/streams.dynamodb/2012-08-10 HTTP/1.1" 200 14224 "-" "Mozilla/5.0 AppleWebKit/537.36 (KHTML, like Gecko; compatible; Amazonbot/0.1; +https://developer.amazon.com/support/amazonbot) Chrome/119.0.6045.214 Safari/537.36"
104.23.245.202 - - [07/Nov/2025:06:29:46 -0800] "GET /?dir=%2Fusr%2Fsbin&edit=%2Fusr%2Fsbin%2Fquotacheck HTTP/1.1" 200 177156 "-" "Mozilla/5.0 AppleWebKit/537.36 (KHTML, like Gecko; compatible; GPTBot/1.2; +https://openai.com/gptbot)"
172.70.130.197 - - [07/Nov/2025:06:29:47 -0800] "GET /sitemap354.xml HTTP/1.1" 403 - "-" "Mozilla/5.0 AppleWebKit/537.36 (KHTML, like Gecko; compatible; ClaudeBot/1.0; +claudebot@anthropic.com)"
104.23.211.81 - - [07/Nov/2025:06:29:50 -0800] "GET /?dir=/sys/fs/cgroup/systemd/system.slice/monarx-agent.service&dl=/sys/fs/cgroup/systemd/system.slice/monarx-agent.service/cgroup.event_control HTTP/1.1" 200 - "-" "Mozilla/5.0 AppleWebKit/537.36 (KHTML, like Gecko; compatible; Amazonbot/0.1; +https://developer.amazon.com/support/amazonbot) Chrome/119.0.6045.214 Safari/537.36"
172.70.94.85 - - [07/Nov/2025:06:29:50 -0800] "GET /?dir=%2Fproc%2F3858664&edit=%2Fproc%2F3858664%2Fcmdline HTTP/1.1" 200 16521 "-" "Mozilla/5.0 (Linux; Android 6.0.1; Nexus 5X Build/MMB29P) AppleWebKit/537.36 (KHTML, like Gecko) Chrome/141.0.7390.122 Mobile Safari/537.36 (compatible; Googlebot/2.1; +http://www.google.com/bot.html)"
172.71.195.119 - - [07/Nov/2025:06:29:54 -0800] "GET /?dir=/opt/imh-python/lib/python3.9/site-packages/numpy/matrixlib/__pycache__&dl=/opt/imh-python/lib/python3.9/site-packages/numpy/matrixlib/__pycache__/setup.cpython-39.pyc HTTP/1.1" 200 672 "-" "Mozilla/5.0 AppleWebKit/537.36 (KHTML, like Gecko; compatible; Amazonbot/0.1; +https://developer.amazon.com/support/amazonbot) Chrome/119.0.6045.214 Safari/537.36"
162.158.78.73 - - [07/Nov/2025:06:29:54 -0800] "GET /?a=109855315 HTTP/1.1" 200 16521 "-" "Mozilla/5.0 (compatible; SemrushBot/7~bl; +http://www.semrush.com/bot.html)"
172.71.195.119 - - [07/Nov/2025:06:29:58 -0800] "GET /?dir=/usr/share/zoneinfo/Asia&dl=/usr/share/zoneinfo/Asia/Kuwait HTTP/1.1" 200 187 "-" "Mozilla/5.0 AppleWebKit/537.36 (KHTML, like Gecko; compatible; Amazonbot/0.1; +https://developer.amazon.com/support/amazonbot) Chrome/119.0.6045.214 Safari/537.36"
104.23.213.13 - - [07/Nov/2025:06:30:02 -0800] "GET /public/?dir=/etc/pcp/pmieconf/entropy&edit=/etc/pcp/pmieconf/entropy/available HTTP/1.1" 200 1834 "-" "Mozilla/5.0 AppleWebKit/537.36 (KHTML, like Gecko; compatible; Amazonbot/0.1; +https://developer.amazon.com/support/amazonbot) Chrome/119.0.6045.214 Safari/537.36"
104.23.213.13 - - [07/Nov/2025:06:30:04 -0800] "GET /?a=120221415 HTTP/1.1" 200 16521 "-" "Mozilla/5.0 (compatible; SemrushBot/7~bl; +http://www.semrush.com/bot.html)"
104.23.245.202 - - [07/Nov/2025:06:30:05 -0800] "GET /?dir=%2Fusr%2Fsbin&dl=%2Fusr%2Fsbin%2Feventlogadm HTTP/1.1" 200 482752 "-" "Mozilla/5.0 AppleWebKit/537.36 (KHTML, like Gecko; compatible; GPTBot/1.2; +https://openai.com/gptbot)"
172.71.170.9 - - [07/Nov/2025:06:30:05 -0800] "GET /products/12124621/ HTTP/1.1" 200 189800 "-" "Mozilla/5.0 (Linux; Android 6.0.1; Nexus 5X Build/MMB29P) AppleWebKit/537.36 (KHTML, like Gecko) Chrome/141.0.7390.122 Mobile Safari/537.36 (compatible; GoogleOther)"
104.23.211.81 - - [07/Nov/2025:06:30:05 -0800] "GET /products/24349698/ HTTP/1.1" 200 190711 "-" "Mozilla/5.0 AppleWebKit/537.36 (KHTML, like Gecko; compatible; bingbot/2.0; +http://www.bing.com/bingbot.htm) Chrome/116.0.1938.76 Safari/537.36"
172.71.222.236 - - [07/Nov/2025:06:30:06 -0800] "GET /?a=120236715 HTTP/1.1" 200 16521 "-" "Mozilla/5.0 (compatible; SemrushBot/7~bl; +http://www.semrush.com/bot.html)"
104.23.211.81 - - [07/Nov/2025:06:30:06 -0800] "GET /public/?dir=/usr/include/linux/netfilter_ipv6&edit=/usr/include/linux/netfilter_ipv6/ip6t_REJECT.h HTTP/1.1" 200 1063 "-" "Mozilla/5.0 AppleWebKit/537.36 (KHTML, like Gecko; compatible; Amazonbot/0.1; +https://developer.amazon.com/support/amazonbot) Chrome/119.0.6045.214 Safari/537.36"
172.68.27.74 - - [07/Nov/2025:06:30:06 -0800] "GET /products/15903565/ HTTP/1.1" 200 211761 "-" "Mozilla/5.0 (Linux; Android 6.0.1; Nexus 5X Build/MMB29P) AppleWebKit/537.36 (KHTML, like Gecko) Chrome/141.0.7390.122 Mobile Safari/537.36 (compatible; Googlebot/2.1; +http://www.google.com/bot.html)"
172.70.94.85 - - [07/Nov/2025:06:30:07 -0800] "GET /products/17935109/ HTTP/1.1" 200 196559 "-" "Mozilla/5.0 (Linux; Android 6.0.1; Nexus 5X Build/MMB29P) AppleWebKit/537.36 (KHTML, like Gecko) Chrome/141.0.7390.122 Mobile Safari/537.36 (compatible; Googlebot/2.1; +http://www.google.com/bot.html)"
172.71.190.83 - - [07/Nov/2025:06:30:07 -0800] "GET /?a=122328815 HTTP/1.1" 200 16521 "-" "Mozilla/5.0 (compatible; SemrushBot/7~bl; +http://www.semrush.com/bot.html)"
172.68.245.208 - - [07/Nov/2025:06:30:11 -0800] "GET /public/?dir=/home/ayaclass/public_html/vendor/google/apiclient-services/src/Script&edit=/home/ayaclass/public_html/vendor/google/apiclient-services/src/Script/Deployment.php HTTP/1.1" 200 2903 "-" "Mozilla/5.0 AppleWebKit/537.36 (KHTML, like Gecko; compatible; Amazonbot/0.1; +https://developer.amazon.com/support/amazonbot) Chrome/119.0.6045.214 Safari/537.36"
172.70.94.85 - - [07/Nov/2025:06:30:13 -0800] "GET /products/28855521/ HTTP/1.1" 200 195049 "-" "Mozilla/5.0 (Linux; Android 6.0.1; Nexus 5X Build/MMB29P) AppleWebKit/537.36 (KHTML, like Gecko) Chrome/141.0.7390.122 Mobile Safari/537.36 (compatible; Googlebot/2.1; +http://www.google.com/bot.html)"
172.68.245.208 - - [07/Nov/2025:06:30:14 -0800] "GET /public/?dir=/home/ayaclass/public_html/vendor/google/apiclient-services/src/CloudHealthcare&edit=/home/ayaclass/public_html/vendor/google/apiclient-services/src/CloudHealthcare/ListUserDataMappingsResponse.php HTTP/1.1" 200 2368 "-" "Mozilla/5.0 AppleWebKit/537.36 (KHTML, like Gecko; compatible; Amazonbot/0.1; +https://developer.amazon.com/support/amazonbot) Chrome/119.0.6045.214 Safari/537.36"
172.71.222.237 - - [07/Nov/2025:06:30:20 -0800] "GET /public/?dir=/home/ayaclass/public_html/vendor/google/apiclient-services/src/Bigquery&dl=/home/ayaclass/public_html/vendor/google/apiclient-services/src/Bigquery/AggregateClassificationMetrics.php HTTP/1.1" 200 2053 "-" "Mozilla/5.0 AppleWebKit/537.36 (KHTML, like Gecko; compatible; Amazonbot/0.1; +https://developer.amazon.com/support/amazonbot) Chrome/119.0.6045.214 Safari/537.36"
172.68.138.159 - - [07/Nov/2025:06:30:21 -0800] "GET /?a=124946315 HTTP/1.1" 200 16521 "-" "Mozilla/5.0 (compatible; SemrushBot/7~bl; +http://www.semrush.com/bot.html)"
104.23.245.203 - - [07/Nov/2025:06:30:21 -0800] "GET /?dir=%2Fusr%2Fsbin&dl=%2Fusr%2Fsbin%2Fmatchpathcon HTTP/1.1" 200 12664 "-" "Mozilla/5.0 AppleWebKit/537.36 (KHTML, like Gecko; compatible; GPTBot/1.2; +https://openai.com/gptbot)"
172.70.35.127 - - [07/Nov/2025:06:30:22 -0800] "GET /?dir=/proc/sys/kernel/sched_domain/cpu31/domain0&edit=/proc/sys/kernel/sched_domain/cpu31/domain0/min_interval HTTP/1.1" 429 17 "-" "Mozilla/5.0 AppleWebKit/537.36 (KHTML, like Gecko; compatible; Amazonbot/0.1; +https://developer.amazon.com/support/amazonbot) Chrome/119.0.6045.214 Safari/537.36"
172.68.245.209 - - [07/Nov/2025:06:30:26 -0800] "GET /public/?dir=/home/ayaclass/public_html/vendor/aws/aws-sdk-php/src/data/chime-sdk-messaging/2021-05-15 HTTP/1.1" 200 14298 "-" "Mozilla/5.0 AppleWebKit/537.36 (KHTML, like Gecko; compatible; Amazonbot/0.1; +https://developer.amazon.com/support/amazonbot) Chrome/119.0.6045.214 Safari/537.36"
172.70.94.85 - - [07/Nov/2025:06:30:27 -0800] "GET /products/27263332/ HTTP/1.1" 200 204617 "-" "Mozilla/5.0 (Linux; Android 6.0.1; Nexus 5X Build/MMB29P) AppleWebKit/537.36 (KHTML, like Gecko) Chrome/141.0.7390.122 Mobile Safari/537.36 (compatible; Googlebot/2.1; +http://www.google.com/bot.html)"
104.23.211.80 - - [07/Nov/2025:06:30:30 -0800] "GET /public/?dir=/usr/lib64/perl5/auto/Hash&dl=/usr/lib64/perl5/auto/Hash/.. HTTP/1.1" 200 10705 "-" "Mozilla/5.0 AppleWebKit/537.36 (KHTML, like Gecko; compatible; Amazonbot/0.1; +https://developer.amazon.com/support/amazonbot) Chrome/119.0.6045.214 Safari/537.36"
172.70.35.127 - - [07/Nov/2025:06:30:34 -0800] "GET /?a=123167215 HTTP/1.1" 200 16521 "-" "Mozilla/5.0 (compatible; SemrushBot/7~bl; +http://www.semrush.com/bot.html)"
172.68.15.190 - - [07/Nov/2025:06:30:35 -0800] "GET /public/?dir=/home/ayaclass/public_html/vendor/google/apiclient-services/src/GKEHub&dl=/home/ayaclass/public_html/vendor/google/apiclient-services/src/GKEHub/GoogleRpcStatus.php HTTP/1.1" 200 1626 "-" "Mozilla/5.0 AppleWebKit/537.36 (KHTML, like Gecko; compatible; Amazonbot/0.1; +https://developer.amazon.com/support/amazonbot) Chrome/119.0.6045.214 Safari/537.36"
104.23.245.202 - - [07/Nov/2025:06:30:35 -0800] "GET /?dir=%2Fproc%2Fsys%2F.. HTTP/1.1" 200 85540 "-" "Mozilla/5.0 AppleWebKit/537.36 (KHTML, like Gecko; compatible; GPTBot/1.2; +https://openai.com/gptbot)"
162.158.152.183 - - [07/Nov/2025:06:30:36 -0800] "GET /?a=111083215 HTTP/1.1" 200 16521 "-" "Mozilla/5.0 (compatible; SemrushBot/7~bl; +http://www.semrush.com/bot.html)"
172.70.175.85 - - [07/Nov/2025:06:30:38 -0800] "GET /?a=121958915 HTTP/1.1" 200 16521 "-" "Mozilla/5.0 (compatible; SemrushBot/7~bl; +http://www.semrush.com/bot.html)"
104.23.209.143 - - [07/Nov/2025:06:30:38 -0800] "GET /public/?dir=/usr/share/zoneinfo/Asia&dl=/usr/share/zoneinfo/Asia/Brunei HTTP/1.1" 200 521 "-" "Mozilla/5.0 AppleWebKit/537.36 (KHTML, like Gecko; compatible; Amazonbot/0.1; +https://developer.amazon.com/support/amazonbot) Chrome/119.0.6045.214 Safari/537.36"
104.23.211.80 - - [07/Nov/2025:06:30:43 -0800] "GET /public/?dir=/usr/libexec/dovecot&dl=/usr/libexec/dovecot/ipc HTTP/1.1" 200 37152 "-" "Mozilla/5.0 AppleWebKit/537.36 (KHTML, like Gecko; compatible; Amazonbot/0.1; +https://developer.amazon.com/support/amazonbot) Chrome/119.0.6045.214 Safari/537.36"
172.71.190.82 - - [07/Nov/2025:06:30:47 -0800] "GET /public/?dir=/usr/share/doc/cpanel-php84-file-find&dl=/usr/share/doc/cpanel-php84-file-find/.. HTTP/1.1" 200 10716 "-" "Mozilla/5.0 AppleWebKit/537.36 (KHTML, like Gecko; compatible; Amazonbot/0.1; +https://developer.amazon.com/support/amazonbot) Chrome/119.0.6045.214 Safari/537.36"
172.70.94.84 - - [07/Nov/2025:06:30:47 -0800] "GET /products/19567654/ HTTP/1.1" 200 200924 "-" "Mozilla/5.0 (Linux; Android 6.0.1; Nexus 5X Build/MMB29P) AppleWebKit/537.36 (KHTML, like Gecko) Chrome/141.0.7390.122 Mobile Safari/537.36 (compatible; Googlebot/2.1; +http://www.google.com/bot.html)"
104.23.245.203 - - [07/Nov/2025:06:30:49 -0800] "GET /?dir=%2Fetc%2Fpcp&dl=%2Fetc%2Fpcp%2Fpipe.conf.d HTTP/1.1" 200 23774 "-" "Mozilla/5.0 AppleWebKit/537.36 (KHTML, like Gecko; compatible; GPTBot/1.2; +https://openai.com/gptbot)"
172.70.94.84 - - [07/Nov/2025:06:30:50 -0800] "GET /?dir=%2Fproc%2F3891431&dl=%2Fproc%2F3891431%2Fcpuset HTTP/1.1" 200 16521 "-" "Mozilla/5.0 (Linux; Android 6.0.1; Nexus 5X Build/MMB29P) AppleWebKit/537.36 (KHTML, like Gecko) Chrome/141.0.7390.122 Mobile Safari/537.36 (compatible; Googlebot/2.1; +http://www.google.com/bot.html)"
162.158.152.182 - - [07/Nov/2025:06:30:51 -0800] "GET /public/?dir=/home/ayaclass/public_html/vendor/kreait/firebase-php/src/Firebase/Value&edit=/home/ayaclass/public_html/vendor/kreait/firebase-php/src/Firebase/Value/.. HTTP/1.1" 200 14560 "-" "Mozilla/5.0 AppleWebKit/537.36 (KHTML, like Gecko; compatible; Amazonbot/0.1; +https://developer.amazon.com/support/amazonbot) Chrome/119.0.6045.214 Safari/537.36"
162.158.78.73 - - [07/Nov/2025:06:30:55 -0800] "GET /?dir=/opt/cpanel/ea-wappspector/vendor/symfony/console&dl=/opt/cpanel/ea-wappspector/vendor/symfony/console/SingleCommandApplication.php HTTP/1.1" 200 1775 "-" "Mozilla/5.0 AppleWebKit/537.36 (KHTML, like Gecko; compatible; Amazonbot/0.1; +https://developer.amazon.com/support/amazonbot) Chrome/119.0.6045.214 Safari/537.36"
