172.70.35.127 - - [07/Nov/2025:06:40:48 -0800] "GET /public/?dir=/usr/share/doc/popt/.. HTTP/1.1" 200 431982 "-" "Mozilla/5.0 AppleWebKit/537.36 (KHTML, like Gecko; compatible; Amazonbot/0.1; +https://developer.amazon.com/support/amazonbot) Chrome/119.0.6045.214 Safari/537.36"
172.68.138.158 - - [07/Nov/2025:06:40:50 -0800] "GET /public/?dir=/usr/share/locale/es.us-ascii&dl=/usr/share/locale/es.us-ascii/.. HTTP/1.1" 429 17 "-" "Mozilla/5.0 AppleWebKit/537.36 (KHTML, like Gecko; compatible; Amazonbot/0.1; +https://developer.amazon.com/support/amazonbot) Chrome/119.0.6045.214 Safari/537.36"
104.23.245.202 - - [07/Nov/2025:06:40:50 -0800] "GET /?dir=%2Fetc%2Fgnupg%2F.. HTTP/1.1" 200 191949 "-" "Mozilla/5.0 AppleWebKit/537.36 (KHTML, like Gecko; compatible; GPTBot/1.2; +https://openai.com/gptbot)"
104.23.245.202 - - [07/Nov/2025:06:40:52 -0800] "GET /?dir=%2Frun&edit=%2Frun%2Frpcbind.sock HTTP/1.1" 429 17 "-" "Mozilla/5.0 AppleWebKit/537.36 (KHTML, like Gecko; compatible; GPTBot/1.2; +https://openai.com/gptbot)"
162.158.175.60 - - [07/Nov/2025:06:40:54 -0800] "GET /products/16268398/ HTTP/1.1" 200 189810 "-" "Mozilla/5.0 (Linux; Android 6.0.1; Nexus 5X Build/MMB29P) AppleWebKit/537.36 (KHTML, like Gecko) Chrome/141.0.7390.122 Mobile Safari/537.36 (compatible; Googlebot/2.1; +http://www.google.com/bot.html)"
104.23.245.202 - - [07/Nov/2025:06:40:55 -0800] "GET /?dir=%2Fetc%2Ffonts%2F.. HTTP/1.1" 200 191949 "-" "Mozilla/5.0 AppleWebKit/537.36 (KHTML, like Gecko; compatible; GPTBot/1.2; +https://openai.com/gptbot)"
162.158.175.65 - - [07/Nov/2025:06:40:55 -0800] "GET /products/4699843/ HTTP/1.1" 200 196338 "-" "Mozilla/5.0 (Linux; Android 6.0.1; Nexus 5X Build/MMB29P) AppleWebKit/537.36 (KHTML, like Gecko) Chrome/141.0.7390.122 Mobile Safari/537.36 (compatible; Googlebot/2.1; +http://www.google.com/bot.html)"
172.71.191.123 - - [07/Nov/2025:06:40:55 -0800] "GET /?dir=/opt/cpanel/ea-openssl11/share/doc/openssl/html/man3&dl=/opt/cpanel/ea-openssl11/share/doc/openssl/html/man3/EC_POINT_make_affine.html HTTP/1.1" 200 6263 "-" "Mozilla/5.0 AppleWebKit/537.36 (KHTML, like Gecko; compatible; Amazonbot/0.1; +https://developer.amazon.com/support/amazonbot) Chrome/119.0.6045.214 Safari/537.36"
172.68.15.191 - - [07/Nov/2025:06:40:59 -0800] "GET /public/?dir=/home/ayaclass/public_html/vendor/google/apiclient-services/src/PubsubLite/Resource&dl=/home/ayaclass/public_html/vendor/google/apiclient-services/src/PubsubLite/Resource/AdminProjectsLocationsReservations.php HTTP/1.1" 200 5254 "-" "Mozilla/5.0 AppleWebKit/537.36 (KHTML, like Gecko; compatible; Amazonbot/0.1; +https://developer.amazon.com/support/amazonbot) Chrome/119.0.6045.214 Safari/537.36"
104.23.245.202 - - [07/Nov/2025:06:41:01 -0800] "GET /?dir=%2Fusr%2Fsbin&dl=%2Fusr%2Fsbin%2Fpure-config.pl HTTP/1.1" 200 4755 "-" "Mozilla/5.0 AppleWebKit/537.36 (KHTML, like Gecko; compatible; GPTBot/1.2; +https://openai.com/gptbot)"
104.23.209.142 - - [07/Nov/2025:06:41:02 -0800] "GET /?dir=/opt/cpanel/ea-openssl11/share/doc/openssl/html/man3&edit=/opt/cpanel/ea-openssl11/share/doc/openssl/html/man3/OPENSSL_secure_malloc.html HTTP/1.1" 200 8172 "-" "Mozilla/5.0 AppleWebKit/537.36 (KHTML, like Gecko; compatible; Amazonbot/0.1; +https://developer.amazon.com/support/amazonbot) Chrome/119.0.6045.214 Safari/537.36"
172.68.138.158 - - [07/Nov/2025:06:41:07 -0800] "GET /public/?dir=/home/ayaclass/public_html/vendor/twilio/sdk/src/Twilio/Rest/Verify/V2/Service&dl=/home/ayaclass/public_html/vendor/twilio/sdk/src/Twilio/Rest/Verify/V2/Service/VerificationList.php HTTP/1.1" 200 4221 "-" "Mozilla/5.0 AppleWebKit/537.36 (KHTML, like Gecko; compatible; Amazonbot/0.1; +https://developer.amazon.com/support/amazonbot) Chrome/119.0.6045.214 Safari/537.36"
172.71.166.28 - - [07/Nov/2025:06:41:07 -0800] "GET /?dir=%2Fproc&dl=%2Fproc%2F3877781 HTTP/1.1" 200 84976 "-" "Mozilla/5.0 (Linux; Android 6.0.1; Nexus 5X Build/MMB29P) AppleWebKit/537.36 (KHTML, like Gecko) Chrome/141.0.7390.122 Mobile Safari/537.36 (compatible; Googlebot/2.1; +http://www.google.com/bot.html)"
104.23.245.203 - - [07/Nov/2025:06:41:07 -0800] "GET /?dir=%2Fetc&edit=%2Fetc%2Frsyslog.conf HTTP/1.1" 200 4121 "-" "Mozilla/5.0 AppleWebKit/537.36 (KHTML, like Gecko; compatible; GPTBot/1.2; +https://openai.com/gptbot)"
172.68.245.209 - - [07/Nov/2025:06:41:09 -0800] "GET /?a=779302615 HTTP/1.1" 200 16521 "-" "Mozilla/5.0 (compatible; SemrushBot/7~bl; +http://www.semrush.com/bot.html)"
104.23.245.202 - - [07/Nov/2025:06:41:12 -0800] "GET /?dir=%2Fusr%2Fsbin&dl=%2Fusr%2Fsbin%2Fisc-hmac-fixup HTTP/1.1" 200 12136 "-" "Mozilla/5.0 AppleWebKit/537.36 (KHTML, like Gecko; compatible; GPTBot/1.2; +https://openai.com/gptbot)"
162.158.175.59 - - [07/Nov/2025:06:41:12 -0800] "GET /products/27519543/ HTTP/1.1" 200 198656 "-" "Mozilla/5.0 (Linux; Android 6.0.1; Nexus 5X Build/MMB29P) AppleWebKit/537.36 (KHTML, like Gecko) Chrome/141.0.7390.122 Mobile Safari/537.36 (compatible; Googlebot/2.1; +http://www.google.com/bot.html)"
172.68.138.159 - - [07/Nov/2025:06:41:12 -0800] "GET /public/?dir=/opt/imh-python/lib/python3.9/site-packages/prompt_toolkit&dl=/opt/imh-python/lib/python3.9/site-packages/prompt_toolkit/output HTTP/1.1" 200 43226 "-" "Mozilla/5.0 AppleWebKit/537.36 (KHTML, like Gecko; compatible; Amazonbot/0.1; +https://developer.amazon.com/support/amazonbot) Chrome/119.0.6045.214 Safari/537.36"
104.23.209.142 - - [07/Nov/2025:06:41:14 -0800] "GET /?a=121922315 HTTP/1.1" 200 16521 "-" "Mozilla/5.0 (compatible; SemrushBot/7~bl; +http://www.semrush.com/bot.html)"
172.71.222.237 - - [07/Nov/2025:06:41:16 -0800] "GET /public/?dir=/home/ayaclass/public_html/vendor/authorizenet/authorizenet/lib/net/authorize/api/contract/v1&dl=/home/ayaclass/public_html/vendor/authorizenet/authorizenet/lib/net/authorize/api/contract/v1/ARBSubscriptionMaskedType.php HTTP/1.1" 200 7888 "-" "Mozilla/5.0 AppleWebKit/537.36 (KHTML, like Gecko; compatible; Amazonbot/0.1; +https://developer.amazon.com/support/amazonbot) Chrome/119.0.6045.214 Safari/537.36"
104.23.245.202 - - [07/Nov/2025:06:41:17 -0800] "GET /?dir=%2Fsys%2Fblock%2F.. HTTP/1.1" 200 13960 "-" "Mozilla/5.0 AppleWebKit/537.36 (KHTML, like Gecko; compatible; GPTBot/1.2; +https://openai.com/gptbot)"
172.68.138.159 - - [07/Nov/2025:06:41:19 -0800] "GET /public/?dir=/home/ayaclass/public_html/vendor/authorizenet/authorizenet/lib/net/authorize/api/contract/v1&edit=/home/ayaclass/public_html/vendor/authorizenet/authorizenet/lib/net/authorize/api/contract/v1/PaymentProfileType.php HTTP/1.1" 200 4671 "-" "Mozilla/5.0 AppleWebKit/537.36 (KHTML, like Gecko; compatible; Amazonbot/0.1; +https://developer.amazon.com/support/amazonbot) Chrome/119.0.6045.214 Safari/537.36"
104.23.245.202 - - [07/Nov/2025:06:41:21 -0800] "GET /?dir=%2Fusr%2Fshare%2Fbash-completion%2Fcompletions&edit=%2Fusr%2Fshare%2Fbash-completion%2Fcompletions%2Fdesktop-file-validate HTTP/1.1" 200 1114 "-" "Mozilla/5.0 AppleWebKit/537.36 (KHTML, like Gecko; compatible; GPTBot/1.2; +https://openai.com/gptbot)"
104.23.209.142 - - [07/Nov/2025:06:41:23 -0800] "GET /?dir=/proc/sys/net/ipv4/neigh/lo&dl=/proc/sys/net/ipv4/neigh/lo/anycast_delay HTTP/1.1" 200 4 "-" "Mozilla/5.0 AppleWebKit/537.36 (KHTML, like Gecko; compatible; Amazonbot/0.1; +https://developer.amazon.com/support/amazonbot) Chrome/119.0.6045.214 Safari/537.36"
104.23.245.202 - - [07/Nov/2025:06:41:25 -0800] "GET /?dir=%2Fproc%2F3947265%2Fnet%2F.. HTTP/1.1" 200 16521 "-" "Mozilla/5.0 AppleWebKit/537.36 (KHTML, like Gecko; compatible; GPTBot/1.2; +https://openai.com/gptbot)"
104.23.209.142 - - [07/Nov/2025:06:41:27 -0800] "GET /public/?dir=/sys/fs/cgroup/systemd/init.scope&edit=/sys/fs/cgroup/systemd/init.scope/cgroup.procs HTTP/1.1" 200 590 "-" "Mozilla/5.0 AppleWebKit/537.36 (KHTML, like Gecko; compatible; Amazonbot/0.1; +https://developer.amazon.com/support/amazonbot) Chrome/119.0.6045.214 Safari/537.36"
162.158.175.59 - - [07/Nov/2025:06:41:28 -0800] "GET /products/23424065/ HTTP/1.1" 200 187314 "-" "Mozilla/5.0 (Linux; Android 6.0.1; Nexus 5X Build/MMB29P) AppleWebKit/537.36 (KHTML, like Gecko) Chrome/141.0.7390.122 Mobile Safari/537.36 (compatible; Googlebot/2.1; +http://www.google.com/bot.html)"
104.23.245.202 - - [07/Nov/2025:06:41:29 -0800] "GET /?dir=%2Fusr%2Fshare%2Fcrypto-policies HTTP/1.1" 200 16882 "-" "Mozilla/5.0 AppleWebKit/537.36 (KHTML, like Gecko; compatible; GPTBot/1.2; +https://openai.com/gptbot)"
104.23.245.202 - - [07/Nov/2025:06:41:32 -0800] "GET /?dir=%2Fusr%2Fbin&dl=%2Fusr%2Fbin%2Fsha224hmac HTTP/1.1" 200 33440 "-" "Mozilla/5.0 AppleWebKit/537.36 (KHTML, like Gecko; compatible; GPTBot/1.2; +https://openai.com/gptbot)"
104.23.245.202 - - [07/Nov/2025:06:41:35 -0800] "GET /?dir=%2Fusr%2Fshare%2Falmalinux-logos HTTP/1.1" 200 11319 "-" "Mozilla/5.0 AppleWebKit/537.36 (KHTML, like Gecko; compatible; GPTBot/1.2; +https://openai.com/gptbot)"
104.23.245.202 - - [07/Nov/2025:06:41:37 -0800] "GET /?dir=%2Fetc%2Fosm%2F.. HTTP/1.1" 429 17 "-" "Mozilla/5.0 AppleWebKit/537.36 (KHTML, like Gecko; compatible; GPTBot/1.2; +https://openai.com/gptbot)"
104.23.245.202 - - [07/Nov/2025:06:41:40 -0800] "GET /?dir=%2Fusr%2Fshare%2Fcrypto-policies%2Fpolicies HTTP/1.1" 200 14340 "-" "Mozilla/5.0 AppleWebKit/537.36 (KHTML, like Gecko; compatible; GPTBot/1.2; +https://openai.com/gptbot)"
104.23.209.142 - - [07/Nov/2025:06:41:44 -0800] "GET /?a=124023315 HTTP/1.1" 200 16521 "-" "Mozilla/5.0 (compatible; SemrushBot/7~bl; +http://www.semrush.com/bot.html)"
104.23.245.202 - - [07/Nov/2025:06:41:46 -0800] "GET /?dir=%2Fusr%2Fshare%2Fcrypto-policies&dl=%2Fusr%2Fshare%2Fcrypto-policies%2Fpolicies HTTP/1.1" 200 16882 "-" "Mozilla/5.0 AppleWebKit/537.36 (KHTML, like Gecko; compatible; GPTBot/1.2; +https://openai.com/gptbot)"
162.158.175.60 - - [07/Nov/2025:06:41:50 -0800] "GET /?dir=%2Fproc&dl=%2Fproc%2F3877760 HTTP/1.1" 200 82156 "-" "Mozilla/5.0 (Linux; Android 6.0.1; Nexus 5X Build/MMB29P) AppleWebKit/537.36 (KHTML, like Gecko) Chrome/141.0.7390.122 Mobile Safari/537.36 (compatible; Googlebot/2.1; +http://www.google.com/bot.html)"
104.23.245.202 - - [07/Nov/2025:06:41:52 -0800] "GET /?dir=%2Fetc%2Fxml%2F.. HTTP/1.1" 200 191949 "-" "Mozilla/5.0 AppleWebKit/537.36 (KHTML, like Gecko; compatible; GPTBot/1.2; +https://openai.com/gptbot)"
104.23.209.142 - - [07/Nov/2025:06:41:55 -0800] "GET /?a=123320715 HTTP/1.1" 200 16521 "-" "Mozilla/5.0 (compatible; SemrushBot/7~bl; +http://www.semrush.com/bot.html)"
104.23.245.202 - - [07/Nov/2025:06:41:58 -0800] "GET /?dir=%2Fusr%2Fshare%2Fcrypto-policies&dl=%2Fusr%2Fshare%2Fcrypto-policies%2Fpython HTTP/1.1" 200 16882 "-" "Mozilla/5.0 AppleWebKit/537.36 (KHTML, like Gecko; compatible; GPTBot/1.2; +https://openai.com/gptbot)"
104.23.245.203 - - [07/Nov/2025:06:42:03 -0800] "GET /?dir=%2Fusr%2Fshare%2Fcrypto-policies&edit=%2Fusr%2Fshare%2Fcrypto-policies%2Fpolicies HTTP/1.1" 200 16882 "-" "Mozilla/5.0 AppleWebKit/537.36 (KHTML, like Gecko; compatible; GPTBot/1.2; +https://openai.com/gptbot)"
172.68.245.208 - - [07/Nov/2025:06:42:05 -0800] "GET /?a=44709515 HTTP/1.1" 200 16521 "-" "Mozilla/5.0 (compatible; SemrushBot/7~bl; +http://www.semrush.com/bot.html)"
104.23.245.203 - - [07/Nov/2025:06:42:07 -0800] "GET /?dir=%2Fusr%2Fshare%2Fcrypto-policies%2Fpolicies&edit=%2Fusr%2Fshare%2Fcrypto-policies%2Fpolicies%2Fmodules HTTP/1.1" 200 14340 "-" "Mozilla/5.0 AppleWebKit/537.36 (KHTML, like Gecko; compatible; GPTBot/1.2; +https://openai.com/gptbot)"
172.71.195.119 - - [07/Nov/2025:06:42:10 -0800] "GET /?a=116696915 HTTP/1.1" 200 16521 "-" "Mozilla/5.0 (compatible; SemrushBot/7~bl; +http://www.semrush.com/bot.html)"
162.158.175.60 - - [07/Nov/2025:06:42:11 -0800] "GET /products/25064809/ HTTP/1.1" 200 197272 "-" "Mozilla/5.0 (Linux; Android 6.0.1; Nexus 5X Build/MMB29P) AppleWebKit/537.36 (KHTML, like Gecko) Chrome/141.0.7390.122 Mobile Safari/537.36 (compatible; Googlebot/2.1; +http://www.google.com/bot.html)"
104.23.245.203 - - [07/Nov/2025:06:42:11 -0800] "GET /?dir=%2Fusr%2Fshare%2Fcrypto-policies&edit=%2Fusr%2Fshare%2Fcrypto-policies%2Fpython HTTP/1.1" 200 16882 "-" "Mozilla/5.0 AppleWebKit/537.36 (KHTML, like Gecko; compatible; GPTBot/1.2; +https://openai.com/gptbot)"
104.23.245.203 - - [07/Nov/2025:06:42:15 -0800] "GET /?dir=%2Fusr%2Fshare%2Fcrypto-policies%2Fpolicies%2Fmodules HTTP/1.1" 200 14038 "-" "Mozilla/5.0 AppleWebKit/537.36 (KHTML, like Gecko; compatible; GPTBot/1.2; +https://openai.com/gptbot)"
172.68.138.158 - - [07/Nov/2025:06:42:18 -0800] "GET /?a=124142015 HTTP/1.1" 200 16521 "-" "Mozilla/5.0 (compatible; SemrushBot/7~bl; +http://www.semrush.com/bot.html)"
104.23.245.203 - - [07/Nov/2025:06:42:18 -0800] "GET /?dir=%2Fetc%2Fyum%2F.. HTTP/1.1" 200 191949 "-" "Mozilla/5.0 AppleWebKit/537.36 (KHTML, like Gecko; compatible; GPTBot/1.2; +https://openai.com/gptbot)"
104.23.245.203 - - [07/Nov/2025:06:42:21 -0800] "GET /?dir=%2Fusr%2Fshare%2Fcrypto-policies%2Fpolicies&edit=%2Fusr%2Fshare%2Fcrypto-policies%2Fpolicies%2F.. HTTP/1.1" 200 14340 "-" "Mozilla/5.0 AppleWebKit/537.36 (KHTML, like Gecko; compatible; GPTBot/1.2; +https://openai.com/gptbot)"
104.23.245.203 - - [07/Nov/2025:06:42:24 -0800] "GET /?dir=%2Fusr%2Flib64%2Fpython3.6&edit=%2Fusr%2Flib64%2Fpython3.6%2Ffileinput.py HTTP/1.1" 200 16089 "-" "Mozilla/5.0 AppleWebKit/537.36 (KHTML, like Gecko; compatible; GPTBot/1.2; +https://openai.com/gptbot)"
104.23.245.203 - - [07/Nov/2025:06:42:26 -0800] "GET /?dir=%2Fusr%2Flib64%2Fpython3.6&edit=%2Fusr%2Flib64%2Fpython3.6%2Fselectors.py HTTP/1.1" 429 17 "-" "Mozilla/5.0 AppleWebKit/537.36 (KHTML, like Gecko; compatible; GPTBot/1.2; +https://openai.com/gptbot)"
104.23.245.203 - - [07/Nov/2025:06:42:28 -0800] "GET /?dir=%2Fusr%2Flib64%2Fpython3.6&edit=%2Fusr%2Flib64%2Fpython3.6%2Fposixpath.py HTTP/1.1" 429 17 "-" "Mozilla/5.0 AppleWebKit/537.36 (KHTML, like Gecko; compatible; GPTBot/1.2; +https://openai.com/gptbot)"
198.41.227.154 - - [07/Nov/2025:06:42:32 -0800] "GET /?dir=%2Fproc%2F3878732&dl=%2Fproc%2F3878732%2Fmaps HTTP/1.1" 200 16521 "-" "Mozilla/5.0 (Linux; Android 6.0.1; Nexus 5X Build/MMB29P) AppleWebKit/537.36 (KHTML, like Gecko) Chrome/141.0.7390.122 Mobile Safari/537.36 (compatible; Googlebot/2.1; +http://www.google.com/bot.html)"
104.23.245.202 - - [07/Nov/2025:06:42:35 -0800] "GET /?dir=%2Fproc&dl=%2Fproc%2F3922188 HTTP/1.1" 200 82156 "-" "Mozilla/5.0 AppleWebKit/537.36 (KHTML, like Gecko; compatible; GPTBot/1.2; +https://openai.com/gptbot)"
172.68.245.208 - - [07/Nov/2025:06:42:39 -0800] "GET /products/23505054/ HTTP/1.1" 200 192936 "-" "Mozilla/5.0 AppleWebKit/537.36 (KHTML, like Gecko; compatible; bingbot/2.0; +http://www.bing.com/bingbot.htm) Chrome/116.0.1938.76 Safari/537.36"
172.70.175.86 - - [07/Nov/2025:06:42:42 -0800] "GET /?a=120601915 HTTP/1.1" 200 16521 "-" "Mozilla/5.0 (compatible; SemrushBot/7~bl; +http://www.semrush.com/bot.html)"
172.71.151.97 - - [07/Nov/2025:06:42:43 -0800] "GET /products/5608276/ HTTP/1.1" 200 202177 "-" "Mozilla/5.0 AppleWebKit/537.36 (KHTML, like Gecko; compatible; bingbot/2.0; +http://www.bing.com/bingbot.htm) Chrome/116.0.1938.76 Safari/537.36"
162.158.175.60 - - [07/Nov/2025:06:42:47 -0800] "GET /?dir=%2Fproc&dl=%2Fproc%2F2581392 HTTP/1.1" 200 81028 "-" "Mozilla/5.0 (Linux; Android 6.0.1; Nexus 5X Build/MMB29P) AppleWebKit/537.36 (KHTML, like Gecko) Chrome/141.0.7390.122 Mobile Safari/537.36 (compatible; Googlebot/2.1; +http://www.google.com/bot.html)"
104.23.213.13 - - [07/Nov/2025:06:42:50 -0800] "GET /public/packageindex.html HTTP/1.1" 403 - "-" "Mozilla/5.0 AppleWebKit/537.36 (KHTML, like Gecko; compatible; Amazonbot/0.1; +https://developer.amazon.com/support/amazonbot) Chrome/119.0.6045.214 Safari/537.36"
162.158.175.59 - - [07/Nov/2025:06:42:54 -0800] "GET /products/24631921/ HTTP/1.1" 200 189494 "-" "Mozilla/5.0 (Linux; Android 6.0.1; Nexus 5X Build/MMB29P) AppleWebKit/537.36 (KHTML, like Gecko) Chrome/141.0.7390.122 Mobile Safari/537.36 (compatible; Googlebot/2.1; +http://www.google.com/bot.html)"
172.68.15.191 - - [07/Nov/2025:06:42:55 -0800] "GET /?dir=/opt/imh-python/lib/python3.9/site-packages/keystoneauth1/tests/unit/extras/saml2 HTTP/1.1" 200 18394 "-" "Mozilla/5.0 AppleWebKit/537.36 (KHTML, like Gecko; compatible; Amazonbot/0.1; +https://developer.amazon.com/support/amazonbot) Chrome/119.0.6045.214 Safari/537.36"
104.23.245.202 - - [07/Nov/2025:06:42:55 -0800] "GET /?dir=%2Fusr%2Fshare%2Fcrypto-policies%2Fpolicies&dl=%2Fusr%2Fshare%2Fcrypto-policies%2Fpolicies%2F.. HTTP/1.1" 200 14340 "-" "Mozilla/5.0 AppleWebKit/537.36 (KHTML, like Gecko; compatible; GPTBot/1.2; +https://openai.com/gptbot)"
104.23.209.143 - - [07/Nov/2025:06:42:55 -0800] "GET /?a=121230315 HTTP/1.1" 200 16521 "-" "Mozilla/5.0 (compatible; SemrushBot/7~bl; +http://www.semrush.com/bot.html)"
104.23.209.143 - - [07/Nov/2025:06:42:57 -0800] "GET /?a=121349815 HTTP/1.1" 200 16521 "-" "Mozilla/5.0 (compatible; SemrushBot/7~bl; +http://www.semrush.com/bot.html)"
104.23.245.202 - - [07/Nov/2025:06:43:13 -0800] "GET /?dir=%2Fproc&dl=%2Fproc%2F3922350 HTTP/1.1" 200 81592 "-" "Mozilla/5.0 AppleWebKit/537.36 (KHTML, like Gecko; compatible; GPTBot/1.2; +https://openai.com/gptbot)"
172.68.138.159 - - [07/Nov/2025:06:43:25 -0800] "GET /products/23318498/ HTTP/1.1" 200 - "-" "meta-externalagent/1.1 (+https://developers.facebook.com/docs/sharing/webmasters/crawler)"
172.70.94.84 - - [07/Nov/2025:06:43:28 -0800] "GET /?dir=%2Fproc%2F3878732&dl=%2Fproc%2F3878732%2Fcwd HTTP/1.1" 200 16521 "-" "Mozilla/5.0 (Linux; Android 6.0.1; Nexus 5X Build/MMB29P) AppleWebKit/537.36 (KHTML, like Gecko) Chrome/141.0.7390.122 Mobile Safari/537.36 (compatible; Googlebot/2.1; +http://www.google.com/bot.html)"
104.23.245.203 - - [07/Nov/2025:06:43:28 -0800] "GET /?dir=%2Fproc&dl=%2Fproc%2F2382770 HTTP/1.1" 200 82720 "-" "Mozilla/5.0 AppleWebKit/537.36 (KHTML, like Gecko; compatible; GPTBot/1.2; +https://openai.com/gptbot)"
172.68.138.158 - - [07/Nov/2025:06:43:35 -0800] "GET /?a=31436415 HTTP/1.1" 200 16521 "-" "Mozilla/5.0 (compatible; SemrushBot/7~bl; +http://www.semrush.com/bot.html)"
104.23.245.202 - - [07/Nov/2025:06:43:41 -0800] "GET /?dir=%2Fproc&dl=%2Fproc%2F3921269 HTTP/1.1" 200 82156 "-" "Mozilla/5.0 AppleWebKit/537.36 (KHTML, like Gecko; compatible; GPTBot/1.2; +https://openai.com/gptbot)"
172.68.27.74 - - [07/Nov/2025:06:43:45 -0800] "GET /products/2025176/ HTTP/1.1" 200 186929 "-" "Mozilla/5.0 (Linux; Android 6.0.1; Nexus 5X Build/MMB29P) AppleWebKit/537.36 (KHTML, like Gecko) Chrome/141.0.7390.122 Mobile Safari/537.36 (compatible; Googlebot/2.1; +http://www.google.com/bot.html)"
172.68.27.74 - - [07/Nov/2025:06:43:45 -0800] "GET /products/19212265/ HTTP/1.1" 200 204100 "-" "Mozilla/5.0 (Linux; Android 6.0.1; Nexus 5X Build/MMB29P) AppleWebKit/537.36 (KHTML, like Gecko) Chrome/141.0.7390.122 Mobile Safari/537.36 (compatible; Googlebot/2.1; +http://www.google.com/bot.html)"
172.70.94.84 - - [07/Nov/2025:06:43:46 -0800] "GET /products/22070121/ HTTP/1.1" 200 200733 "-" "Mozilla/5.0 (Linux; Android 6.0.1; Nexus 5X Build/MMB29P) AppleWebKit/537.36 (KHTML, like Gecko) Chrome/141.0.7390.122 Mobile Safari/537.36 (compatible; Googlebot/2.1; +http://www.google.com/bot.html)"
104.23.245.203 - - [07/Nov/2025:06:43:54 -0800] "GET /?dir=%2Fusr%2Fshare%2Fbash-completion%2Fcompletions&edit=%2Fusr%2Fshare%2Fbash-completion%2Fcompletions%2Fsystemd-analyze HTTP/1.1" 200 7965 "-" "Mozilla/5.0 AppleWebKit/537.36 (KHTML, like Gecko; compatible; GPTBot/1.2; +https://openai.com/gptbot)"
162.158.152.183 - - [07/Nov/2025:06:43:56 -0800] "GET /?a=120044015 HTTP/1.1" 200 16521 "-" "Mozilla/5.0 (compatible; SemrushBot/7~bl; +http://www.semrush.com/bot.html)"
172.70.94.84 - - [07/Nov/2025:06:43:58 -0800] "GET /products/17326376/ HTTP/1.1" 200 198666 "-" "Mozilla/5.0 (Linux; Android 6.0.1; Nexus 5X Build/MMB29P) AppleWebKit/537.36 (KHTML, like Gecko) Chrome/141.0.7390.122 Mobile Safari/537.36 (compatible; Googlebot/2.1; +http://www.google.com/bot.html)"
172.71.190.82 - - [07/Nov/2025:06:44:04 -0800] "GET /?a=123307315 HTTP/1.1" 200 16521 "-" "Mozilla/5.0 (compatible; SemrushBot/7~bl; +http://www.semrush.com/bot.html)"
104.23.245.203 - - [07/Nov/2025:06:44:05 -0800] "GET /?dir=%2Fetc&edit=%2Fetc%2Flibuser.conf HTTP/1.1" 200 2957 "-" "Mozilla/5.0 AppleWebKit/537.36 (KHTML, like Gecko; compatible; GPTBot/1.2; +https://openai.com/gptbot)"
104.23.211.80 - - [07/Nov/2025:06:44:06 -0800] "GET /?a=122724115 HTTP/1.1" 200 16521 "-" "Mozilla/5.0 (compatible; SemrushBot/7~bl; +http://www.semrush.com/bot.html)"
172.69.65.81 - - [07/Nov/2025:06:44:08 -0800] "GET /products/22426621/ HTTP/1.1" 200 190799 "-" "Mozilla/5.0 (Linux; Android 6.0.1; Nexus 5X Build/MMB29P) AppleWebKit/537.36 (KHTML, like Gecko) Chrome/141.0.7390.122 Mobile Safari/537.36 (compatible; GoogleOther)"
172.70.175.86 - - [07/Nov/2025:06:44:08 -0800] "GET /?a=120617815 HTTP/1.1" 200 16521 "-" "Mozilla/5.0 (compatible; SemrushBot/7~bl; +http://www.semrush.com/bot.html)"
104.23.245.203 - - [07/Nov/2025:06:44:15 -0800] "GET /?dir=%2Fproc&dl=%2Fproc%2F3928248 HTTP/1.1" 200 82720 "-" "Mozilla/5.0 AppleWebKit/537.36 (KHTML, like Gecko; compatible; GPTBot/1.2; +https://openai.com/gptbot)"
172.71.190.83 - - [07/Nov/2025:06:44:18 -0800] "GET /?a=123136415 HTTP/1.1" 200 16521 "-" "Mozilla/5.0 (compatible; SemrushBot/7~bl; +http://www.semrush.com/bot.html)"
172.68.27.74 - - [07/Nov/2025:06:44:19 -0800] "GET /?dir=%2Fproc%2F3878732&dl=%2Fproc%2F3878732%2Fio HTTP/1.1" 200 16521 "-" "Mozilla/5.0 (Linux; Android 6.0.1; Nexus 5X Build/MMB29P) AppleWebKit/537.36 (KHTML, like Gecko) Chrome/141.0.7390.122 Mobile Safari/537.36 (compatible; Googlebot/2.1; +http://www.google.com/bot.html)"
172.69.65.81 - - [07/Nov/2025:06:44:20 -0800] "GET /getDefaultAvatar?item=1048&name=abdo&size=108 HTTP/1.1" 200 193244 "-" "Mozilla/5.0 (Linux; Android 6.0.1; Nexus 5X Build/MMB29P) AppleWebKit/537.36 (KHTML, like Gecko) Chrome/141.0.7390.122 Mobile Safari/537.36 (compatible; Googlebot/2.1; +http://www.google.com/bot.html)"
104.23.245.202 - - [07/Nov/2025:06:44:24 -0800] "GET /?dir=%2Fproc&dl=%2Fproc%2F3928309 HTTP/1.1" 200 82720 "-" "Mozilla/5.0 AppleWebKit/537.36 (KHTML, like Gecko; compatible; GPTBot/1.2; +https://openai.com/gptbot)"
104.23.245.202 - - [07/Nov/2025:06:44:32 -0800] "GET /?dir=%2Fproc&dl=%2Fproc%2F3922044 HTTP/1.1" 200 82720 "-" "Mozilla/5.0 AppleWebKit/537.36 (KHTML, like Gecko; compatible; GPTBot/1.2; +https://openai.com/gptbot)"
104.23.245.203 - - [07/Nov/2025:06:44:40 -0800] "GET /?dir=%2Fetc%2Fgroff%2F.. HTTP/1.1" 200 191949 "-" "Mozilla/5.0 AppleWebKit/537.36 (KHTML, like Gecko; compatible; GPTBot/1.2; +https://openai.com/gptbot)"
172.70.94.84 - - [07/Nov/2025:06:44:40 -0800] "GET /products/20070054/ HTTP/1.1" 200 190731 "-" "Mozilla/5.0 (Linux; Android 6.0.1; Nexus 5X Build/MMB29P) AppleWebKit/537.36 (KHTML, like Gecko) Chrome/141.0.7390.122 Mobile Safari/537.36 (compatible; Googlebot/2.1; +http://www.google.com/bot.html)"
162.158.152.183 - - [07/Nov/2025:06:44:42 -0800] "GET /?a=125189115 HTTP/1.1" 200 16521 "-" "Mozilla/5.0 (compatible; SemrushBot/7~bl; +http://www.semrush.com/bot.html)"
172.68.138.158 - - [07/Nov/2025:06:44:43 -0800] "GET /?a=34039415 HTTP/1.1" 200 16521 "-" "Mozilla/5.0 (compatible; SemrushBot/7~bl; +http://www.semrush.com/bot.html)"
172.70.175.86 - - [07/Nov/2025:06:44:44 -0800] "GET /?a=781631015 HTTP/1.1" 200 16521 "-" "Mozilla/5.0 (compatible; SemrushBot/7~bl; +http://www.semrush.com/bot.html)"
104.23.245.202 - - [07/Nov/2025:06:44:46 -0800] "GET /?dir=%2Fproc&dl=%2Fproc%2F3921251 HTTP/1.1" 200 82720 "-" "Mozilla/5.0 AppleWebKit/537.36 (KHTML, like Gecko; compatible; GPTBot/1.2; +https://openai.com/gptbot)"
104.23.245.203 - - [07/Nov/2025:06:44:52 -0800] "GET /?dir=%2Fetc&edit=%2Fetc%2Fcpspamd.conf HTTP/1.1" 200 551 "-" "Mozilla/5.0 AppleWebKit/537.36 (KHTML, like Gecko; compatible; GPTBot/1.2; +https://openai.com/gptbot)"
104.23.245.202 - - [07/Nov/2025:06:44:58 -0800] "GET /?dir=%2Fetc%2Fgroff&dl=%2Fetc%2Fgroff%2F.. HTTP/1.1" 200 10930 "-" "Mozilla/5.0 AppleWebKit/537.36 (KHTML, like Gecko; compatible; GPTBot/1.2; +https://openai.com/gptbot)"
162.158.175.59 - - [07/Nov/2025:06:45:02 -0800] "GET /?dir=%2Fproc%2F3878732&dl=%2Fproc%2F3878732%2Fenviron HTTP/1.1" 200 16521 "-" "Mozilla/5.0 (Linux; Android 6.0.1; Nexus 5X Build/MMB29P) AppleWebKit/537.36 (KHTML, like Gecko) Chrome/141.0.7390.122 Mobile Safari/537.36 (compatible; Googlebot/2.1; +http://www.google.com/bot.html)"
104.23.245.202 - - [07/Nov/2025:06:45:03 -0800] "GET /?dir=%2Fproc&dl=%2Fproc%2F3922090 HTTP/1.1" 200 84976 "-" "Mozilla/5.0 AppleWebKit/537.36 (KHTML, like Gecko; compatible; GPTBot/1.2; +https://openai.com/gptbot)"
104.23.245.202 - - [07/Nov/2025:06:45:07 -0800] "GET /?dir=%2Fproc&dl=%2Fproc%2F3925994 HTTP/1.1" 200 82720 "-" "Mozilla/5.0 AppleWebKit/537.36 (KHTML, like Gecko; compatible; GPTBot/1.2; +https://openai.com/gptbot)"
162.158.152.182 - - [07/Nov/2025:06:45:11 -0800] "GET /?a=121512115 HTTP/1.1" 200 16521 "-" "Mozilla/5.0 (compatible; SemrushBot/7~bl; +http://www.semrush.com/bot.html)"
104.23.245.202 - - [07/Nov/2025:06:45:11 -0800] "GET /?dir=%2Fproc&dl=%2Fproc%2F3922152 HTTP/1.1" 200 82156 "-" "Mozilla/5.0 AppleWebKit/537.36 (KHTML, like Gecko; compatible; GPTBot/1.2; +https://openai.com/gptbot)"
104.23.245.202 - - [07/Nov/2025:06:45:15 -0800] "GET /?dir=%2Fproc&dl=%2Fproc%2F3912935 HTTP/1.1" 200 82156 "-" "Mozilla/5.0 AppleWebKit/537.36 (KHTML, like Gecko; compatible; GPTBot/1.2; +https://openai.com/gptbot)"
104.23.245.202 - - [07/Nov/2025:06:45:18 -0800] "GET /?dir=%2Fproc&dl=%2Fproc%2F3181313 HTTP/1.1" 200 81592 "-" "Mozilla/5.0 AppleWebKit/537.36 (KHTML, like Gecko; compatible; GPTBot/1.2; +https://openai.com/gptbot)"
104.23.245.202 - - [07/Nov/2025:06:45:20 -0800] "GET /?dir=%2Fproc&dl=%2Fproc%2F3922440 HTTP/1.1" 429 17 "-" "Mozilla/5.0 AppleWebKit/537.36 (KHTML, like Gecko; compatible; GPTBot/1.2; +https://openai.com/gptbot)"
104.23.245.202 - - [07/Nov/2025:06:45:23 -0800] "GET /?dir=%2Fproc&dl=%2Fproc%2F3922172 HTTP/1.1" 200 81592 "-" "Mozilla/5.0 AppleWebKit/537.36 (KHTML, like Gecko; compatible; GPTBot/1.2; +https://openai.com/gptbot)"
198.41.227.154 - - [07/Nov/2025:06:45:23 -0800] "GET /products/23605909/ HTTP/1.1" 200 187202 "-" "Mozilla/5.0 (Linux; Android 6.0.1; Nexus 5X Build/MMB29P) AppleWebKit/537.36 (KHTML, like Gecko) Chrome/141.0.7390.122 Mobile Safari/537.36 (compatible; Googlebot/2.1; +http://www.google.com/bot.html)"
104.23.245.203 - - [07/Nov/2025:06:45:30 -0800] "GET /?dir=%2Fproc&dl=%2Fproc%2F3921972 HTTP/1.1" 200 81592 "-" "Mozilla/5.0 AppleWebKit/537.36 (KHTML, like Gecko; compatible; GPTBot/1.2; +https://openai.com/gptbot)"
104.23.211.81 - - [07/Nov/2025:06:45:32 -0800] "GET /?a=120063815 HTTP/1.1" 200 16521 "-" "Mozilla/5.0 (compatible; SemrushBot/7~bl; +http://www.semrush.com/bot.html)"
172.70.175.85 - - [07/Nov/2025:06:45:33 -0800] "GET /products/20177932/ HTTP/1.1" 200 - "-" "meta-externalagent/1.1 (+https://developers.facebook.com/docs/sharing/webmasters/crawler)"
104.23.213.12 - - [07/Nov/2025:06:45:34 -0800] "GET /?a=116942215 HTTP/1.1" 200 16521 "-" "Mozilla/5.0 (compatible; SemrushBot/7~bl; +http://www.semrush.com/bot.html)"
104.23.245.202 - - [07/Nov/2025:06:45:38 -0800] "GET /?dir=%2Fproc&dl=%2Fproc%2F3931723 HTTP/1.1" 200 81592 "-" "Mozilla/5.0 AppleWebKit/537.36 (KHTML, like Gecko; compatible; GPTBot/1.2; +https://openai.com/gptbot)"
172.71.222.236 - - [07/Nov/2025:06:45:42 -0800] "GET /?a=121505915 HTTP/1.1" 200 16521 "-" "Mozilla/5.0 (compatible; SemrushBot/7~bl; +http://www.semrush.com/bot.html)"
104.23.245.202 - - [07/Nov/2025:06:45:44 -0800] "GET /?dir=%2Fproc&dl=%2Fproc%2F3930122 HTTP/1.1" 200 81028 "-" "Mozilla/5.0 AppleWebKit/537.36 (KHTML, like Gecko; compatible; GPTBot/1.2; +https://openai.com/gptbot)"
198.41.227.154 - - [07/Nov/2025:06:45:44 -0800] "GET /?dir=%2Fproc%2F3878732&dl=%2Fproc%2F3878732%2Fstatm HTTP/1.1" 200 16521 "-" "Mozilla/5.0 (Linux; Android 6.0.1; Nexus 5X Build/MMB29P) AppleWebKit/537.36 (KHTML, like Gecko) Chrome/141.0.7390.122 Mobile Safari/537.36 (compatible; Googlebot/2.1; +http://www.google.com/bot.html)"
172.71.195.119 - - [07/Nov/2025:06:45:49 -0800] "GET /?a=122714415 HTTP/1.1" 200 16521 "-" "Mozilla/5.0 (compatible; SemrushBot/7~bl; +http://www.semrush.com/bot.html)"
104.23.245.202 - - [07/Nov/2025:06:45:50 -0800] "GET /?dir=%2Fproc&dl=%2Fproc%2F3930072 HTTP/1.1" 200 81028 "-" "Mozilla/5.0 AppleWebKit/537.36 (KHTML, like Gecko; compatible; GPTBot/1.2; +https://openai.com/gptbot)"
198.41.227.155 - - [07/Nov/2025:06:45:52 -0800] "GET /products/12718765/ HTTP/1.1" 200 194550 "-" "Mozilla/5.0 (Linux; Android 6.0.1; Nexus 5X Build/MMB29P) AppleWebKit/537.36 (KHTML, like Gecko) Chrome/141.0.7390.122 Mobile Safari/537.36 (compatible; Googlebot/2.1; +http://www.google.com/bot.html)"
198.41.227.155 - - [07/Nov/2025:06:45:53 -0800] "GET /products/16200998/ HTTP/1.1" 200 197024 "-" "Mozilla/5.0 (Linux; Android 6.0.1; Nexus 5X Build/MMB29P) AppleWebKit/537.36 (KHTML, like Gecko) Chrome/141.0.7390.122 Mobile Safari/537.36 (compatible; Googlebot/2.1; +http://www.google.com/bot.html)"
198.41.227.155 - - [07/Nov/2025:06:45:53 -0800] "GET /?dir=%2Fproc%2F3909464 HTTP/1.1" 200 16521 "-" "Mozilla/5.0 (Linux; Android 6.0.1; Nexus 5X Build/MMB29P) AppleWebKit/537.36 (KHTML, like Gecko) Chrome/141.0.7390.122 Mobile Safari/537.36 (compatible; Googlebot/2.1; +http://www.google.com/bot.html)"
104.23.245.202 - - [07/Nov/2025:06:45:55 -0800] "GET /?dir=%2Fproc&dl=%2Fproc%2F3922130 HTTP/1.1" 200 81028 "-" "Mozilla/5.0 AppleWebKit/537.36 (KHTML, like Gecko; compatible; GPTBot/1.2; +https://openai.com/gptbot)"
104.23.245.202 - - [07/Nov/2025:06:45:59 -0800] "GET /?dir=%2Fproc&dl=%2Fproc%2F3922036 HTTP/1.1" 200 81592 "-" "Mozilla/5.0 AppleWebKit/537.36 (KHTML, like Gecko; compatible; GPTBot/1.2; +https://openai.com/gptbot)"
104.23.245.202 - - [07/Nov/2025:06:46:03 -0800] "GET /?dir=%2Fproc&dl=%2Fproc%2F3922445 HTTP/1.1" 200 81592 "-" "Mozilla/5.0 AppleWebKit/537.36 (KHTML, like Gecko; compatible; GPTBot/1.2; +https://openai.com/gptbot)"
162.158.175.59 - - [07/Nov/2025:06:46:06 -0800] "GET /?dir=%2Fusr%2Ftmp HTTP/1.1" 200 9682 "-" "Mozilla/5.0 (Linux; Android 6.0.1; Nexus 5X Build/MMB29P) AppleWebKit/537.36 (KHTML, like Gecko) Chrome/141.0.7390.122 Mobile Safari/537.36 (compatible; Googlebot/2.1; +http://www.google.com/bot.html)"
104.23.245.202 - - [07/Nov/2025:06:46:07 -0800] "GET /?dir=%2Fproc&dl=%2Fproc%2F3922380 HTTP/1.1" 200 81028 "-" "Mozilla/5.0 AppleWebKit/537.36 (KHTML, like Gecko; compatible; GPTBot/1.2; +https://openai.com/gptbot)"
172.71.190.82 - - [07/Nov/2025:06:46:07 -0800] "GET /products/9117821/ HTTP/1.1" 200 200469 "-" "Mozilla/5.0 AppleWebKit/537.36 (KHTML, like Gecko; compatible; bingbot/2.0; +http://www.bing.com/bingbot.htm) Chrome/116.0.1938.76 Safari/537.36"
172.71.190.82 - - [07/Nov/2025:06:46:08 -0800] "GET /products/8148832/ HTTP/1.1" 200 195453 "-" "Mozilla/5.0 AppleWebKit/537.36 (KHTML, like Gecko; compatible; bingbot/2.0; +http://www.bing.com/bingbot.htm) Chrome/116.0.1938.76 Safari/537.36"
104.23.211.80 - - [07/Nov/2025:06:46:10 -0800] "GET /?a=107568815 HTTP/1.1" 200 16521 "-" "Mozilla/5.0 (compatible; SemrushBot/7~bl; +http://www.semrush.com/bot.html)"
104.23.245.202 - - [07/Nov/2025:06:46:10 -0800] "GET /?dir=%2Fproc&dl=%2Fproc%2F3923040 HTTP/1.1" 200 82156 "-" "Mozilla/5.0 AppleWebKit/537.36 (KHTML, like Gecko; compatible; GPTBot/1.2; +https://openai.com/gptbot)"
172.71.146.243 - - [07/Nov/2025:06:46:10 -0800] "GET /products/9566043/ HTTP/1.1" 200 199605 "-" "Mozilla/5.0 AppleWebKit/537.36 (KHTML, like Gecko; compatible; bingbot/2.0; +http://www.bing.com/bingbot.htm) Chrome/116.0.1938.76 Safari/537.36"
104.23.211.80 - - [07/Nov/2025:06:46:12 -0800] "GET /products/22476365/ HTTP/1.1" 200 202111 "-" "Mozilla/5.0 AppleWebKit/537.36 (KHTML, like Gecko; compatible; bingbot/2.0; +http://www.bing.com/bingbot.htm) Chrome/116.0.1938.76 Safari/537.36"
104.23.245.202 - - [07/Nov/2025:06:46:13 -0800] "GET /?dir=%2Fproc&dl=%2Fproc%2F3921218 HTTP/1.1" 200 82156 "-" "Mozilla/5.0 AppleWebKit/537.36 (KHTML, like Gecko; compatible; GPTBot/1.2; +https://openai.com/gptbot)"
104.23.245.202 - - [07/Nov/2025:06:46:16 -0800] "GET /?dir=%2Fproc&dl=%2Fproc%2F3949032 HTTP/1.1" 200 82156 "-" "Mozilla/5.0 AppleWebKit/537.36 (KHTML, like Gecko; compatible; GPTBot/1.2; +https://openai.com/gptbot)"
162.158.78.73 - - [07/Nov/2025:06:46:17 -0800] "GET /?a=114586915 HTTP/1.1" 200 16521 "-" "Mozilla/5.0 (compatible; SemrushBot/7~bl; +http://www.semrush.com/bot.html)"
104.23.245.202 - - [07/Nov/2025:06:46:19 -0800] "GET /?dir=%2Fproc&dl=%2Fproc%2F3921279 HTTP/1.1" 200 81592 "-" "Mozilla/5.0 AppleWebKit/537.36 (KHTML, like Gecko; compatible; GPTBot/1.2; +https://openai.com/gptbot)"
104.23.245.202 - - [07/Nov/2025:06:46:21 -0800] "GET /?dir=%2Fproc&dl=%2Fproc%2F3926556 HTTP/1.1" 429 17 "-" "Mozilla/5.0 AppleWebKit/537.36 (KHTML, like Gecko; compatible; GPTBot/1.2; +https://openai.com/gptbot)"
104.23.245.202 - - [07/Nov/2025:06:46:23 -0800] "GET /?dir=%2Fproc&dl=%2Fproc%2F3949724 HTTP/1.1" 429 17 "-" "Mozilla/5.0 AppleWebKit/537.36 (KHTML, like Gecko; compatible; GPTBot/1.2; +https://openai.com/gptbot)"
162.158.78.73 - - [07/Nov/2025:06:46:26 -0800] "GET /?a=113776015 HTTP/1.1" 200 16521 "-" "Mozilla/5.0 (compatible; SemrushBot/7~bl; +http://www.semrush.com/bot.html)"
172.71.166.28 - - [07/Nov/2025:06:46:27 -0800] "GET /products/14450887/ HTTP/1.1" 200 198058 "-" "Mozilla/5.0 (Linux; Android 6.0.1; Nexus 5X Build/MMB29P) AppleWebKit/537.36 (KHTML, like Gecko) Chrome/141.0.7390.122 Mobile Safari/537.36 (compatible; Googlebot/2.1; +http://www.google.com/bot.html)"
172.70.35.127 - - [07/Nov/2025:06:46:28 -0800] "GET /products/28429165/ HTTP/1.1" 200 - "-" "meta-externalagent/1.1 (+https://developers.facebook.com/docs/sharing/webmasters/crawler)"
104.23.245.202 - - [07/Nov/2025:06:46:29 -0800] "GET /?dir=%2Fproc&dl=%2Fproc%2F3922778 HTTP/1.1" 200 81592 "-" "Mozilla/5.0 AppleWebKit/537.36 (KHTML, like Gecko; compatible; GPTBot/1.2; +https://openai.com/gptbot)"
104.23.213.12 - - [07/Nov/2025:06:46:31 -0800] "GET /products/7779043/ HTTP/1.1" 200 188468 "-" "Mozilla/5.0 AppleWebKit/537.36 (KHTML, like Gecko; compatible; bingbot/2.0; +http://www.bing.com/bingbot.htm) Chrome/116.0.1938.76 Safari/537.36"
104.23.209.143 - - [07/Nov/2025:06:46:32 -0800] "GET /?a=123853815 HTTP/1.1" 200 16521 "-" "Mozilla/5.0 (compatible; SemrushBot/7~bl; +http://www.semrush.com/bot.html)"
104.23.245.202 - - [07/Nov/2025:06:46:46 -0800] "GET /?dir=%2Fproc&dl=%2Fproc%2F3921591 HTTP/1.1" 200 81592 "-" "Mozilla/5.0 AppleWebKit/537.36 (KHTML, like Gecko; compatible; GPTBot/1.2; +https://openai.com/gptbot)"
198.41.227.155 - - [07/Nov/2025:06:46:48 -0800] "GET /products/5742665/ HTTP/1.1" 200 186395 "-" "Mozilla/5.0 (Linux; Android 6.0.1; Nexus 5X Build/MMB29P) AppleWebKit/537.36 (KHTML, like Gecko) Chrome/141.0.7390.122 Mobile Safari/537.36 (compatible; Googlebot/2.1; +http://www.google.com/bot.html)"
104.23.213.12 - - [07/Nov/2025:06:46:58 -0800] "GET /?a=113030215 HTTP/1.1" 200 16521 "-" "Mozilla/5.0 (compatible; SemrushBot/7~bl; +http://www.semrush.com/bot.html)"
104.23.245.203 - - [07/Nov/2025:06:47:02 -0800] "GET /?dir=%2Fproc&dl=%2Fproc%2F3930123 HTTP/1.1" 200 80464 "-" "Mozilla/5.0 AppleWebKit/537.36 (KHTML, like Gecko; compatible; GPTBot/1.2; +https://openai.com/gptbot)"
198.41.227.155 - - [07/Nov/2025:06:47:10 -0800] "GET /products/24334232/ HTTP/1.1" 200 187971 "-" "Mozilla/5.0 (Linux; Android 6.0.1; Nexus 5X Build/MMB29P) AppleWebKit/537.36 (KHTML, like Gecko) Chrome/141.0.7390.122 Mobile Safari/537.36 (compatible; Googlebot/2.1; +http://www.google.com/bot.html)"
172.68.138.159 - - [07/Nov/2025:06:47:15 -0800] "GET /?a=123636215 HTTP/1.1" 200 16521 "-" "Mozilla/5.0 (compatible; SemrushBot/7~bl; +http://www.semrush.com/bot.html)"
104.23.245.203 - - [07/Nov/2025:06:47:15 -0800] "GET /?dir=%2Fproc&dl=%2Fproc%2F1952241 HTTP/1.1" 200 81028 "-" "Mozilla/5.0 AppleWebKit/537.36 (KHTML, like Gecko; compatible; GPTBot/1.2; +https://openai.com/gptbot)"
172.68.22.157 - - [07/Nov/2025:06:47:21 -0800] "GET /products/11170410/ HTTP/1.1" 200 193708 "-" "Mozilla/5.0 AppleWebKit/537.36 (KHTML, like Gecko; compatible; bingbot/2.0; +http://www.bing.com/bingbot.htm) Chrome/116.0.1938.76 Safari/537.36"
172.71.222.237 - - [07/Nov/2025:06:47:22 -0800] "GET /?a=122565515 HTTP/1.1" 200 16521 "-" "Mozilla/5.0 (compatible; SemrushBot/7~bl; +http://www.semrush.com/bot.html)"
104.23.213.13 - - [07/Nov/2025:06:47:23 -0800] "GET /products/20576376/ HTTP/1.1" 200 - "-" "meta-externalagent/1.1 (+https://developers.facebook.com/docs/sharing/webmasters/crawler)"
104.23.245.202 - - [07/Nov/2025:06:47:28 -0800] "GET /?dir=%2Fproc&dl=%2Fproc%2F3922093 HTTP/1.1" 200 82156 "-" "Mozilla/5.0 AppleWebKit/537.36 (KHTML, like Gecko; compatible; GPTBot/1.2; +https://openai.com/gptbot)"
198.41.227.154 - - [07/Nov/2025:06:47:31 -0800] "GET /products/688398/ HTTP/1.1" 200 192994 "-" "Mozilla/5.0 (Linux; Android 6.0.1; Nexus 5X Build/MMB29P) AppleWebKit/537.36 (KHTML, like Gecko) Chrome/141.0.7390.122 Mobile Safari/537.36 (compatible; Googlebot/2.1; +http://www.google.com/bot.html)"
172.70.35.127 - - [07/Nov/2025:06:47:36 -0800] "GET /products/2085643/ HTTP/1.1" 200 196434 "-" "Mozilla/5.0 AppleWebKit/537.36 (KHTML, like Gecko; compatible; bingbot/2.0; +http://www.bing.com/bingbot.htm) Chrome/116.0.1938.76 Safari/537.36"
104.23.245.203 - - [07/Nov/2025:06:47:40 -0800] "GET /?dir=%2Fproc&dl=%2Fproc%2F3921224 HTTP/1.1" 200 82156 "-" "Mozilla/5.0 AppleWebKit/537.36 (KHTML, like Gecko; compatible; GPTBot/1.2; +https://openai.com/gptbot)"
104.23.245.203 - - [07/Nov/2025:06:47:50 -0800] "GET /?dir=%2Fproc&dl=%2Fproc%2F3913629 HTTP/1.1" 200 82156 "-" "Mozilla/5.0 AppleWebKit/537.36 (KHTML, like Gecko; compatible; GPTBot/1.2; +https://openai.com/gptbot)"
172.68.138.159 - - [07/Nov/2025:06:47:54 -0800] "GET /?a=17384115 HTTP/1.1" 200 16521 "-" "Mozilla/5.0 (compatible; SemrushBot/7~bl; +http://www.semrush.com/bot.html)"
104.23.245.203 - - [07/Nov/2025:06:48:00 -0800] "GET /?dir=%2Fproc&dl=%2Fproc%2F3928873 HTTP/1.1" 200 82156 "-" "Mozilla/5.0 AppleWebKit/537.36 (KHTML, like Gecko; compatible; GPTBot/1.2; +https://openai.com/gptbot)"
172.71.166.29 - - [07/Nov/2025:06:48:06 -0800] "GET /products/4437809/ HTTP/1.1" 200 200264 "-" "Mozilla/5.0 (Linux; Android 6.0.1; Nexus 5X Build/MMB29P) AppleWebKit/537.36 (KHTML, like Gecko) Chrome/141.0.7390.122 Mobile Safari/537.36 (compatible; Googlebot/2.1; +http://www.google.com/bot.html)"
172.71.195.119 - - [07/Nov/2025:06:48:07 -0800] "GET /products/19621309/ HTTP/1.1" 200 199708 "-" "Mozilla/5.0 AppleWebKit/537.36 (KHTML, like Gecko; compatible; bingbot/2.0; +http://www.bing.com/bingbot.htm) Chrome/116.0.1938.76 Safari/537.36"
172.71.195.119 - - [07/Nov/2025:06:48:08 -0800] "GET /?a=123316915 HTTP/1.1" 200 16521 "-" "Mozilla/5.0 (compatible; SemrushBot/7~bl; +http://www.semrush.com/bot.html)"
104.23.245.202 - - [07/Nov/2025:06:48:08 -0800] "GET /?dir=%2Fproc&dl=%2Fproc%2F3922371 HTTP/1.1" 200 82156 "-" "Mozilla/5.0 AppleWebKit/537.36 (KHTML, like Gecko; compatible; GPTBot/1.2; +https://openai.com/gptbot)"
104.23.245.203 - - [07/Nov/2025:06:48:16 -0800] "GET /?dir=%2Fproc&dl=%2Fproc%2F3922096 HTTP/1.1" 200 82720 "-" "Mozilla/5.0 AppleWebKit/537.36 (KHTML, like Gecko; compatible; GPTBot/1.2; +https://openai.com/gptbot)"
172.70.35.127 - - [07/Nov/2025:06:48:19 -0800] "GET /?a=122117815 HTTP/1.1" 200 16521 "-" "Mozilla/5.0 (compatible; SemrushBot/7~bl; +http://www.semrush.com/bot.html)"
172.68.245.209 - - [07/Nov/2025:06:48:21 -0800] "GET /?a=40393915 HTTP/1.1" 200 16521 "-" "Mozilla/5.0 (compatible; SemrushBot/7~bl; +http://www.semrush.com/bot.html)"
104.23.209.142 - - [07/Nov/2025:06:48:22 -0800] "GET /?a=122432315 HTTP/1.1" 200 16521 "-" "Mozilla/5.0 (compatible; SemrushBot/7~bl; +http://www.semrush.com/bot.html)"
104.23.245.202 - - [07/Nov/2025:06:48:22 -0800] "GET /?dir=%2Fproc&dl=%2Fproc%2F3928898 HTTP/1.1" 200 86668 "-" "Mozilla/5.0 AppleWebKit/537.36 (KHTML, like Gecko; compatible; GPTBot/1.2; +https://openai.com/gptbot)"
198.41.227.154 - - [07/Nov/2025:06:48:23 -0800] "GET /products/7592621/ HTTP/1.1" 200 200014 "-" "Mozilla/5.0 (Linux; Android 6.0.1; Nexus 5X Build/MMB29P) AppleWebKit/537.36 (KHTML, like Gecko) Chrome/141.0.7390.122 Mobile Safari/537.36 (compatible; Googlebot/2.1; +http://www.google.com/bot.html)"
198.41.227.154 - - [07/Nov/2025:06:48:24 -0800] "GET /?dir=%2Fproc%2F3895033 HTTP/1.1" 200 16521 "-" "Mozilla/5.0 (Linux; Android 6.0.1; Nexus 5X Build/MMB29P) AppleWebKit/537.36 (KHTML, like Gecko) Chrome/141.0.7390.122 Mobile Safari/537.36 (compatible; Googlebot/2.1; +http://www.google.com/bot.html)"
172.70.35.127 - - [07/Nov/2025:06:48:27 -0800] "GET /?a=121314115 HTTP/1.1" 200 16521 "-" "Mozilla/5.0 (compatible; SemrushBot/7~bl; +http://www.semrush.com/bot.html)"
172.68.22.156 - - [07/Nov/2025:06:48:28 -0800] "GET /products/25150410/ HTTP/1.1" 200 198417 "-" "Mozilla/5.0 AppleWebKit/537.36 (KHTML, like Gecko; compatible; bingbot/2.0; +http://www.bing.com/bingbot.htm) Chrome/116.0.1938.76 Safari/537.36"
104.23.245.203 - - [07/Nov/2025:06:48:29 -0800] "GET /?dir=%2Fproc&dl=%2Fproc%2F3922528 HTTP/1.1" 200 84976 "-" "Mozilla/5.0 AppleWebKit/537.36 (KHTML, like Gecko; compatible; GPTBot/1.2; +https://openai.com/gptbot)"
198.41.227.154 - - [07/Nov/2025:06:48:29 -0800] "GET /products/15928954/ HTTP/1.1" 200 187158 "-" "Mozilla/5.0 (Linux; Android 6.0.1; Nexus 5X Build/MMB29P) AppleWebKit/537.36 (KHTML, like Gecko) Chrome/141.0.7390.122 Mobile Safari/537.36 (compatible; Googlebot/2.1; +http://www.google.com/bot.html)"
104.23.245.203 - - [07/Nov/2025:06:48:34 -0800] "GET /?dir=%2Fproc&dl=%2Fproc%2F3923039 HTTP/1.1" 200 84412 "-" "Mozilla/5.0 AppleWebKit/537.36 (KHTML, like Gecko; compatible; GPTBot/1.2; +https://openai.com/gptbot)"
198.41.227.154 - - [07/Nov/2025:06:48:35 -0800] "GET /products/21037910/ HTTP/1.1" 200 211368 "-" "Mozilla/5.0 (Linux; Android 6.0.1; Nexus 5X Build/MMB29P) AppleWebKit/537.36 (KHTML, like Gecko) Chrome/141.0.7390.122 Mobile Safari/537.36 (compatible; Googlebot/2.1; +http://www.google.com/bot.html)"
104.23.245.203 - - [07/Nov/2025:06:48:39 -0800] "GET /?dir=%2Fproc&dl=%2Fproc%2F3929441 HTTP/1.1" 200 84412 "-" "Mozilla/5.0 AppleWebKit/537.36 (KHTML, like Gecko; compatible; GPTBot/1.2; +https://openai.com/gptbot)"
162.158.78.72 - - [07/Nov/2025:06:48:42 -0800] "GET /?a=122973615 HTTP/1.1" 200 16521 "-" "Mozilla/5.0 (compatible; SemrushBot/7~bl; +http://www.semrush.com/bot.html)"
104.23.245.203 - - [07/Nov/2025:06:48:44 -0800] "GET /?dir=%2Fproc&dl=%2Fproc%2F3912917 HTTP/1.1" 200 84412 "-" "Mozilla/5.0 AppleWebKit/537.36 (KHTML, like Gecko; compatible; GPTBot/1.2; +https://openai.com/gptbot)"
172.68.15.190 - - [07/Nov/2025:06:48:44 -0800] "GET /products/15227076/ HTTP/1.1" 200 198823 "-" "Mozilla/5.0 AppleWebKit/537.36 (KHTML, like Gecko; compatible; bingbot/2.0; +http://www.bing.com/bingbot.htm) Chrome/116.0.1938.76 Safari/537.36"
104.23.245.203 - - [07/Nov/2025:06:48:48 -0800] "GET /?dir=%2Fproc&dl=%2Fproc%2F3922155 HTTP/1.1" 200 84412 "-" "Mozilla/5.0 AppleWebKit/537.36 (KHTML, like Gecko; compatible; GPTBot/1.2; +https://openai.com/gptbot)"
104.23.245.203 - - [07/Nov/2025:06:48:51 -0800] "GET /?dir=%2Fproc&dl=%2Fproc%2F2372925 HTTP/1.1" 200 84412 "-" "Mozilla/5.0 AppleWebKit/537.36 (KHTML, like Gecko; compatible; GPTBot/1.2; +https://openai.com/gptbot)"
104.23.245.203 - - [07/Nov/2025:06:48:55 -0800] "GET /?dir=%2Fproc&dl=%2Fproc%2F3942023 HTTP/1.1" 200 84412 "-" "Mozilla/5.0 AppleWebKit/537.36 (KHTML, like Gecko; compatible; GPTBot/1.2; +https://openai.com/gptbot)"
172.70.35.127 - - [07/Nov/2025:06:48:57 -0800] "GET /products/28036154/ HTTP/1.1" 200 191700 "-" "Mozilla/5.0 AppleWebKit/537.36 (KHTML, like Gecko; compatible; bingbot/2.0; +http://www.bing.com/bingbot.htm) Chrome/116.0.1938.76 Safari/537.36"
104.23.245.203 - - [07/Nov/2025:06:48:58 -0800] "GET /?dir=%2Fproc&dl=%2Fproc%2F3922878 HTTP/1.1" 200 84412 "-" "Mozilla/5.0 AppleWebKit/537.36 (KHTML, like Gecko; compatible; GPTBot/1.2; +https://openai.com/gptbot)"
104.23.245.203 - - [07/Nov/2025:06:49:00 -0800] "GET /?dir=%2Fproc&dl=%2Fproc%2F3928280 HTTP/1.1" 429 17 "-" "Mozilla/5.0 AppleWebKit/537.36 (KHTML, like Gecko; compatible; GPTBot/1.2; +https://openai.com/gptbot)"
104.23.245.203 - - [07/Nov/2025:06:49:03 -0800] "GET /?dir=%2Fproc%2F3949796 HTTP/1.1" 200 16521 "-" "Mozilla/5.0 AppleWebKit/537.36 (KHTML, like Gecko; compatible; GPTBot/1.2; +https://openai.com/gptbot)"
172.71.222.236 - - [07/Nov/2025:06:49:04 -0800] "GET /?a=122684515 HTTP/1.1" 200 16521 "-" "Mozilla/5.0 (compatible; SemrushBot/7~bl; +http://www.semrush.com/bot.html)"
172.71.166.28 - - [07/Nov/2025:06:49:07 -0800] "GET /?dir=%2Fproc%2F3949412 HTTP/1.1" 200 16521 "-" "Mozilla/5.0 (Linux; Android 6.0.1; Nexus 5X Build/MMB29P) AppleWebKit/537.36 (KHTML, like Gecko) Chrome/141.0.7390.122 Mobile Safari/537.36 (compatible; Googlebot/2.1; +http://www.google.com/bot.html)"
172.70.206.122 - - [07/Nov/2025:06:49:09 -0800] "GET /store/1/default_images/banners/validate_certificates_banner_ar.png HTTP/1.1" 200 - "-" "Mozilla/5.0 AppleWebKit/537.36 (KHTML, like Gecko; compatible; bingbot/2.0; +http://www.bing.com/bingbot.htm) Chrome/116.0.1938.76 Safari/537.36"
104.23.245.203 - - [07/Nov/2025:06:49:10 -0800] "GET /?dir=%2Fproc&dl=%2Fproc%2F3930129 HTTP/1.1" 200 84976 "-" "Mozilla/5.0 AppleWebKit/537.36 (KHTML, like Gecko; compatible; GPTBot/1.2; +https://openai.com/gptbot)"
172.71.190.83 - - [07/Nov/2025:06:49:12 -0800] "GET /?a=120683815 HTTP/1.1" 200 16521 "-" "Mozilla/5.0 (compatible; SemrushBot/7~bl; +http://www.semrush.com/bot.html)"
104.23.245.203 - - [07/Nov/2025:06:49:18 -0800] "GET /?dir=%2Fproc&dl=%2Fproc%2F3928219 HTTP/1.1" 200 84976 "-" "Mozilla/5.0 AppleWebKit/537.36 (KHTML, like Gecko; compatible; GPTBot/1.2; +https://openai.com/gptbot)"
172.68.22.156 - - [07/Nov/2025:06:49:21 -0800] "GET /products/29932776/ HTTP/1.1" 200 190409 "-" "Mozilla/5.0 AppleWebKit/537.36 (KHTML, like Gecko; compatible; bingbot/2.0; +http://www.bing.com/bingbot.htm) Chrome/116.0.1938.76 Safari/537.36"
104.23.245.203 - - [07/Nov/2025:06:49:23 -0800] "GET /?dir=%2Fproc&dl=%2Fproc%2F3949962 HTTP/1.1" 200 84412 "-" "Mozilla/5.0 AppleWebKit/537.36 (KHTML, like Gecko; compatible; GPTBot/1.2; +https://openai.com/gptbot)"
172.71.166.28 - - [07/Nov/2025:06:49:23 -0800] "GET /products/19176621/ HTTP/1.1" 200 187030 "-" "Mozilla/5.0 (Linux; Android 6.0.1; Nexus 5X Build/MMB29P) AppleWebKit/537.36 (KHTML, like Gecko) Chrome/141.0.7390.122 Mobile Safari/537.36 (compatible; Googlebot/2.1; +http://www.google.com/bot.html)"
172.68.22.156 - - [07/Nov/2025:06:49:24 -0800] "GET /products/28362221/ HTTP/1.1" 200 196424 "-" "Mozilla/5.0 AppleWebKit/537.36 (KHTML, like Gecko; compatible; bingbot/2.0; +http://www.bing.com/bingbot.htm) Chrome/116.0.1938.76 Safari/537.36"
172.71.195.120 - - [07/Nov/2025:06:49:25 -0800] "GET /products/4776376/ HTTP/1.1" 200 207658 "-" "Mozilla/5.0 AppleWebKit/537.36 (KHTML, like Gecko; compatible; bingbot/2.0; +http://www.bing.com/bingbot.htm) Chrome/116.0.1938.76 Safari/537.36"
104.23.245.203 - - [07/Nov/2025:06:49:28 -0800] "GET /?dir=%2Fproc&dl=%2Fproc%2F3928984 HTTP/1.1" 200 84412 "-" "Mozilla/5.0 AppleWebKit/537.36 (KHTML, like Gecko; compatible; GPTBot/1.2; +https://openai.com/gptbot)"
104.23.245.203 - - [07/Nov/2025:06:49:32 -0800] "GET /?dir=%2Fproc&dl=%2Fproc%2F3922097 HTTP/1.1" 200 83848 "-" "Mozilla/5.0 AppleWebKit/537.36 (KHTML, like Gecko; compatible; GPTBot/1.2; +https://openai.com/gptbot)"
198.41.227.154 - - [07/Nov/2025:06:49:33 -0800] "GET /products/4796121/ HTTP/1.1" 200 194413 "-" "Mozilla/5.0 (Linux; Android 6.0.1; Nexus 5X Build/MMB29P) AppleWebKit/537.36 (KHTML, like Gecko) Chrome/141.0.7390.122 Mobile Safari/537.36 (compatible; Googlebot/2.1; +http://www.google.com/bot.html)"
172.71.190.82 - - [07/Nov/2025:06:49:34 -0800] "GET /?a=110318415 HTTP/1.1" 200 16521 "-" "Mozilla/5.0 (compatible; SemrushBot/7~bl; +http://www.semrush.com/bot.html)"
104.23.245.203 - - [07/Nov/2025:06:49:37 -0800] "GET /?dir=%2Fproc&dl=%2Fproc%2F3949662 HTTP/1.1" 200 82156 "-" "Mozilla/5.0 AppleWebKit/537.36 (KHTML, like Gecko; compatible; GPTBot/1.2; +https://openai.com/gptbot)"
198.41.227.154 - - [07/Nov/2025:06:49:40 -0800] "GET /products/14139876/ HTTP/1.1" 200 200402 "-" "Mozilla/5.0 (Linux; Android 6.0.1; Nexus 5X Build/MMB29P) AppleWebKit/537.36 (KHTML, like Gecko) Chrome/141.0.7390.122 Mobile Safari/537.36 (compatible; Googlebot/2.1; +http://www.google.com/bot.html)"
104.23.245.203 - - [07/Nov/2025:06:49:40 -0800] "GET /?dir=%2Fproc&dl=%2Fproc%2F3922908 HTTP/1.1" 200 82156 "-" "Mozilla/5.0 AppleWebKit/537.36 (KHTML, like Gecko; compatible; GPTBot/1.2; +https://openai.com/gptbot)"
104.23.245.203 - - [07/Nov/2025:06:49:44 -0800] "GET /?dir=%2Fproc&dl=%2Fproc%2F3949902 HTTP/1.1" 200 82156 "-" "Mozilla/5.0 AppleWebKit/537.36 (KHTML, like Gecko; compatible; GPTBot/1.2; +https://openai.com/gptbot)"
172.71.190.82 - - [07/Nov/2025:06:49:45 -0800] "GET /?a=663748515 HTTP/1.1" 200 16521 "-" "Mozilla/5.0 (compatible; SemrushBot/7~bl; +http://www.semrush.com/bot.html)"
104.23.245.203 - - [07/Nov/2025:06:49:47 -0800] "GET /?dir=%2Fproc&dl=%2Fproc%2F3928895 HTTP/1.1" 200 82720 "-" "Mozilla/5.0 AppleWebKit/537.36 (KHTML, like Gecko; compatible; GPTBot/1.2; +https://openai.com/gptbot)"
104.23.245.203 - - [07/Nov/2025:06:49:49 -0800] "GET /?dir=%2Fproc&dl=%2Fproc%2F3922171 HTTP/1.1" 429 17 "-" "Mozilla/5.0 AppleWebKit/537.36 (KHTML, like Gecko; compatible; GPTBot/1.2; +https://openai.com/gptbot)"
162.158.152.182 - - [07/Nov/2025:06:49:50 -0800] "GET /?a=122338215 HTTP/1.1" 200 16521 "-" "Mozilla/5.0 (compatible; SemrushBot/7~bl; +http://www.semrush.com/bot.html)"
104.23.245.203 - - [07/Nov/2025:06:49:52 -0800] "GET /?dir=%2Fproc&dl=%2Fproc%2F3912822 HTTP/1.1" 200 82720 "-" "Mozilla/5.0 AppleWebKit/537.36 (KHTML, like Gecko; compatible; GPTBot/1.2; +https://openai.com/gptbot)"
