172.71.195.120 - - [07/Nov/2025:04:44:06 -0800] "GET /public/?dir=/opt/cpanel/ea-wappspector/vendor/psr&dl=/opt/cpanel/ea-wappspector/vendor/psr/container HTTP/1.1" 200 14156 "-" "Mozilla/5.0 AppleWebKit/537.36 (KHTML, like Gecko; compatible; Amazonbot/0.1; +https://developer.amazon.com/support/amazonbot) Chrome/119.0.6045.214 Safari/537.36"
108.162.245.20 - - [07/Nov/2025:04:44:07 -0800] "GET /products/4691632/ HTTP/1.1" 200 209284 "-" "Mozilla/5.0 AppleWebKit/537.36 (KHTML, like Gecko; compatible; bingbot/2.0; +http://www.bing.com/bingbot.htm) Chrome/116.0.1938.76 Safari/537.36"
172.70.35.127 - - [07/Nov/2025:04:44:08 -0800] "GET /?a=122196015 HTTP/1.1" 200 16521 "-" "Mozilla/5.0 (compatible; SemrushBot/7~bl; +http://www.semrush.com/bot.html)"
172.70.35.127 - - [07/Nov/2025:04:44:10 -0800] "GET /?dir=/opt/cpanel/ea-openssl11/share/doc/openssl/html/man1&dl=/opt/cpanel/ea-openssl11/share/doc/openssl/html/man1/storeutl.html HTTP/1.1" 200 4707 "-" "Mozilla/5.0 AppleWebKit/537.36 (KHTML, like Gecko; compatible; Amazonbot/0.1; +https://developer.amazon.com/support/amazonbot) Chrome/119.0.6045.214 Safari/537.36"
172.68.245.209 - - [07/Nov/2025:04:44:14 -0800] "GET /public/?dir=/home/ayaclass/public_html/vendor/twilio/sdk/src/Twilio/Rest/Api/V2010/Account/Message HTTP/1.1" 200 21007 "-" "Mozilla/5.0 AppleWebKit/537.36 (KHTML, like Gecko; compatible; Amazonbot/0.1; +https://developer.amazon.com/support/amazonbot) Chrome/119.0.6045.214 Safari/537.36"
104.23.245.202 - - [07/Nov/2025:04:44:15 -0800] "GET /?dir=%2Frun&dl=%2Frun%2Futmp HTTP/1.1" 200 1536 "-" "Mozilla/5.0 AppleWebKit/537.36 (KHTML, like Gecko; compatible; GPTBot/1.2; +https://openai.com/gptbot)"
172.71.222.237 - - [07/Nov/2025:04:44:18 -0800] "GET /public/?dir=/usr/lib/python3.6/site-packages/setuptools/command/__pycache__&edit=/usr/lib/python3.6/site-packages/setuptools/command/__pycache__/__init__.cpython-36.opt-1.pyc HTTP/1.1" 200 1346 "-" "Mozilla/5.0 AppleWebKit/537.36 (KHTML, like Gecko; compatible; Amazonbot/0.1; +https://developer.amazon.com/support/amazonbot) Chrome/119.0.6045.214 Safari/537.36"
172.71.166.29 - - [07/Nov/2025:04:44:23 -0800] "GET /?dir=%2Fproc%2F3891431&edit=%2Fproc%2F3891431%2Ffdinfo HTTP/1.1" 200 16521 "-" "Mozilla/5.0 (Linux; Android 6.0.1; Nexus 5X Build/MMB29P) AppleWebKit/537.36 (KHTML, like Gecko) Chrome/141.0.7390.122 Mobile Safari/537.36 (compatible; Googlebot/2.1; +http://www.google.com/bot.html)"
104.23.211.81 - - [07/Nov/2025:04:44:23 -0800] "GET /?dir=/opt/imh-python/lib/python3.9/site-packages/numpy/random/tests/__pycache__&dl=/opt/imh-python/lib/python3.9/site-packages/numpy/random/tests/__pycache__/.. HTTP/1.1" 200 22428 "-" "Mozilla/5.0 AppleWebKit/537.36 (KHTML, like Gecko; compatible; Amazonbot/0.1; +https://developer.amazon.com/support/amazonbot) Chrome/119.0.6045.214 Safari/537.36"
172.69.65.82 - - [07/Nov/2025:04:44:23 -0800] "GET /?dir=%2Fproc&edit=%2Fproc%2F3773945 HTTP/1.1" 200 83284 "-" "Mozilla/5.0 (Linux; Android 6.0.1; Nexus 5X Build/MMB29P) AppleWebKit/537.36 (KHTML, like Gecko) Chrome/141.0.7390.122 Mobile Safari/537.36 (compatible; Googlebot/2.1; +http://www.google.com/bot.html)"
104.23.245.202 - - [07/Nov/2025:04:44:25 -0800] "GET /?dir=%2Frun&dl=%2Frun%2Frestartsrv_atd HTTP/1.1" 200 - "-" "Mozilla/5.0 AppleWebKit/537.36 (KHTML, like Gecko; compatible; GPTBot/1.2; +https://openai.com/gptbot)"
172.70.35.127 - - [07/Nov/2025:04:44:28 -0800] "GET /?dir=/usr/lib/python3.6/site-packages/dnf/cli/__pycache__&dl=/usr/lib/python3.6/site-packages/dnf/cli/__pycache__/cli.cpython-36.opt-1.pyc HTTP/1.1" 200 30825 "-" "Mozilla/5.0 AppleWebKit/537.36 (KHTML, like Gecko; compatible; Amazonbot/0.1; +https://developer.amazon.com/support/amazonbot) Chrome/119.0.6045.214 Safari/537.36"
172.68.245.209 - - [07/Nov/2025:04:44:30 -0800] "GET /?dir=/opt/cpanel/ea-openssl11/share/doc/openssl/html/man3&dl=/opt/cpanel/ea-openssl11/share/doc/openssl/html/man3/EC_GROUP_get_degree.html HTTP/1.1" 429 17 "-" "Mozilla/5.0 AppleWebKit/537.36 (KHTML, like Gecko; compatible; Amazonbot/0.1; +https://developer.amazon.com/support/amazonbot) Chrome/119.0.6045.214 Safari/537.36"
162.158.78.73 - - [07/Nov/2025:04:44:33 -0800] "GET /?a=124170815 HTTP/1.1" 200 16521 "-" "Mozilla/5.0 (compatible; SemrushBot/7~bl; +http://www.semrush.com/bot.html)"
172.68.15.190 - - [07/Nov/2025:04:44:34 -0800] "GET /public/?dir=/opt/imh-python/lib/python3.9/site-packages/twisted/positioning HTTP/1.1" 200 16835 "-" "Mozilla/5.0 AppleWebKit/537.36 (KHTML, like Gecko; compatible; Amazonbot/0.1; +https://developer.amazon.com/support/amazonbot) Chrome/119.0.6045.214 Safari/537.36"
104.23.245.202 - - [07/Nov/2025:04:44:34 -0800] "GET /?dir=%2Fdev&dl=%2Fdev%2Fzero HTTP/1.1" 200 41402 "-" "Mozilla/5.0 AppleWebKit/537.36 (KHTML, like Gecko; compatible; GPTBot/1.2; +https://openai.com/gptbot)"
162.158.152.183 - - [07/Nov/2025:04:44:35 -0800] "GET /?a=121844915 HTTP/1.1" 200 16521 "-" "Mozilla/5.0 (compatible; SemrushBot/7~bl; +http://www.semrush.com/bot.html)"
172.71.222.236 - - [07/Nov/2025:04:44:37 -0800] "GET /?a=779957215 HTTP/1.1" 200 16521 "-" "Mozilla/5.0 (compatible; SemrushBot/7~bl; +http://www.semrush.com/bot.html)"
172.70.175.85 - - [07/Nov/2025:04:44:38 -0800] "GET /?dir=/opt/cpanel/ea-openssl11/share/doc/openssl/html/man3&dl=/opt/cpanel/ea-openssl11/share/doc/openssl/html/man3/ASYNC_cleanup_thread.html HTTP/1.1" 200 14309 "-" "Mozilla/5.0 AppleWebKit/537.36 (KHTML, like Gecko; compatible; Amazonbot/0.1; +https://developer.amazon.com/support/amazonbot) Chrome/119.0.6045.214 Safari/537.36"
172.70.175.85 - - [07/Nov/2025:04:44:41 -0800] "GET /?a=120600815 HTTP/1.1" 200 16521 "-" "Mozilla/5.0 (compatible; SemrushBot/7~bl; +http://www.semrush.com/bot.html)"
162.158.152.183 - - [07/Nov/2025:04:44:43 -0800] "GET /public/?dir=/opt/imh-python/lib/python3.9/site-packages/isort-6.0.1.dist-info&dl=/opt/imh-python/lib/python3.9/site-packages/isort-6.0.1.dist-info/licenses HTTP/1.1" 200 15748 "-" "Mozilla/5.0 AppleWebKit/537.36 (KHTML, like Gecko; compatible; Amazonbot/0.1; +https://developer.amazon.com/support/amazonbot) Chrome/119.0.6045.214 Safari/537.36"
172.70.35.127 - - [07/Nov/2025:04:44:43 -0800] "GET /?a=116457315 HTTP/1.1" 200 16521 "-" "Mozilla/5.0 (compatible; SemrushBot/7~bl; +http://www.semrush.com/bot.html)"
104.23.209.143 - - [07/Nov/2025:04:44:43 -0800] "GET /products/3553276/ HTTP/1.1" 200 191900 "-" "Mozilla/5.0 AppleWebKit/537.36 (KHTML, like Gecko; compatible; bingbot/2.0; +http://www.bing.com/bingbot.htm) Chrome/116.0.1938.76 Safari/537.36"
104.23.245.202 - - [07/Nov/2025:04:44:43 -0800] "GET /?dir=%2Fusr%2Fsbin&edit=%2Fusr%2Fsbin%2Ftelinit HTTP/1.1" 200 347173 "-" "Mozilla/5.0 AppleWebKit/537.36 (KHTML, like Gecko; compatible; GPTBot/1.2; +https://openai.com/gptbot)"
162.158.152.183 - - [07/Nov/2025:04:44:46 -0800] "GET /?dir=/opt/cpanel/ea-openssl11/share/doc/openssl/html/man1&dl=/opt/cpanel/ea-openssl11/share/doc/openssl/html/man1/rsautl.html HTTP/1.1" 200 8013 "-" "Mozilla/5.0 AppleWebKit/537.36 (KHTML, like Gecko; compatible; Amazonbot/0.1; +https://developer.amazon.com/support/amazonbot) Chrome/119.0.6045.214 Safari/537.36"
104.23.213.13 - - [07/Nov/2025:04:44:48 -0800] "GET /?a=121260215 HTTP/1.1" 200 16521 "-" "Mozilla/5.0 (compatible; SemrushBot/7~bl; +http://www.semrush.com/bot.html)"
104.23.209.143 - - [07/Nov/2025:04:44:50 -0800] "GET /?dir=/opt/cpanel/ea-wappspector/vendor/squizlabs/php_codesniffer/src/Standards/Zend HTTP/1.1" 200 15041 "-" "Mozilla/5.0 AppleWebKit/537.36 (KHTML, like Gecko; compatible; Amazonbot/0.1; +https://developer.amazon.com/support/amazonbot) Chrome/119.0.6045.214 Safari/537.36"
104.23.245.203 - - [07/Nov/2025:04:44:51 -0800] "GET /?dir=%2Fdev&dl=%2Fdev%2Fnull HTTP/1.1" 200 41402 "-" "Mozilla/5.0 AppleWebKit/537.36 (KHTML, like Gecko; compatible; GPTBot/1.2; +https://openai.com/gptbot)"
162.158.78.72 - - [07/Nov/2025:04:44:54 -0800] "GET /?dir=/opt/cpanel/ea-openssl11/share/doc/openssl/html/man3&dl=/opt/cpanel/ea-openssl11/share/doc/openssl/html/man3/OCSP_RESPDATA_new.html HTTP/1.1" 200 7740 "-" "Mozilla/5.0 AppleWebKit/537.36 (KHTML, like Gecko; compatible; Amazonbot/0.1; +https://developer.amazon.com/support/amazonbot) Chrome/119.0.6045.214 Safari/537.36"
172.71.190.83 - - [07/Nov/2025:04:44:58 -0800] "GET /public/?dir=/usr/share/locale/sv/LC_MESSAGES&dl=/usr/share/locale/sv/LC_MESSAGES/fetchmail.mo HTTP/1.1" 200 88378 "-" "Mozilla/5.0 AppleWebKit/537.36 (KHTML, like Gecko; compatible; Amazonbot/0.1; +https://developer.amazon.com/support/amazonbot) Chrome/119.0.6045.214 Safari/537.36"
104.23.245.203 - - [07/Nov/2025:04:44:58 -0800] "GET /?dir=%2Fusr%2Fsbin&dl=%2Fusr%2Fsbin%2Flnewusers HTTP/1.1" 200 20344 "-" "Mozilla/5.0 AppleWebKit/537.36 (KHTML, like Gecko; compatible; GPTBot/1.2; +https://openai.com/gptbot)"
172.68.245.208 - - [07/Nov/2025:04:45:02 -0800] "GET /?dir=/opt/cpanel/ea-openssl11/share/doc/openssl/html/man3&dl=/opt/cpanel/ea-openssl11/share/doc/openssl/html/man3/RSA_get0_e.html HTTP/1.1" 200 9554 "-" "Mozilla/5.0 AppleWebKit/537.36 (KHTML, like Gecko; compatible; Amazonbot/0.1; +https://developer.amazon.com/support/amazonbot) Chrome/119.0.6045.214 Safari/537.36"
104.23.245.202 - - [07/Nov/2025:04:45:05 -0800] "GET /?dir=%2Fusr%2Fsbin&edit=%2Fusr%2Fsbin%2Fgrpconv HTTP/1.1" 200 83453 "-" "Mozilla/5.0 AppleWebKit/537.36 (KHTML, like Gecko; compatible; GPTBot/1.2; +https://openai.com/gptbot)"
162.158.152.182 - - [07/Nov/2025:04:45:06 -0800] "GET /public/?dir=/opt/imh-python/lib/python3.9/lib2to3/tests/__pycache__ HTTP/1.1" 200 41328 "-" "Mozilla/5.0 AppleWebKit/537.36 (KHTML, like Gecko; compatible; Amazonbot/0.1; +https://developer.amazon.com/support/amazonbot) Chrome/119.0.6045.214 Safari/537.36"
104.23.211.80 - - [07/Nov/2025:04:45:10 -0800] "GET /public/?dir=/opt/cpanel/ea-php81/root/proc&dl=/opt/cpanel/ea-php81/root/proc/.. HTTP/1.1" 200 10034 "-" "Mozilla/5.0 AppleWebKit/537.36 (KHTML, like Gecko; compatible; Amazonbot/0.1; +https://developer.amazon.com/support/amazonbot) Chrome/119.0.6045.214 Safari/537.36"
104.23.245.203 - - [07/Nov/2025:04:45:11 -0800] "GET /?dir=%2Fetc&edit=%2Fetc%2Flibibverbs.d HTTP/1.1" 200 191949 "-" "Mozilla/5.0 AppleWebKit/537.36 (KHTML, like Gecko; compatible; GPTBot/1.2; +https://openai.com/gptbot)"
172.71.222.236 - - [07/Nov/2025:04:45:11 -0800] "GET /?a=121395815 HTTP/1.1" 200 16521 "-" "Mozilla/5.0 (compatible; SemrushBot/7~bl; +http://www.semrush.com/bot.html)"
104.23.199.197 - - [07/Nov/2025:04:45:11 -0800] "GET /?dir=/run/udev&edit=/run/udev/.. HTTP/1.1" 200 11985 "-" "Mozilla/5.0 (compatible; MJ12bot/v1.4.8; http://mj12bot.com/)"
172.71.166.29 - - [07/Nov/2025:04:45:11 -0800] "GET /products/13802276/ HTTP/1.1" 200 197939 "-" "Mozilla/5.0 (Linux; Android 6.0.1; Nexus 5X Build/MMB29P) AppleWebKit/537.36 (KHTML, like Gecko) Chrome/141.0.7390.122 Mobile Safari/537.36 (compatible; Googlebot/2.1; +http://www.google.com/bot.html)"
104.23.199.182 - - [07/Nov/2025:04:45:13 -0800] "GET /?dir=/usr/include/bits&dl=/usr/include/bits/pthreadtypes-arch.h HTTP/1.1" 200 3290 "-" "Mozilla/5.0 (compatible; MJ12bot/v1.4.8; http://mj12bot.com/)"
172.71.195.120 - - [07/Nov/2025:04:45:14 -0800] "GET /?dir=/usr/share/doc/python3-docs/html&edit=/usr/share/doc/python3-docs/html/installing HTTP/1.1" 200 52946 "-" "Mozilla/5.0 AppleWebKit/537.36 (KHTML, like Gecko; compatible; Amazonbot/0.1; +https://developer.amazon.com/support/amazonbot) Chrome/119.0.6045.214 Safari/537.36"
172.71.166.29 - - [07/Nov/2025:04:45:14 -0800] "GET /products/10365009/ HTTP/1.1" 200 188479 "-" "Mozilla/5.0 (Linux; Android 6.0.1; Nexus 5X Build/MMB29P) AppleWebKit/537.36 (KHTML, like Gecko) Chrome/141.0.7390.122 Mobile Safari/537.36 (compatible; Googlebot/2.1; +http://www.google.com/bot.html)"
104.23.199.182 - - [07/Nov/2025:04:45:14 -0800] "GET /?dir=/usr/include/linux/tc_act HTTP/1.1" 200 22502 "-" "Mozilla/5.0 (compatible; MJ12bot/v1.4.8; http://mj12bot.com/)"
104.23.245.203 - - [07/Nov/2025:04:45:15 -0800] "GET /?dir=%2Frun&edit=%2Frun%2Frestartsrv_crond HTTP/1.1" 200 555 "-" "Mozilla/5.0 AppleWebKit/537.36 (KHTML, like Gecko; compatible; GPTBot/1.2; +https://openai.com/gptbot)"
104.23.211.80 - - [07/Nov/2025:04:45:16 -0800] "GET /?a=105668415 HTTP/1.1" 200 16521 "-" "Mozilla/5.0 (compatible; SemrushBot/7~bl; +http://www.semrush.com/bot.html)"
104.23.199.182 - - [07/Nov/2025:04:45:16 -0800] "GET /?dir=/usr/include/lzma&dl=/usr/include/lzma/stream_flags.h HTTP/1.1" 200 8253 "-" "Mozilla/5.0 (compatible; MJ12bot/v1.4.8; http://mj12bot.com/)"
104.23.199.196 - - [07/Nov/2025:04:45:18 -0800] "GET /?dir=/usr/include/openssl&edit=/usr/include/openssl/ripemd.h HTTP/1.1" 200 1848 "-" "Mozilla/5.0 (compatible; MJ12bot/v1.4.8; http://mj12bot.com/)"
162.158.152.183 - - [07/Nov/2025:04:45:18 -0800] "GET /public/?dir=/sys/devices/system/cpu/cpu15/cache&dl=/sys/devices/system/cpu/cpu15/cache/index1 HTTP/1.1" 200 13297 "-" "Mozilla/5.0 AppleWebKit/537.36 (KHTML, like Gecko; compatible; Amazonbot/0.1; +https://developer.amazon.com/support/amazonbot) Chrome/119.0.6045.214 Safari/537.36"
162.158.78.73 - - [07/Nov/2025:04:45:18 -0800] "GET /?a=122721615 HTTP/1.1" 200 16521 "-" "Mozilla/5.0 (compatible; SemrushBot/7~bl; +http://www.semrush.com/bot.html)"
172.70.94.85 - - [07/Nov/2025:04:45:19 -0800] "GET /products/6083743/ HTTP/1.1" 200 188541 "-" "Mozilla/5.0 (Linux; Android 6.0.1; Nexus 5X Build/MMB29P) AppleWebKit/537.36 (KHTML, like Gecko) Chrome/141.0.7390.122 Mobile Safari/537.36 (compatible; Googlebot/2.1; +http://www.google.com/bot.html)"
104.23.199.196 - - [07/Nov/2025:04:45:19 -0800] "GET /?dir=/usr/include/openssl&edit=/usr/include/openssl/rsa.h HTTP/1.1" 200 23018 "-" "Mozilla/5.0 (compatible; MJ12bot/v1.4.8; http://mj12bot.com/)"
104.23.245.203 - - [07/Nov/2025:04:45:20 -0800] "GET /?dir=%2Frun&dl=%2Frun%2Frestartsrv_crond HTTP/1.1" 200 - "-" "Mozilla/5.0 AppleWebKit/537.36 (KHTML, like Gecko; compatible; GPTBot/1.2; +https://openai.com/gptbot)"
104.23.199.196 - - [07/Nov/2025:04:45:21 -0800] "GET /?dir=/usr/include/openssl&edit=/usr/include/openssl/rsaerr.h HTTP/1.1" 200 10412 "-" "Mozilla/5.0 (compatible; MJ12bot/v1.4.8; http://mj12bot.com/)"
172.70.35.127 - - [07/Nov/2025:04:45:22 -0800] "GET /?a=123408015 HTTP/1.1" 200 16521 "-" "Mozilla/5.0 (compatible; SemrushBot/7~bl; +http://www.semrush.com/bot.html)"
104.23.199.196 - - [07/Nov/2025:04:45:23 -0800] "GET /?dir=/usr/include/openssl&edit=/usr/include/openssl/safestack.h HTTP/1.1" 200 8756 "-" "Mozilla/5.0 (compatible; MJ12bot/v1.4.8; http://mj12bot.com/)"
172.70.175.86 - - [07/Nov/2025:04:45:23 -0800] "GET /?a=120955715 HTTP/1.1" 200 16521 "-" "Mozilla/5.0 (compatible; SemrushBot/7~bl; +http://www.semrush.com/bot.html)"
104.23.211.80 - - [07/Nov/2025:04:45:24 -0800] "GET /public/?dir=/usr/lib/python3.6/site-packages/urllib3/__pycache__&edit=/usr/lib/python3.6/site-packages/urllib3/__pycache__/__init__.cpython-36.pyc HTTP/1.1" 200 2919 "-" "Mozilla/5.0 AppleWebKit/537.36 (KHTML, like Gecko; compatible; Amazonbot/0.1; +https://developer.amazon.com/support/amazonbot) Chrome/119.0.6045.214 Safari/537.36"
104.23.245.203 - - [07/Nov/2025:04:45:24 -0800] "GET /?dir=%2Fetc&dl=%2Fetc%2Fdhcp HTTP/1.1" 200 191949 "-" "Mozilla/5.0 AppleWebKit/537.36 (KHTML, like Gecko; compatible; GPTBot/1.2; +https://openai.com/gptbot)"
104.23.199.196 - - [07/Nov/2025:04:45:25 -0800] "GET /?dir=/usr/include/openssl&edit=/usr/include/openssl/seed.h HTTP/1.1" 200 4108 "-" "Mozilla/5.0 (compatible; MJ12bot/v1.4.8; http://mj12bot.com/)"
172.68.15.190 - - [07/Nov/2025:04:45:26 -0800] "GET /?dir=/usr/lib/python3.6/site-packages/dnf/cli/__pycache__&dl=/usr/lib/python3.6/site-packages/dnf/cli/__pycache__/term.cpython-36.opt-1.pyc HTTP/1.1" 429 17 "-" "Mozilla/5.0 AppleWebKit/537.36 (KHTML, like Gecko; compatible; Amazonbot/0.1; +https://developer.amazon.com/support/amazonbot) Chrome/119.0.6045.214 Safari/537.36"
104.23.199.196 - - [07/Nov/2025:04:45:26 -0800] "GET /?dir=/usr/include/openssl&edit=/usr/include/openssl/sha.h HTTP/1.1" 200 4435 "-" "Mozilla/5.0 (compatible; MJ12bot/v1.4.8; http://mj12bot.com/)"
104.23.245.203 - - [07/Nov/2025:04:45:28 -0800] "GET /?dir=%2Frun&dl=%2Frun%2Fdbus HTTP/1.1" 200 65729 "-" "Mozilla/5.0 AppleWebKit/537.36 (KHTML, like Gecko; compatible; GPTBot/1.2; +https://openai.com/gptbot)"
104.23.199.196 - - [07/Nov/2025:04:45:28 -0800] "GET /?dir=/usr/include/openssl&edit=/usr/include/openssl/srp.h HTTP/1.1" 200 4487 "-" "Mozilla/5.0 (compatible; MJ12bot/v1.4.8; http://mj12bot.com/)"
104.23.199.196 - - [07/Nov/2025:04:45:30 -0800] "GET /?dir=/usr/include/openssl&edit=/usr/include/openssl/srtp.h HTTP/1.1" 200 1913 "-" "Mozilla/5.0 (compatible; MJ12bot/v1.4.8; http://mj12bot.com/)"
104.23.245.203 - - [07/Nov/2025:04:45:31 -0800] "GET /?dir=%2Frun&dl=%2Frun%2Frestartsrv_dnsadmin HTTP/1.1" 200 - "-" "Mozilla/5.0 AppleWebKit/537.36 (KHTML, like Gecko; compatible; GPTBot/1.2; +https://openai.com/gptbot)"
104.23.199.196 - - [07/Nov/2025:04:45:31 -0800] "GET /?dir=/usr/include/openssl&edit=/usr/include/openssl/ssl.h HTTP/1.1" 200 113144 "-" "Mozilla/5.0 (compatible; MJ12bot/v1.4.8; http://mj12bot.com/)"
104.23.211.81 - - [07/Nov/2025:04:45:33 -0800] "GET /public/?dir=/opt/imh-python/lib/python3.9/site-packages/oslo.utils-7.1.0.dist-info&dl=/opt/imh-python/lib/python3.9/site-packages/oslo.utils-7.1.0.dist-info/INSTALLER HTTP/1.1" 200 4 "-" "Mozilla/5.0 AppleWebKit/537.36 (KHTML, like Gecko; compatible; Amazonbot/0.1; +https://developer.amazon.com/support/amazonbot) Chrome/119.0.6045.214 Safari/537.36"
104.23.199.196 - - [07/Nov/2025:04:45:33 -0800] "GET /?dir=/usr/include/openssl&edit=/usr/include/openssl/ssl2.h HTTP/1.1" 200 1127 "-" "Mozilla/5.0 (compatible; MJ12bot/v1.4.8; http://mj12bot.com/)"
104.23.211.81 - - [07/Nov/2025:04:45:34 -0800] "GET /?a=125521015 HTTP/1.1" 200 16521 "-" "Mozilla/5.0 (compatible; SemrushBot/7~bl; +http://www.semrush.com/bot.html)"
104.23.209.143 - - [07/Nov/2025:04:45:34 -0800] "GET /?dir=/opt/cpanel/ea-php83/root/usr/include/php/ext/standard&edit=/opt/cpanel/ea-php83/root/usr/include/php/ext/standard/base64.h HTTP/1.1" 429 17 "-" "Mozilla/5.0 AppleWebKit/537.36 (KHTML, like Gecko; compatible; Amazonbot/0.1; +https://developer.amazon.com/support/amazonbot) Chrome/119.0.6045.214 Safari/537.36"
104.23.245.203 - - [07/Nov/2025:04:45:34 -0800] "GET /?dir=%2Frun&dl=%2Frun%2Fsudo HTTP/1.1" 200 65729 "-" "Mozilla/5.0 AppleWebKit/537.36 (KHTML, like Gecko; compatible; GPTBot/1.2; +https://openai.com/gptbot)"
104.23.199.196 - - [07/Nov/2025:04:45:35 -0800] "GET /?dir=/usr/include/openssl&edit=/usr/include/openssl/ssl3.h HTTP/1.1" 200 15823 "-" "Mozilla/5.0 (compatible; MJ12bot/v1.4.8; http://mj12bot.com/)"
172.70.94.84 - - [07/Nov/2025:04:45:37 -0800] "GET /?dir=%2Fproc&dl=%2Fproc%2F3922554 HTTP/1.1" 200 84412 "-" "Mozilla/5.0 (Linux; Android 6.0.1; Nexus 5X Build/MMB29P) AppleWebKit/537.36 (KHTML, like Gecko) Chrome/141.0.7390.122 Mobile Safari/537.36 (compatible; Googlebot/2.1; +http://www.google.com/bot.html)"
104.23.245.203 - - [07/Nov/2025:04:45:37 -0800] "GET /?dir=%2Fsys&edit=%2Fsys%2Ffs HTTP/1.1" 200 13960 "-" "Mozilla/5.0 AppleWebKit/537.36 (KHTML, like Gecko; compatible; GPTBot/1.2; +https://openai.com/gptbot)"
104.23.199.196 - - [07/Nov/2025:04:45:37 -0800] "GET /?dir=/usr/include/openssl&edit=/usr/include/openssl/sslerr.h HTTP/1.1" 200 47269 "-" "Mozilla/5.0 (compatible; MJ12bot/v1.4.8; http://mj12bot.com/)"
162.158.152.183 - - [07/Nov/2025:04:45:38 -0800] "GET /public/?dir=/home/ayaclass/public_html/vendor/authorizenet/authorizenet/lib/net/authorize/api/contract/v1&dl=/home/ayaclass/public_html/vendor/authorizenet/authorizenet/lib/net/authorize/api/contract/v1/KeyManagementSchemeType HTTP/1.1" 200 249352 "-" "Mozilla/5.0 AppleWebKit/537.36 (KHTML, like Gecko; compatible; Amazonbot/0.1; +https://developer.amazon.com/support/amazonbot) Chrome/119.0.6045.214 Safari/537.36"
104.23.199.196 - - [07/Nov/2025:04:45:39 -0800] "GET /?dir=/usr/include/openssl&edit=/usr/include/openssl/stack.h HTTP/1.1" 200 3684 "-" "Mozilla/5.0 (compatible; MJ12bot/v1.4.8; http://mj12bot.com/)"
104.23.245.203 - - [07/Nov/2025:04:45:39 -0800] "GET /?dir=%2Fetc&dl=%2Fetc%2Fskel HTTP/1.1" 429 17 "-" "Mozilla/5.0 AppleWebKit/537.36 (KHTML, like Gecko; compatible; GPTBot/1.2; +https://openai.com/gptbot)"
162.158.152.183 - - [07/Nov/2025:04:45:41 -0800] "GET /?a=777598715 HTTP/1.1" 200 16521 "-" "Mozilla/5.0 (compatible; SemrushBot/7~bl; +http://www.semrush.com/bot.html)"
104.23.199.196 - - [07/Nov/2025:04:45:41 -0800] "GET /?dir=/usr/include/openssl&edit=/usr/include/openssl/store.h HTTP/1.1" 200 11843 "-" "Mozilla/5.0 (compatible; MJ12bot/v1.4.8; http://mj12bot.com/)"
104.23.245.203 - - [07/Nov/2025:04:45:42 -0800] "GET /?dir=%2Fetc&dl=%2Fetc%2Fmotd HTTP/1.1" 200 - "-" "Mozilla/5.0 AppleWebKit/537.36 (KHTML, like Gecko; compatible; GPTBot/1.2; +https://openai.com/gptbot)"
162.158.152.183 - - [07/Nov/2025:04:45:42 -0800] "GET /public/?dir=/home/ayaclass/public_html/vendor/aws/aws-sdk-php/src/data/opensearch/2021-01-01/.. HTTP/1.1" 200 11795 "-" "Mozilla/5.0 AppleWebKit/537.36 (KHTML, like Gecko; compatible; Amazonbot/0.1; +https://developer.amazon.com/support/amazonbot) Chrome/119.0.6045.214 Safari/537.36"
172.71.190.82 - - [07/Nov/2025:04:45:42 -0800] "GET /products/10413387/ HTTP/1.1" 200 - "-" "meta-externalagent/1.1 (+https://developers.facebook.com/docs/sharing/webmasters/crawler)"
104.23.199.196 - - [07/Nov/2025:04:45:42 -0800] "GET /?dir=/usr/include/openssl&edit=/usr/include/openssl/storeerr.h HTTP/1.1" 200 4994 "-" "Mozilla/5.0 (compatible; MJ12bot/v1.4.8; http://mj12bot.com/)"
104.23.199.196 - - [07/Nov/2025:04:45:44 -0800] "GET /?dir=/usr/include/openssl&edit=/usr/include/openssl/ts.h HTTP/1.1" 200 23182 "-" "Mozilla/5.0 (compatible; MJ12bot/v1.4.8; http://mj12bot.com/)"
172.68.245.208 - - [07/Nov/2025:04:45:44 -0800] "GET /products/5149254/ HTTP/1.1" 200 200714 "-" "Mozilla/5.0 AppleWebKit/537.36 (KHTML, like Gecko; compatible; bingbot/2.0; +http://www.bing.com/bingbot.htm) Chrome/116.0.1938.76 Safari/537.36"
104.23.199.196 - - [07/Nov/2025:04:45:46 -0800] "GET /?dir=/usr/include/openssl&edit=/usr/include/openssl/tserr.h HTTP/1.1" 200 7344 "-" "Mozilla/5.0 (compatible; MJ12bot/v1.4.8; http://mj12bot.com/)"
172.71.222.237 - - [07/Nov/2025:04:45:46 -0800] "GET /public/?dir=/opt/imh-python/lib/python3.9/site-packages/prompt_toolkit&dl=/opt/imh-python/lib/python3.9/site-packages/prompt_toolkit/layout HTTP/1.1" 200 43226 "-" "Mozilla/5.0 AppleWebKit/537.36 (KHTML, like Gecko; compatible; Amazonbot/0.1; +https://developer.amazon.com/support/amazonbot) Chrome/119.0.6045.214 Safari/537.36"
104.23.199.196 - - [07/Nov/2025:04:45:47 -0800] "GET /?dir=/usr/include/openssl&edit=/usr/include/openssl/txt_db.h HTTP/1.1" 200 2277 "-" "Mozilla/5.0 (compatible; MJ12bot/v1.4.8; http://mj12bot.com/)"
104.23.245.202 - - [07/Nov/2025:04:45:48 -0800] "GET /?dir=%2Fdev&dl=%2Fdev%2Ffull HTTP/1.1" 200 41402 "-" "Mozilla/5.0 AppleWebKit/537.36 (KHTML, like Gecko; compatible; GPTBot/1.2; +https://openai.com/gptbot)"
104.23.199.196 - - [07/Nov/2025:04:45:49 -0800] "GET /?dir=/usr/include/openssl&edit=/usr/include/openssl/ui.h HTTP/1.1" 200 16811 "-" "Mozilla/5.0 (compatible; MJ12bot/v1.4.8; http://mj12bot.com/)"
172.70.35.127 - - [07/Nov/2025:04:45:50 -0800] "GET /?dir=/opt/cpanel/ea-openssl11/share/doc/openssl/html/man3&dl=/opt/cpanel/ea-openssl11/share/doc/openssl/html/man3/GENERAL_NAMES_free.html HTTP/1.1" 200 7740 "-" "Mozilla/5.0 AppleWebKit/537.36 (KHTML, like Gecko; compatible; Amazonbot/0.1; +https://developer.amazon.com/support/amazonbot) Chrome/119.0.6045.214 Safari/537.36"
104.23.199.196 - - [07/Nov/2025:04:45:51 -0800] "GET /?dir=/usr/include/openssl&edit=/usr/include/openssl/uierr.h HTTP/1.1" 200 3329 "-" "Mozilla/5.0 (compatible; MJ12bot/v1.4.8; http://mj12bot.com/)"
104.23.199.196 - - [07/Nov/2025:04:45:52 -0800] "GET /?dir=/usr/include/openssl&edit=/usr/include/openssl/whrlpool.h HTTP/1.1" 200 1984 "-" "Mozilla/5.0 (compatible; MJ12bot/v1.4.8; http://mj12bot.com/)"
104.23.199.196 - - [07/Nov/2025:04:45:54 -0800] "GET /?dir=/usr/include/openssl&edit=/usr/include/openssl/x509.h HTTP/1.1" 200 44263 "-" "Mozilla/5.0 (compatible; MJ12bot/v1.4.8; http://mj12bot.com/)"
162.158.152.183 - - [07/Nov/2025:04:45:54 -0800] "GET /?dir=/opt/cpanel/ea-openssl11/share/doc/openssl/html/man3&dl=/opt/cpanel/ea-openssl11/share/doc/openssl/html/man3/BN_free.html HTTP/1.1" 200 2852 "-" "Mozilla/5.0 AppleWebKit/537.36 (KHTML, like Gecko; compatible; Amazonbot/0.1; +https://developer.amazon.com/support/amazonbot) Chrome/119.0.6045.214 Safari/537.36"
104.23.245.202 - - [07/Nov/2025:04:45:55 -0800] "GET /?dir=%2Frun&edit=%2Frun%2F.. HTTP/1.1" 200 65729 "-" "Mozilla/5.0 AppleWebKit/537.36 (KHTML, like Gecko; compatible; GPTBot/1.2; +https://openai.com/gptbot)"
104.23.199.196 - - [07/Nov/2025:04:45:56 -0800] "GET /?dir=/usr/include/openssl&edit=/usr/include/openssl/x509_vfy.h HTTP/1.1" 200 33137 "-" "Mozilla/5.0 (compatible; MJ12bot/v1.4.8; http://mj12bot.com/)"
104.23.199.196 - - [07/Nov/2025:04:45:58 -0800] "GET /?dir=/usr/include/openssl&edit=/usr/include/openssl/x509err.h HTTP/1.1" 200 7397 "-" "Mozilla/5.0 (compatible; MJ12bot/v1.4.8; http://mj12bot.com/)"
104.23.209.142 - - [07/Nov/2025:04:45:59 -0800] "GET /?dir=/sys/devices/system/cpu/cpu10/cache/index2&dl=/sys/devices/system/cpu/cpu10/cache/index2/.. HTTP/1.1" 200 18107 "-" "Mozilla/5.0 AppleWebKit/537.36 (KHTML, like Gecko; compatible; Amazonbot/0.1; +https://developer.amazon.com/support/amazonbot) Chrome/119.0.6045.214 Safari/537.36"
104.23.199.196 - - [07/Nov/2025:04:46:00 -0800] "GET /?dir=/usr/include/openssl&edit=/usr/include/openssl/x509v3.h HTTP/1.1" 200 34136 "-" "Mozilla/5.0 (compatible; MJ12bot/v1.4.8; http://mj12bot.com/)"
104.23.245.202 - - [07/Nov/2025:04:46:00 -0800] "GET /?dir=%2Fdev&dl=%2Fdev%2Fchar HTTP/1.1" 200 41402 "-" "Mozilla/5.0 AppleWebKit/537.36 (KHTML, like Gecko; compatible; GPTBot/1.2; +https://openai.com/gptbot)"
104.23.199.196 - - [07/Nov/2025:04:46:02 -0800] "GET /?dir=/usr/include/openssl&edit=/usr/include/openssl/x509v3err.h HTTP/1.1" 200 9373 "-" "Mozilla/5.0 (compatible; MJ12bot/v1.4.8; http://mj12bot.com/)"
104.23.213.13 - - [07/Nov/2025:04:46:02 -0800] "GET /public/?dir=/opt/imh-python/lib/python3.9/unittest/__pycache__&dl=/opt/imh-python/lib/python3.9/unittest/__pycache__/_log.cpython-39.opt-2.pyc HTTP/1.1" 200 2367 "-" "Mozilla/5.0 AppleWebKit/537.36 (KHTML, like Gecko; compatible; Amazonbot/0.1; +https://developer.amazon.com/support/amazonbot) Chrome/119.0.6045.214 Safari/537.36"
104.23.199.196 - - [07/Nov/2025:04:46:03 -0800] "GET /?dir=/usr/include/openssl/.. HTTP/1.1" 200 171629 "-" "Mozilla/5.0 (compatible; MJ12bot/v1.4.8; http://mj12bot.com/)"
172.68.138.158 - - [07/Nov/2025:04:46:04 -0800] "GET /?a=782151615 HTTP/1.1" 200 16521 "-" "Mozilla/5.0 (compatible; SemrushBot/7~bl; +http://www.semrush.com/bot.html)"
104.23.245.202 - - [07/Nov/2025:04:46:05 -0800] "GET /?dir=%2Frun&dl=%2Frun%2Fnscd HTTP/1.1" 200 65729 "-" "Mozilla/5.0 AppleWebKit/537.36 (KHTML, like Gecko; compatible; GPTBot/1.2; +https://openai.com/gptbot)"
104.23.199.196 - - [07/Nov/2025:04:46:06 -0800] "GET /?dir=/usr/include/pcp&dl=/usr/include/pcp/.. HTTP/1.1" 200 11012 "-" "Mozilla/5.0 (compatible; MJ12bot/v1.4.8; http://mj12bot.com/)"
172.71.195.119 - - [07/Nov/2025:04:46:06 -0800] "GET /public/?dir=/usr/lib/rads/venv/lib/python3.13/site-packages/charset_normalizer-3.4.3.dist-info&dl=/usr/lib/rads/venv/lib/python3.13/site-packages/charset_normalizer-3.4.3.dist-info/INSTALLER HTTP/1.1" 200 4 "-" "Mozilla/5.0 AppleWebKit/537.36 (KHTML, like Gecko; compatible; Amazonbot/0.1; +https://developer.amazon.com/support/amazonbot) Chrome/119.0.6045.214 Safari/537.36"
104.23.199.196 - - [07/Nov/2025:04:46:09 -0800] "GET /?dir=/usr/include/pcp&dl=/usr/include/pcp/builddefs HTTP/1.1" 200 29663 "-" "Mozilla/5.0 (compatible; MJ12bot/v1.4.8; http://mj12bot.com/)"
104.23.245.202 - - [07/Nov/2025:04:46:09 -0800] "GET /?dir=%2Fproc%2F3&edit=%2Fproc%2F3%2Fprojid_map HTTP/1.1" 200 554 "-" "Mozilla/5.0 AppleWebKit/537.36 (KHTML, like Gecko; compatible; GPTBot/1.2; +https://openai.com/gptbot)"
172.71.222.237 - - [07/Nov/2025:04:46:09 -0800] "GET /products/2215687/ HTTP/1.1" 200 198714 "-" "Mozilla/5.0 AppleWebKit/537.36 (KHTML, like Gecko; compatible; bingbot/2.0; +http://www.bing.com/bingbot.htm) Chrome/116.0.1938.76 Safari/537.36"
172.71.190.83 - - [07/Nov/2025:04:46:10 -0800] "GET /public/?dir=/opt/cpanel/ea-php83/root/etc/php.d&edit=/opt/cpanel/ea-php83/root/etc/php.d/20-ctype.ini HTTP/1.1" 200 643 "-" "Mozilla/5.0 AppleWebKit/537.36 (KHTML, like Gecko; compatible; Amazonbot/0.1; +https://developer.amazon.com/support/amazonbot) Chrome/119.0.6045.214 Safari/537.36"
104.23.199.196 - - [07/Nov/2025:04:46:11 -0800] "GET /?dir=/usr/include/pcp&dl=/usr/include/pcp/buildrules HTTP/1.1" 200 5268 "-" "Mozilla/5.0 (compatible; MJ12bot/v1.4.8; http://mj12bot.com/)"
104.23.199.196 - - [07/Nov/2025:04:46:13 -0800] "GET /?dir=/usr/include/pcp&edit=/usr/include/pcp/.. HTTP/1.1" 200 11012 "-" "Mozilla/5.0 (compatible; MJ12bot/v1.4.8; http://mj12bot.com/)"
104.23.245.202 - - [07/Nov/2025:04:46:13 -0800] "GET /?dir=%2Fproc%2F3&dl=%2Fproc%2F3%2Fpatch_state HTTP/1.1" 200 - "-" "Mozilla/5.0 AppleWebKit/537.36 (KHTML, like Gecko; compatible; GPTBot/1.2; +https://openai.com/gptbot)"
104.23.199.196 - - [07/Nov/2025:04:46:14 -0800] "GET /?dir=/usr/include/pcp&edit=/usr/include/pcp/builddefs HTTP/1.1" 200 33272 "-" "Mozilla/5.0 (compatible; MJ12bot/v1.4.8; http://mj12bot.com/)"
172.68.15.191 - - [07/Nov/2025:04:46:14 -0800] "GET /public/?dir=/opt/imh/python3.13/share/terminfo/p HTTP/1.1" 200 114974 "-" "Mozilla/5.0 AppleWebKit/537.36 (KHTML, like Gecko; compatible; Amazonbot/0.1; +https://developer.amazon.com/support/amazonbot) Chrome/119.0.6045.214 Safari/537.36"
104.23.199.196 - - [07/Nov/2025:04:46:16 -0800] "GET /?dir=/usr/include/pcp&edit=/usr/include/pcp/buildrules HTTP/1.1" 200 5882 "-" "Mozilla/5.0 (compatible; MJ12bot/v1.4.8; http://mj12bot.com/)"
104.23.245.202 - - [07/Nov/2025:04:46:16 -0800] "GET /?dir=%2Fproc%2F1&dl=%2Fproc%2F1%2Fpatch_state HTTP/1.1" 200 - "-" "Mozilla/5.0 AppleWebKit/537.36 (KHTML, like Gecko; compatible; GPTBot/1.2; +https://openai.com/gptbot)"
104.23.199.196 - - [07/Nov/2025:04:46:18 -0800] "GET /?dir=/usr/include/pcp/.. HTTP/1.1" 200 171629 "-" "Mozilla/5.0 (compatible; MJ12bot/v1.4.8; http://mj12bot.com/)"
172.68.245.208 - - [07/Nov/2025:04:46:18 -0800] "GET /public/?dir=/home/ayaclass/public_html/vendor/google/apiclient-services/src/Firebaseappcheck&dl=/home/ayaclass/public_html/vendor/google/apiclient-services/src/Firebaseappcheck/.. HTTP/1.1" 200 111383 "-" "Mozilla/5.0 AppleWebKit/537.36 (KHTML, like Gecko; compatible; Amazonbot/0.1; +https://developer.amazon.com/support/amazonbot) Chrome/119.0.6045.214 Safari/537.36"
104.23.245.202 - - [07/Nov/2025:04:46:19 -0800] "GET /?dir=%2Fusr%2Fshare%2Fbash-completion%2Fcompletions&dl=%2Fusr%2Fshare%2Fbash-completion%2Fcompletions%2Fslapt-src HTTP/1.1" 200 1894 "-" "Mozilla/5.0 AppleWebKit/537.36 (KHTML, like Gecko; compatible; GPTBot/1.2; +https://openai.com/gptbot)"
104.23.199.196 - - [07/Nov/2025:04:46:20 -0800] "GET /?dir=/usr/include/perf&dl=/usr/include/perf/.. HTTP/1.1" 200 10444 "-" "Mozilla/5.0 (compatible; MJ12bot/v1.4.8; http://mj12bot.com/)"
104.23.199.196 - - [07/Nov/2025:04:46:22 -0800] "GET /?dir=/usr/include/perf&dl=/usr/include/perf/perf_dlfilter.h HTTP/1.1" 200 5738 "-" "Mozilla/5.0 (compatible; MJ12bot/v1.4.8; http://mj12bot.com/)"
162.158.78.73 - - [07/Nov/2025:04:46:22 -0800] "GET /public/?dir=/opt/cpanel/ea-php81/root/var&edit=/opt/cpanel/ea-php81/root/var/gopher HTTP/1.1" 200 22436 "-" "Mozilla/5.0 AppleWebKit/537.36 (KHTML, like Gecko; compatible; Amazonbot/0.1; +https://developer.amazon.com/support/amazonbot) Chrome/119.0.6045.214 Safari/537.36"
104.23.245.202 - - [07/Nov/2025:04:46:22 -0800] "GET /?dir=%2Fusr%2Fbin&edit=%2Fusr%2Fbin%2Fp11-kit HTTP/1.1" 200 52338 "-" "Mozilla/5.0 AppleWebKit/537.36 (KHTML, like Gecko; compatible; GPTBot/1.2; +https://openai.com/gptbot)"
104.23.199.196 - - [07/Nov/2025:04:46:23 -0800] "GET /?dir=/usr/include/perf&edit=/usr/include/perf/.. HTTP/1.1" 200 10444 "-" "Mozilla/5.0 (compatible; MJ12bot/v1.4.8; http://mj12bot.com/)"
172.70.94.84 - - [07/Nov/2025:04:46:24 -0800] "GET /products/8880354/ HTTP/1.1" 200 185615 "-" "Mozilla/5.0 (Linux; Android 6.0.1; Nexus 5X Build/MMB29P) AppleWebKit/537.36 (KHTML, like Gecko) Chrome/141.0.7390.122 Mobile Safari/537.36 (compatible; Googlebot/2.1; +http://www.google.com/bot.html)"
104.23.199.196 - - [07/Nov/2025:04:46:25 -0800] "GET /?dir=/usr/include/perf/.. HTTP/1.1" 200 171629 "-" "Mozilla/5.0 (compatible; MJ12bot/v1.4.8; http://mj12bot.com/)"
104.23.245.202 - - [07/Nov/2025:04:46:25 -0800] "GET /?dir=%2Fproc%2F1&edit=%2Fproc%2F1%2Fprojid_map HTTP/1.1" 200 554 "-" "Mozilla/5.0 AppleWebKit/537.36 (KHTML, like Gecko; compatible; GPTBot/1.2; +https://openai.com/gptbot)"
104.23.199.196 - - [07/Nov/2025:04:46:27 -0800] "GET /?dir=/usr/include/protobuf-c&dl=/usr/include/protobuf-c/.. HTTP/1.1" 200 10508 "-" "Mozilla/5.0 (compatible; MJ12bot/v1.4.8; http://mj12bot.com/)"
104.23.245.202 - - [07/Nov/2025:04:46:27 -0800] "GET /?dir=%2Fusr%2Fshare%2Fbash-completion%2Fcompletions&edit=%2Fusr%2Fshare%2Fbash-completion%2Fcompletions%2Ffind_member HTTP/1.1" 429 17 "-" "Mozilla/5.0 AppleWebKit/537.36 (KHTML, like Gecko; compatible; GPTBot/1.2; +https://openai.com/gptbot)"
172.71.222.237 - - [07/Nov/2025:04:46:28 -0800] "GET /?a=107812915 HTTP/1.1" 200 16521 "-" "Mozilla/5.0 (compatible; SemrushBot/7~bl; +http://www.semrush.com/bot.html)"
104.23.199.196 - - [07/Nov/2025:04:46:29 -0800] "GET /?dir=/usr/include/protobuf-c&dl=/usr/include/protobuf-c/protobuf-c.h HTTP/1.1" 200 33554 "-" "Mozilla/5.0 (compatible; MJ12bot/v1.4.8; http://mj12bot.com/)"
172.68.245.208 - - [07/Nov/2025:04:46:29 -0800] "GET /public/?dir=/opt/imh-python/lib/python3.9/site-packages/cheroot-10.0.1.dist-info&dl=/opt/imh-python/lib/python3.9/site-packages/cheroot-10.0.1.dist-info/top_level.txt HTTP/1.1" 200 8 "-" "Mozilla/5.0 AppleWebKit/537.36 (KHTML, like Gecko; compatible; Amazonbot/0.1; +https://developer.amazon.com/support/amazonbot) Chrome/119.0.6045.214 Safari/537.36"
104.23.245.202 - - [07/Nov/2025:04:46:30 -0800] "GET /?dir=%2Fusr%2Fshare%2Fbash-completion%2Fcompletions&dl=%2Fusr%2Fshare%2Fbash-completion%2Fcompletions%2Fsystemd-cgtop HTTP/1.1" 200 2096 "-" "Mozilla/5.0 AppleWebKit/537.36 (KHTML, like Gecko; compatible; GPTBot/1.2; +https://openai.com/gptbot)"
104.23.213.13 - - [07/Nov/2025:04:46:30 -0800] "GET /?dir=/opt/cpanel/ea-openssl11/share/doc/openssl/html/man3&dl=/opt/cpanel/ea-openssl11/share/doc/openssl/html/man3/BN_bn2bin.html HTTP/1.1" 429 17 "-" "Mozilla/5.0 AppleWebKit/537.36 (KHTML, like Gecko; compatible; Amazonbot/0.1; +https://developer.amazon.com/support/amazonbot) Chrome/119.0.6045.214 Safari/537.36"
104.23.199.196 - - [07/Nov/2025:04:46:31 -0800] "GET /?dir=/usr/include/protobuf-c&edit=/usr/include/protobuf-c/.. HTTP/1.1" 200 10508 "-" "Mozilla/5.0 (compatible; MJ12bot/v1.4.8; http://mj12bot.com/)"
162.158.78.72 - - [07/Nov/2025:04:46:31 -0800] "GET /?a=123236115 HTTP/1.1" 200 16521 "-" "Mozilla/5.0 (compatible; SemrushBot/7~bl; +http://www.semrush.com/bot.html)"
104.23.199.196 - - [07/Nov/2025:04:46:32 -0800] "GET /?dir=/usr/include/protobuf-c&edit=/usr/include/protobuf-c/protobuf-c.h HTTP/1.1" 200 34532 "-" "Mozilla/5.0 (compatible; MJ12bot/v1.4.8; http://mj12bot.com/)"
172.68.15.191 - - [07/Nov/2025:04:46:34 -0800] "GET /?dir=/sys/devices/system/cpu/cpu13/cache/index1&dl=/sys/devices/system/cpu/cpu13/cache/index1/physical_line_partition HTTP/1.1" 200 2 "-" "Mozilla/5.0 AppleWebKit/537.36 (KHTML, like Gecko; compatible; Amazonbot/0.1; +https://developer.amazon.com/support/amazonbot) Chrome/119.0.6045.214 Safari/537.36"
104.23.199.196 - - [07/Nov/2025:04:46:34 -0800] "GET /?dir=/usr/include/protobuf-c/.. HTTP/1.1" 200 171629 "-" "Mozilla/5.0 (compatible; MJ12bot/v1.4.8; http://mj12bot.com/)"
104.23.245.202 - - [07/Nov/2025:04:46:36 -0800] "GET /?dir=%2Fusr%2Fshare%2Fbash-completion%2Fcompletions&dl=%2Fusr%2Fshare%2Fbash-completion%2Fcompletions%2Fgnome-mplayer HTTP/1.1" 200 962 "-" "Mozilla/5.0 AppleWebKit/537.36 (KHTML, like Gecko; compatible; GPTBot/1.2; +https://openai.com/gptbot)"
104.23.199.196 - - [07/Nov/2025:04:46:36 -0800] "GET /?dir=/usr/include/protocols&dl=/usr/include/protocols/.. HTTP/1.1" 200 12349 "-" "Mozilla/5.0 (compatible; MJ12bot/v1.4.8; http://mj12bot.com/)"
172.68.245.208 - - [07/Nov/2025:04:46:38 -0800] "GET /public/?dir=/opt/cpanel/ea-php82/root/usr/lib64/pm-utils/power.d HTTP/1.1" 200 10456 "-" "Mozilla/5.0 AppleWebKit/537.36 (KHTML, like Gecko; compatible; Amazonbot/0.1; +https://developer.amazon.com/support/amazonbot) Chrome/119.0.6045.214 Safari/537.36"
104.23.199.196 - - [07/Nov/2025:04:46:38 -0800] "GET /?dir=/usr/include/protocols&dl=/usr/include/protocols/routed.h HTTP/1.1" 200 3844 "-" "Mozilla/5.0 (compatible; MJ12bot/v1.4.8; http://mj12bot.com/)"
104.23.199.196 - - [07/Nov/2025:04:46:40 -0800] "GET /?dir=/usr/include/protocols&dl=/usr/include/protocols/rwhod.h HTTP/1.1" 200 2567 "-" "Mozilla/5.0 (compatible; MJ12bot/v1.4.8; http://mj12bot.com/)"
104.23.199.196 - - [07/Nov/2025:04:46:41 -0800] "GET /?dir=/usr/include/protocols&dl=/usr/include/protocols/talkd.h HTTP/1.1" 200 4826 "-" "Mozilla/5.0 (compatible; MJ12bot/v1.4.8; http://mj12bot.com/)"
104.23.245.202 - - [07/Nov/2025:04:46:41 -0800] "GET /?dir=%2Fusr%2Fshare%2Fbash-completion%2Fcompletions&edit=%2Fusr%2Fshare%2Fbash-completion%2Fcompletions%2Fmount.linux HTTP/1.1" 200 12332 "-" "Mozilla/5.0 AppleWebKit/537.36 (KHTML, like Gecko; compatible; GPTBot/1.2; +https://openai.com/gptbot)"
172.71.195.119 - - [07/Nov/2025:04:46:42 -0800] "GET /?a=28305215 HTTP/1.1" 200 16521 "-" "Mozilla/5.0 (compatible; SemrushBot/7~bl; +http://www.semrush.com/bot.html)"
172.70.35.127 - - [07/Nov/2025:04:46:42 -0800] "GET /?dir=/opt/cpanel/ea-openssl11/share/doc/openssl/html/man3&edit=/opt/cpanel/ea-openssl11/share/doc/openssl/html/man3/EDIPARTYNAME_new.html HTTP/1.1" 200 9110 "-" "Mozilla/5.0 AppleWebKit/537.36 (KHTML, like Gecko; compatible; Amazonbot/0.1; +https://developer.amazon.com/support/amazonbot) Chrome/119.0.6045.214 Safari/537.36"
104.23.199.196 - - [07/Nov/2025:04:46:43 -0800] "GET /?dir=/usr/include/protocols&dl=/usr/include/protocols/timed.h HTTP/1.1" 200 3881 "-" "Mozilla/5.0 (compatible; MJ12bot/v1.4.8; http://mj12bot.com/)"
104.23.199.196 - - [07/Nov/2025:04:46:45 -0800] "GET /?dir=/usr/include/protocols&edit=/usr/include/protocols/.. HTTP/1.1" 200 12349 "-" "Mozilla/5.0 (compatible; MJ12bot/v1.4.8; http://mj12bot.com/)"
172.71.222.237 - - [07/Nov/2025:04:46:46 -0800] "GET /public/?dir=/usr/share/guile/2.0/rnrs/arithmetic/.. HTTP/1.1" 200 23719 "-" "Mozilla/5.0 AppleWebKit/537.36 (KHTML, like Gecko; compatible; Amazonbot/0.1; +https://developer.amazon.com/support/amazonbot) Chrome/119.0.6045.214 Safari/537.36"
104.23.199.196 - - [07/Nov/2025:04:46:46 -0800] "GET /?dir=/usr/include/protocols&edit=/usr/include/protocols/routed.h HTTP/1.1" 200 4499 "-" "Mozilla/5.0 (compatible; MJ12bot/v1.4.8; http://mj12bot.com/)"
104.23.245.203 - - [07/Nov/2025:04:46:47 -0800] "GET /?dir=%2Fusr%2Fshare%2Fbash-completion%2Fcompletions&edit=%2Fusr%2Fshare%2Fbash-completion%2Fcompletions%2Fumount.linux HTTP/1.1" 200 5671 "-" "Mozilla/5.0 AppleWebKit/537.36 (KHTML, like Gecko; compatible; GPTBot/1.2; +https://openai.com/gptbot)"
104.23.199.196 - - [07/Nov/2025:04:46:48 -0800] "GET /?dir=/usr/include/protocols&edit=/usr/include/protocols/rwhod.h HTTP/1.1" 200 3173 "-" "Mozilla/5.0 (compatible; MJ12bot/v1.4.8; http://mj12bot.com/)"
172.70.94.85 - - [07/Nov/2025:04:46:48 -0800] "GET /?dir=%2Fproc%2F3923294 HTTP/1.1" 200 16521 "-" "Mozilla/5.0 (Linux; Android 6.0.1; Nexus 5X Build/MMB29P) AppleWebKit/537.36 (KHTML, like Gecko) Chrome/141.0.7390.122 Mobile Safari/537.36 (compatible; Googlebot/2.1; +http://www.google.com/bot.html)"
104.23.199.196 - - [07/Nov/2025:04:46:50 -0800] "GET /?dir=/usr/include/protocols&edit=/usr/include/protocols/talkd.h HTTP/1.1" 200 5479 "-" "Mozilla/5.0 (compatible; MJ12bot/v1.4.8; http://mj12bot.com/)"
172.68.245.208 - - [07/Nov/2025:04:46:50 -0800] "GET /products/7344509/ HTTP/1.1" 200 185912 "-" "Mozilla/5.0 AppleWebKit/537.36 (KHTML, like Gecko; compatible; bingbot/2.0; +http://www.bing.com/bingbot.htm) Chrome/116.0.1938.76 Safari/537.36"
162.158.78.72 - - [07/Nov/2025:04:46:50 -0800] "GET /public/?dir=/home/ayaclass/.trash/AAA/vendor/aws/aws-sdk-php/src/ChimeSDKVoice/.. HTTP/1.1" 200 435534 "-" "Mozilla/5.0 AppleWebKit/537.36 (KHTML, like Gecko; compatible; Amazonbot/0.1; +https://developer.amazon.com/support/amazonbot) Chrome/119.0.6045.214 Safari/537.36"
104.23.245.203 - - [07/Nov/2025:04:46:51 -0800] "GET /?dir=%2Fusr%2Fshare%2Fbash-completion%2Fcompletions&edit=%2Fusr%2Fshare%2Fbash-completion%2Fcompletions%2Fdpkg-source HTTP/1.1" 200 4122 "-" "Mozilla/5.0 AppleWebKit/537.36 (KHTML, like Gecko; compatible; GPTBot/1.2; +https://openai.com/gptbot)"
104.23.199.196 - - [07/Nov/2025:04:46:51 -0800] "GET /?dir=/usr/include/protocols&edit=/usr/include/protocols/timed.h HTTP/1.1" 200 4741 "-" "Mozilla/5.0 (compatible; MJ12bot/v1.4.8; http://mj12bot.com/)"
104.23.199.196 - - [07/Nov/2025:04:46:53 -0800] "GET /?dir=/usr/include/protocols/.. HTTP/1.1" 200 171629 "-" "Mozilla/5.0 (compatible; MJ12bot/v1.4.8; http://mj12bot.com/)"
172.70.175.86 - - [07/Nov/2025:04:46:54 -0800] "GET /?a=123086515 HTTP/1.1" 200 16521 "-" "Mozilla/5.0 (compatible; SemrushBot/7~bl; +http://www.semrush.com/bot.html)"
104.23.199.196 - - [07/Nov/2025:04:46:55 -0800] "GET /?dir=/usr/include/python2.7&dl=/usr/include/python2.7/.. HTTP/1.1" 200 69641 "-" "Mozilla/5.0 (compatible; MJ12bot/v1.4.8; http://mj12bot.com/)"
104.23.245.203 - - [07/Nov/2025:04:46:55 -0800] "GET /?dir=%2Fopt&edit=%2Fopt%2Fimh HTTP/1.1" 200 17500 "-" "Mozilla/5.0 AppleWebKit/537.36 (KHTML, like Gecko; compatible; GPTBot/1.2; +https://openai.com/gptbot)"
172.70.35.127 - - [07/Nov/2025:04:46:56 -0800] "GET /public/?dir=/usr/share/adobe/resources/mapping/deprecated/Japan2&dl=/usr/share/adobe/resources/mapping/deprecated/Japan2/.. HTTP/1.1" 200 12097 "-" "Mozilla/5.0 AppleWebKit/537.36 (KHTML, like Gecko; compatible; Amazonbot/0.1; +https://developer.amazon.com/support/amazonbot) Chrome/119.0.6045.214 Safari/537.36"
104.23.199.196 - - [07/Nov/2025:04:46:57 -0800] "GET /?dir=/usr/include/python2.7&dl=/usr/include/python2.7/Python-ast.h HTTP/1.1" 200 21113 "-" "Mozilla/5.0 (compatible; MJ12bot/v1.4.8; http://mj12bot.com/)"
172.70.35.127 - - [07/Nov/2025:04:46:58 -0800] "GET /?dir=/opt/imh-python/lib/python3.9/site-packages/gunicorn/workers/__pycache__&dl=/opt/imh-python/lib/python3.9/site-packages/gunicorn/workers/__pycache__/geventlet.cpython-39.pyc HTTP/1.1" 429 17 "-" "Mozilla/5.0 AppleWebKit/537.36 (KHTML, like Gecko; compatible; Amazonbot/0.1; +https://developer.amazon.com/support/amazonbot) Chrome/119.0.6045.214 Safari/537.36"
104.23.245.203 - - [07/Nov/2025:04:46:59 -0800] "GET /?dir=%2Fetc&dl=%2Fetc%2Fissue HTTP/1.1" 200 23 "-" "Mozilla/5.0 AppleWebKit/537.36 (KHTML, like Gecko; compatible; GPTBot/1.2; +https://openai.com/gptbot)"
104.23.199.196 - - [07/Nov/2025:04:46:59 -0800] "GET /?dir=/usr/include/python2.7&dl=/usr/include/python2.7/Python.h HTTP/1.1" 200 4375 "-" "Mozilla/5.0 (compatible; MJ12bot/v1.4.8; http://mj12bot.com/)"
104.23.199.196 - - [07/Nov/2025:04:47:01 -0800] "GET /?dir=/usr/include/python2.7&dl=/usr/include/python2.7/abstract.h HTTP/1.1" 200 45225 "-" "Mozilla/5.0 (compatible; MJ12bot/v1.4.8; http://mj12bot.com/)"
172.70.175.86 - - [07/Nov/2025:04:47:02 -0800] "GET /public/?dir=/opt/imh-python/lib/python3.9/site-packages/dill-0.4.0.dist-info&dl=/opt/imh-python/lib/python3.9/site-packages/dill-0.4.0.dist-info/top_level.txt HTTP/1.1" 200 5 "-" "Mozilla/5.0 AppleWebKit/537.36 (KHTML, like Gecko; compatible; Amazonbot/0.1; +https://developer.amazon.com/support/amazonbot) Chrome/119.0.6045.214 Safari/537.36"
104.23.245.203 - - [07/Nov/2025:04:47:02 -0800] "GET /?dir=%2Fetc&edit=%2Fetc%2Fscl HTTP/1.1" 200 191949 "-" "Mozilla/5.0 AppleWebKit/537.36 (KHTML, like Gecko; compatible; GPTBot/1.2; +https://openai.com/gptbot)"
104.23.199.196 - - [07/Nov/2025:04:47:03 -0800] "GET /?dir=/usr/include/python2.7&dl=/usr/include/python2.7/asdl.h HTTP/1.1" 200 1099 "-" "Mozilla/5.0 (compatible; MJ12bot/v1.4.8; http://mj12bot.com/)"
104.23.199.196 - - [07/Nov/2025:04:47:04 -0800] "GET /?dir=/usr/include/python2.7&dl=/usr/include/python2.7/ast.h HTTP/1.1" 200 230 "-" "Mozilla/5.0 (compatible; MJ12bot/v1.4.8; http://mj12bot.com/)"
104.23.245.203 - - [07/Nov/2025:04:47:05 -0800] "GET /?dir=%2F.cpanm&edit=%2F.cpanm%2F.. HTTP/1.1" 200 11341 "-" "Mozilla/5.0 AppleWebKit/537.36 (KHTML, like Gecko; compatible; GPTBot/1.2; +https://openai.com/gptbot)"
162.158.152.183 - - [07/Nov/2025:04:47:06 -0800] "GET /?dir=/opt/cpanel/ea-openssl11/share/doc/openssl/html/man3&dl=/opt/cpanel/ea-openssl11/share/doc/openssl/html/man3/CONF_modules_finish.html HTTP/1.1" 200 2738 "-" "Mozilla/5.0 AppleWebKit/537.36 (KHTML, like Gecko; compatible; Amazonbot/0.1; +https://developer.amazon.com/support/amazonbot) Chrome/119.0.6045.214 Safari/537.36"
104.23.199.196 - - [07/Nov/2025:04:47:06 -0800] "GET /?dir=/usr/include/python2.7&dl=/usr/include/python2.7/bitset.h HTTP/1.1" 200 792 "-" "Mozilla/5.0 (compatible; MJ12bot/v1.4.8; http://mj12bot.com/)"
104.23.199.196 - - [07/Nov/2025:04:47:08 -0800] "GET /?dir=/usr/include/python2.7&dl=/usr/include/python2.7/boolobject.h HTTP/1.1" 200 912 "-" "Mozilla/5.0 (compatible; MJ12bot/v1.4.8; http://mj12bot.com/)"
104.23.245.203 - - [07/Nov/2025:04:47:08 -0800] "GET /?dir=%2Frun&dl=%2Frun%2Fmount HTTP/1.1" 200 65729 "-" "Mozilla/5.0 AppleWebKit/537.36 (KHTML, like Gecko; compatible; GPTBot/1.2; +https://openai.com/gptbot)"
104.23.199.196 - - [07/Nov/2025:04:47:10 -0800] "GET /?dir=/usr/include/python2.7&dl=/usr/include/python2.7/bufferobject.h HTTP/1.1" 200 922 "-" "Mozilla/5.0 (compatible; MJ12bot/v1.4.8; http://mj12bot.com/)"
172.68.15.191 - - [07/Nov/2025:04:47:10 -0800] "GET /public/?dir=/sys/fs/cgroup/blkio/system.slice/home-virtfs-intensed-etc-pki-tls.mount HTTP/1.1" 200 42390 "-" "Mozilla/5.0 AppleWebKit/537.36 (KHTML, like Gecko; compatible; Amazonbot/0.1; +https://developer.amazon.com/support/amazonbot) Chrome/119.0.6045.214 Safari/537.36"
104.23.245.203 - - [07/Nov/2025:04:47:10 -0800] "GET /?dir=%2Fetc&edit=%2Fetc%2Fssl HTTP/1.1" 429 17 "-" "Mozilla/5.0 AppleWebKit/537.36 (KHTML, like Gecko; compatible; GPTBot/1.2; +https://openai.com/gptbot)"
104.23.199.196 - - [07/Nov/2025:04:47:11 -0800] "GET /?dir=/usr/include/python2.7&dl=/usr/include/python2.7/bytearrayobject.h HTTP/1.1" 200 1941 "-" "Mozilla/5.0 (compatible; MJ12bot/v1.4.8; http://mj12bot.com/)"
104.23.245.203 - - [07/Nov/2025:04:47:13 -0800] "GET /?dir=%2Fetc&edit=%2Fetc%2Fxdg HTTP/1.1" 200 191949 "-" "Mozilla/5.0 AppleWebKit/537.36 (KHTML, like Gecko; compatible; GPTBot/1.2; +https://openai.com/gptbot)"
104.23.199.196 - - [07/Nov/2025:04:47:13 -0800] "GET /?dir=/usr/include/python2.7&dl=/usr/include/python2.7/bytes_methods.h HTTP/1.1" 200 2804 "-" "Mozilla/5.0 (compatible; MJ12bot/v1.4.8; http://mj12bot.com/)"
104.23.199.196 - - [07/Nov/2025:04:47:15 -0800] "GET /?dir=/usr/include/python2.7&dl=/usr/include/python2.7/bytesobject.h HTTP/1.1" 200 1152 "-" "Mozilla/5.0 (compatible; MJ12bot/v1.4.8; http://mj12bot.com/)"
172.68.138.159 - - [07/Nov/2025:04:47:16 -0800] "GET /?dir=/opt/cpanel/ea-openssl11/share/doc/openssl/html/man3&dl=/opt/cpanel/ea-openssl11/share/doc/openssl/html/man3/BN_rand.html HTTP/1.1" 200 4398 "-" "Mozilla/5.0 AppleWebKit/537.36 (KHTML, like Gecko; compatible; Amazonbot/0.1; +https://developer.amazon.com/support/amazonbot) Chrome/119.0.6045.214 Safari/537.36"
104.23.199.196 - - [07/Nov/2025:04:47:17 -0800] "GET /?dir=/usr/include/python2.7&dl=/usr/include/python2.7/cStringIO.h HTTP/1.1" 200 2005 "-" "Mozilla/5.0 (compatible; MJ12bot/v1.4.8; http://mj12bot.com/)"
104.23.199.196 - - [07/Nov/2025:04:47:18 -0800] "GET /?dir=/usr/include/python2.7&dl=/usr/include/python2.7/cellobject.h HTTP/1.1" 200 651 "-" "Mozilla/5.0 (compatible; MJ12bot/v1.4.8; http://mj12bot.com/)"
172.71.195.119 - - [07/Nov/2025:04:47:19 -0800] "GET /?dir=/home/ayaclass/public_html/vendor/twilio/sdk/src/Twilio/Rest/Voice/V1&dl=/home/ayaclass/public_html/vendor/twilio/sdk/src/Twilio/Rest/Voice/V1/DialingPermissionsPage.php HTTP/1.1" 200 1608 "-" "Mozilla/5.0 AppleWebKit/537.36 (KHTML, like Gecko; compatible; Amazonbot/0.1; +https://developer.amazon.com/support/amazonbot) Chrome/119.0.6045.214 Safari/537.36"
104.23.245.203 - - [07/Nov/2025:04:47:19 -0800] "GET /?dir=%2Fetc&dl=%2Fetc%2Fskel HTTP/1.1" 200 191949 "-" "Mozilla/5.0 AppleWebKit/537.36 (KHTML, like Gecko; compatible; GPTBot/1.2; +https://openai.com/gptbot)"
104.23.199.196 - - [07/Nov/2025:04:47:20 -0800] "GET /?dir=/usr/include/python2.7&dl=/usr/include/python2.7/ceval.h HTTP/1.1" 200 5061 "-" "Mozilla/5.0 (compatible; MJ12bot/v1.4.8; http://mj12bot.com/)"
104.23.199.196 - - [07/Nov/2025:04:47:22 -0800] "GET /?dir=/usr/include/python2.7&dl=/usr/include/python2.7/classobject.h HTTP/1.1" 200 3002 "-" "Mozilla/5.0 (compatible; MJ12bot/v1.4.8; http://mj12bot.com/)"
172.68.138.158 - - [07/Nov/2025:04:47:23 -0800] "GET /public/?dir=/home/ayaclass/public_html/vendor/twilio/sdk/src/Twilio/Rest/Studio/V1/Flow&dl=/home/ayaclass/public_html/vendor/twilio/sdk/src/Twilio/Rest/Studio/V1/Flow/ExecutionInstance.php HTTP/1.1" 200 5492 "-" "Mozilla/5.0 AppleWebKit/537.36 (KHTML, like Gecko; compatible; Amazonbot/0.1; +https://developer.amazon.com/support/amazonbot) Chrome/119.0.6045.214 Safari/537.36"
104.23.199.196 - - [07/Nov/2025:04:47:23 -0800] "GET /?dir=/usr/include/python2.7&dl=/usr/include/python2.7/cobject.h HTTP/1.1" 200 2930 "-" "Mozilla/5.0 (compatible; MJ12bot/v1.4.8; http://mj12bot.com/)"
