172.71.222.237 - - [07/Nov/2025:04:16:22 -0800] "GET /public/?dir=/opt/cpanel/ea-openssl11/share/man/man1&dl=/opt/cpanel/ea-openssl11/share/man/man1/openssl-genpkey.1 HTTP/1.1" 200 16064 "-" "Mozilla/5.0 AppleWebKit/537.36 (KHTML, like Gecko; compatible; Amazonbot/0.1; +https://developer.amazon.com/support/amazonbot) Chrome/119.0.6045.214 Safari/537.36"
104.23.211.80 - - [07/Nov/2025:04:16:24 -0800] "GET /products/28075798/ HTTP/1.1" 200 - "-" "meta-externalagent/1.1 (+https://developers.facebook.com/docs/sharing/webmasters/crawler)"
104.23.245.203 - - [07/Nov/2025:04:16:24 -0800] "GET /?dir=%2Fusr%2Fshare%2Fbash-completion%2Fcompletions&edit=%2Fusr%2Fshare%2Fbash-completion%2Fcompletions%2Fvncviewer HTTP/1.1" 200 3967 "-" "Mozilla/5.0 AppleWebKit/537.36 (KHTML, like Gecko; compatible; GPTBot/1.2; +https://openai.com/gptbot)"
172.68.245.209 - - [07/Nov/2025:04:16:26 -0800] "GET /public/?dir=/usr/share/doc/perl-Test-Simple/t/regression&dl=/usr/share/doc/perl-Test-Simple/t/regression/inherit_trace.t HTTP/1.1" 200 548 "-" "Mozilla/5.0 AppleWebKit/537.36 (KHTML, like Gecko; compatible; Amazonbot/0.1; +https://developer.amazon.com/support/amazonbot) Chrome/119.0.6045.214 Safari/537.36"
172.68.138.158 - - [07/Nov/2025:04:16:26 -0800] "GET /?a=121351615 HTTP/1.1" 200 16521 "-" "Mozilla/5.0 (compatible; SemrushBot/7~bl; +http://www.semrush.com/bot.html)"
162.158.78.72 - - [07/Nov/2025:04:16:30 -0800] "GET /?dir=/opt/cpanel/ea-openssl11/share/doc/openssl/html/man3&dl=/opt/cpanel/ea-openssl11/share/doc/openssl/html/man3/OSSL_STORE_error_fn.html HTTP/1.1" 200 12448 "-" "Mozilla/5.0 AppleWebKit/537.36 (KHTML, like Gecko; compatible; Amazonbot/0.1; +https://developer.amazon.com/support/amazonbot) Chrome/119.0.6045.214 Safari/537.36"
172.70.100.210 - - [07/Nov/2025:04:16:33 -0800] "GET /?dir=%2Fhome%2Fayaclass%2Fssl&edit=%2Fhome%2Fayaclass%2Fssl%2Fssl.db.cache HTTP/1.1" 200 22053 "-" "Mozilla/5.0 AppleWebKit/537.36 (KHTML, like Gecko; compatible; ClaudeBot/1.0; +claudebot@anthropic.com)"
172.70.100.210 - - [07/Nov/2025:04:16:34 -0800] "GET /?dir=%2Fhome%2Fayaclass%2F.cpanel&dl=%2Fhome%2Fayaclass%2F.cpanel%2Femail_accounts_count HTTP/1.1" 429 17 "-" "Mozilla/5.0 AppleWebKit/537.36 (KHTML, like Gecko; compatible; ClaudeBot/1.0; +claudebot@anthropic.com)"
172.68.138.159 - - [07/Nov/2025:04:16:34 -0800] "GET /?dir=/usr/lib/python3.6/site-packages/slip/dbus/__pycache__&edit=/usr/lib/python3.6/site-packages/slip/dbus/__pycache__/.. HTTP/1.1" 200 24953 "-" "Mozilla/5.0 AppleWebKit/537.36 (KHTML, like Gecko; compatible; Amazonbot/0.1; +https://developer.amazon.com/support/amazonbot) Chrome/119.0.6045.214 Safari/537.36"
172.70.100.210 - - [07/Nov/2025:04:16:34 -0800] "GET /?dir=%2Fhome%2Fayaclass%2F.cpanel&dl=%2Fhome%2Fayaclass%2F.cpanel%2Fdatastore HTTP/1.1" 429 17 "-" "Mozilla/5.0 AppleWebKit/537.36 (KHTML, like Gecko; compatible; ClaudeBot/1.0; +claudebot@anthropic.com)"
172.70.100.210 - - [07/Nov/2025:04:16:35 -0800] "GET /?dir=%2Fhome%2Fayaclass%2Fssl&edit=%2Fhome%2Fayaclass%2Fssl%2F.. HTTP/1.1" 429 17 "-" "Mozilla/5.0 AppleWebKit/537.36 (KHTML, like Gecko; compatible; ClaudeBot/1.0; +claudebot@anthropic.com)"
172.70.100.210 - - [07/Nov/2025:04:16:35 -0800] "GET /?dir=%2Fhome%2Fayaclass%2F.cpanel&edit=%2Fhome%2Fayaclass%2F.cpanel%2F.. HTTP/1.1" 429 17 "-" "Mozilla/5.0 AppleWebKit/537.36 (KHTML, like Gecko; compatible; ClaudeBot/1.0; +claudebot@anthropic.com)"
172.70.100.210 - - [07/Nov/2025:04:16:36 -0800] "GET /?dir=%2Fhome%2Fayaclass%2F.cpanel&edit=%2Fhome%2Fayaclass%2F.cpanel%2Femail_accounts_count HTTP/1.1" 429 17 "-" "Mozilla/5.0 AppleWebKit/537.36 (KHTML, like Gecko; compatible; ClaudeBot/1.0; +claudebot@anthropic.com)"
172.70.100.210 - - [07/Nov/2025:04:16:36 -0800] "GET /?dir=%2Fhome%2Fayaclass%2Fssl&edit=%2Fhome%2Fayaclass%2Fssl%2Fkeys HTTP/1.1" 429 17 "-" "Mozilla/5.0 AppleWebKit/537.36 (KHTML, like Gecko; compatible; ClaudeBot/1.0; +claudebot@anthropic.com)"
172.70.35.127 - - [07/Nov/2025:04:16:36 -0800] "GET /?a=124821115 HTTP/1.1" 200 16521 "-" "Mozilla/5.0 (compatible; SemrushBot/7~bl; +http://www.semrush.com/bot.html)"
172.70.35.127 - - [07/Nov/2025:04:16:38 -0800] "GET /public/?dir=/home/ayaclass/public_html/vendor/aws/aws-sdk-php/src&dl=/home/ayaclass/public_html/vendor/aws/aws-sdk-php/src/Pinpoint HTTP/1.1" 200 458327 "-" "Mozilla/5.0 AppleWebKit/537.36 (KHTML, like Gecko; compatible; Amazonbot/0.1; +https://developer.amazon.com/support/amazonbot) Chrome/119.0.6045.214 Safari/537.36"
172.71.174.145 - - [07/Nov/2025:04:16:41 -0800] "GET /products/13348887/ HTTP/1.1" 200 201750 "-" "Mozilla/5.0 (Linux; Android 6.0.1; Nexus 5X Build/MMB29P) AppleWebKit/537.36 (KHTML, like Gecko) Chrome/141.0.7390.122 Mobile Safari/537.36 (compatible; Googlebot/2.1; +http://www.google.com/bot.html)"
104.23.245.203 - - [07/Nov/2025:04:16:41 -0800] "GET /?dir=%2Fusr%2Fshare%2Fbash-completion%2Fcompletions&dl=%2Fusr%2Fshare%2Fbash-completion%2Fcompletions%2Flvmdiskscan HTTP/1.1" 200 19978 "-" "Mozilla/5.0 AppleWebKit/537.36 (KHTML, like Gecko; compatible; GPTBot/1.2; +https://openai.com/gptbot)"
172.71.222.236 - - [07/Nov/2025:04:16:42 -0800] "GET /?a=110771215 HTTP/1.1" 200 16521 "-" "Mozilla/5.0 (compatible; SemrushBot/7~bl; +http://www.semrush.com/bot.html)"
104.23.213.12 - - [07/Nov/2025:04:16:42 -0800] "GET /public/?dir=/usr/share/locale/eo/LC_MESSAGES/.. HTTP/1.1" 200 11275 "-" "Mozilla/5.0 AppleWebKit/537.36 (KHTML, like Gecko; compatible; Amazonbot/0.1; +https://developer.amazon.com/support/amazonbot) Chrome/119.0.6045.214 Safari/537.36"
172.69.58.134 - - [07/Nov/2025:04:16:44 -0800] "GET /?dir=%2Fhome%2Fayaclass%2Fssl&edit=%2Fhome%2Fayaclass%2Fssl%2Fssl.db HTTP/1.1" 200 19697 "-" "Mozilla/5.0 AppleWebKit/537.36 (KHTML, like Gecko; compatible; ClaudeBot/1.0; +claudebot@anthropic.com)"
172.69.58.134 - - [07/Nov/2025:04:16:45 -0800] "GET /?dir=%2Fhome%2Fayaclass%2Fssl&dl=%2Fhome%2Fayaclass%2Fssl%2F.. HTTP/1.1" 429 17 "-" "Mozilla/5.0 AppleWebKit/537.36 (KHTML, like Gecko; compatible; ClaudeBot/1.0; +claudebot@anthropic.com)"
172.69.58.134 - - [07/Nov/2025:04:16:45 -0800] "GET /?dir=%2Fhome%2Fayaclass%2F.cpanel%2Fnvdata HTTP/1.1" 429 17 "-" "Mozilla/5.0 AppleWebKit/537.36 (KHTML, like Gecko; compatible; ClaudeBot/1.0; +claudebot@anthropic.com)"
172.69.58.134 - - [07/Nov/2025:04:16:46 -0800] "GET /?dir=%2Fhome%2Fayaclass&edit=%2Fhome%2Fayaclass%2F.. HTTP/1.1" 429 17 "-" "Mozilla/5.0 AppleWebKit/537.36 (KHTML, like Gecko; compatible; ClaudeBot/1.0; +claudebot@anthropic.com)"
172.69.58.134 - - [07/Nov/2025:04:16:46 -0800] "GET /?dir=%2Fhome%2Fayaclass%2F.cpanel&dl=%2Fhome%2Fayaclass%2F.cpanel%2F.. HTTP/1.1" 429 17 "-" "Mozilla/5.0 AppleWebKit/537.36 (KHTML, like Gecko; compatible; ClaudeBot/1.0; +claudebot@anthropic.com)"
172.68.15.190 - - [07/Nov/2025:04:16:46 -0800] "GET /public/?dir=/home/ayaclass/public_html/vendor/google/apiclient-services/src/DLP&dl=/home/ayaclass/public_html/vendor/google/apiclient-services/src/DLP/GooglePrivacyDlpV2QuasiId.php HTTP/1.1" 200 2216 "-" "Mozilla/5.0 AppleWebKit/537.36 (KHTML, like Gecko; compatible; Amazonbot/0.1; +https://developer.amazon.com/support/amazonbot) Chrome/119.0.6045.214 Safari/537.36"
172.69.58.134 - - [07/Nov/2025:04:16:47 -0800] "GET /?dir=%2Fhome%2Fayaclass%2Fssl&dl=%2Fhome%2Fayaclass%2Fssl%2Fkeys HTTP/1.1" 429 17 "-" "Mozilla/5.0 AppleWebKit/537.36 (KHTML, like Gecko; compatible; ClaudeBot/1.0; +claudebot@anthropic.com)"
172.68.245.209 - - [07/Nov/2025:04:16:47 -0800] "GET /?a=124218415 HTTP/1.1" 200 16521 "-" "Mozilla/5.0 (compatible; SemrushBot/7~bl; +http://www.semrush.com/bot.html)"
104.23.211.80 - - [07/Nov/2025:04:16:48 -0800] "GET /?a=4054815 HTTP/1.1" 200 16521 "-" "Mozilla/5.0 (compatible; SemrushBot/7~bl; +http://www.semrush.com/bot.html)"
172.68.138.159 - - [07/Nov/2025:04:16:50 -0800] "GET /public/?dir=/home/ayaclass/.trash/AAA/vendor/google/apiclient-services/src/TPU/.. HTTP/1.1" 200 585576 "-" "Mozilla/5.0 AppleWebKit/537.36 (KHTML, like Gecko; compatible; Amazonbot/0.1; +https://developer.amazon.com/support/amazonbot) Chrome/119.0.6045.214 Safari/537.36"
104.23.211.80 - - [07/Nov/2025:04:16:54 -0800] "GET /public/?dir=/opt/cpanel/ea-php81/root/etc&dl=/opt/cpanel/ea-php81/root/etc/pear.conf HTTP/1.1" 200 1711 "-" "Mozilla/5.0 AppleWebKit/537.36 (KHTML, like Gecko; compatible; Amazonbot/0.1; +https://developer.amazon.com/support/amazonbot) Chrome/119.0.6045.214 Safari/537.36"
104.23.245.202 - - [07/Nov/2025:04:16:57 -0800] "GET /?dir=%2Fusr%2Fshare%2Fbash-completion%2Fcompletions&edit=%2Fusr%2Fshare%2Fbash-completion%2Fcompletions%2Flvdisplay HTTP/1.1" 200 23099 "-" "Mozilla/5.0 AppleWebKit/537.36 (KHTML, like Gecko; compatible; GPTBot/1.2; +https://openai.com/gptbot)"
172.69.17.30 - - [07/Nov/2025:04:16:58 -0800] "GET /?dir=%2Fhome%2Fayaclass&dl=%2Fhome%2Fayaclass%2F.cpanel HTTP/1.1" 200 27805 "-" "Mozilla/5.0 AppleWebKit/537.36 (KHTML, like Gecko; compatible; ClaudeBot/1.0; +claudebot@anthropic.com)"
172.68.138.158 - - [07/Nov/2025:04:16:58 -0800] "GET /public/?dir=/home/ayaclass/.trash/AAA/public/vendor/laravel-filemanager&dl=/home/ayaclass/.trash/AAA/public/vendor/laravel-filemanager/files HTTP/1.1" 200 15076 "-" "Mozilla/5.0 AppleWebKit/537.36 (KHTML, like Gecko; compatible; Amazonbot/0.1; +https://developer.amazon.com/support/amazonbot) Chrome/119.0.6045.214 Safari/537.36"
172.69.17.30 - - [07/Nov/2025:04:16:58 -0800] "GET /?dir=%2Fhome%2Fayaclass%2F.cpanel&edit=%2Fhome%2Fayaclass%2F.cpanel%2Fvcards HTTP/1.1" 429 17 "-" "Mozilla/5.0 AppleWebKit/537.36 (KHTML, like Gecko; compatible; ClaudeBot/1.0; +claudebot@anthropic.com)"
172.69.17.30 - - [07/Nov/2025:04:16:59 -0800] "GET /?dir=%2Fhome%2Fayaclass%2Fssl%2F.. HTTP/1.1" 429 17 "-" "Mozilla/5.0 AppleWebKit/537.36 (KHTML, like Gecko; compatible; ClaudeBot/1.0; +claudebot@anthropic.com)"
172.69.17.30 - - [07/Nov/2025:04:16:59 -0800] "GET /?dir=%2Fhome%2Fayaclass%2Fssl&dl=%2Fhome%2Fayaclass%2Fssl%2Fssl.db HTTP/1.1" 429 17 "-" "Mozilla/5.0 AppleWebKit/537.36 (KHTML, like Gecko; compatible; ClaudeBot/1.0; +claudebot@anthropic.com)"
172.71.190.82 - - [07/Nov/2025:04:17:02 -0800] "GET /public/?dir=/home/ayaclass/public_html/vendor/google/apiclient-services/src/CloudMemorystoreforMemcached&dl=/home/ayaclass/public_html/vendor/google/apiclient-services/src/CloudMemorystoreforMemcached/Instance.php HTTP/1.1" 200 7538 "-" "Mozilla/5.0 AppleWebKit/537.36 (KHTML, like Gecko; compatible; Amazonbot/0.1; +https://developer.amazon.com/support/amazonbot) Chrome/119.0.6045.214 Safari/537.36"
172.70.35.127 - - [07/Nov/2025:04:17:04 -0800] "GET /?a=32305915 HTTP/1.1" 200 16521 "-" "Mozilla/5.0 (compatible; SemrushBot/7~bl; +http://www.semrush.com/bot.html)"
172.69.17.30 - - [07/Nov/2025:04:17:04 -0800] "GET /?dir=%2Fhome%2Fayaclass&edit=%2Fhome%2Fayaclass%2Fpublic_ftp HTTP/1.1" 200 27805 "-" "Mozilla/5.0 AppleWebKit/537.36 (KHTML, like Gecko; compatible; ClaudeBot/1.0; +claudebot@anthropic.com)"
104.23.211.80 - - [07/Nov/2025:04:17:06 -0800] "GET /public/?dir=/home/ayaclass/public_html/vendor/google/apiclient-services/src/Aiplatform&dl=/home/ayaclass/public_html/vendor/google/apiclient-services/src/Aiplatform/GoogleCloudAiplatformV1IndexDatapoint.php HTTP/1.1" 200 3524 "-" "Mozilla/5.0 AppleWebKit/537.36 (KHTML, like Gecko; compatible; Amazonbot/0.1; +https://developer.amazon.com/support/amazonbot) Chrome/119.0.6045.214 Safari/537.36"
172.70.35.127 - - [07/Nov/2025:04:17:07 -0800] "GET /?a=121028615 HTTP/1.1" 200 16521 "-" "Mozilla/5.0 (compatible; SemrushBot/7~bl; +http://www.semrush.com/bot.html)"
172.69.17.30 - - [07/Nov/2025:04:17:09 -0800] "GET /?dir=%2Fhome%2Fayaclass%2Fssl&dl=%2Fhome%2Fayaclass%2Fssl%2Fssl.db.cache HTTP/1.1" 200 18044 "-" "Mozilla/5.0 AppleWebKit/537.36 (KHTML, like Gecko; compatible; ClaudeBot/1.0; +claudebot@anthropic.com)"
104.23.209.143 - - [07/Nov/2025:04:17:10 -0800] "GET /public/?dir=/home/ayaclass/public_html/vendor/google/apiclient-services/src/Aiplatform&dl=/home/ayaclass/public_html/vendor/google/apiclient-services/src/Aiplatform/GoogleCloudAiplatformV1FluencyInput.php HTTP/1.1" 200 1764 "-" "Mozilla/5.0 AppleWebKit/537.36 (KHTML, like Gecko; compatible; Amazonbot/0.1; +https://developer.amazon.com/support/amazonbot) Chrome/119.0.6045.214 Safari/537.36"
104.23.245.202 - - [07/Nov/2025:04:17:12 -0800] "GET /?dir=%2Fusr%2Fshare%2Fbash-completion%2Fcompletions&dl=%2Fusr%2Fshare%2Fbash-completion%2Fcompletions%2Ffreeciv-gtk2 HTTP/1.1" 200 702 "-" "Mozilla/5.0 AppleWebKit/537.36 (KHTML, like Gecko; compatible; GPTBot/1.2; +https://openai.com/gptbot)"
172.70.35.127 - - [07/Nov/2025:04:17:14 -0800] "GET /public/?dir=/home/ayaclass/public_html/vendor/google/apiclient-services/src/CloudMemorystoreforMemcached&edit=/home/ayaclass/public_html/vendor/google/apiclient-services/src/CloudMemorystoreforMemcached/NodeConfig.php HTTP/1.1" 200 2105 "-" "Mozilla/5.0 AppleWebKit/537.36 (KHTML, like Gecko; compatible; Amazonbot/0.1; +https://developer.amazon.com/support/amazonbot) Chrome/119.0.6045.214 Safari/537.36"
198.41.227.155 - - [07/Nov/2025:04:17:17 -0800] "GET /?dir=%2Fproc&edit=%2Fproc%2F3921593 HTTP/1.1" 200 81592 "-" "Mozilla/5.0 (Linux; Android 6.0.1; Nexus 5X Build/MMB29P) AppleWebKit/537.36 (KHTML, like Gecko) Chrome/141.0.7390.122 Mobile Safari/537.36 (compatible; Googlebot/2.1; +http://www.google.com/bot.html)"
104.23.213.13 - - [07/Nov/2025:04:17:18 -0800] "GET /public/?dir=/home/ayaclass/public_html/vendor/google/apiclient-services/src/Aiplatform&dl=/home/ayaclass/public_html/vendor/google/apiclient-services/src/Aiplatform/GoogleCloudAiplatformV1CsvDestination.php HTTP/1.1" 200 1387 "-" "Mozilla/5.0 AppleWebKit/537.36 (KHTML, like Gecko; compatible; Amazonbot/0.1; +https://developer.amazon.com/support/amazonbot) Chrome/119.0.6045.214 Safari/537.36"
162.158.152.183 - - [07/Nov/2025:04:17:20 -0800] "GET /?a=122771715 HTTP/1.1" 200 16521 "-" "Mozilla/5.0 (compatible; SemrushBot/7~bl; +http://www.semrush.com/bot.html)"
198.41.227.155 - - [07/Nov/2025:04:17:21 -0800] "GET /products/29471221/ HTTP/1.1" 200 188249 "-" "Mozilla/5.0 (Linux; Android 6.0.1; Nexus 5X Build/MMB29P) AppleWebKit/537.36 (KHTML, like Gecko) Chrome/141.0.7390.122 Mobile Safari/537.36 (compatible; Googlebot/2.1; +http://www.google.com/bot.html)"
172.70.175.85 - - [07/Nov/2025:04:17:22 -0800] "GET /public/?dir=/home/ayaclass/.trash/AAA/resources/views/admin/store/specifications/.. HTTP/1.1" 200 18808 "-" "Mozilla/5.0 AppleWebKit/537.36 (KHTML, like Gecko; compatible; Amazonbot/0.1; +https://developer.amazon.com/support/amazonbot) Chrome/119.0.6045.214 Safari/537.36"
104.23.245.203 - - [07/Nov/2025:04:17:25 -0800] "GET /?dir=%2Fetc&edit=%2Fetc%2Fwwwacct.conf HTTP/1.1" 200 863 "-" "Mozilla/5.0 AppleWebKit/537.36 (KHTML, like Gecko; compatible; GPTBot/1.2; +https://openai.com/gptbot)"
104.23.211.81 - - [07/Nov/2025:04:17:26 -0800] "GET /public/?dir=/home/ayaclass/public_html/vendor/google/apiclient-services/src/ServiceNetworking&dl=/home/ayaclass/public_html/vendor/google/apiclient-services/src/ServiceNetworking/RemoveDnsZoneRequest.php HTTP/1.1" 200 1424 "-" "Mozilla/5.0 AppleWebKit/537.36 (KHTML, like Gecko; compatible; Amazonbot/0.1; +https://developer.amazon.com/support/amazonbot) Chrome/119.0.6045.214 Safari/537.36"
172.68.15.190 - - [07/Nov/2025:04:17:28 -0800] "GET /?a=123869315 HTTP/1.1" 200 16521 "-" "Mozilla/5.0 (compatible; SemrushBot/7~bl; +http://www.semrush.com/bot.html)"
104.23.213.12 - - [07/Nov/2025:04:17:30 -0800] "GET /public/?dir=/home/ayaclass/public_html/vendor/google/apiclient-services/src/Connectors&dl=/home/ayaclass/public_html/vendor/google/apiclient-services/src/Connectors/ConnectorVersion.php HTTP/1.1" 200 5289 "-" "Mozilla/5.0 AppleWebKit/537.36 (KHTML, like Gecko; compatible; Amazonbot/0.1; +https://developer.amazon.com/support/amazonbot) Chrome/119.0.6045.214 Safari/537.36"
172.68.138.159 - - [07/Nov/2025:04:17:34 -0800] "GET /?dir=/home/ayaclass/.trash/AAA/vendor/aws/aws-sdk-php/src/IoTDeviceAdvisor HTTP/1.1" 200 12750 "-" "Mozilla/5.0 AppleWebKit/537.36 (KHTML, like Gecko; compatible; Amazonbot/0.1; +https://developer.amazon.com/support/amazonbot) Chrome/119.0.6045.214 Safari/537.36"
172.71.195.120 - - [07/Nov/2025:04:17:36 -0800] "GET /?a=123366715 HTTP/1.1" 200 16521 "-" "Mozilla/5.0 (compatible; SemrushBot/7~bl; +http://www.semrush.com/bot.html)"
104.23.245.203 - - [07/Nov/2025:04:17:37 -0800] "GET /?dir=%2Fusr%2Fsbin&edit=%2Fusr%2Fsbin%2Fgroupmod HTTP/1.1" 200 147615 "-" "Mozilla/5.0 AppleWebKit/537.36 (KHTML, like Gecko; compatible; GPTBot/1.2; +https://openai.com/gptbot)"
104.23.213.12 - - [07/Nov/2025:04:17:38 -0800] "GET /public/?dir=/home/ayaclass/public_html/vendor/google/apiclient-services/src/ServiceNetworking&dl=/home/ayaclass/public_html/vendor/google/apiclient-services/src/ServiceNetworking/Backend.php HTTP/1.1" 200 1176 "-" "Mozilla/5.0 AppleWebKit/537.36 (KHTML, like Gecko; compatible; Amazonbot/0.1; +https://developer.amazon.com/support/amazonbot) Chrome/119.0.6045.214 Safari/537.36"
172.68.15.190 - - [07/Nov/2025:04:17:42 -0800] "GET /public/?dir=/home/ayaclass/public_html/vendor/google/apiclient-services/src/PeopleService&dl=/home/ayaclass/public_html/vendor/google/apiclient-services/src/PeopleService/BatchCreateContactsRequest.php HTTP/1.1" 200 1786 "-" "Mozilla/5.0 AppleWebKit/537.36 (KHTML, like Gecko; compatible; Amazonbot/0.1; +https://developer.amazon.com/support/amazonbot) Chrome/119.0.6045.214 Safari/537.36"
172.68.15.190 - - [07/Nov/2025:04:17:46 -0800] "GET /public/?dir=/home/ayaclass/public_html/vendor/google/apiclient-services/src/ServiceManagement&dl=/home/ayaclass/public_html/vendor/google/apiclient-services/src/ServiceManagement/JavaSettings.php HTTP/1.1" 200 1837 "-" "Mozilla/5.0 AppleWebKit/537.36 (KHTML, like Gecko; compatible; Amazonbot/0.1; +https://developer.amazon.com/support/amazonbot) Chrome/119.0.6045.214 Safari/537.36"
104.23.245.203 - - [07/Nov/2025:04:17:48 -0800] "GET /?dir=%2Fusr%2Fsbin&edit=%2Fusr%2Fsbin%2Fchpasswd HTTP/1.1" 200 88908 "-" "Mozilla/5.0 AppleWebKit/537.36 (KHTML, like Gecko; compatible; GPTBot/1.2; +https://openai.com/gptbot)"
172.68.245.209 - - [07/Nov/2025:04:17:50 -0800] "GET /public/?dir=/home/ayaclass/public_html/vendor/google/apiclient-services/src/DisplayVideo&edit=/home/ayaclass/public_html/vendor/google/apiclient-services/src/DisplayVideo/EditCustomerMatchMembersResponse.php HTTP/1.1" 200 2007 "-" "Mozilla/5.0 AppleWebKit/537.36 (KHTML, like Gecko; compatible; Amazonbot/0.1; +https://developer.amazon.com/support/amazonbot) Chrome/119.0.6045.214 Safari/537.36"
172.71.222.237 - - [07/Nov/2025:04:17:52 -0800] "GET /?a=779008315 HTTP/1.1" 200 16521 "-" "Mozilla/5.0 (compatible; SemrushBot/7~bl; +http://www.semrush.com/bot.html)"
172.71.174.145 - - [07/Nov/2025:04:17:53 -0800] "GET /products/27040421/ HTTP/1.1" 200 185644 "-" "Mozilla/5.0 (Linux; Android 6.0.1; Nexus 5X Build/MMB29P) AppleWebKit/537.36 (KHTML, like Gecko) Chrome/141.0.7390.122 Mobile Safari/537.36 (compatible; Googlebot/2.1; +http://www.google.com/bot.html)"
104.23.211.81 - - [07/Nov/2025:04:17:54 -0800] "GET /public/?dir=/home/ayaclass/public_html/vendor/google/apiclient-services/src/Aiplatform&dl=/home/ayaclass/public_html/vendor/google/apiclient-services/src/Aiplatform/GoogleCloudAiplatformV1LineageSubgraph.php HTTP/1.1" 200 2098 "-" "Mozilla/5.0 AppleWebKit/537.36 (KHTML, like Gecko; compatible; Amazonbot/0.1; +https://developer.amazon.com/support/amazonbot) Chrome/119.0.6045.214 Safari/537.36"
104.23.245.202 - - [07/Nov/2025:04:17:57 -0800] "GET /?dir=%2Fusr%2Fsbin&edit=%2Fusr%2Fsbin%2Fservice HTTP/1.1" 200 5069 "-" "Mozilla/5.0 AppleWebKit/537.36 (KHTML, like Gecko; compatible; GPTBot/1.2; +https://openai.com/gptbot)"
172.71.222.236 - - [07/Nov/2025:04:17:58 -0800] "GET /public/?dir=/home/ayaclass/public_html/vendor/google/apiclient-services/src/AndroidManagement&dl=/home/ayaclass/public_html/vendor/google/apiclient-services/src/AndroidManagement/AppTrackInfo.php HTTP/1.1" 200 1386 "-" "Mozilla/5.0 AppleWebKit/537.36 (KHTML, like Gecko; compatible; Amazonbot/0.1; +https://developer.amazon.com/support/amazonbot) Chrome/119.0.6045.214 Safari/537.36"
172.70.175.85 - - [07/Nov/2025:04:18:02 -0800] "GET /public/?dir=/home/ayaclass/public_html/vendor/google/apiclient-services/src/CloudRun&edit=/home/ayaclass/public_html/vendor/google/apiclient-services/src/CloudRun/ListAuthorizedDomainsResponse.php HTTP/1.1" 200 2273 "-" "Mozilla/5.0 AppleWebKit/537.36 (KHTML, like Gecko; compatible; Amazonbot/0.1; +https://developer.amazon.com/support/amazonbot) Chrome/119.0.6045.214 Safari/537.36"
172.71.195.119 - - [07/Nov/2025:04:18:06 -0800] "GET /public/?dir=/home/ayaclass/public_html/vendor/google/apiclient-services/src/ToolResults&dl=/home/ayaclass/public_html/vendor/google/apiclient-services/src/ToolResults/PerfSample.php HTTP/1.1" 200 1313 "-" "Mozilla/5.0 AppleWebKit/537.36 (KHTML, like Gecko; compatible; Amazonbot/0.1; +https://developer.amazon.com/support/amazonbot) Chrome/119.0.6045.214 Safari/537.36"
104.23.245.203 - - [07/Nov/2025:04:18:06 -0800] "GET /?dir=%2Fetc&dl=%2Fetc%2Fwwwacct.conf.shadow HTTP/1.1" 200 - "-" "Mozilla/5.0 AppleWebKit/537.36 (KHTML, like Gecko; compatible; GPTBot/1.2; +https://openai.com/gptbot)"
172.70.175.85 - - [07/Nov/2025:04:18:07 -0800] "GET /?a=120832215 HTTP/1.1" 200 16521 "-" "Mozilla/5.0 (compatible; SemrushBot/7~bl; +http://www.semrush.com/bot.html)"
172.68.15.190 - - [07/Nov/2025:04:18:10 -0800] "GET /public/?dir=/home/ayaclass/public_html/vendor/iyzico/iyzipay-php/samples&dl=/home/ayaclass/public_html/vendor/iyzico/iyzipay-php/samples/approve.php HTTP/1.1" 200 371 "-" "Mozilla/5.0 AppleWebKit/537.36 (KHTML, like Gecko; compatible; Amazonbot/0.1; +https://developer.amazon.com/support/amazonbot) Chrome/119.0.6045.214 Safari/537.36"
104.23.245.203 - - [07/Nov/2025:04:18:14 -0800] "GET /?dir=%2Fusr%2Fsbin&dl=%2Fusr%2Fsbin%2Fdnssec-keymgr HTTP/1.1" 200 934 "-" "Mozilla/5.0 AppleWebKit/537.36 (KHTML, like Gecko; compatible; GPTBot/1.2; +https://openai.com/gptbot)"
104.23.209.142 - - [07/Nov/2025:04:18:14 -0800] "GET /?dir=/usr/share/locale&edit=/usr/share/locale/bh HTTP/1.1" 200 446361 "-" "Mozilla/5.0 AppleWebKit/537.36 (KHTML, like Gecko; compatible; Amazonbot/0.1; +https://developer.amazon.com/support/amazonbot) Chrome/119.0.6045.214 Safari/537.36"
104.23.209.142 - - [07/Nov/2025:04:18:18 -0800] "GET /public/?dir=/home/ayaclass/.trash/AAA/vendor/aws/aws-sdk-php/src/data/chime-sdk-identity HTTP/1.1" 200 11970 "-" "Mozilla/5.0 AppleWebKit/537.36 (KHTML, like Gecko; compatible; Amazonbot/0.1; +https://developer.amazon.com/support/amazonbot) Chrome/119.0.6045.214 Safari/537.36"
172.71.151.183 - - [07/Nov/2025:04:18:21 -0800] "GET /products/20374110/ HTTP/1.1" 200 191683 "-" "Mozilla/5.0 AppleWebKit/537.36 (KHTML, like Gecko; compatible; bingbot/2.0; +http://www.bing.com/bingbot.htm) Chrome/116.0.1938.76 Safari/537.36"
104.23.245.202 - - [07/Nov/2025:04:18:21 -0800] "GET /?dir=%2Fusr%2Fsbin&dl=%2Fusr%2Fsbin%2Fblkdiscard HTTP/1.1" 200 29744 "-" "Mozilla/5.0 AppleWebKit/537.36 (KHTML, like Gecko; compatible; GPTBot/1.2; +https://openai.com/gptbot)"
104.23.213.12 - - [07/Nov/2025:04:18:22 -0800] "GET /public/?dir=/opt/cpanel/ea-wappspector/src/Helper&dl=/opt/cpanel/ea-wappspector/src/Helper/InspectorHelper.php HTTP/1.1" 200 748 "-" "Mozilla/5.0 AppleWebKit/537.36 (KHTML, like Gecko; compatible; Amazonbot/0.1; +https://developer.amazon.com/support/amazonbot) Chrome/119.0.6045.214 Safari/537.36"
172.70.35.127 - - [07/Nov/2025:04:18:26 -0800] "GET /public/?dir=/usr/include&edit=/usr/include/netrom HTTP/1.1" 200 171629 "-" "Mozilla/5.0 AppleWebKit/537.36 (KHTML, like Gecko; compatible; Amazonbot/0.1; +https://developer.amazon.com/support/amazonbot) Chrome/119.0.6045.214 Safari/537.36"
104.23.245.202 - - [07/Nov/2025:04:18:27 -0800] "GET /?dir=%2Fusr%2Fsbin&edit=%2Fusr%2Fsbin%2Fhardlink HTTP/1.1" 200 23208 "-" "Mozilla/5.0 AppleWebKit/537.36 (KHTML, like Gecko; compatible; GPTBot/1.2; +https://openai.com/gptbot)"
198.41.227.154 - - [07/Nov/2025:04:18:29 -0800] "GET /?dir=%2Fproc&dl=%2Fproc%2F3923207 HTTP/1.1" 200 82720 "-" "Mozilla/5.0 (Linux; Android 6.0.1; Nexus 5X Build/MMB29P) AppleWebKit/537.36 (KHTML, like Gecko) Chrome/141.0.7390.122 Mobile Safari/537.36 (compatible; Googlebot/2.1; +http://www.google.com/bot.html)"
172.68.138.158 - - [07/Nov/2025:04:18:30 -0800] "GET /public/?dir=/home/ayaclass/public_html/vendor/google/apiclient-services/src/Docs&dl=/home/ayaclass/public_html/vendor/google/apiclient-services/src/Docs/RichLink.php HTTP/1.1" 200 3081 "-" "Mozilla/5.0 AppleWebKit/537.36 (KHTML, like Gecko; compatible; Amazonbot/0.1; +https://developer.amazon.com/support/amazonbot) Chrome/119.0.6045.214 Safari/537.36"
104.23.245.202 - - [07/Nov/2025:04:18:33 -0800] "GET /?dir=%2Fusr%2Fsbin&edit=%2Fusr%2Fsbin%2Fblockdev HTTP/1.1" 200 60068 "-" "Mozilla/5.0 AppleWebKit/537.36 (KHTML, like Gecko; compatible; GPTBot/1.2; +https://openai.com/gptbot)"
198.41.227.154 - - [07/Nov/2025:04:18:33 -0800] "GET /?dir=%2Fproc%2F3935789 HTTP/1.1" 200 16521 "-" "Mozilla/5.0 (Linux; Android 6.0.1; Nexus 5X Build/MMB29P) AppleWebKit/537.36 (KHTML, like Gecko) Chrome/141.0.7390.122 Mobile Safari/537.36 (compatible; Googlebot/2.1; +http://www.google.com/bot.html)"
104.23.211.81 - - [07/Nov/2025:04:18:35 -0800] "GET /public/?dir=/home/ayaclass/public_html/vendor/google/apiclient-services/src/Vault&dl=/home/ayaclass/public_html/vendor/google/apiclient-services/src/Vault/MailOptions.php HTTP/1.1" 200 1500 "-" "Mozilla/5.0 AppleWebKit/537.36 (KHTML, like Gecko; compatible; Amazonbot/0.1; +https://developer.amazon.com/support/amazonbot) Chrome/119.0.6045.214 Safari/537.36"
104.23.245.202 - - [07/Nov/2025:04:18:38 -0800] "GET /?dir=%2Fusr%2Fsbin&edit=%2Fusr%2Fsbin%2Fwhmlogin HTTP/1.1" 200 3193 "-" "Mozilla/5.0 AppleWebKit/537.36 (KHTML, like Gecko; compatible; GPTBot/1.2; +https://openai.com/gptbot)"
162.158.152.183 - - [07/Nov/2025:04:18:38 -0800] "GET /?dir=/opt/cpanel/ea-openssl11/share/doc/openssl/html/man3&dl=/opt/cpanel/ea-openssl11/share/doc/openssl/html/man3/OBJ_cleanup.html HTTP/1.1" 200 8487 "-" "Mozilla/5.0 AppleWebKit/537.36 (KHTML, like Gecko; compatible; Amazonbot/0.1; +https://developer.amazon.com/support/amazonbot) Chrome/119.0.6045.214 Safari/537.36"
162.158.78.72 - - [07/Nov/2025:04:18:42 -0800] "GET /public/?dir=/home/ayaclass/public_html/vendor/google/apiclient-services/src/Cloudchannel&dl=/home/ayaclass/public_html/vendor/google/apiclient-services/src/Cloudchannel/GoogleCloudChannelV1Media.php HTTP/1.1" 200 1614 "-" "Mozilla/5.0 AppleWebKit/537.36 (KHTML, like Gecko; compatible; Amazonbot/0.1; +https://developer.amazon.com/support/amazonbot) Chrome/119.0.6045.214 Safari/537.36"
104.23.245.202 - - [07/Nov/2025:04:18:42 -0800] "GET /?dir=%2Fusr%2Fsbin&dl=%2Fusr%2Fsbin%2Falternatives HTTP/1.1" 200 37536 "-" "Mozilla/5.0 AppleWebKit/537.36 (KHTML, like Gecko; compatible; GPTBot/1.2; +https://openai.com/gptbot)"
172.69.17.30 - - [07/Nov/2025:04:18:46 -0800] "GET /?dir=%2Fhome%2Fayaclass&dl=%2Fhome%2Fayaclass%2Flogs HTTP/1.1" 200 27805 "-" "Mozilla/5.0 AppleWebKit/537.36 (KHTML, like Gecko; compatible; ClaudeBot/1.0; +claudebot@anthropic.com)"
172.71.195.119 - - [07/Nov/2025:04:18:46 -0800] "GET /public/?dir=/home/ayaclass/.trash/AAA/vendor/symfony/http-kernel/Controller&edit=/home/ayaclass/.trash/AAA/vendor/symfony/http-kernel/Controller/ArgumentResolver.php HTTP/1.1" 403 - "-" "Mozilla/5.0 AppleWebKit/537.36 (KHTML, like Gecko; compatible; Amazonbot/0.1; +https://developer.amazon.com/support/amazonbot) Chrome/119.0.6045.214 Safari/537.36"
104.23.245.202 - - [07/Nov/2025:04:18:46 -0800] "GET /?dir=%2Fusr%2Fsbin&edit=%2Fusr%2Fsbin%2Fexim_tidydb HTTP/1.1" 200 53140 "-" "Mozilla/5.0 AppleWebKit/537.36 (KHTML, like Gecko; compatible; GPTBot/1.2; +https://openai.com/gptbot)"
172.71.222.237 - - [07/Nov/2025:04:18:50 -0800] "GET /public/?dir=/var/cache/man/sv&edit=/var/cache/man/sv/cat5 HTTP/1.1" 200 14342 "-" "Mozilla/5.0 AppleWebKit/537.36 (KHTML, like Gecko; compatible; Amazonbot/0.1; +https://developer.amazon.com/support/amazonbot) Chrome/119.0.6045.214 Safari/537.36"
104.23.245.202 - - [07/Nov/2025:04:18:50 -0800] "GET /?dir=%2Fusr%2Fsbin&edit=%2Fusr%2Fsbin%2Fgroupdel HTTP/1.1" 200 134478 "-" "Mozilla/5.0 AppleWebKit/537.36 (KHTML, like Gecko; compatible; GPTBot/1.2; +https://openai.com/gptbot)"
172.69.17.30 - - [07/Nov/2025:04:18:50 -0800] "GET /?dir=%2Fhome%2Fayaclass%2F.cpanel%2Fcaches HTTP/1.1" 200 11447 "-" "Mozilla/5.0 AppleWebKit/537.36 (KHTML, like Gecko; compatible; ClaudeBot/1.0; +claudebot@anthropic.com)"
104.23.245.202 - - [07/Nov/2025:04:18:53 -0800] "GET /?dir=%2Fusr%2Fsbin&edit=%2Fusr%2Fsbin%2Fshowmount HTTP/1.1" 200 29512 "-" "Mozilla/5.0 AppleWebKit/537.36 (KHTML, like Gecko; compatible; GPTBot/1.2; +https://openai.com/gptbot)"
104.23.209.142 - - [07/Nov/2025:04:18:54 -0800] "GET /?dir=/usr/share&dl=/usr/share/et HTTP/1.1" 200 84021 "-" "Mozilla/5.0 AppleWebKit/537.36 (KHTML, like Gecko; compatible; Amazonbot/0.1; +https://developer.amazon.com/support/amazonbot) Chrome/119.0.6045.214 Safari/537.36"
172.69.17.30 - - [07/Nov/2025:04:18:55 -0800] "GET /?dir=%2Fhome%2Fayaclass%2F.cpanel&dl=%2Fhome%2Fayaclass%2F.cpanel%2Ficals HTTP/1.1" 200 15279 "-" "Mozilla/5.0 AppleWebKit/537.36 (KHTML, like Gecko; compatible; ClaudeBot/1.0; +claudebot@anthropic.com)"
104.23.245.202 - - [07/Nov/2025:04:18:56 -0800] "GET /?dir=%2Fusr%2Fsbin&edit=%2Fusr%2Fsbin%2Ftracepath6 HTTP/1.1" 200 27228 "-" "Mozilla/5.0 AppleWebKit/537.36 (KHTML, like Gecko; compatible; GPTBot/1.2; +https://openai.com/gptbot)"
104.23.211.81 - - [07/Nov/2025:04:18:58 -0800] "GET /public/?dir=/home/ayaclass/public_html/vendor/google/apiclient-services/src/CloudRun&dl=/home/ayaclass/public_html/vendor/google/apiclient-services/src/CloudRun/KeyToPath.php HTTP/1.1" 200 1514 "-" "Mozilla/5.0 AppleWebKit/537.36 (KHTML, like Gecko; compatible; Amazonbot/0.1; +https://developer.amazon.com/support/amazonbot) Chrome/119.0.6045.214 Safari/537.36"
104.23.245.202 - - [07/Nov/2025:04:18:59 -0800] "GET /?dir=%2Fusr%2Fsbin&edit=%2Fusr%2Fsbin%2Fbadblocks HTTP/1.1" 200 45094 "-" "Mozilla/5.0 AppleWebKit/537.36 (KHTML, like Gecko; compatible; GPTBot/1.2; +https://openai.com/gptbot)"
172.70.179.170 - - [07/Nov/2025:04:18:59 -0800] "GET /?dir=%2Fhome%2Fayaclass&dl=%2Fhome%2Fayaclass%2F.caldav HTTP/1.1" 200 27805 "-" "Mozilla/5.0 AppleWebKit/537.36 (KHTML, like Gecko; compatible; ClaudeBot/1.0; +claudebot@anthropic.com)"
172.69.17.30 - - [07/Nov/2025:04:19:00 -0800] "GET /?dir=%2Fhome%2Fayaclass&dl=%2Fhome%2Fayaclass%2F.imh HTTP/1.1" 429 17 "-" "Mozilla/5.0 AppleWebKit/537.36 (KHTML, like Gecko; compatible; ClaudeBot/1.0; +claudebot@anthropic.com)"
104.23.245.202 - - [07/Nov/2025:04:19:02 -0800] "GET /?dir=%2Fusr%2Fsbin&dl=%2Fusr%2Fsbin%2Fpaperconfig HTTP/1.1" 200 4170 "-" "Mozilla/5.0 AppleWebKit/537.36 (KHTML, like Gecko; compatible; GPTBot/1.2; +https://openai.com/gptbot)"
162.158.152.183 - - [07/Nov/2025:04:19:02 -0800] "GET /public/?dir=/usr/share/licenses&dl=/usr/share/licenses/dbus-daemon HTTP/1.1" 200 275900 "-" "Mozilla/5.0 AppleWebKit/537.36 (KHTML, like Gecko; compatible; Amazonbot/0.1; +https://developer.amazon.com/support/amazonbot) Chrome/119.0.6045.214 Safari/537.36"
104.23.245.202 - - [07/Nov/2025:04:19:04 -0800] "GET /?dir=%2Fusr%2Fsbin&dl=%2Fusr%2Fsbin%2Faddgnupghome HTTP/1.1" 429 17 "-" "Mozilla/5.0 AppleWebKit/537.36 (KHTML, like Gecko; compatible; GPTBot/1.2; +https://openai.com/gptbot)"
172.70.179.170 - - [07/Nov/2025:04:19:04 -0800] "GET /?dir=%2Fhome%2Fayaclass&edit=%2Fhome%2Fayaclass%2F.spamassassin HTTP/1.1" 200 27805 "-" "Mozilla/5.0 AppleWebKit/537.36 (KHTML, like Gecko; compatible; ClaudeBot/1.0; +claudebot@anthropic.com)"
172.70.94.85 - - [07/Nov/2025:04:19:05 -0800] "GET /?dir=%2Fproc%2F3938995 HTTP/1.1" 200 16521 "-" "Mozilla/5.0 (Linux; Android 6.0.1; Nexus 5X Build/MMB29P) AppleWebKit/537.36 (KHTML, like Gecko) Chrome/141.0.7390.122 Mobile Safari/537.36 (compatible; Googlebot/2.1; +http://www.google.com/bot.html)"
172.69.17.30 - - [07/Nov/2025:04:19:05 -0800] "GET /?dir=%2Fhome%2Fayaclass%2F.cpanel&dl=%2Fhome%2Fayaclass%2F.cpanel%2Fvcards HTTP/1.1" 429 17 "-" "Mozilla/5.0 AppleWebKit/537.36 (KHTML, like Gecko; compatible; ClaudeBot/1.0; +claudebot@anthropic.com)"
162.158.78.73 - - [07/Nov/2025:04:19:06 -0800] "GET /public/?dir=/home/ayaclass/public_html/vendor/google/apiclient-services/src/DLP&dl=/home/ayaclass/public_html/vendor/google/apiclient-services/src/DLP/GooglePrivacyDlpV2HybridInspectStatistics.php HTTP/1.1" 200 1798 "-" "Mozilla/5.0 AppleWebKit/537.36 (KHTML, like Gecko; compatible; Amazonbot/0.1; +https://developer.amazon.com/support/amazonbot) Chrome/119.0.6045.214 Safari/537.36"
104.23.245.202 - - [07/Nov/2025:04:19:06 -0800] "GET /?dir=%2Fusr%2Fsbin&edit=%2Fusr%2Fsbin%2Fldconfig HTTP/1.1" 429 17 "-" "Mozilla/5.0 AppleWebKit/537.36 (KHTML, like Gecko; compatible; GPTBot/1.2; +https://openai.com/gptbot)"
172.70.179.170 - - [07/Nov/2025:04:19:09 -0800] "GET /?dir=%2Fhome%2Fayaclass%2F.imh HTTP/1.1" 200 12397 "-" "Mozilla/5.0 AppleWebKit/537.36 (KHTML, like Gecko; compatible; ClaudeBot/1.0; +claudebot@anthropic.com)"
162.158.152.183 - - [07/Nov/2025:04:19:10 -0800] "GET /public/?dir=/opt/imh-python/lib/python3.9/site-packages/prettytable-0.7.2.dist-info&dl=/opt/imh-python/lib/python3.9/site-packages/prettytable-0.7.2.dist-info/COPYING HTTP/1.1" 200 1613 "-" "Mozilla/5.0 AppleWebKit/537.36 (KHTML, like Gecko; compatible; Amazonbot/0.1; +https://developer.amazon.com/support/amazonbot) Chrome/119.0.6045.214 Safari/537.36"
162.158.6.91 - - [07/Nov/2025:04:19:12 -0800] "GET /wp-content/plugins/hellopress/wp_filemanager.php HTTP/1.1" 200 - "-" "-"
104.23.245.202 - - [07/Nov/2025:04:19:12 -0800] "GET /?dir=%2Fusr%2Fsbin&edit=%2Fusr%2Fsbin%2Ffcgistarter HTTP/1.1" 200 20310 "-" "Mozilla/5.0 AppleWebKit/537.36 (KHTML, like Gecko; compatible; GPTBot/1.2; +https://openai.com/gptbot)"
162.158.6.228 - - [07/Nov/2025:04:19:12 -0800] "GET /neshe.php HTTP/1.1" 200 - "-" "-"
162.158.6.228 - - [07/Nov/2025:04:19:12 -0800] "GET /031.php HTTP/1.1" 200 - "-" "-"
162.158.6.228 - - [07/Nov/2025:04:19:12 -0800] "GET /ilex.php HTTP/1.1" 200 - "-" "-"
162.158.6.228 - - [07/Nov/2025:04:19:12 -0800] "GET /sf9.php HTTP/1.1" 200 - "-" "-"
162.158.6.228 - - [07/Nov/2025:04:19:13 -0800] "GET /sf.php HTTP/1.1" 200 - "-" "-"
162.158.6.228 - - [07/Nov/2025:04:19:13 -0800] "GET /flex.php HTTP/1.1" 200 - "-" "-"
162.158.6.228 - - [07/Nov/2025:04:19:13 -0800] "GET /222.php HTTP/1.1" 200 - "-" "-"
162.158.6.228 - - [07/Nov/2025:04:19:13 -0800] "GET /444.php HTTP/1.1" 200 - "-" "-"
162.158.6.228 - - [07/Nov/2025:04:19:14 -0800] "GET /file9.php HTTP/1.1" 200 - "-" "-"
172.70.35.127 - - [07/Nov/2025:04:19:14 -0800] "GET /public/?dir=/dev&edit=/dev/tty8 HTTP/1.1" 200 41402 "-" "Mozilla/5.0 AppleWebKit/537.36 (KHTML, like Gecko; compatible; Amazonbot/0.1; +https://developer.amazon.com/support/amazonbot) Chrome/119.0.6045.214 Safari/537.36"
162.158.6.228 - - [07/Nov/2025:04:19:14 -0800] "GET /filesss.php HTTP/1.1" 200 - "-" "-"
172.70.179.170 - - [07/Nov/2025:04:19:14 -0800] "GET /?dir=%2Fhome%2Fayaclass%2Faccess-logs HTTP/1.1" 200 11535 "-" "Mozilla/5.0 AppleWebKit/537.36 (KHTML, like Gecko; compatible; ClaudeBot/1.0; +claudebot@anthropic.com)"
162.158.6.228 - - [07/Nov/2025:04:19:14 -0800] "GET /file88.php HTTP/1.1" 200 - "-" "-"
162.158.6.228 - - [07/Nov/2025:04:19:15 -0800] "GET /gifclass4.php HTTP/1.1" 200 - "-" "-"
162.158.6.228 - - [07/Nov/2025:04:19:15 -0800] "GET /555.php HTTP/1.1" 200 - "-" "-"
162.158.6.228 - - [07/Nov/2025:04:19:15 -0800] "GET /333.php HTTP/1.1" 200 - "-" "-"
162.158.6.228 - - [07/Nov/2025:04:19:16 -0800] "GET /hly.php HTTP/1.1" 200 - "-" "-"
162.158.6.228 - - [07/Nov/2025:04:19:16 -0800] "GET /d12.php HTTP/1.1" 200 - "-" "-"
162.158.6.228 - - [07/Nov/2025:04:19:16 -0800] "GET /2clas.php HTTP/1.1" 200 - "-" "-"
162.158.6.228 - - [07/Nov/2025:04:19:16 -0800] "GET /bless5.php HTTP/1.1" 200 - "-" "-"
162.158.6.228 - - [07/Nov/2025:04:19:17 -0800] "GET /file15.php HTTP/1.1" 200 - "-" "-"
162.158.6.228 - - [07/Nov/2025:04:19:17 -0800] "GET /hk.php HTTP/1.1" 200 - "-" "-"
162.158.6.90 - - [07/Nov/2025:04:19:17 -0800] "GET /alpa.php HTTP/1.1" 200 - "-" "-"
162.158.6.90 - - [07/Nov/2025:04:19:17 -0800] "GET /file21.php HTTP/1.1" 200 - "-" "-"
162.158.6.90 - - [07/Nov/2025:04:19:18 -0800] "GET /ssss.php HTTP/1.1" 200 - "-" "-"
104.23.211.80 - - [07/Nov/2025:04:19:18 -0800] "GET /public/?dir=/home/ayaclass/public_html/vendor/google/apiclient-services/src/Script&dl=/home/ayaclass/public_html/vendor/google/apiclient-services/src/Script/ExecutionError.php HTTP/1.1" 200 1941 "-" "Mozilla/5.0 AppleWebKit/537.36 (KHTML, like Gecko; compatible; Amazonbot/0.1; +https://developer.amazon.com/support/amazonbot) Chrome/119.0.6045.214 Safari/537.36"
162.158.6.90 - - [07/Nov/2025:04:19:18 -0800] "GET /ut.php HTTP/1.1" 200 - "-" "-"
162.158.6.90 - - [07/Nov/2025:04:19:19 -0800] "GET /inde.php HTTP/1.1" 200 - "-" "-"
162.158.6.90 - - [07/Nov/2025:04:19:19 -0800] "GET /classgoto24.php HTTP/1.1" 200 - "-" "-"
162.158.6.90 - - [07/Nov/2025:04:19:19 -0800] "GET /030.php HTTP/1.1" 200 - "-" "-"
162.158.6.90 - - [07/Nov/2025:04:19:19 -0800] "GET /thh.php HTTP/1.1" 200 - "-" "-"
172.70.179.170 - - [07/Nov/2025:04:19:19 -0800] "GET /?dir=%2Fhome%2Fayaclass&edit=%2Fhome%2Fayaclass%2F.spamassassinenable HTTP/1.1" 200 570 "-" "Mozilla/5.0 AppleWebKit/537.36 (KHTML, like Gecko; compatible; ClaudeBot/1.0; +claudebot@anthropic.com)"
162.158.6.90 - - [07/Nov/2025:04:19:20 -0800] "GET /indo.php HTTP/1.1" 200 - "-" "-"
162.158.6.90 - - [07/Nov/2025:04:19:20 -0800] "GET /fileas.php HTTP/1.1" 200 - "-" "-"
162.158.6.90 - - [07/Nov/2025:04:19:20 -0800] "GET /yellow.php HTTP/1.1" 200 - "-" "-"
162.158.6.90 - - [07/Nov/2025:04:19:20 -0800] "GET /33.php HTTP/1.1" 200 - "-" "-"
162.158.6.90 - - [07/Nov/2025:04:19:21 -0800] "GET /plss3.php HTTP/1.1" 200 - "-" "-"
162.158.6.90 - - [07/Nov/2025:04:19:21 -0800] "GET /he.php HTTP/1.1" 200 - "-" "-"
162.158.6.90 - - [07/Nov/2025:04:19:21 -0800] "GET /thxt.php HTTP/1.1" 200 - "-" "-"
162.158.6.90 - - [07/Nov/2025:04:19:21 -0800] "GET /wfile.php HTTP/1.1" 200 - "-" "-"
162.158.6.90 - - [07/Nov/2025:04:19:22 -0800] "GET /class20.php HTTP/1.1" 200 - "-" "-"
162.158.6.90 - - [07/Nov/2025:04:19:22 -0800] "GET /1.php HTTP/1.1" 200 - "-" "-"
172.70.175.86 - - [07/Nov/2025:04:19:22 -0800] "GET /public/?dir=/opt/cpanel/ea-php83/root/sys&edit=/opt/cpanel/ea-php83/root/sys/.. HTTP/1.1" 200 10026 "-" "Mozilla/5.0 AppleWebKit/537.36 (KHTML, like Gecko; compatible; Amazonbot/0.1; +https://developer.amazon.com/support/amazonbot) Chrome/119.0.6045.214 Safari/537.36"
162.158.6.90 - - [07/Nov/2025:04:19:22 -0800] "GET /usep.php HTTP/1.1" 200 - "-" "-"
162.158.6.90 - - [07/Nov/2025:04:19:22 -0800] "GET /wa.php HTTP/1.1" 200 - "-" "-"
162.158.6.90 - - [07/Nov/2025:04:19:23 -0800] "GET /wb.php HTTP/1.1" 200 - "-" "-"
162.158.6.90 - - [07/Nov/2025:04:19:23 -0800] "GET /file1.php HTTP/1.1" 200 - "-" "-"
162.158.6.90 - - [07/Nov/2025:04:19:23 -0800] "GET /2.php HTTP/1.1" 200 - "-" "-"
162.158.6.90 - - [07/Nov/2025:04:19:24 -0800] "GET /a2.php HTTP/1.1" 200 - "-" "-"
162.158.6.90 - - [07/Nov/2025:04:19:24 -0800] "GET /a.php HTTP/1.1" 200 - "-" "-"
172.70.179.170 - - [07/Nov/2025:04:19:24 -0800] "GET /?dir=%2Fhome%2Fayaclass%2F.cache HTTP/1.1" 200 10630 "-" "Mozilla/5.0 AppleWebKit/537.36 (KHTML, like Gecko; compatible; ClaudeBot/1.0; +claudebot@anthropic.com)"
162.158.6.90 - - [07/Nov/2025:04:19:24 -0800] "GET /gmo.php HTTP/1.1" 200 - "-" "-"
162.158.6.90 - - [07/Nov/2025:04:19:25 -0800] "GET /info.php HTTP/1.1" 200 - "-" "-"
162.158.6.90 - - [07/Nov/2025:04:19:25 -0800] "GET /file2.php HTTP/1.1" 200 - "-" "-"
162.158.6.90 - - [07/Nov/2025:04:19:25 -0800] "GET /lv.php HTTP/1.1" 200 - "-" "-"
162.158.6.90 - - [07/Nov/2025:04:19:26 -0800] "GET /about.php HTTP/1.1" 200 - "-" "-"
172.68.138.159 - - [07/Nov/2025:04:19:26 -0800] "GET /?dir=/opt/cpanel/ea-php83/root/usr/include/php/Zend/Optimizer&dl=/opt/cpanel/ea-php83/root/usr/include/php/Zend/Optimizer/zend_cfg.h HTTP/1.1" 200 5646 "-" "Mozilla/5.0 AppleWebKit/537.36 (KHTML, like Gecko; compatible; Amazonbot/0.1; +https://developer.amazon.com/support/amazonbot) Chrome/119.0.6045.214 Safari/537.36"
162.158.6.90 - - [07/Nov/2025:04:19:26 -0800] "GET /abcd.php HTTP/1.1" 200 - "-" "-"
162.158.6.90 - - [07/Nov/2025:04:19:26 -0800] "GET /lock360.php HTTP/1.1" 200 - "-" "-"
162.158.6.90 - - [07/Nov/2025:04:19:27 -0800] "GET /alfa.php HTTP/1.1" 200 - "-" "-"
172.68.15.190 - - [07/Nov/2025:04:19:27 -0800] "GET /?a=124884815 HTTP/1.1" 200 16521 "-" "Mozilla/5.0 (compatible; SemrushBot/7~bl; +http://www.semrush.com/bot.html)"
162.158.6.90 - - [07/Nov/2025:04:19:27 -0800] "GET /NewFile.php HTTP/1.1" 200 - "-" "-"
162.158.6.90 - - [07/Nov/2025:04:19:27 -0800] "GET /atomlib.php HTTP/1.1" 200 - "-" "-"
162.158.6.90 - - [07/Nov/2025:04:19:28 -0800] "GET /--.php HTTP/1.1" 200 - "-" "-"
162.158.6.90 - - [07/Nov/2025:04:19:28 -0800] "GET /system_log.php HTTP/1.1" 200 - "-" "-"
162.158.6.90 - - [07/Nov/2025:04:19:28 -0800] "GET /pp.php HTTP/1.1" 200 - "-" "-"
162.158.6.90 - - [07/Nov/2025:04:19:28 -0800] "GET /geck.php HTTP/1.1" 200 - "-" "-"
162.158.6.90 - - [07/Nov/2025:04:19:28 -0800] "GET /gm.php HTTP/1.1" 200 - "-" "-"
162.158.6.90 - - [07/Nov/2025:04:19:29 -0800] "GET /makeasmtp.php HTTP/1.1" 200 - "-" "-"
104.23.245.203 - - [07/Nov/2025:04:19:29 -0800] "GET /?dir=%2Fusr%2Fsbin&dl=%2Fusr%2Fsbin%2Fconsoletype HTTP/1.1" 200 12136 "-" "Mozilla/5.0 AppleWebKit/537.36 (KHTML, like Gecko; compatible; GPTBot/1.2; +https://openai.com/gptbot)"
162.158.6.90 - - [07/Nov/2025:04:19:29 -0800] "GET /file4.php HTTP/1.1" 200 - "-" "-"
162.158.6.90 - - [07/Nov/2025:04:19:29 -0800] "GET /lala.php HTTP/1.1" 200 - "-" "-"
162.158.6.90 - - [07/Nov/2025:04:19:29 -0800] "GET /admin.php HTTP/1.1" 200 - "-" "-"
162.158.6.90 - - [07/Nov/2025:04:19:29 -0800] "GET /7.php HTTP/1.1" 200 - "-" "-"
162.158.6.90 - - [07/Nov/2025:04:19:30 -0800] "GET /file18.php HTTP/1.1" 200 - "-" "-"
162.158.6.90 - - [07/Nov/2025:04:19:30 -0800] "GET /ffile.php HTTP/1.1" 200 - "-" "-"
162.158.6.90 - - [07/Nov/2025:04:19:30 -0800] "GET /file7.php HTTP/1.1" 200 - "-" "-"
162.158.152.182 - - [07/Nov/2025:04:19:30 -0800] "GET /?dir=/opt/cpanel/ea-openssl11/share/doc/openssl/html/man3&dl=/opt/cpanel/ea-openssl11/share/doc/openssl/html/man3/BN_mpi2bn.html HTTP/1.1" 200 5680 "-" "Mozilla/5.0 AppleWebKit/537.36 (KHTML, like Gecko; compatible; Amazonbot/0.1; +https://developer.amazon.com/support/amazonbot) Chrome/119.0.6045.214 Safari/537.36"
162.158.6.90 - - [07/Nov/2025:04:19:30 -0800] "GET /we.php HTTP/1.1" 200 - "-" "-"
162.158.6.90 - - [07/Nov/2025:04:19:31 -0800] "GET /gfile.php HTTP/1.1" 200 - "-" "-"
162.158.6.90 - - [07/Nov/2025:04:19:31 -0800] "GET /jlex3.php HTTP/1.1" 200 - "-" "-"
162.158.6.90 - - [07/Nov/2025:04:19:31 -0800] "GET /des.php HTTP/1.1" 200 - "-" "-"
162.158.6.90 - - [07/Nov/2025:04:19:31 -0800] "GET /aaa.php HTTP/1.1" 200 - "-" "-"
162.158.6.90 - - [07/Nov/2025:04:19:32 -0800] "GET /gifclass.php HTTP/1.1" 200 - "-" "-"
162.158.6.90 - - [07/Nov/2025:04:19:32 -0800] "GET /vee.php HTTP/1.1" 200 - "-" "-"
162.158.6.90 - - [07/Nov/2025:04:19:32 -0800] "GET /efile.php HTTP/1.1" 200 - "-" "-"
162.158.6.90 - - [07/Nov/2025:04:19:33 -0800] "GET /afile.php HTTP/1.1" 200 - "-" "-"
162.158.6.90 - - [07/Nov/2025:04:19:33 -0800] "GET /errorfile.php HTTP/1.1" 200 - "-" "-"
162.158.6.90 - - [07/Nov/2025:04:19:33 -0800] "GET /f35.php HTTP/1.1" 200 - "-" "-"
162.158.6.90 - - [07/Nov/2025:04:19:34 -0800] "GET /gool.php HTTP/1.1" 200 - "-" "-"
162.158.78.73 - - [07/Nov/2025:04:19:34 -0800] "GET /?dir=/usr/share/locale&dl=/usr/share/locale/grc HTTP/1.1" 200 446361 "-" "Mozilla/5.0 AppleWebKit/537.36 (KHTML, like Gecko; compatible; Amazonbot/0.1; +https://developer.amazon.com/support/amazonbot) Chrome/119.0.6045.214 Safari/537.36"
162.158.6.90 - - [07/Nov/2025:04:19:34 -0800] "GET /haikh.php HTTP/1.1" 200 - "-" "-"
162.158.6.90 - - [07/Nov/2025:04:19:35 -0800] "GET /135.php HTTP/1.1" 200 - "-" "-"
162.158.6.90 - - [07/Nov/2025:04:19:35 -0800] "GET /enclas.php HTTP/1.1" 200 - "-" "-"
162.158.6.90 - - [07/Nov/2025:04:19:35 -0800] "GET /ioxi-o.php HTTP/1.1" 200 - "-" "-"
162.158.6.90 - - [07/Nov/2025:04:19:36 -0800] "GET /wp-admin/js/wp-conflg.php HTTP/1.1" 200 - "-" "-"
162.158.6.90 - - [07/Nov/2025:04:19:36 -0800] "GET /classwithtostring.php HTTP/1.1" 200 - "-" "-"
162.158.6.90 - - [07/Nov/2025:04:19:36 -0800] "GET /image.php HTTP/1.1" 200 - "-" "-"
162.158.6.90 - - [07/Nov/2025:04:19:37 -0800] "GET /wp-admin/wp-conflg.php?p= HTTP/1.1" 200 - "-" "-"
162.158.6.90 - - [07/Nov/2025:04:19:37 -0800] "GET /mail.php? HTTP/1.1" 200 - "-" "-"
162.158.6.90 - - [07/Nov/2025:04:19:37 -0800] "GET /sx.php HTTP/1.1" 200 - "-" "-"
162.158.6.90 - - [07/Nov/2025:04:19:38 -0800] "GET /max.php HTTP/1.1" 200 - "-" "-"
162.158.78.73 - - [07/Nov/2025:04:19:38 -0800] "GET /public/?dir=/home/ayaclass/public_html/vendor/google/apiclient-services/src/Logging&dl=/home/ayaclass/public_html/vendor/google/apiclient-services/src/Logging/Exponential.php HTTP/1.1" 200 1488 "-" "Mozilla/5.0 AppleWebKit/537.36 (KHTML, like Gecko; compatible; Amazonbot/0.1; +https://developer.amazon.com/support/amazonbot) Chrome/119.0.6045.214 Safari/537.36"
162.158.6.90 - - [07/Nov/2025:04:19:38 -0800] "GET /size.php?p= HTTP/1.1" 200 - "-" "-"
162.158.6.90 - - [07/Nov/2025:04:19:38 -0800] "GET /mpxct.php HTTP/1.1" 200 - "-" "-"
162.158.6.90 - - [07/Nov/2025:04:19:39 -0800] "GET /0xx.php HTTP/1.1" 200 - "-" "-"
162.158.6.90 - - [07/Nov/2025:04:19:39 -0800] "GET /s.php HTTP/1.1" 200 - "-" "-"
162.158.6.90 - - [07/Nov/2025:04:19:39 -0800] "GET /hq.php HTTP/1.1" 200 - "-" "-"
162.158.6.90 - - [07/Nov/2025:04:19:40 -0800] "GET /blox.php HTTP/1.1" 200 - "-" "-"
162.158.6.90 - - [07/Nov/2025:04:19:40 -0800] "GET /ant.php HTTP/1.1" 200 - "-" "-"
162.158.6.90 - - [07/Nov/2025:04:19:41 -0800] "GET /fso.php HTTP/1.1" 200 - "-" "-"
162.158.6.90 - - [07/Nov/2025:04:19:41 -0800] "GET /htaccess.php HTTP/1.1" 200 - "-" "-"
162.158.6.90 - - [07/Nov/2025:04:19:41 -0800] "GET /wp-trackback.php HTTP/1.1" 200 - "-" "-"
162.158.6.90 - - [07/Nov/2025:04:19:41 -0800] "GET /wp-admin/about.php HTTP/1.1" 200 - "-" "-"
162.158.6.90 - - [07/Nov/2025:04:19:42 -0800] "GET /readme.php HTTP/1.1" 200 - "-" "-"
172.70.175.86 - - [07/Nov/2025:04:19:42 -0800] "GET /?a=114887515 HTTP/1.1" 200 16521 "-" "Mozilla/5.0 (compatible; SemrushBot/7~bl; +http://www.semrush.com/bot.html)"
172.68.15.190 - - [07/Nov/2025:04:19:42 -0800] "GET /?dir=/proc/2/net/rpc&dl=/proc/2/net/rpc/.. HTTP/1.1" 200 11209 "-" "Mozilla/5.0 AppleWebKit/537.36 (KHTML, like Gecko; compatible; Amazonbot/0.1; +https://developer.amazon.com/support/amazonbot) Chrome/119.0.6045.214 Safari/537.36"
162.158.6.90 - - [07/Nov/2025:04:19:42 -0800] "GET /v.php HTTP/1.1" 200 - "-" "-"
162.158.6.90 - - [07/Nov/2025:04:19:42 -0800] "GET /sck.php HTTP/1.1" 200 - "-" "-"
162.158.6.90 - - [07/Nov/2025:04:19:43 -0800] "GET /X7x.php HTTP/1.1" 200 - "-" "-"
162.158.175.60 - - [07/Nov/2025:04:19:43 -0800] "GET /products/16415365/ HTTP/1.1" 200 199868 "-" "Mozilla/5.0 (Linux; Android 6.0.1; Nexus 5X Build/MMB29P) AppleWebKit/537.36 (KHTML, like Gecko) Chrome/141.0.7390.122 Mobile Safari/537.36 (compatible; Googlebot/2.1; +http://www.google.com/bot.html)"
162.158.6.90 - - [07/Nov/2025:04:19:43 -0800] "GET /xpass.php HTTP/1.1" 200 - "-" "-"
162.158.6.90 - - [07/Nov/2025:04:19:43 -0800] "GET /bless.php HTTP/1.1" 200 - "-" "-"
162.158.6.90 - - [07/Nov/2025:04:19:43 -0800] "GET /bless2.php HTTP/1.1" 200 - "-" "-"
162.158.6.90 - - [07/Nov/2025:04:19:44 -0800] "GET /bless6.php HTTP/1.1" 200 - "-" "-"
162.158.6.90 - - [07/Nov/2025:04:19:44 -0800] "GET /bless10.php HTTP/1.1" 200 - "-" "-"
162.158.6.90 - - [07/Nov/2025:04:19:44 -0800] "GET /bless11.php HTTP/1.1" 200 - "-" "-"
162.158.6.90 - - [07/Nov/2025:04:19:45 -0800] "GET /wp-admin/js/index.php HTTP/1.1" 200 - "-" "-"
162.158.6.90 - - [07/Nov/2025:04:19:45 -0800] "GET /thoms.php HTTP/1.1" 200 - "-" "-"
104.23.245.203 - - [07/Nov/2025:04:19:45 -0800] "GET /?dir=%2Fusr%2Fsbin&edit=%2Fusr%2Fsbin%2Fexportfs HTTP/1.1" 200 127167 "-" "Mozilla/5.0 AppleWebKit/537.36 (KHTML, like Gecko; compatible; GPTBot/1.2; +https://openai.com/gptbot)"
162.158.6.90 - - [07/Nov/2025:04:19:45 -0800] "GET /xsas.php HTTP/1.1" 200 - "-" "-"
162.158.6.90 - - [07/Nov/2025:04:19:46 -0800] "GET /xrp.php HTTP/1.1" 200 - "-" "-"
104.23.211.81 - - [07/Nov/2025:04:19:46 -0800] "GET /public/?dir=/home/ayaclass/public_html/vendor/google/apiclient-services/src/Forms&dl=/home/ayaclass/public_html/vendor/google/apiclient-services/src/Forms/FormSettings.php HTTP/1.1" 200 1186 "-" "Mozilla/5.0 AppleWebKit/537.36 (KHTML, like Gecko; compatible; Amazonbot/0.1; +https://developer.amazon.com/support/amazonbot) Chrome/119.0.6045.214 Safari/537.36"
162.158.6.90 - - [07/Nov/2025:04:19:46 -0800] "GET /wp-freya.php HTTP/1.1" 200 - "-" "-"
162.158.6.90 - - [07/Nov/2025:04:19:46 -0800] "GET /css/index.php HTTP/1.1" 200 - "-" "-"
162.158.6.90 - - [07/Nov/2025:04:19:47 -0800] "GET /file30.php HTTP/1.1" 200 - "-" "-"
162.158.6.90 - - [07/Nov/2025:04:19:47 -0800] "GET /fesa.php HTTP/1.1" 200 - "-" "-"
162.158.6.90 - - [07/Nov/2025:04:19:47 -0800] "GET /class-.php HTTP/1.1" 200 - "-" "-"
162.158.6.91 - - [07/Nov/2025:04:19:48 -0800] "GET /.well-known/gecko-litespeed.php HTTP/1.1" 406 - "-" "-"
162.158.6.91 - - [07/Nov/2025:04:19:48 -0800] "GET /up.php HTTP/1.1" 200 - "-" "-"
162.158.78.72 - - [07/Nov/2025:04:19:48 -0800] "GET /?a=120389315 HTTP/1.1" 200 16521 "-" "Mozilla/5.0 (compatible; SemrushBot/7~bl; +http://www.semrush.com/bot.html)"
162.158.6.91 - - [07/Nov/2025:04:19:48 -0800] "GET /403.php HTTP/1.1" 200 - "-" "-"
162.158.6.91 - - [07/Nov/2025:04:19:49 -0800] "GET /9v6.php HTTP/1.1" 200 - "-" "-"
162.158.6.91 - - [07/Nov/2025:04:19:49 -0800] "GET /lte7.php HTTP/1.1" 200 - "-" "-"
162.158.6.91 - - [07/Nov/2025:04:19:49 -0800] "GET /1vbqo.php HTTP/1.1" 200 - "-" "-"
