198.41.227.154 - - [07/Nov/2025:07:03:09 -0800] "GET /?dir=%2Fproc%2F3878732&dl=%2Fproc%2F3878732%2Fmountinfo HTTP/1.1" 200 16521 "-" "Mozilla/5.0 (Linux; Android 6.0.1; Nexus 5X Build/MMB29P) AppleWebKit/537.36 (KHTML, like Gecko) Chrome/141.0.7390.122 Mobile Safari/537.36 (compatible; Googlebot/2.1; +http://www.google.com/bot.html)"
172.68.245.209 - - [07/Nov/2025:07:03:10 -0800] "GET /public/?dir=/home/ayaclass/.trash/AAA/vendor/aws/aws-sdk-php/src/Appflow/Exception/.. HTTP/1.1" 429 17 "-" "Mozilla/5.0 AppleWebKit/537.36 (KHTML, like Gecko; compatible; Amazonbot/0.1; +https://developer.amazon.com/support/amazonbot) Chrome/119.0.6045.214 Safari/537.36"
104.23.245.203 - - [07/Nov/2025:07:03:12 -0800] "GET /?dir=%2Fproc%2F150%2Fattr&edit=%2Fproc%2F150%2Fattr%2Ffscreate HTTP/1.1" 200 561 "-" "Mozilla/5.0 AppleWebKit/537.36 (KHTML, like Gecko; compatible; GPTBot/1.2; +https://openai.com/gptbot)"
104.23.211.80 - - [07/Nov/2025:07:03:12 -0800] "GET /?a=121755315 HTTP/1.1" 200 16521 "-" "Mozilla/5.0 (compatible; SemrushBot/7~bl; +http://www.semrush.com/bot.html)"
198.41.227.155 - - [07/Nov/2025:07:03:15 -0800] "GET /products/18707021/ HTTP/1.1" 200 208335 "-" "Mozilla/5.0 (Linux; Android 6.0.1; Nexus 5X Build/MMB29P) AppleWebKit/537.36 (KHTML, like Gecko) Chrome/141.0.7390.122 Mobile Safari/537.36 (compatible; Googlebot/2.1; +http://www.google.com/bot.html)"
172.70.35.127 - - [07/Nov/2025:07:03:16 -0800] "GET /?dir=/opt/cpanel/ea-openssl11/share/doc/openssl/html/man3&dl=/opt/cpanel/ea-openssl11/share/doc/openssl/html/man3/CMS_SignerInfo_cert_cmp.html HTTP/1.1" 200 4400 "-" "Mozilla/5.0 AppleWebKit/537.36 (KHTML, like Gecko; compatible; Amazonbot/0.1; +https://developer.amazon.com/support/amazonbot) Chrome/119.0.6045.214 Safari/537.36"
198.41.227.155 - - [07/Nov/2025:07:03:16 -0800] "GET /products/16003409/ HTTP/1.1" 200 185868 "-" "Mozilla/5.0 (Linux; Android 6.0.1; Nexus 5X Build/MMB29P) AppleWebKit/537.36 (KHTML, like Gecko) Chrome/141.0.7390.122 Mobile Safari/537.36 (compatible; Googlebot/2.1; +http://www.google.com/bot.html)"
172.70.175.86 - - [07/Nov/2025:07:03:19 -0800] "GET /?dir=/opt/cpanel/ea-wappspector/vendor/phpunit/php-timer/src/exceptions&dl=/opt/cpanel/ea-wappspector/vendor/phpunit/php-timer/src/exceptions/TimeSinceStartOfRequestNotAvailableException.php HTTP/1.1" 200 429 "-" "Mozilla/5.0 AppleWebKit/537.36 (KHTML, like Gecko; compatible; Amazonbot/0.1; +https://developer.amazon.com/support/amazonbot) Chrome/119.0.6045.214 Safari/537.36"
172.71.190.83 - - [07/Nov/2025:07:03:23 -0800] "GET /public/?dir=/opt/imh-python/lib/python3.9/site-packages/netmiko/oneaccess HTTP/1.1" 200 13235 "-" "Mozilla/5.0 AppleWebKit/537.36 (KHTML, like Gecko; compatible; Amazonbot/0.1; +https://developer.amazon.com/support/amazonbot) Chrome/119.0.6045.214 Safari/537.36"
104.23.245.202 - - [07/Nov/2025:07:03:24 -0800] "GET /?dir=%2Fproc%2F150%2Fattr&edit=%2Fproc%2F150%2Fattr%2Fsockcreate HTTP/1.1" 200 563 "-" "Mozilla/5.0 AppleWebKit/537.36 (KHTML, like Gecko; compatible; GPTBot/1.2; +https://openai.com/gptbot)"
198.41.227.154 - - [07/Nov/2025:07:03:24 -0800] "GET /products/11528476/ HTTP/1.1" 200 197802 "-" "Mozilla/5.0 (Linux; Android 6.0.1; Nexus 5X Build/MMB29P) AppleWebKit/537.36 (KHTML, like Gecko) Chrome/141.0.7390.122 Mobile Safari/537.36 (compatible; Googlebot/2.1; +http://www.google.com/bot.html)"
172.70.175.85 - - [07/Nov/2025:07:03:27 -0800] "GET /?dir=/opt/cpanel/ea-openssl11/share/doc/openssl/html/man3&edit=/opt/cpanel/ea-openssl11/share/doc/openssl/html/man3/BIO_meth_get_callback_ctrl.html HTTP/1.1" 200 11027 "-" "Mozilla/5.0 AppleWebKit/537.36 (KHTML, like Gecko; compatible; Amazonbot/0.1; +https://developer.amazon.com/support/amazonbot) Chrome/119.0.6045.214 Safari/537.36"
172.71.190.83 - - [07/Nov/2025:07:03:30 -0800] "GET /public/?dir=/opt/cpanel/ea-php83/root/usr/local&dl=/opt/cpanel/ea-php83/root/usr/local/games HTTP/1.1" 200 17937 "-" "Mozilla/5.0 AppleWebKit/537.36 (KHTML, like Gecko; compatible; Amazonbot/0.1; +https://developer.amazon.com/support/amazonbot) Chrome/119.0.6045.214 Safari/537.36"
198.41.227.154 - - [07/Nov/2025:07:03:31 -0800] "GET /products/22512798/ HTTP/1.1" 200 197389 "-" "Mozilla/5.0 (Linux; Android 6.0.1; Nexus 5X Build/MMB29P) AppleWebKit/537.36 (KHTML, like Gecko) Chrome/141.0.7390.122 Mobile Safari/537.36 (compatible; Googlebot/2.1; +http://www.google.com/bot.html)"
104.23.245.202 - - [07/Nov/2025:07:03:35 -0800] "GET /?dir=%2Fproc%2F903%2Fattr&edit=%2Fproc%2F903%2Fattr%2Fsockcreate HTTP/1.1" 200 563 "-" "Mozilla/5.0 AppleWebKit/537.36 (KHTML, like Gecko; compatible; GPTBot/1.2; +https://openai.com/gptbot)"
104.23.211.80 - - [07/Nov/2025:07:03:35 -0800] "GET /public/?dir=/opt/cpanel/libmcrypt/man&dl=/opt/cpanel/libmcrypt/man/man3 HTTP/1.1" 200 10624 "-" "Mozilla/5.0 AppleWebKit/537.36 (KHTML, like Gecko; compatible; Amazonbot/0.1; +https://developer.amazon.com/support/amazonbot) Chrome/119.0.6045.214 Safari/537.36"
162.158.78.72 - - [07/Nov/2025:07:03:40 -0800] "GET /?dir=/opt/cpanel/ea-openssl11/share/doc/openssl/html/man3&dl=/opt/cpanel/ea-openssl11/share/doc/openssl/html/man3/ENGINE_set_init_function.html HTTP/1.1" 200 34240 "-" "Mozilla/5.0 AppleWebKit/537.36 (KHTML, like Gecko; compatible; Amazonbot/0.1; +https://developer.amazon.com/support/amazonbot) Chrome/119.0.6045.214 Safari/537.36"
172.71.222.236 - - [07/Nov/2025:07:03:44 -0800] "GET /?dir=/opt/cpanel/ea-openssl11/etc/pki/tls&dl=/opt/cpanel/ea-openssl11/etc/pki/tls/ct_log_list.cnf.dist HTTP/1.1" 200 412 "-" "Mozilla/5.0 AppleWebKit/537.36 (KHTML, like Gecko; compatible; Amazonbot/0.1; +https://developer.amazon.com/support/amazonbot) Chrome/119.0.6045.214 Safari/537.36"
104.23.245.203 - - [07/Nov/2025:07:03:44 -0800] "GET /?dir=%2Fproc%2F157%2Fattr&edit=%2Fproc%2F157%2Fattr%2Ffscreate HTTP/1.1" 200 561 "-" "Mozilla/5.0 AppleWebKit/537.36 (KHTML, like Gecko; compatible; GPTBot/1.2; +https://openai.com/gptbot)"
162.158.152.183 - - [07/Nov/2025:07:03:47 -0800] "GET /public/?dir=/opt/imh-python/lib/python3.9/email/__pycache__&dl=/opt/imh-python/lib/python3.9/email/__pycache__/feedparser.cpython-39.opt-2.pyc HTTP/1.1" 200 8834 "-" "Mozilla/5.0 AppleWebKit/537.36 (KHTML, like Gecko; compatible; Amazonbot/0.1; +https://developer.amazon.com/support/amazonbot) Chrome/119.0.6045.214 Safari/537.36"
172.68.245.208 - - [07/Nov/2025:07:03:47 -0800] "GET /products/24843754/ HTTP/1.1" 200 211614 "-" "Mozilla/5.0 AppleWebKit/537.36 (KHTML, like Gecko; compatible; bingbot/2.0; +http://www.bing.com/bingbot.htm) Chrome/116.0.1938.76 Safari/537.36"
172.68.138.159 - - [07/Nov/2025:07:03:50 -0800] "GET /?a=123882615 HTTP/1.1" 200 16521 "-" "Mozilla/5.0 (compatible; SemrushBot/7~bl; +http://www.semrush.com/bot.html)"
198.41.227.155 - - [07/Nov/2025:07:03:52 -0800] "GET /?dir=%2Fproc&edit=%2Fproc%2F3856353 HTTP/1.1" 200 84412 "-" "Mozilla/5.0 (Linux; Android 6.0.1; Nexus 5X Build/MMB29P) AppleWebKit/537.36 (KHTML, like Gecko) Chrome/141.0.7390.122 Mobile Safari/537.36 (compatible; Googlebot/2.1; +http://www.google.com/bot.html)"
172.70.35.127 - - [07/Nov/2025:07:03:52 -0800] "GET /?dir=/usr/include/mysql/server/private&dl=/usr/include/mysql/server/private/pfs_table_provider.h HTTP/1.1" 200 2625 "-" "Mozilla/5.0 AppleWebKit/537.36 (KHTML, like Gecko; compatible; Amazonbot/0.1; +https://developer.amazon.com/support/amazonbot) Chrome/119.0.6045.214 Safari/537.36"
104.23.245.202 - - [07/Nov/2025:07:03:53 -0800] "GET /?dir=%2Fproc%2F129%2Ftask%2F.. HTTP/1.1" 200 37904 "-" "Mozilla/5.0 AppleWebKit/537.36 (KHTML, like Gecko; compatible; GPTBot/1.2; +https://openai.com/gptbot)"
104.23.209.143 - - [07/Nov/2025:07:03:54 -0800] "GET /?a=121284915 HTTP/1.1" 200 16521 "-" "Mozilla/5.0 (compatible; SemrushBot/7~bl; +http://www.semrush.com/bot.html)"
104.23.209.143 - - [07/Nov/2025:07:03:54 -0800] "GET /public/?dir=/usr/share/vim/vim80/lang/sr/.. HTTP/1.1" 429 17 "-" "Mozilla/5.0 AppleWebKit/537.36 (KHTML, like Gecko; compatible; Amazonbot/0.1; +https://developer.amazon.com/support/amazonbot) Chrome/119.0.6045.214 Safari/537.36"
104.23.211.80 - - [07/Nov/2025:07:03:58 -0800] "GET /?dir=/usr/lib/python3.6/site-packages/dnf/__pycache__&dl=/usr/lib/python3.6/site-packages/dnf/__pycache__/const.cpython-36.pyc HTTP/1.1" 200 1401 "-" "Mozilla/5.0 AppleWebKit/537.36 (KHTML, like Gecko; compatible; Amazonbot/0.1; +https://developer.amazon.com/support/amazonbot) Chrome/119.0.6045.214 Safari/537.36"
104.23.245.203 - - [07/Nov/2025:07:04:01 -0800] "GET /?dir=%2Fproc%2F586%2Fattr&edit=%2Fproc%2F586%2Fattr%2Fkeycreate HTTP/1.1" 200 562 "-" "Mozilla/5.0 AppleWebKit/537.36 (KHTML, like Gecko; compatible; GPTBot/1.2; +https://openai.com/gptbot)"
104.23.211.80 - - [07/Nov/2025:07:04:03 -0800] "GET /public/?dir=/home/ayaclass/public_html/vendor/google/apiclient-services/src/Assuredworkloads/Resource&dl=/home/ayaclass/public_html/vendor/google/apiclient-services/src/Assuredworkloads/Resource/OrganizationsLocationsWorkloadsViolations.php HTTP/1.1" 200 4780 "-" "Mozilla/5.0 AppleWebKit/537.36 (KHTML, like Gecko; compatible; Amazonbot/0.1; +https://developer.amazon.com/support/amazonbot) Chrome/119.0.6045.214 Safari/537.36"
172.68.138.159 - - [07/Nov/2025:07:04:03 -0800] "GET /products/25169565/ HTTP/1.1" 200 - "-" "meta-externalagent/1.1 (+https://developers.facebook.com/docs/sharing/webmasters/crawler)"
172.71.222.237 - - [07/Nov/2025:07:04:08 -0800] "GET /public/?dir=/opt/imh-python/lib/python3.9/ensurepip/__pycache__&edit=/opt/imh-python/lib/python3.9/ensurepip/__pycache__/__init__.cpython-39.opt-2.pyc HTTP/1.1" 200 5722 "-" "Mozilla/5.0 AppleWebKit/537.36 (KHTML, like Gecko; compatible; Amazonbot/0.1; +https://developer.amazon.com/support/amazonbot) Chrome/119.0.6045.214 Safari/537.36"
104.23.245.203 - - [07/Nov/2025:07:04:08 -0800] "GET /?dir=%2Fproc%2F150%2Fattr&dl=%2Fproc%2F150%2Fattr%2Fsockcreate HTTP/1.1" 200 - "-" "Mozilla/5.0 AppleWebKit/537.36 (KHTML, like Gecko; compatible; GPTBot/1.2; +https://openai.com/gptbot)"
104.23.211.81 - - [07/Nov/2025:07:04:10 -0800] "GET /?a=109783215 HTTP/1.1" 200 16521 "-" "Mozilla/5.0 (compatible; SemrushBot/7~bl; +http://www.semrush.com/bot.html)"
104.23.213.12 - - [07/Nov/2025:07:04:10 -0800] "GET /?dir=/sys/devices/system/cpu/cpu15/cache/index0&dl=/sys/devices/system/cpu/cpu15/cache/index0/physical_line_partition HTTP/1.1" 429 17 "-" "Mozilla/5.0 AppleWebKit/537.36 (KHTML, like Gecko; compatible; Amazonbot/0.1; +https://developer.amazon.com/support/amazonbot) Chrome/119.0.6045.214 Safari/537.36"
198.41.227.155 - - [07/Nov/2025:07:04:13 -0800] "GET /products/17223409/ HTTP/1.1" 200 195525 "-" "Mozilla/5.0 (Linux; Android 6.0.1; Nexus 5X Build/MMB29P) AppleWebKit/537.36 (KHTML, like Gecko) Chrome/141.0.7390.122 Mobile Safari/537.36 (compatible; Googlebot/2.1; +http://www.google.com/bot.html)"
104.23.245.203 - - [07/Nov/2025:07:04:15 -0800] "GET /?dir=%2Fproc%2F586%2Fattr&edit=%2Fproc%2F586%2Fattr%2Fsockcreate HTTP/1.1" 200 563 "-" "Mozilla/5.0 AppleWebKit/537.36 (KHTML, like Gecko; compatible; GPTBot/1.2; +https://openai.com/gptbot)"
172.68.138.158 - - [07/Nov/2025:07:04:15 -0800] "GET /?dir=/opt/cpanel/ea-openssl11/share/doc/openssl/html/man3&dl=/opt/cpanel/ea-openssl11/share/doc/openssl/html/man3/DSA_sign_setup.html HTTP/1.1" 200 3547 "-" "Mozilla/5.0 AppleWebKit/537.36 (KHTML, like Gecko; compatible; Amazonbot/0.1; +https://developer.amazon.com/support/amazonbot) Chrome/119.0.6045.214 Safari/537.36"
172.70.175.86 - - [07/Nov/2025:07:04:19 -0800] "GET /products/23213076/ HTTP/1.1" 200 188351 "-" "Mozilla/5.0 AppleWebKit/537.36 (KHTML, like Gecko; compatible; bingbot/2.0; +http://www.bing.com/bingbot.htm) Chrome/116.0.1938.76 Safari/537.36"
162.158.78.73 - - [07/Nov/2025:07:04:19 -0800] "GET /public/?dir=/var/softaculous/sugar/php81 HTTP/1.1" 200 12660 "-" "Mozilla/5.0 AppleWebKit/537.36 (KHTML, like Gecko; compatible; Amazonbot/0.1; +https://developer.amazon.com/support/amazonbot) Chrome/119.0.6045.214 Safari/537.36"
104.23.245.203 - - [07/Nov/2025:07:04:20 -0800] "GET /?dir=%2Fproc%2F589%2Fattr&dl=%2Fproc%2F589%2Fattr%2Fsockcreate HTTP/1.1" 200 - "-" "Mozilla/5.0 AppleWebKit/537.36 (KHTML, like Gecko; compatible; GPTBot/1.2; +https://openai.com/gptbot)"
162.158.152.183 - - [07/Nov/2025:07:04:23 -0800] "GET /?dir=/opt/imh-python/lib/python3.9/site-packages/kombu/transport/sqlalchemy/.. HTTP/1.1" 200 30634 "-" "Mozilla/5.0 AppleWebKit/537.36 (KHTML, like Gecko; compatible; Amazonbot/0.1; +https://developer.amazon.com/support/amazonbot) Chrome/119.0.6045.214 Safari/537.36"
104.23.245.202 - - [07/Nov/2025:07:04:25 -0800] "GET /?dir=%2Fusr%2Fbin&dl=%2Fusr%2Fbin%2Flibwmf-fontmap HTTP/1.1" 200 13340 "-" "Mozilla/5.0 AppleWebKit/537.36 (KHTML, like Gecko; compatible; GPTBot/1.2; +https://openai.com/gptbot)"
172.68.245.209 - - [07/Nov/2025:07:04:27 -0800] "GET /?dir=/opt/cpanel/ea-openssl11/share/doc/openssl/html/man3&dl=/opt/cpanel/ea-openssl11/share/doc/openssl/html/man3/RSA_meth_get_finish.html HTTP/1.1" 200 13852 "-" "Mozilla/5.0 AppleWebKit/537.36 (KHTML, like Gecko; compatible; Amazonbot/0.1; +https://developer.amazon.com/support/amazonbot) Chrome/119.0.6045.214 Safari/537.36"
104.23.245.202 - - [07/Nov/2025:07:04:30 -0800] "GET /?dir=%2Fetc%2Frc.d%2Frc2.d HTTP/1.1" 200 10972 "-" "Mozilla/5.0 AppleWebKit/537.36 (KHTML, like Gecko; compatible; GPTBot/1.2; +https://openai.com/gptbot)"
162.158.78.72 - - [07/Nov/2025:07:04:31 -0800] "GET /?dir=/usr/lib/python3.6/site-packages/setuptools/command/__pycache__&edit=/usr/lib/python3.6/site-packages/setuptools/command/__pycache__/bdist_wininst.cpython-36.pyc HTTP/1.1" 200 1603 "-" "Mozilla/5.0 AppleWebKit/537.36 (KHTML, like Gecko; compatible; Amazonbot/0.1; +https://developer.amazon.com/support/amazonbot) Chrome/119.0.6045.214 Safari/537.36"
172.71.195.120 - - [07/Nov/2025:07:04:33 -0800] "GET /?a=124579615 HTTP/1.1" 200 16521 "-" "Mozilla/5.0 (compatible; SemrushBot/7~bl; +http://www.semrush.com/bot.html)"
104.23.245.202 - - [07/Nov/2025:07:04:34 -0800] "GET /?dir=%2Fproc%2F129&edit=%2Fproc%2F129%2F.. HTTP/1.1" 200 37904 "-" "Mozilla/5.0 AppleWebKit/537.36 (KHTML, like Gecko; compatible; GPTBot/1.2; +https://openai.com/gptbot)"
198.41.227.155 - - [07/Nov/2025:07:04:35 -0800] "GET /?dir=%2Fproc%2F3790974 HTTP/1.1" 200 16521 "-" "Mozilla/5.0 (Linux; Android 6.0.1; Nexus 5X Build/MMB29P) AppleWebKit/537.36 (KHTML, like Gecko) Chrome/141.0.7390.122 Mobile Safari/537.36 (compatible; Googlebot/2.1; +http://www.google.com/bot.html)"
172.71.190.82 - - [07/Nov/2025:07:04:37 -0800] "GET /?dir=/opt/imh-python/lib/python3.9/site-packages/cinderclient/v2 HTTP/1.1" 200 30905 "-" "Mozilla/5.0 AppleWebKit/537.36 (KHTML, like Gecko; compatible; Amazonbot/0.1; +https://developer.amazon.com/support/amazonbot) Chrome/119.0.6045.214 Safari/537.36"
198.41.227.155 - - [07/Nov/2025:07:04:37 -0800] "GET /?dir=%2Fproc&dl=%2Fproc%2F3908614 HTTP/1.1" 200 86104 "-" "Mozilla/5.0 (Linux; Android 6.0.1; Nexus 5X Build/MMB29P) AppleWebKit/537.36 (KHTML, like Gecko) Chrome/141.0.7390.122 Mobile Safari/537.36 (compatible; Googlebot/2.1; +http://www.google.com/bot.html)"
104.23.245.202 - - [07/Nov/2025:07:04:38 -0800] "GET /?dir=%2Fusr%2Fshare%2Falmalinux-logos%2F.. HTTP/1.1" 200 84021 "-" "Mozilla/5.0 AppleWebKit/537.36 (KHTML, like Gecko; compatible; GPTBot/1.2; +https://openai.com/gptbot)"
162.158.78.73 - - [07/Nov/2025:07:04:38 -0800] "GET /public/?dir=/opt/imh-python/lib/python3.9/site-packages/Flask-1.1.2.dist-info&dl=/opt/imh-python/lib/python3.9/site-packages/Flask-1.1.2.dist-info/top_level.txt HTTP/1.1" 429 17 "-" "Mozilla/5.0 AppleWebKit/537.36 (KHTML, like Gecko; compatible; Amazonbot/0.1; +https://developer.amazon.com/support/amazonbot) Chrome/119.0.6045.214 Safari/537.36"
104.23.245.202 - - [07/Nov/2025:07:04:41 -0800] "GET /?dir=%2Fproc%2F157%2Fattr&edit=%2Fproc%2F157%2Fattr%2Fsockcreate HTTP/1.1" 200 563 "-" "Mozilla/5.0 AppleWebKit/537.36 (KHTML, like Gecko; compatible; GPTBot/1.2; +https://openai.com/gptbot)"
172.68.245.208 - - [07/Nov/2025:07:04:42 -0800] "GET /?dir=/sys/devices/system/cpu/cpu15/cache/index3&dl=/sys/devices/system/cpu/cpu15/cache/index3/physical_line_partition HTTP/1.1" 200 2 "-" "Mozilla/5.0 AppleWebKit/537.36 (KHTML, like Gecko; compatible; Amazonbot/0.1; +https://developer.amazon.com/support/amazonbot) Chrome/119.0.6045.214 Safari/537.36"
104.23.245.202 - - [07/Nov/2025:07:04:44 -0800] "GET /?dir=%2Fetc%2Frc.d%2Frc6.d HTTP/1.1" 200 10972 "-" "Mozilla/5.0 AppleWebKit/537.36 (KHTML, like Gecko; compatible; GPTBot/1.2; +https://openai.com/gptbot)"
104.23.213.12 - - [07/Nov/2025:07:04:47 -0800] "GET /course/Learn-Python-Programming HTTP/1.1" 403 - "-" "Mozilla/5.0 (compatible; SemrushBot/7~bl; +http://www.semrush.com/bot.html)"
104.23.245.202 - - [07/Nov/2025:07:04:47 -0800] "GET /?dir=%2Fetc%2Frc.d%2Frc3.d HTTP/1.1" 200 10972 "-" "Mozilla/5.0 AppleWebKit/537.36 (KHTML, like Gecko; compatible; GPTBot/1.2; +https://openai.com/gptbot)"
104.23.211.80 - - [07/Nov/2025:07:04:47 -0800] "GET /?dir=/usr/share/doc/cpanel-php84-date-holidays-brazil/.. HTTP/1.1" 200 431982 "-" "Mozilla/5.0 AppleWebKit/537.36 (KHTML, like Gecko; compatible; Amazonbot/0.1; +https://developer.amazon.com/support/amazonbot) Chrome/119.0.6045.214 Safari/537.36"
104.23.245.202 - - [07/Nov/2025:07:04:49 -0800] "GET /?dir=%2Fetc%2Frc.d%2Frc0.d HTTP/1.1" 200 10972 "-" "Mozilla/5.0 AppleWebKit/537.36 (KHTML, like Gecko; compatible; GPTBot/1.2; +https://openai.com/gptbot)"
104.23.213.12 - - [07/Nov/2025:07:04:51 -0800] "GET /?dir=/opt/cpanel/ea-wappspector/vendor/symfony/console/CommandLoader&dl=/opt/cpanel/ea-wappspector/vendor/symfony/console/CommandLoader/.. HTTP/1.1" 200 13352 "-" "Mozilla/5.0 AppleWebKit/537.36 (KHTML, like Gecko; compatible; Amazonbot/0.1; +https://developer.amazon.com/support/amazonbot) Chrome/119.0.6045.214 Safari/537.36"
172.68.15.191 - - [07/Nov/2025:07:04:51 -0800] "GET /?a=122885315 HTTP/1.1" 200 16521 "-" "Mozilla/5.0 (compatible; SemrushBot/7~bl; +http://www.semrush.com/bot.html)"
104.23.245.202 - - [07/Nov/2025:07:04:51 -0800] "GET /?dir=%2Fproc%2F2&dl=%2Fproc%2F2%2Fclear_refs HTTP/1.1" 429 17 "-" "Mozilla/5.0 AppleWebKit/537.36 (KHTML, like Gecko; compatible; GPTBot/1.2; +https://openai.com/gptbot)"
104.23.245.202 - - [07/Nov/2025:07:04:53 -0800] "GET /?dir=%2Fetc%2Frc.d%2Frc4.d HTTP/1.1" 429 17 "-" "Mozilla/5.0 AppleWebKit/537.36 (KHTML, like Gecko; compatible; GPTBot/1.2; +https://openai.com/gptbot)"
172.70.175.86 - - [07/Nov/2025:07:04:54 -0800] "GET /?dir=/opt/imh-python/lib/python3.9/site-packages/IPython/core/magics/__pycache__&dl=/opt/imh-python/lib/python3.9/site-packages/IPython/core/magics/__pycache__/packaging.cpython-39.pyc HTTP/1.1" 200 4180 "-" "Mozilla/5.0 AppleWebKit/537.36 (KHTML, like Gecko; compatible; Amazonbot/0.1; +https://developer.amazon.com/support/amazonbot) Chrome/119.0.6045.214 Safari/537.36"
104.23.209.142 - - [07/Nov/2025:07:04:54 -0800] "GET /?a=116028415 HTTP/1.1" 200 16521 "-" "Mozilla/5.0 (compatible; SemrushBot/7~bl; +http://www.semrush.com/bot.html)"
198.41.227.154 - - [07/Nov/2025:07:04:56 -0800] "GET /products/27813698/ HTTP/1.1" 200 195790 "-" "Mozilla/5.0 (Linux; Android 6.0.1; Nexus 5X Build/MMB29P) AppleWebKit/537.36 (KHTML, like Gecko) Chrome/141.0.7390.122 Mobile Safari/537.36 (compatible; Googlebot/2.1; +http://www.google.com/bot.html)"
104.23.245.202 - - [07/Nov/2025:07:05:00 -0800] "GET /?dir=%2Fetc%2Frc.d%2Frc5.d HTTP/1.1" 200 10972 "-" "Mozilla/5.0 AppleWebKit/537.36 (KHTML, like Gecko; compatible; GPTBot/1.2; +https://openai.com/gptbot)"
172.71.190.83 - - [07/Nov/2025:07:05:00 -0800] "GET /public/?dir=/usr/share/doc/python3-docs/html/_sources/reference HTTP/1.1" 200 19868 "-" "Mozilla/5.0 AppleWebKit/537.36 (KHTML, like Gecko; compatible; Amazonbot/0.1; +https://developer.amazon.com/support/amazonbot) Chrome/119.0.6045.214 Safari/537.36"
104.23.209.143 - - [07/Nov/2025:07:05:02 -0800] "GET /public/?dir=/var/cache/dnf/wp-toolkit-cpanel-9e4d504f56ca7d9a/repodata HTTP/1.1" 429 17 "-" "Mozilla/5.0 AppleWebKit/537.36 (KHTML, like Gecko; compatible; Amazonbot/0.1; +https://developer.amazon.com/support/amazonbot) Chrome/119.0.6045.214 Safari/537.36"
172.68.245.208 - - [07/Nov/2025:07:05:06 -0800] "GET /public/?dir=/sys/devices/system/cpu/cpu14/cache&dl=/sys/devices/system/cpu/cpu14/cache/index0 HTTP/1.1" 200 13297 "-" "Mozilla/5.0 AppleWebKit/537.36 (KHTML, like Gecko; compatible; Amazonbot/0.1; +https://developer.amazon.com/support/amazonbot) Chrome/119.0.6045.214 Safari/537.36"
172.68.138.159 - - [07/Nov/2025:07:05:12 -0800] "GET /?dir=/usr/include/mysql/server/private&dl=/usr/include/mysql/server/private/wsrep_var.h HTTP/1.1" 200 4607 "-" "Mozilla/5.0 AppleWebKit/537.36 (KHTML, like Gecko; compatible; Amazonbot/0.1; +https://developer.amazon.com/support/amazonbot) Chrome/119.0.6045.214 Safari/537.36"
172.70.35.127 - - [07/Nov/2025:07:05:15 -0800] "GET /public/?dir=/home/ayaclass/.trash/AAA/vendor/aws/aws-sdk-php/src/OpsWorksCM/.. HTTP/1.1" 200 435534 "-" "Mozilla/5.0 AppleWebKit/537.36 (KHTML, like Gecko; compatible; Amazonbot/0.1; +https://developer.amazon.com/support/amazonbot) Chrome/119.0.6045.214 Safari/537.36"
198.41.227.155 - - [07/Nov/2025:07:05:17 -0800] "GET /?dir=%2Fproc%2F3878732&dl=%2Fproc%2F3878732%2Flimits HTTP/1.1" 200 16521 "-" "Mozilla/5.0 (Linux; Android 6.0.1; Nexus 5X Build/MMB29P) AppleWebKit/537.36 (KHTML, like Gecko) Chrome/141.0.7390.122 Mobile Safari/537.36 (compatible; Googlebot/2.1; +http://www.google.com/bot.html)"
104.23.245.203 - - [07/Nov/2025:07:05:18 -0800] "GET /?dir=%2Fproc&dl=%2Fproc%2F3950096 HTTP/1.1" 200 83284 "-" "Mozilla/5.0 AppleWebKit/537.36 (KHTML, like Gecko; compatible; GPTBot/1.2; +https://openai.com/gptbot)"
172.70.175.86 - - [07/Nov/2025:07:05:19 -0800] "GET /public/?dir=/opt/imh-python/lib/python3.9/site-packages/prompt_toolkit-3.0.51.dist-info&dl=/opt/imh-python/lib/python3.9/site-packages/prompt_toolkit-3.0.51.dist-info/WHEEL HTTP/1.1" 200 91 "-" "Mozilla/5.0 AppleWebKit/537.36 (KHTML, like Gecko; compatible; Amazonbot/0.1; +https://developer.amazon.com/support/amazonbot) Chrome/119.0.6045.214 Safari/537.36"
172.71.190.83 - - [07/Nov/2025:07:05:23 -0800] "GET /?dir=/opt/cpanel/ea-openssl11/share/doc/openssl/html/man3&dl=/opt/cpanel/ea-openssl11/share/doc/openssl/html/man3/SCT_set1_log_id.html HTTP/1.1" 200 7846 "-" "Mozilla/5.0 AppleWebKit/537.36 (KHTML, like Gecko; compatible; Amazonbot/0.1; +https://developer.amazon.com/support/amazonbot) Chrome/119.0.6045.214 Safari/537.36"
172.68.138.158 - - [07/Nov/2025:07:05:23 -0800] "GET /?a=124187215 HTTP/1.1" 200 16521 "-" "Mozilla/5.0 (compatible; SemrushBot/7~bl; +http://www.semrush.com/bot.html)"
162.158.152.182 - - [07/Nov/2025:07:05:29 -0800] "GET /public/?dir=/usr/share/doc/gmp&dl=/usr/share/doc/gmp/README HTTP/1.1" 200 4051 "-" "Mozilla/5.0 AppleWebKit/537.36 (KHTML, like Gecko; compatible; Amazonbot/0.1; +https://developer.amazon.com/support/amazonbot) Chrome/119.0.6045.214 Safari/537.36"
104.23.209.142 - - [07/Nov/2025:07:05:30 -0800] "GET /public/?dir=/usr/share/vim/vim80/lang&dl=/usr/share/vim/vim80/lang/menu_pt_pt.vim HTTP/1.1" 429 17 "-" "Mozilla/5.0 AppleWebKit/537.36 (KHTML, like Gecko; compatible; Amazonbot/0.1; +https://developer.amazon.com/support/amazonbot) Chrome/119.0.6045.214 Safari/537.36"
172.68.15.190 - - [07/Nov/2025:07:05:32 -0800] "GET /?a=120956315 HTTP/1.1" 200 16521 "-" "Mozilla/5.0 (compatible; SemrushBot/7~bl; +http://www.semrush.com/bot.html)"
198.41.227.155 - - [07/Nov/2025:07:05:32 -0800] "GET /?dir=%2Fproc%2F3832261&dl=%2Fproc%2F3832261%2Faio HTTP/1.1" 200 16521 "-" "Mozilla/5.0 (Linux; Android 6.0.1; Nexus 5X Build/MMB29P) AppleWebKit/537.36 (KHTML, like Gecko) Chrome/141.0.7390.122 Mobile Safari/537.36 (compatible; Googlebot/2.1; +http://www.google.com/bot.html)"
104.23.245.202 - - [07/Nov/2025:07:05:34 -0800] "GET /?dir=%2Fproc&dl=%2Fproc%2F3930131 HTTP/1.1" 200 84976 "-" "Mozilla/5.0 AppleWebKit/537.36 (KHTML, like Gecko; compatible; GPTBot/1.2; +https://openai.com/gptbot)"
172.71.190.83 - - [07/Nov/2025:07:05:37 -0800] "GET /?dir=/opt/cpanel/ea-openssl11/share/doc/openssl/html/man3&dl=/opt/cpanel/ea-openssl11/share/doc/openssl/html/man3/PEM_write_bio_CMS_stream.html HTTP/1.1" 200 2503 "-" "Mozilla/5.0 AppleWebKit/537.36 (KHTML, like Gecko; compatible; Amazonbot/0.1; +https://developer.amazon.com/support/amazonbot) Chrome/119.0.6045.214 Safari/537.36"
198.41.227.154 - - [07/Nov/2025:07:05:39 -0800] "GET /products/976721/ HTTP/1.1" 200 186687 "-" "Mozilla/5.0 (Linux; Android 6.0.1; Nexus 5X Build/MMB29P) AppleWebKit/537.36 (KHTML, like Gecko) Chrome/141.0.7390.122 Mobile Safari/537.36 (compatible; Googlebot/2.1; +http://www.google.com/bot.html)"
172.68.15.191 - - [07/Nov/2025:07:05:39 -0800] "GET /?dir=/sys/devices/system/cpu/cpu5/cache/index0&edit=/sys/devices/system/cpu/cpu5/cache/index0/type HTTP/1.1" 429 17 "-" "Mozilla/5.0 AppleWebKit/537.36 (KHTML, like Gecko; compatible; Amazonbot/0.1; +https://developer.amazon.com/support/amazonbot) Chrome/119.0.6045.214 Safari/537.36"
172.68.245.208 - - [07/Nov/2025:07:05:41 -0800] "GET /?a=108948015 HTTP/1.1" 200 16521 "-" "Mozilla/5.0 (compatible; SemrushBot/7~bl; +http://www.semrush.com/bot.html)"
172.70.35.127 - - [07/Nov/2025:07:05:43 -0800] "GET /public/?dir=/home/ayaclass/public_html/vendor/google/apiclient-services/src/CloudResourceManager&dl=/home/ayaclass/public_html/vendor/google/apiclient-services/src/CloudResourceManager/ProjectCreationStatus.php HTTP/1.1" 200 1655 "-" "Mozilla/5.0 AppleWebKit/537.36 (KHTML, like Gecko; compatible; Amazonbot/0.1; +https://developer.amazon.com/support/amazonbot) Chrome/119.0.6045.214 Safari/537.36"
172.68.138.158 - - [07/Nov/2025:07:05:46 -0800] "GET /public/?dir=/home/ayaclass/.trash/AAA/vendor/omnipay/common/src/Common/Http&dl=/home/ayaclass/.trash/AAA/vendor/omnipay/common/src/Common/Http/Client.php HTTP/1.1" 403 - "-" "Mozilla/5.0 AppleWebKit/537.36 (KHTML, like Gecko; compatible; Amazonbot/0.1; +https://developer.amazon.com/support/amazonbot) Chrome/119.0.6045.214 Safari/537.36"
172.68.138.158 - - [07/Nov/2025:07:05:48 -0800] "GET /?a=121059815 HTTP/1.1" 200 16521 "-" "Mozilla/5.0 (compatible; SemrushBot/7~bl; +http://www.semrush.com/bot.html)"
104.23.245.202 - - [07/Nov/2025:07:05:49 -0800] "GET /?dir=%2Fusr%2Fshare%2Fcrypto-policies%2F.. HTTP/1.1" 200 84021 "-" "Mozilla/5.0 AppleWebKit/537.36 (KHTML, like Gecko; compatible; GPTBot/1.2; +https://openai.com/gptbot)"
172.68.245.208 - - [07/Nov/2025:07:05:50 -0800] "GET /?a=122441515 HTTP/1.1" 200 16521 "-" "Mozilla/5.0 (compatible; SemrushBot/7~bl; +http://www.semrush.com/bot.html)"
172.68.138.158 - - [07/Nov/2025:07:05:51 -0800] "GET /?dir=/proc/sys/kernel/sched_domain&dl=/proc/sys/kernel/sched_domain/cpu44 HTTP/1.1" 200 102990 "-" "Mozilla/5.0 AppleWebKit/537.36 (KHTML, like Gecko; compatible; Amazonbot/0.1; +https://developer.amazon.com/support/amazonbot) Chrome/119.0.6045.214 Safari/537.36"
172.71.222.237 - - [07/Nov/2025:07:05:55 -0800] "GET /public/?dir=/home/ayaclass/public_html/vendor/google/apiclient-services/src/ServiceUsage&dl=/home/ayaclass/public_html/vendor/google/apiclient-services/src/ServiceUsage/GoogleApiService.php HTTP/1.1" 200 9472 "-" "Mozilla/5.0 AppleWebKit/537.36 (KHTML, like Gecko; compatible; Amazonbot/0.1; +https://developer.amazon.com/support/amazonbot) Chrome/119.0.6045.214 Safari/537.36"
198.41.227.155 - - [07/Nov/2025:07:06:00 -0800] "GET /?dir=%2Fproc&edit=%2Fproc%2F3852398 HTTP/1.1" 200 83284 "-" "Mozilla/5.0 (Linux; Android 6.0.1; Nexus 5X Build/MMB29P) AppleWebKit/537.36 (KHTML, like Gecko) Chrome/141.0.7390.122 Mobile Safari/537.36 (compatible; Googlebot/2.1; +http://www.google.com/bot.html)"
172.71.190.82 - - [07/Nov/2025:07:06:01 -0800] "GET /?a=14704315 HTTP/1.1" 200 16521 "-" "Mozilla/5.0 (compatible; SemrushBot/7~bl; +http://www.semrush.com/bot.html)"
104.23.245.70 - - [07/Nov/2025:07:06:01 -0800] "GET /?dir=%2Fproc&dl=%2Fproc%2F3915411 HTTP/1.1" 200 83284 "-" "Mozilla/5.0 AppleWebKit/537.36 (KHTML, like Gecko; compatible; GPTBot/1.2; +https://openai.com/gptbot)"
172.68.138.159 - - [07/Nov/2025:07:06:03 -0800] "GET /public/topics.html HTTP/1.1" 403 - "-" "Mozilla/5.0 AppleWebKit/537.36 (KHTML, like Gecko; compatible; Amazonbot/0.1; +https://developer.amazon.com/support/amazonbot) Chrome/119.0.6045.214 Safari/537.36"
172.68.245.208 - - [07/Nov/2025:07:06:03 -0800] "GET /?dir=/proc/sys/kernel/sched_domain/cpu2/domain2&dl=/proc/sys/kernel/sched_domain/cpu2/domain2/cache_nice_tries HTTP/1.1" 429 17 "-" "Mozilla/5.0 AppleWebKit/537.36 (KHTML, like Gecko; compatible; Amazonbot/0.1; +https://developer.amazon.com/support/amazonbot) Chrome/119.0.6045.214 Safari/537.36"
172.71.190.83 - - [07/Nov/2025:07:06:07 -0800] "GET /public/?dir=/usr/lib64/python3.6/asyncio HTTP/1.1" 200 27967 "-" "Mozilla/5.0 AppleWebKit/537.36 (KHTML, like Gecko; compatible; Amazonbot/0.1; +https://developer.amazon.com/support/amazonbot) Chrome/119.0.6045.214 Safari/537.36"
172.70.35.127 - - [07/Nov/2025:07:06:12 -0800] "GET /?dir=/opt/imh-python/lib/python3.9/site-packages/keystoneauth1/extras/_saml2/v3/__pycache__&edit=/opt/imh-python/lib/python3.9/site-packages/keystoneauth1/extras/_saml2/v3/__pycache__/__init__.cpython-39.pyc HTTP/1.1" 200 1222 "-" "Mozilla/5.0 AppleWebKit/537.36 (KHTML, like Gecko; compatible; Amazonbot/0.1; +https://developer.amazon.com/support/amazonbot) Chrome/119.0.6045.214 Safari/537.36"
104.23.245.202 - - [07/Nov/2025:07:06:13 -0800] "GET /?dir=%2Fproc&dl=%2Fproc%2F3921596 HTTP/1.1" 200 81592 "-" "Mozilla/5.0 AppleWebKit/537.36 (KHTML, like Gecko; compatible; GPTBot/1.2; +https://openai.com/gptbot)"
162.158.78.72 - - [07/Nov/2025:07:06:14 -0800] "GET /?a=123357115 HTTP/1.1" 200 16521 "-" "Mozilla/5.0 (compatible; SemrushBot/7~bl; +http://www.semrush.com/bot.html)"
172.68.245.208 - - [07/Nov/2025:07:06:14 -0800] "GET /public/?dir=/usr/lib/python3.6/site-packages/setuptools/command/__pycache__&dl=/usr/lib/python3.6/site-packages/setuptools/command/__pycache__/saveopts.cpython-36.pyc HTTP/1.1" 429 17 "-" "Mozilla/5.0 AppleWebKit/537.36 (KHTML, like Gecko; compatible; Amazonbot/0.1; +https://developer.amazon.com/support/amazonbot) Chrome/119.0.6045.214 Safari/537.36"
104.23.213.13 - - [07/Nov/2025:07:06:19 -0800] "GET /public/?dir=/sys/devices/virtual/net/venet0/statistics/.. HTTP/1.1" 200 31876 "-" "Mozilla/5.0 AppleWebKit/537.36 (KHTML, like Gecko; compatible; Amazonbot/0.1; +https://developer.amazon.com/support/amazonbot) Chrome/119.0.6045.214 Safari/537.36"
198.41.227.155 - - [07/Nov/2025:07:06:21 -0800] "GET /products/7941554/ HTTP/1.1" 200 200435 "-" "Mozilla/5.0 (Linux; Android 6.0.1; Nexus 5X Build/MMB29P) AppleWebKit/537.36 (KHTML, like Gecko) Chrome/141.0.7390.122 Mobile Safari/537.36 (compatible; Googlebot/2.1; +http://www.google.com/bot.html)"
104.23.209.143 - - [07/Nov/2025:07:06:23 -0800] "GET /?dir=/sys/devices/system/cpu/cpu10/cache/index0/.. HTTP/1.1" 200 13297 "-" "Mozilla/5.0 AppleWebKit/537.36 (KHTML, like Gecko; compatible; Amazonbot/0.1; +https://developer.amazon.com/support/amazonbot) Chrome/119.0.6045.214 Safari/537.36"
104.23.245.202 - - [07/Nov/2025:07:06:24 -0800] "GET /?dir=%2Fproc&dl=%2Fproc%2F3921461 HTTP/1.1" 200 81028 "-" "Mozilla/5.0 AppleWebKit/537.36 (KHTML, like Gecko; compatible; GPTBot/1.2; +https://openai.com/gptbot)"
172.71.190.82 - - [07/Nov/2025:07:06:27 -0800] "GET /?dir=/sys/devices/system/cpu/cpu15/cache/index0/.. HTTP/1.1" 200 13297 "-" "Mozilla/5.0 AppleWebKit/537.36 (KHTML, like Gecko; compatible; Amazonbot/0.1; +https://developer.amazon.com/support/amazonbot) Chrome/119.0.6045.214 Safari/537.36"
172.68.138.158 - - [07/Nov/2025:07:06:31 -0800] "GET /public/?dir=/sys/module/nvme&dl=/sys/module/nvme/holders HTTP/1.1" 200 10445 "-" "Mozilla/5.0 AppleWebKit/537.36 (KHTML, like Gecko; compatible; Amazonbot/0.1; +https://developer.amazon.com/support/amazonbot) Chrome/119.0.6045.214 Safari/537.36"
104.23.245.202 - - [07/Nov/2025:07:06:33 -0800] "GET /?dir=%2Fproc&dl=%2Fproc%2F3948080 HTTP/1.1" 200 81592 "-" "Mozilla/5.0 AppleWebKit/537.36 (KHTML, like Gecko; compatible; GPTBot/1.2; +https://openai.com/gptbot)"
172.68.15.190 - - [07/Nov/2025:07:06:33 -0800] "GET /?a=110003515 HTTP/1.1" 200 16521 "-" "Mozilla/5.0 (compatible; SemrushBot/7~bl; +http://www.semrush.com/bot.html)"
172.70.35.127 - - [07/Nov/2025:07:06:35 -0800] "GET /?a=123818215 HTTP/1.1" 200 16521 "-" "Mozilla/5.0 (compatible; SemrushBot/7~bl; +http://www.semrush.com/bot.html)"
162.158.152.182 - - [07/Nov/2025:07:06:39 -0800] "GET /public/?dir=/home/ayaclass/public_html/vendor/authorizenet/authorizenet/lib/net/authorize/api/contract/v1&dl=/home/ayaclass/public_html/vendor/authorizenet/authorizenet/lib/net/authorize/api/contract/v1/ANetApiRequestType.php HTTP/1.1" 200 4454 "-" "Mozilla/5.0 AppleWebKit/537.36 (KHTML, like Gecko; compatible; Amazonbot/0.1; +https://developer.amazon.com/support/amazonbot) Chrome/119.0.6045.214 Safari/537.36"
172.68.15.191 - - [07/Nov/2025:07:06:38 -0800] "GET /public/?dir=/opt/imh-python/lib/python3.9/site-packages/botocore/data HTTP/1.1" 200 259075 "-" "Mozilla/5.0 AppleWebKit/537.36 (KHTML, like Gecko; compatible; Amazonbot/0.1; +https://developer.amazon.com/support/amazonbot) Chrome/119.0.6045.214 Safari/537.36"
104.23.245.202 - - [07/Nov/2025:07:06:41 -0800] "GET /?dir=%2Fetc%2Frc.d%2Frc1.d HTTP/1.1" 200 10972 "-" "Mozilla/5.0 AppleWebKit/537.36 (KHTML, like Gecko; compatible; GPTBot/1.2; +https://openai.com/gptbot)"
172.71.195.119 - - [07/Nov/2025:07:06:42 -0800] "GET /public/?dir=/home/ayaclass/public_html/vendor/twilio/sdk/src/Twilio/Rest/Messaging/V1/BrandRegistration HTTP/1.1" 200 20326 "-" "Mozilla/5.0 AppleWebKit/537.36 (KHTML, like Gecko; compatible; Amazonbot/0.1; +https://developer.amazon.com/support/amazonbot) Chrome/119.0.6045.214 Safari/537.36"
198.41.227.154 - - [07/Nov/2025:07:06:42 -0800] "GET /?dir=%2Fproc%2F3789095 HTTP/1.1" 200 16521 "-" "Mozilla/5.0 (Linux; Android 6.0.1; Nexus 5X Build/MMB29P) AppleWebKit/537.36 (KHTML, like Gecko) Chrome/141.0.7390.122 Mobile Safari/537.36 (compatible; Googlebot/2.1; +http://www.google.com/bot.html)"
172.71.190.82 - - [07/Nov/2025:07:06:46 -0800] "GET /?a=121635315 HTTP/1.1" 200 16521 "-" "Mozilla/5.0 (compatible; SemrushBot/7~bl; +http://www.semrush.com/bot.html)"
172.71.190.82 - - [07/Nov/2025:07:06:48 -0800] "GET /public/?dir=/sys/devices/system/cpu/cpu11/.. HTTP/1.1" 200 24096 "-" "Mozilla/5.0 AppleWebKit/537.36 (KHTML, like Gecko; compatible; Amazonbot/0.1; +https://developer.amazon.com/support/amazonbot) Chrome/119.0.6045.214 Safari/537.36"
104.23.209.142 - - [07/Nov/2025:07:06:48 -0800] "GET /?a=112887615 HTTP/1.1" 200 16521 "-" "Mozilla/5.0 (compatible; SemrushBot/7~bl; +http://www.semrush.com/bot.html)"
104.23.245.202 - - [07/Nov/2025:07:06:48 -0800] "GET /?dir=%2Fproc&dl=%2Fproc%2F3945039 HTTP/1.1" 200 83284 "-" "Mozilla/5.0 AppleWebKit/537.36 (KHTML, like Gecko; compatible; GPTBot/1.2; +https://openai.com/gptbot)"
172.71.190.82 - - [07/Nov/2025:07:06:51 -0800] "GET /?dir=/opt/cpanel/ea-php83/root/usr/include/php/ext/standard&dl=/opt/cpanel/ea-php83/root/usr/include/php/ext/standard/php_dns.h HTTP/1.1" 200 3653 "-" "Mozilla/5.0 AppleWebKit/537.36 (KHTML, like Gecko; compatible; Amazonbot/0.1; +https://developer.amazon.com/support/amazonbot) Chrome/119.0.6045.214 Safari/537.36"
104.23.245.202 - - [07/Nov/2025:07:06:55 -0800] "GET /?dir=%2Fproc&dl=%2Fproc%2F3950315 HTTP/1.1" 200 82720 "-" "Mozilla/5.0 AppleWebKit/537.36 (KHTML, like Gecko; compatible; GPTBot/1.2; +https://openai.com/gptbot)"
104.23.211.81 - - [07/Nov/2025:07:06:55 -0800] "GET /public/?dir=/home/ayaclass/public_html/vendor/aws/aws-sdk-php/src/ApplicationInsights/Exception/.. HTTP/1.1" 200 12757 "-" "Mozilla/5.0 AppleWebKit/537.36 (KHTML, like Gecko; compatible; Amazonbot/0.1; +https://developer.amazon.com/support/amazonbot) Chrome/119.0.6045.214 Safari/537.36"
172.70.35.127 - - [07/Nov/2025:07:06:58 -0800] "GET /?dir=/opt/cpanel/ea-php83/root/usr/include/php/ext/json&dl=/opt/cpanel/ea-php83/root/usr/include/php/ext/json/php_json_parser.h HTTP/1.1" 200 3173 "-" "Mozilla/5.0 AppleWebKit/537.36 (KHTML, like Gecko; compatible; Amazonbot/0.1; +https://developer.amazon.com/support/amazonbot) Chrome/119.0.6045.214 Safari/537.36"
104.23.245.203 - - [07/Nov/2025:07:07:01 -0800] "GET /?dir=%2Fproc&dl=%2Fproc%2F3950065 HTTP/1.1" 200 82720 "-" "Mozilla/5.0 AppleWebKit/537.36 (KHTML, like Gecko; compatible; GPTBot/1.2; +https://openai.com/gptbot)"
172.68.138.159 - - [07/Nov/2025:07:07:03 -0800] "GET /public/?dir=/opt/cpanel/ea-wappspector/vendor/theseer/.. HTTP/1.1" 200 29009 "-" "Mozilla/5.0 AppleWebKit/537.36 (KHTML, like Gecko; compatible; Amazonbot/0.1; +https://developer.amazon.com/support/amazonbot) Chrome/119.0.6045.214 Safari/537.36"
172.71.166.29 - - [07/Nov/2025:07:07:04 -0800] "GET /products/22711087/ HTTP/1.1" 200 193898 "-" "Mozilla/5.0 (Linux; Android 6.0.1; Nexus 5X Build/MMB29P) AppleWebKit/537.36 (KHTML, like Gecko) Chrome/141.0.7390.122 Mobile Safari/537.36 (compatible; Googlebot/2.1; +http://www.google.com/bot.html)"
104.23.211.80 - - [07/Nov/2025:07:07:06 -0800] "GET /?a=122566015 HTTP/1.1" 200 16521 "-" "Mozilla/5.0 (compatible; SemrushBot/7~bl; +http://www.semrush.com/bot.html)"
104.23.245.202 - - [07/Nov/2025:07:07:06 -0800] "GET /?dir=%2Fproc&dl=%2Fproc%2F3922058 HTTP/1.1" 200 82720 "-" "Mozilla/5.0 AppleWebKit/537.36 (KHTML, like Gecko; compatible; GPTBot/1.2; +https://openai.com/gptbot)"
172.70.35.127 - - [07/Nov/2025:07:07:07 -0800] "GET /public/?dir=/opt/imh-python/lib/python3.9/site-packages/pyserial-3.5.dist-info/.. HTTP/1.1" 200 348475 "-" "Mozilla/5.0 AppleWebKit/537.36 (KHTML, like Gecko; compatible; Amazonbot/0.1; +https://developer.amazon.com/support/amazonbot) Chrome/119.0.6045.214 Safari/537.36"
172.70.175.85 - - [07/Nov/2025:07:07:09 -0800] "GET /products/28212065/ HTTP/1.1" 200 193299 "-" "Mozilla/5.0 AppleWebKit/537.36 (KHTML, like Gecko; compatible; bingbot/2.0; +http://www.bing.com/bingbot.htm) Chrome/116.0.1938.76 Safari/537.36"
198.41.227.154 - - [07/Nov/2025:07:07:11 -0800] "GET /products/16000221/ HTTP/1.1" 200 199805 "-" "Mozilla/5.0 (Linux; Android 6.0.1; Nexus 5X Build/MMB29P) AppleWebKit/537.36 (KHTML, like Gecko) Chrome/141.0.7390.122 Mobile Safari/537.36 (compatible; Googlebot/2.1; +http://www.google.com/bot.html)"
104.23.209.142 - - [07/Nov/2025:07:07:11 -0800] "GET /?a=122991215 HTTP/1.1" 200 16521 "-" "Mozilla/5.0 (compatible; SemrushBot/7~bl; +http://www.semrush.com/bot.html)"
104.23.245.202 - - [07/Nov/2025:07:07:11 -0800] "GET /?dir=%2Fusr%2Fshare%2Fcrypto-policies%2Fpython HTTP/1.1" 200 13953 "-" "Mozilla/5.0 AppleWebKit/537.36 (KHTML, like Gecko; compatible; GPTBot/1.2; +https://openai.com/gptbot)"
104.23.211.81 - - [07/Nov/2025:07:07:12 -0800] "GET /?dir=/usr/share/doc/perl-Test-Simple/t/Test2/modules/Hub/Interceptor HTTP/1.1" 200 11557 "-" "Mozilla/5.0 AppleWebKit/537.36 (KHTML, like Gecko; compatible; Amazonbot/0.1; +https://developer.amazon.com/support/amazonbot) Chrome/119.0.6045.214 Safari/537.36"
172.68.138.158 - - [07/Nov/2025:07:07:14 -0800] "GET /public/?dir=/opt/imh-python/lib/python3.9/site-packages/bakauth-1.6.2.dist-info/.. HTTP/1.1" 429 17 "-" "Mozilla/5.0 AppleWebKit/537.36 (KHTML, like Gecko; compatible; Amazonbot/0.1; +https://developer.amazon.com/support/amazonbot) Chrome/119.0.6045.214 Safari/537.36"
104.23.245.202 - - [07/Nov/2025:07:07:16 -0800] "GET /?dir=%2Fetc%2Frpm&edit=%2Fetc%2Frpm%2Fmacros.ea-php82-config HTTP/1.1" 200 1302 "-" "Mozilla/5.0 AppleWebKit/537.36 (KHTML, like Gecko; compatible; GPTBot/1.2; +https://openai.com/gptbot)"
172.70.175.85 - - [07/Nov/2025:07:07:18 -0800] "GET /public/?dir=/opt/imh-python/lib/python3.9/site-packages/crossplane/.. HTTP/1.1" 200 348475 "-" "Mozilla/5.0 AppleWebKit/537.36 (KHTML, like Gecko; compatible; Amazonbot/0.1; +https://developer.amazon.com/support/amazonbot) Chrome/119.0.6045.214 Safari/537.36"
104.23.245.202 - - [07/Nov/2025:07:07:20 -0800] "GET /?dir=%2Fproc&dl=%2Fproc%2F3949598 HTTP/1.1" 200 82156 "-" "Mozilla/5.0 AppleWebKit/537.36 (KHTML, like Gecko; compatible; GPTBot/1.2; +https://openai.com/gptbot)"
198.41.227.154 - - [07/Nov/2025:07:07:23 -0800] "GET /products/18964276/ HTTP/1.1" 200 190666 "-" "Mozilla/5.0 (Linux; Android 6.0.1; Nexus 5X Build/MMB29P) AppleWebKit/537.36 (KHTML, like Gecko) Chrome/141.0.7390.122 Mobile Safari/537.36 (compatible; Googlebot/2.1; +http://www.google.com/bot.html)"
104.23.213.13 - - [07/Nov/2025:07:07:24 -0800] "GET /public/?dir=/sys/fs/cgroup/systemd/system.slice/backup-runner.service HTTP/1.1" 200 15517 "-" "Mozilla/5.0 AppleWebKit/537.36 (KHTML, like Gecko; compatible; Amazonbot/0.1; +https://developer.amazon.com/support/amazonbot) Chrome/119.0.6045.214 Safari/537.36"
104.23.245.202 - - [07/Nov/2025:07:07:24 -0800] "GET /?dir=%2Fproc&dl=%2Fproc%2F3921384 HTTP/1.1" 200 82156 "-" "Mozilla/5.0 AppleWebKit/537.36 (KHTML, like Gecko; compatible; GPTBot/1.2; +https://openai.com/gptbot)"
198.41.227.154 - - [07/Nov/2025:07:07:24 -0800] "GET /products/14980798/ HTTP/1.1" 200 209850 "-" "Mozilla/5.0 (Linux; Android 6.0.1; Nexus 5X Build/MMB29P) AppleWebKit/537.36 (KHTML, like Gecko) Chrome/141.0.7390.122 Mobile Safari/537.36 (compatible; Googlebot/2.1; +http://www.google.com/bot.html)"
198.41.227.154 - - [07/Nov/2025:07:07:25 -0800] "GET /?dir=%2Fproc%2F3878732&dl=%2Fproc%2F3878732%2Foom_adj HTTP/1.1" 200 16521 "-" "Mozilla/5.0 (Linux; Android 6.0.1; Nexus 5X Build/MMB29P) AppleWebKit/537.36 (KHTML, like Gecko) Chrome/141.0.7390.122 Mobile Safari/537.36 (compatible; Googlebot/2.1; +http://www.google.com/bot.html)"
104.23.245.202 - - [07/Nov/2025:07:07:27 -0800] "GET /?dir=%2Fproc&dl=%2Fproc%2F3915423 HTTP/1.1" 200 82720 "-" "Mozilla/5.0 AppleWebKit/537.36 (KHTML, like Gecko; compatible; GPTBot/1.2; +https://openai.com/gptbot)"
172.68.245.208 - - [07/Nov/2025:07:07:28 -0800] "GET /?dir=/opt/cpanel/ea-php83/root/usr/include/php/ext/standard&edit=/opt/cpanel/ea-php83/root/usr/include/php/ext/standard/php_http.h HTTP/1.1" 200 2000 "-" "Mozilla/5.0 AppleWebKit/537.36 (KHTML, like Gecko; compatible; Amazonbot/0.1; +https://developer.amazon.com/support/amazonbot) Chrome/119.0.6045.214 Safari/537.36"
104.23.245.202 - - [07/Nov/2025:07:07:30 -0800] "GET /?dir=%2Fproc&dl=%2Fproc%2F3950062 HTTP/1.1" 200 83284 "-" "Mozilla/5.0 AppleWebKit/537.36 (KHTML, like Gecko; compatible; GPTBot/1.2; +https://openai.com/gptbot)"
172.71.195.120 - - [07/Nov/2025:07:07:30 -0800] "GET /?dir=/opt/cpanel/ea-openssl11/share/doc/openssl/html/man3&dl=/opt/cpanel/ea-openssl11/share/doc/openssl/html/man3/OSSL_STORE_INFO_get1_NAME_description.html HTTP/1.1" 429 17 "-" "Mozilla/5.0 AppleWebKit/537.36 (KHTML, like Gecko; compatible; Amazonbot/0.1; +https://developer.amazon.com/support/amazonbot) Chrome/119.0.6045.214 Safari/537.36"
172.68.245.208 - - [07/Nov/2025:07:07:32 -0800] "GET /products/18017510/ HTTP/1.1" 200 - "-" "meta-externalagent/1.1 (+https://developers.facebook.com/docs/sharing/webmasters/crawler)"
104.23.245.202 - - [07/Nov/2025:07:07:32 -0800] "GET /?dir=%2Fusr%2Fshare%2Fcrypto-policies%2Fpython&edit=%2Fusr%2Fshare%2Fcrypto-policies%2Fpython%2Fpolicygenerators HTTP/1.1" 429 17 "-" "Mozilla/5.0 AppleWebKit/537.36 (KHTML, like Gecko; compatible; GPTBot/1.2; +https://openai.com/gptbot)"
104.23.245.202 - - [07/Nov/2025:07:07:35 -0800] "GET /?dir=%2Fusr%2Fshare%2Fcrypto-policies%2Fpython&edit=%2Fusr%2Fshare%2Fcrypto-policies%2Fpython%2Fcryptopolicies HTTP/1.1" 200 13953 "-" "Mozilla/5.0 AppleWebKit/537.36 (KHTML, like Gecko; compatible; GPTBot/1.2; +https://openai.com/gptbot)"
172.68.138.159 - - [07/Nov/2025:07:07:35 -0800] "GET /public/?dir=/opt/imh-python/lib/python3.9/site-packages/numpy/typing HTTP/1.1" 200 14843 "-" "Mozilla/5.0 AppleWebKit/537.36 (KHTML, like Gecko; compatible; Amazonbot/0.1; +https://developer.amazon.com/support/amazonbot) Chrome/119.0.6045.214 Safari/537.36"
162.158.152.182 - - [07/Nov/2025:07:07:38 -0800] "GET /public/?dir=/sys/fs/cgroup/blkio/system.slice/systemd-journald-dev-log.socket HTTP/1.1" 200 41179 "-" "Mozilla/5.0 AppleWebKit/537.36 (KHTML, like Gecko; compatible; Amazonbot/0.1; +https://developer.amazon.com/support/amazonbot) Chrome/119.0.6045.214 Safari/537.36"
104.23.245.202 - - [07/Nov/2025:07:07:42 -0800] "GET /?dir=%2Fproc&edit=%2Fproc%2F3951081 HTTP/1.1" 200 83284 "-" "Mozilla/5.0 AppleWebKit/537.36 (KHTML, like Gecko; compatible; GPTBot/1.2; +https://openai.com/gptbot)"
172.70.175.86 - - [07/Nov/2025:07:07:43 -0800] "GET /public/?dir=/opt/imh-python/lib/python3.9/site-packages/apache_libcloud-3.1.0.dist-info HTTP/1.1" 200 17827 "-" "Mozilla/5.0 AppleWebKit/537.36 (KHTML, like Gecko; compatible; Amazonbot/0.1; +https://developer.amazon.com/support/amazonbot) Chrome/119.0.6045.214 Safari/537.36"
198.41.227.154 - - [07/Nov/2025:07:07:46 -0800] "GET /?dir=%2Fproc&edit=%2Fproc%2F3852500 HTTP/1.1" 200 83284 "-" "Mozilla/5.0 (Linux; Android 6.0.1; Nexus 5X Build/MMB29P) AppleWebKit/537.36 (KHTML, like Gecko) Chrome/141.0.7390.122 Mobile Safari/537.36 (compatible; Googlebot/2.1; +http://www.google.com/bot.html)"
104.23.245.203 - - [07/Nov/2025:07:07:48 -0800] "GET /?dir=%2Fusr%2Fshare%2Fcrypto-policies%2Fpython&dl=%2Fusr%2Fshare%2Fcrypto-policies%2Fpython%2Fcryptopolicies HTTP/1.1" 200 13953 "-" "Mozilla/5.0 AppleWebKit/537.36 (KHTML, like Gecko; compatible; GPTBot/1.2; +https://openai.com/gptbot)"
172.71.190.82 - - [07/Nov/2025:07:07:49 -0800] "GET /public/?dir=/opt/cpanel/ea-php81/root/media/.. HTTP/1.1" 200 23091 "-" "Mozilla/5.0 AppleWebKit/537.36 (KHTML, like Gecko; compatible; Amazonbot/0.1; +https://developer.amazon.com/support/amazonbot) Chrome/119.0.6045.214 Safari/537.36"
172.68.138.159 - - [07/Nov/2025:07:07:50 -0800] "GET /public/?dir=/sys/module/intel_powerclamp/holders/.. HTTP/1.1" 429 17 "-" "Mozilla/5.0 AppleWebKit/537.36 (KHTML, like Gecko; compatible; Amazonbot/0.1; +https://developer.amazon.com/support/amazonbot) Chrome/119.0.6045.214 Safari/537.36"
104.23.245.202 - - [07/Nov/2025:07:07:54 -0800] "GET /?dir=%2Fproc%2F3951078 HTTP/1.1" 200 38984 "-" "Mozilla/5.0 AppleWebKit/537.36 (KHTML, like Gecko; compatible; GPTBot/1.2; +https://openai.com/gptbot)"
104.23.213.13 - - [07/Nov/2025:07:07:57 -0800] "GET /products/26589076/ HTTP/1.1" 200 - "-" "meta-externalagent/1.1 (+https://developers.facebook.com/docs/sharing/webmasters/crawler)"
172.71.190.83 - - [07/Nov/2025:07:07:57 -0800] "GET /public/?dir=/opt/cpanel/ea-php82/root/usr/var/tmp HTTP/1.1" 200 10242 "-" "Mozilla/5.0 AppleWebKit/537.36 (KHTML, like Gecko; compatible; Amazonbot/0.1; +https://developer.amazon.com/support/amazonbot) Chrome/119.0.6045.214 Safari/537.36"
104.23.209.143 - - [07/Nov/2025:07:07:58 -0800] "GET /products/6108643/ HTTP/1.1" 200 195844 "-" "Mozilla/5.0 AppleWebKit/537.36 (KHTML, like Gecko; compatible; bingbot/2.0; +http://www.bing.com/bingbot.htm) Chrome/116.0.1938.76 Safari/537.36"
104.23.245.203 - - [07/Nov/2025:07:07:59 -0800] "GET /?dir=%2Fusr%2Fshare%2Fcrypto-policies%2Fpython%2Fcryptopolicies HTTP/1.1" 200 14365 "-" "Mozilla/5.0 AppleWebKit/537.36 (KHTML, like Gecko; compatible; GPTBot/1.2; +https://openai.com/gptbot)"
104.23.211.80 - - [07/Nov/2025:07:08:00 -0800] "GET /?dir=/opt/imh-python/lib/python3.9/site-packages/numpy/distutils/fcompiler/__pycache__&dl=/opt/imh-python/lib/python3.9/site-packages/numpy/distutils/fcompiler/__pycache__/none.cpython-39.pyc HTTP/1.1" 200 1043 "-" "Mozilla/5.0 AppleWebKit/537.36 (KHTML, like Gecko; compatible; Amazonbot/0.1; +https://developer.amazon.com/support/amazonbot) Chrome/119.0.6045.214 Safari/537.36"
104.23.245.203 - - [07/Nov/2025:07:08:04 -0800] "GET /?dir=%2Fusr%2Fshare%2Fcrypto-policies%2Fpython&edit=%2Fusr%2Fshare%2Fcrypto-policies%2Fpython%2Fpolicygenerators HTTP/1.1" 200 13953 "-" "Mozilla/5.0 AppleWebKit/537.36 (KHTML, like Gecko; compatible; GPTBot/1.2; +https://openai.com/gptbot)"
104.23.209.143 - - [07/Nov/2025:07:08:04 -0800] "GET /?dir=/opt/cpanel/ea-openssl11/share/doc/openssl/html/man3&dl=/opt/cpanel/ea-openssl11/share/doc/openssl/html/man3/OCSP_basic_add1_nonce.html HTTP/1.1" 200 4422 "-" "Mozilla/5.0 AppleWebKit/537.36 (KHTML, like Gecko; compatible; Amazonbot/0.1; +https://developer.amazon.com/support/amazonbot) Chrome/119.0.6045.214 Safari/537.36"
172.71.195.119 - - [07/Nov/2025:07:08:07 -0800] "GET /?dir=/usr/lib/python3.6/site-packages/setuptools/command/__pycache__&dl=/usr/lib/python3.6/site-packages/setuptools/command/__pycache__/.. HTTP/1.1" 200 58532 "-" "Mozilla/5.0 AppleWebKit/537.36 (KHTML, like Gecko; compatible; Amazonbot/0.1; +https://developer.amazon.com/support/amazonbot) Chrome/119.0.6045.214 Safari/537.36"
104.23.245.203 - - [07/Nov/2025:07:08:08 -0800] "GET /?dir=%2Fusr%2Fshare%2Fcrypto-policies%2Fpython&dl=%2Fusr%2Fshare%2Fcrypto-policies%2Fpython%2F.. HTTP/1.1" 200 13953 "-" "Mozilla/5.0 AppleWebKit/537.36 (KHTML, like Gecko; compatible; GPTBot/1.2; +https://openai.com/gptbot)"
104.23.209.143 - - [07/Nov/2025:07:08:09 -0800] "GET /?a=122173215 HTTP/1.1" 200 16521 "-" "Mozilla/5.0 (compatible; SemrushBot/7~bl; +http://www.semrush.com/bot.html)"
172.68.138.159 - - [07/Nov/2025:07:08:11 -0800] "GET /?dir=/opt/cpanel/ea-wappspector/vendor/phpunit/phpunit/src/TextUI&dl=/opt/cpanel/ea-wappspector/vendor/phpunit/phpunit/src/TextUI/TestSuiteFilterProcessor.php HTTP/1.1" 200 2483 "-" "Mozilla/5.0 AppleWebKit/537.36 (KHTML, like Gecko; compatible; Amazonbot/0.1; +https://developer.amazon.com/support/amazonbot) Chrome/119.0.6045.214 Safari/537.36"
104.23.245.203 - - [07/Nov/2025:07:08:12 -0800] "GET /?dir=%2Fproc&dl=%2Fproc%2F3923071 HTTP/1.1" 200 83284 "-" "Mozilla/5.0 AppleWebKit/537.36 (KHTML, like Gecko; compatible; GPTBot/1.2; +https://openai.com/gptbot)"
162.158.78.73 - - [07/Nov/2025:07:08:14 -0800] "GET /?dir=/etc/ImageMagick-6&dl=/etc/ImageMagick-6/log.xml HTTP/1.1" 200 1642 "-" "Mozilla/5.0 AppleWebKit/537.36 (KHTML, like Gecko; compatible; Amazonbot/0.1; +https://developer.amazon.com/support/amazonbot) Chrome/119.0.6045.214 Safari/537.36"
