162.158.78.73 - - [07/Nov/2025:07:08:15 -0800] "GET /?a=122460015 HTTP/1.1" 200 16521 "-" "Mozilla/5.0 (compatible; SemrushBot/7~bl; +http://www.semrush.com/bot.html)"
104.23.245.203 - - [07/Nov/2025:07:08:15 -0800] "GET /?dir=%2Fusr%2Fshare%2Fcrypto-policies%2Fpython%2Fcryptopolicies%2F__pycache__ HTTP/1.1" 200 16053 "-" "Mozilla/5.0 AppleWebKit/537.36 (KHTML, like Gecko; compatible; GPTBot/1.2; +https://openai.com/gptbot)"
172.71.195.120 - - [07/Nov/2025:07:08:18 -0800] "GET /?a=125317215 HTTP/1.1" 200 16521 "-" "Mozilla/5.0 (compatible; SemrushBot/7~bl; +http://www.semrush.com/bot.html)"
104.23.245.203 - - [07/Nov/2025:07:08:18 -0800] "GET /?dir=%2Fusr%2Fshare%2Fcrypto-policies%2Fpython&edit=%2Fusr%2Fshare%2Fcrypto-policies%2Fpython%2F.. HTTP/1.1" 200 13953 "-" "Mozilla/5.0 AppleWebKit/537.36 (KHTML, like Gecko; compatible; GPTBot/1.2; +https://openai.com/gptbot)"
172.71.166.29 - - [07/Nov/2025:07:08:20 -0800] "GET /?dir=%2Fproc&dl=%2Fproc%2F3902386 HTTP/1.1" 200 82156 "-" "Mozilla/5.0 (Linux; Android 6.0.1; Nexus 5X Build/MMB29P) AppleWebKit/537.36 (KHTML, like Gecko) Chrome/141.0.7390.122 Mobile Safari/537.36 (compatible; Googlebot/2.1; +http://www.google.com/bot.html)"
104.23.209.59 - - [07/Nov/2025:07:08:20 -0800] "GET /public/?dir=/opt/imh-python/lib/python3.9/site-packages/future/standard_library HTTP/1.1" 200 12443 "-" "Mozilla/5.0 AppleWebKit/537.36 (KHTML, like Gecko; compatible; Amazonbot/0.1; +https://developer.amazon.com/support/amazonbot) Chrome/119.0.6045.214 Safari/537.36"
104.23.245.203 - - [07/Nov/2025:07:08:21 -0800] "GET /?dir=%2Fproc&dl=%2Fproc%2F3930128 HTTP/1.1" 200 82156 "-" "Mozilla/5.0 AppleWebKit/537.36 (KHTML, like Gecko; compatible; GPTBot/1.2; +https://openai.com/gptbot)"
198.41.227.154 - - [07/Nov/2025:07:08:21 -0800] "GET /products/25452465/ HTTP/1.1" 200 207336 "-" "Mozilla/5.0 (Linux; Android 6.0.1; Nexus 5X Build/MMB29P) AppleWebKit/537.36 (KHTML, like Gecko) Chrome/141.0.7390.122 Mobile Safari/537.36 (compatible; Googlebot/2.1; +http://www.google.com/bot.html)"
104.23.245.203 - - [07/Nov/2025:07:08:23 -0800] "GET /?dir=%2Fproc&dl=%2Fproc%2F3928906 HTTP/1.1" 429 17 "-" "Mozilla/5.0 AppleWebKit/537.36 (KHTML, like Gecko; compatible; GPTBot/1.2; +https://openai.com/gptbot)"
162.158.78.72 - - [07/Nov/2025:07:08:24 -0800] "GET /public/?dir=/opt/cpanel/ea-wappspector/vendor/phpunit&dl=/opt/cpanel/ea-wappspector/vendor/phpunit/php-code-coverage HTTP/1.1" 200 15272 "-" "Mozilla/5.0 AppleWebKit/537.36 (KHTML, like Gecko; compatible; Amazonbot/0.1; +https://developer.amazon.com/support/amazonbot) Chrome/119.0.6045.214 Safari/537.36"
104.23.245.203 - - [07/Nov/2025:07:08:26 -0800] "GET /?dir=%2Fusr%2Fshare%2Fcrypto-policies%2Fpython%2Fcryptopolicies%2F__pycache__&edit=%2Fusr%2Fshare%2Fcrypto-policies%2Fpython%2Fcryptopolicies%2F__pycache__%2Falg_lists.cpython-36.opt-1.pyc HTTP/1.1" 200 6074 "-" "Mozilla/5.0 AppleWebKit/537.36 (KHTML, like Gecko; compatible; GPTBot/1.2; +https://openai.com/gptbot)"
172.71.190.83 - - [07/Nov/2025:07:08:27 -0800] "GET /public/c-api/memoryview.html HTTP/1.1" 403 - "-" "Mozilla/5.0 AppleWebKit/537.36 (KHTML, like Gecko; compatible; Amazonbot/0.1; +https://developer.amazon.com/support/amazonbot) Chrome/119.0.6045.214 Safari/537.36"
162.158.78.72 - - [07/Nov/2025:07:08:31 -0800] "GET /public/?dir=/home/ayaclass/public_html/vendor/aws/aws-sdk-php/src/data/cloudfront/2020-05-31&dl=/home/ayaclass/public_html/vendor/aws/aws-sdk-php/src/data/cloudfront/2020-05-31/paginators-1.json.php HTTP/1.1" 200 1247 "-" "Mozilla/5.0 AppleWebKit/537.36 (KHTML, like Gecko; compatible; Amazonbot/0.1; +https://developer.amazon.com/support/amazonbot) Chrome/119.0.6045.214 Safari/537.36"
104.23.211.80 - - [07/Nov/2025:07:08:32 -0800] "GET /?a=125186015 HTTP/1.1" 200 16521 "-" "Mozilla/5.0 (compatible; SemrushBot/7~bl; +http://www.semrush.com/bot.html)"
104.23.245.202 - - [07/Nov/2025:07:08:33 -0800] "GET /?dir=%2Fusr%2Fshare%2Fcrypto-policies%2Fpython%2Fcryptopolicies%2F__pycache__%2F.. HTTP/1.1" 200 14365 "-" "Mozilla/5.0 AppleWebKit/537.36 (KHTML, like Gecko; compatible; GPTBot/1.2; +https://openai.com/gptbot)"
104.23.211.80 - - [07/Nov/2025:07:08:34 -0800] "GET /public/?dir=/sys/fs/cgroup/devices/init.scope&edit=/sys/fs/cgroup/devices/init.scope/tasks HTTP/1.1" 200 583 "-" "Mozilla/5.0 AppleWebKit/537.36 (KHTML, like Gecko; compatible; Amazonbot/0.1; +https://developer.amazon.com/support/amazonbot) Chrome/119.0.6045.214 Safari/537.36"
198.41.227.154 - - [07/Nov/2025:07:08:38 -0800] "GET /products/24684565/ HTTP/1.1" 200 187257 "-" "Mozilla/5.0 (Linux; Android 6.0.1; Nexus 5X Build/MMB29P) AppleWebKit/537.36 (KHTML, like Gecko) Chrome/141.0.7390.122 Mobile Safari/537.36 (compatible; Googlebot/2.1; +http://www.google.com/bot.html)"
198.41.227.154 - - [07/Nov/2025:07:08:38 -0800] "GET /?dir=%2Fproc%2F3939932 HTTP/1.1" 200 16521 "-" "Mozilla/5.0 (Linux; Android 6.0.1; Nexus 5X Build/MMB29P) AppleWebKit/537.36 (KHTML, like Gecko) Chrome/141.0.7390.122 Mobile Safari/537.36 (compatible; Googlebot/2.1; +http://www.google.com/bot.html)"
104.23.245.202 - - [07/Nov/2025:07:08:39 -0800] "GET /?dir=%2Fproc%2F3951078%2F.. HTTP/1.1" 200 16521 "-" "Mozilla/5.0 AppleWebKit/537.36 (KHTML, like Gecko; compatible; GPTBot/1.2; +https://openai.com/gptbot)"
198.41.227.154 - - [07/Nov/2025:07:08:39 -0800] "GET /?dir=%2Fproc&edit=%2Fproc%2F3908184 HTTP/1.1" 200 82156 "-" "Mozilla/5.0 (Linux; Android 6.0.1; Nexus 5X Build/MMB29P) AppleWebKit/537.36 (KHTML, like Gecko) Chrome/141.0.7390.122 Mobile Safari/537.36 (compatible; Googlebot/2.1; +http://www.google.com/bot.html)"
162.158.78.73 - - [07/Nov/2025:07:08:39 -0800] "GET /public/?dir=/opt/cpanel/ea-php82/root/opt/.. HTTP/1.1" 200 23091 "-" "Mozilla/5.0 AppleWebKit/537.36 (KHTML, like Gecko; compatible; Amazonbot/0.1; +https://developer.amazon.com/support/amazonbot) Chrome/119.0.6045.214 Safari/537.36"
172.68.138.159 - - [07/Nov/2025:07:08:43 -0800] "GET /?dir=/opt/cpanel/ea-php83/root/usr/include/php/ext/json/.. HTTP/1.1" 200 31105 "-" "Mozilla/5.0 AppleWebKit/537.36 (KHTML, like Gecko; compatible; Amazonbot/0.1; +https://developer.amazon.com/support/amazonbot) Chrome/119.0.6045.214 Safari/537.36"
104.23.245.203 - - [07/Nov/2025:07:08:44 -0800] "GET /?dir=%2Fproc&dl=%2Fproc%2F3915462 HTTP/1.1" 200 82156 "-" "Mozilla/5.0 AppleWebKit/537.36 (KHTML, like Gecko; compatible; GPTBot/1.2; +https://openai.com/gptbot)"
172.70.175.86 - - [07/Nov/2025:07:08:47 -0800] "GET /?dir=/opt/cpanel/ea-php83/root/usr/include/php/ext/gmp&dl=/opt/cpanel/ea-php83/root/usr/include/php/ext/gmp/php_gmp_int.h HTTP/1.1" 200 837 "-" "Mozilla/5.0 AppleWebKit/537.36 (KHTML, like Gecko; compatible; Amazonbot/0.1; +https://developer.amazon.com/support/amazonbot) Chrome/119.0.6045.214 Safari/537.36"
104.23.245.203 - - [07/Nov/2025:07:08:49 -0800] "GET /?dir=%2Fproc&dl=%2Fproc%2F3921246 HTTP/1.1" 200 82156 "-" "Mozilla/5.0 AppleWebKit/537.36 (KHTML, like Gecko; compatible; GPTBot/1.2; +https://openai.com/gptbot)"
172.71.190.82 - - [07/Nov/2025:07:08:50 -0800] "GET /?a=21265115 HTTP/1.1" 200 16521 "-" "Mozilla/5.0 (compatible; SemrushBot/7~bl; +http://www.semrush.com/bot.html)"
198.41.227.154 - - [07/Nov/2025:07:08:50 -0800] "GET /products/21916498/ HTTP/1.1" 200 198478 "-" "Mozilla/5.0 (Linux; Android 6.0.1; Nexus 5X Build/MMB29P) AppleWebKit/537.36 (KHTML, like Gecko) Chrome/141.0.7390.122 Mobile Safari/537.36 (compatible; Googlebot/2.1; +http://www.google.com/bot.html)"
172.71.190.82 - - [07/Nov/2025:07:08:52 -0800] "GET /public/?dir=/sys/fs/cgroup/devices/system.slice/cpanel.service HTTP/1.1" 200 17689 "-" "Mozilla/5.0 AppleWebKit/537.36 (KHTML, like Gecko; compatible; Amazonbot/0.1; +https://developer.amazon.com/support/amazonbot) Chrome/119.0.6045.214 Safari/537.36"
172.68.138.158 - - [07/Nov/2025:07:08:52 -0800] "GET /?a=123474615 HTTP/1.1" 200 16521 "-" "Mozilla/5.0 (compatible; SemrushBot/7~bl; +http://www.semrush.com/bot.html)"
104.23.245.203 - - [07/Nov/2025:07:08:54 -0800] "GET /?dir=%2Fproc&dl=%2Fproc%2F3950063 HTTP/1.1" 200 82156 "-" "Mozilla/5.0 AppleWebKit/537.36 (KHTML, like Gecko; compatible; GPTBot/1.2; +https://openai.com/gptbot)"
172.68.245.208 - - [07/Nov/2025:07:08:55 -0800] "GET /public/?dir=/usr/lib/python3.6/site-packages/setuptools/command/__pycache__&dl=/usr/lib/python3.6/site-packages/setuptools/command/__pycache__/build_clib.cpython-36.pyc HTTP/1.1" 200 2372 "-" "Mozilla/5.0 AppleWebKit/537.36 (KHTML, like Gecko; compatible; Amazonbot/0.1; +https://developer.amazon.com/support/amazonbot) Chrome/119.0.6045.214 Safari/537.36"
104.23.245.203 - - [07/Nov/2025:07:08:58 -0800] "GET /?dir=%2Fproc&dl=%2Fproc%2F3927530 HTTP/1.1" 200 82156 "-" "Mozilla/5.0 AppleWebKit/537.36 (KHTML, like Gecko; compatible; GPTBot/1.2; +https://openai.com/gptbot)"
172.71.195.119 - - [07/Nov/2025:07:08:59 -0800] "GET /?dir=/usr/lib64/python3.6/site-packages/hawkey/__pycache__&dl=/usr/lib64/python3.6/site-packages/hawkey/__pycache__/.. HTTP/1.1" 200 12111 "-" "Mozilla/5.0 AppleWebKit/537.36 (KHTML, like Gecko; compatible; Amazonbot/0.1; +https://developer.amazon.com/support/amazonbot) Chrome/119.0.6045.214 Safari/537.36"
172.70.175.85 - - [07/Nov/2025:07:09:01 -0800] "GET /?a=122792015 HTTP/1.1" 200 16521 "-" "Mozilla/5.0 (compatible; SemrushBot/7~bl; +http://www.semrush.com/bot.html)"
104.23.245.203 - - [07/Nov/2025:07:09:02 -0800] "GET /?dir=%2Fproc&dl=%2Fproc%2F3915172 HTTP/1.1" 200 86104 "-" "Mozilla/5.0 AppleWebKit/537.36 (KHTML, like Gecko; compatible; GPTBot/1.2; +https://openai.com/gptbot)"
172.70.175.85 - - [07/Nov/2025:07:09:04 -0800] "GET /public/?dir=/opt/cpanel/ea-php81/root/var&dl=/opt/cpanel/ea-php81/root/var/local HTTP/1.1" 200 22436 "-" "Mozilla/5.0 AppleWebKit/537.36 (KHTML, like Gecko; compatible; Amazonbot/0.1; +https://developer.amazon.com/support/amazonbot) Chrome/119.0.6045.214 Safari/537.36"
104.23.245.203 - - [07/Nov/2025:07:09:05 -0800] "GET /?dir=%2Fproc&dl=%2Fproc%2F3915026 HTTP/1.1" 200 85540 "-" "Mozilla/5.0 AppleWebKit/537.36 (KHTML, like Gecko; compatible; GPTBot/1.2; +https://openai.com/gptbot)"
104.23.245.203 - - [07/Nov/2025:07:09:08 -0800] "GET /?dir=%2Fproc&dl=%2Fproc%2F3950042 HTTP/1.1" 200 83848 "-" "Mozilla/5.0 AppleWebKit/537.36 (KHTML, like Gecko; compatible; GPTBot/1.2; +https://openai.com/gptbot)"
172.68.138.158 - - [07/Nov/2025:07:09:08 -0800] "GET /public/?dir=/opt/cpanel/ea-php81/root/etc&dl=/opt/cpanel/ea-php81/root/etc/php.ini.rpmnew HTTP/1.1" 200 60619 "-" "Mozilla/5.0 AppleWebKit/537.36 (KHTML, like Gecko; compatible; Amazonbot/0.1; +https://developer.amazon.com/support/amazonbot) Chrome/119.0.6045.214 Safari/537.36"
172.68.138.158 - - [07/Nov/2025:07:09:08 -0800] "GET /products/25684198/ HTTP/1.1" 200 186263 "-" "Mozilla/5.0 AppleWebKit/537.36 (KHTML, like Gecko; compatible; bingbot/2.0; +http://www.bing.com/bingbot.htm) Chrome/116.0.1938.76 Safari/537.36"
172.64.217.202 - - [07/Nov/2025:07:09:09 -0800] "GET /.well-known/acme-challenge/5GNTWPK2ITO2WTCWHF9NAZH2R6O3ROCK HTTP/1.1" 200 64 "-" "Cpanel-HTTP-Client/1.0"
162.158.186.92 - - [07/Nov/2025:07:09:09 -0800] "GET /.well-known/acme-challenge/-Z-1TZMGUBTCLGHURBP3INAY1UP6XY2W HTTP/1.1" 200 64 "-" "Cpanel-HTTP-Client/1.0"
172.64.217.170 - - [07/Nov/2025:07:09:09 -0800] "GET /.well-known/acme-challenge/MLRK4U33WY2Q_TP-VXUYTEQCHRQHWY_I HTTP/1.1" 200 64 "-" "Cpanel-HTTP-Client/1.0"
192.145.236.239 - - [07/Nov/2025:07:09:09 -0800] "GET /.well-known/acme-challenge/234F88K0503WIB0MR--FPJY86F3UAB6D HTTP/1.1" 200 64 "-" "Cpanel-HTTP-Client/1.0"
192.145.236.239 - - [07/Nov/2025:07:09:09 -0800] "GET /.well-known/acme-challenge/45V21X7P0XYADQE9PFJ8Z0CR18WNGMEM HTTP/1.1" 200 64 "-" "Cpanel-HTTP-Client/1.0"
192.145.236.239 - - [07/Nov/2025:07:09:09 -0800] "GET /.well-known/acme-challenge/DFAM-B24TBMYSJG_FU4YLK2VFNZM_4GA HTTP/1.1" 200 64 "-" "Cpanel-HTTP-Client/1.0"
192.145.236.239 - - [07/Nov/2025:07:09:09 -0800] "GET /.well-known/acme-challenge/MTM7Q4PA89R86X32PPOXAMR-J3OXDN4S HTTP/1.1" 200 64 "-" "Cpanel-HTTP-Client/1.0"
192.145.236.239 - - [07/Nov/2025:07:09:09 -0800] "GET /.well-known/acme-challenge/EG22H4NVX6VWGJHX1XL-I_V1HTUJ15VK HTTP/1.1" 200 64 "-" "Cpanel-HTTP-Client/1.0"
162.158.152.183 - - [07/Nov/2025:07:09:10 -0800] "GET /public/?dir=/usr/lib/python3.6/site-packages/chardet/__pycache__&dl=/usr/lib/python3.6/site-packages/chardet/__pycache__/jisfreq.cpython-36.pyc HTTP/1.1" 429 17 "-" "Mozilla/5.0 AppleWebKit/537.36 (KHTML, like Gecko; compatible; Amazonbot/0.1; +https://developer.amazon.com/support/amazonbot) Chrome/119.0.6045.214 Safari/537.36"
104.23.245.203 - - [07/Nov/2025:07:09:10 -0800] "GET /?dir=%2Fproc&dl=%2Fproc%2F2185393 HTTP/1.1" 429 17 "-" "Mozilla/5.0 AppleWebKit/537.36 (KHTML, like Gecko; compatible; GPTBot/1.2; +https://openai.com/gptbot)"
104.23.245.203 - - [07/Nov/2025:07:09:13 -0800] "GET /?dir=%2Fproc&dl=%2Fproc%2F3951003 HTTP/1.1" 200 84412 "-" "Mozilla/5.0 AppleWebKit/537.36 (KHTML, like Gecko; compatible; GPTBot/1.2; +https://openai.com/gptbot)"
172.71.190.82 - - [07/Nov/2025:07:09:15 -0800] "GET /public/?dir=/opt/imh-python/lib/python3.9/site-packages/MarkupSafe-1.1.1.dist-info/.. HTTP/1.1" 200 348475 "-" "Mozilla/5.0 AppleWebKit/537.36 (KHTML, like Gecko; compatible; Amazonbot/0.1; +https://developer.amazon.com/support/amazonbot) Chrome/119.0.6045.214 Safari/537.36"
104.23.245.202 - - [07/Nov/2025:07:09:20 -0800] "GET /?dir=%2Fproc&dl=%2Fproc%2F3951135 HTTP/1.1" 200 82720 "-" "Mozilla/5.0 AppleWebKit/537.36 (KHTML, like Gecko; compatible; GPTBot/1.2; +https://openai.com/gptbot)"
172.71.222.237 - - [07/Nov/2025:07:09:21 -0800] "GET /?dir=/opt/cpanel/ea-openssl11/share/doc/openssl/html/man3&dl=/opt/cpanel/ea-openssl11/share/doc/openssl/html/man3/CRYPTO_secure_malloc_init.html HTTP/1.1" 200 6421 "-" "Mozilla/5.0 AppleWebKit/537.36 (KHTML, like Gecko; compatible; Amazonbot/0.1; +https://developer.amazon.com/support/amazonbot) Chrome/119.0.6045.214 Safari/537.36"
198.41.227.155 - - [07/Nov/2025:07:09:22 -0800] "GET /?dir=%2Fproc&dl=%2Fproc%2F3911558 HTTP/1.1" 200 82156 "-" "Mozilla/5.0 (Linux; Android 6.0.1; Nexus 5X Build/MMB29P) AppleWebKit/537.36 (KHTML, like Gecko) Chrome/141.0.7390.122 Mobile Safari/537.36 (compatible; Googlebot/2.1; +http://www.google.com/bot.html)"
198.41.227.155 - - [07/Nov/2025:07:09:22 -0800] "GET /?dir=%2Fproc%2F3778725 HTTP/1.1" 200 16521 "-" "Mozilla/5.0 (Linux; Android 6.0.1; Nexus 5X Build/MMB29P) AppleWebKit/537.36 (KHTML, like Gecko) Chrome/141.0.7390.122 Mobile Safari/537.36 (compatible; Googlebot/2.1; +http://www.google.com/bot.html)"
104.23.213.12 - - [07/Nov/2025:07:09:24 -0800] "GET /?a=124392515 HTTP/1.1" 200 16521 "-" "Mozilla/5.0 (compatible; SemrushBot/7~bl; +http://www.semrush.com/bot.html)"
172.68.138.159 - - [07/Nov/2025:07:09:24 -0800] "GET /public/?dir=/usr/lib/python3.6/site-packages/chardet/__pycache__&dl=/usr/lib/python3.6/site-packages/chardet/__pycache__/__init__.cpython-36.opt-1.pyc HTTP/1.1" 200 765 "-" "Mozilla/5.0 AppleWebKit/537.36 (KHTML, like Gecko; compatible; Amazonbot/0.1; +https://developer.amazon.com/support/amazonbot) Chrome/119.0.6045.214 Safari/537.36"
104.23.211.81 - - [07/Nov/2025:07:09:26 -0800] "GET /public/?dir=/sys/fs/cgroup/systemd/system.slice/crond.service HTTP/1.1" 429 17 "-" "Mozilla/5.0 AppleWebKit/537.36 (KHTML, like Gecko; compatible; Amazonbot/0.1; +https://developer.amazon.com/support/amazonbot) Chrome/119.0.6045.214 Safari/537.36"
104.23.245.202 - - [07/Nov/2025:07:09:27 -0800] "GET /?dir=%2Fproc&dl=%2Fproc%2F3949755 HTTP/1.1" 200 82156 "-" "Mozilla/5.0 AppleWebKit/537.36 (KHTML, like Gecko; compatible; GPTBot/1.2; +https://openai.com/gptbot)"
172.68.245.209 - - [07/Nov/2025:07:09:27 -0800] "GET /?a=123367915 HTTP/1.1" 200 16521 "-" "Mozilla/5.0 (compatible; SemrushBot/7~bl; +http://www.semrush.com/bot.html)"
104.23.245.202 - - [07/Nov/2025:07:09:32 -0800] "GET /?dir=%2Fproc&dl=%2Fproc%2F3921585 HTTP/1.1" 200 81592 "-" "Mozilla/5.0 AppleWebKit/537.36 (KHTML, like Gecko; compatible; GPTBot/1.2; +https://openai.com/gptbot)"
104.23.211.81 - - [07/Nov/2025:07:09:32 -0800] "GET /?dir=/opt/cpanel/ea-openssl11/share/doc/openssl/html/man1&dl=/opt/cpanel/ea-openssl11/share/doc/openssl/html/man1/openssl-nseq.html HTTP/1.1" 200 3309 "-" "Mozilla/5.0 AppleWebKit/537.36 (KHTML, like Gecko; compatible; Amazonbot/0.1; +https://developer.amazon.com/support/amazonbot) Chrome/119.0.6045.214 Safari/537.36"
172.71.190.82 - - [07/Nov/2025:07:09:36 -0800] "GET /?dir=/usr/share/doc/cpanel-php84-net-smtp/examples&dl=/usr/share/doc/cpanel-php84-net-smtp/examples/basic.php HTTP/1.1" 200 1048 "-" "Mozilla/5.0 AppleWebKit/537.36 (KHTML, like Gecko; compatible; Amazonbot/0.1; +https://developer.amazon.com/support/amazonbot) Chrome/119.0.6045.214 Safari/537.36"
104.23.245.203 - - [07/Nov/2025:07:09:37 -0800] "GET /?dir=%2Fproc&dl=%2Fproc%2F3927144 HTTP/1.1" 200 83848 "-" "Mozilla/5.0 AppleWebKit/537.36 (KHTML, like Gecko; compatible; GPTBot/1.2; +https://openai.com/gptbot)"
198.41.227.154 - - [07/Nov/2025:07:09:39 -0800] "GET /?dir=%2Fproc%2F3878732&dl=%2Fproc%2F3878732%2Fcpuset HTTP/1.1" 200 16521 "-" "Mozilla/5.0 (Linux; Android 6.0.1; Nexus 5X Build/MMB29P) AppleWebKit/537.36 (KHTML, like Gecko) Chrome/141.0.7390.122 Mobile Safari/537.36 (compatible; Googlebot/2.1; +http://www.google.com/bot.html)"
172.71.195.120 - - [07/Nov/2025:07:09:39 -0800] "GET /products/8775754/ HTTP/1.1" 200 193482 "-" "Mozilla/5.0 AppleWebKit/537.36 (KHTML, like Gecko; compatible; bingbot/2.0; +http://www.bing.com/bingbot.htm) Chrome/116.0.1938.76 Safari/537.36"
104.23.213.13 - - [07/Nov/2025:07:09:39 -0800] "GET /?dir=/opt/imh-python/lib/python3.9/site-packages/libcloud/test/dns/__pycache__&dl=/opt/imh-python/lib/python3.9/site-packages/libcloud/test/dns/__pycache__/test_hostvirtual.cpython-39.pyc HTTP/1.1" 200 10133 "-" "Mozilla/5.0 AppleWebKit/537.36 (KHTML, like Gecko; compatible; Amazonbot/0.1; +https://developer.amazon.com/support/amazonbot) Chrome/119.0.6045.214 Safari/537.36"
104.23.245.203 - - [07/Nov/2025:07:09:42 -0800] "GET /?dir=%2Fproc&dl=%2Fproc%2F3951321 HTTP/1.1" 200 83284 "-" "Mozilla/5.0 AppleWebKit/537.36 (KHTML, like Gecko; compatible; GPTBot/1.2; +https://openai.com/gptbot)"
172.68.15.191 - - [07/Nov/2025:07:09:43 -0800] "GET /?dir=/usr/share/adobe/resources/mapping/deprecated/Japan2/CMap&dl=/usr/share/adobe/resources/mapping/deprecated/Japan2/CMap/Hojo-EUC-V HTTP/1.1" 200 2778 "-" "Mozilla/5.0 AppleWebKit/537.36 (KHTML, like Gecko; compatible; Amazonbot/0.1; +https://developer.amazon.com/support/amazonbot) Chrome/119.0.6045.214 Safari/537.36"
104.23.245.203 - - [07/Nov/2025:07:09:46 -0800] "GET /?dir=%2Fproc&dl=%2Fproc%2F3951323 HTTP/1.1" 200 83284 "-" "Mozilla/5.0 AppleWebKit/537.36 (KHTML, like Gecko; compatible; GPTBot/1.2; +https://openai.com/gptbot)"
172.71.222.237 - - [07/Nov/2025:07:09:47 -0800] "GET /?dir=/sys/devices/system/cpu/cpu5/cache/index2&dl=/sys/devices/system/cpu/cpu5/cache/index2/shared_cpu_map HTTP/1.1" 200 36 "-" "Mozilla/5.0 AppleWebKit/537.36 (KHTML, like Gecko; compatible; Amazonbot/0.1; +https://developer.amazon.com/support/amazonbot) Chrome/119.0.6045.214 Safari/537.36"
104.23.213.12 - - [07/Nov/2025:07:09:50 -0800] "GET /public/?dir=/home/ayaclass/public_html/resources/views/vendor/laravel-filemanager&dl=/home/ayaclass/public_html/resources/views/vendor/laravel-filemanager/demo.blade.php HTTP/1.1" 200 7759 "-" "Mozilla/5.0 AppleWebKit/537.36 (KHTML, like Gecko; compatible; Amazonbot/0.1; +https://developer.amazon.com/support/amazonbot) Chrome/119.0.6045.214 Safari/537.36"
104.23.245.203 - - [07/Nov/2025:07:09:50 -0800] "GET /?dir=%2Fproc&dl=%2Fproc%2F3951316 HTTP/1.1" 200 83284 "-" "Mozilla/5.0 AppleWebKit/537.36 (KHTML, like Gecko; compatible; GPTBot/1.2; +https://openai.com/gptbot)"
172.70.35.127 - - [07/Nov/2025:07:09:53 -0800] "GET /?a=125107015 HTTP/1.1" 200 16521 "-" "Mozilla/5.0 (compatible; SemrushBot/7~bl; +http://www.semrush.com/bot.html)"
104.23.245.203 - - [07/Nov/2025:07:09:53 -0800] "GET /?dir=%2Fproc&dl=%2Fproc%2F3951233 HTTP/1.1" 200 82156 "-" "Mozilla/5.0 AppleWebKit/537.36 (KHTML, like Gecko; compatible; GPTBot/1.2; +https://openai.com/gptbot)"
104.23.209.143 - - [07/Nov/2025:07:09:55 -0800] "GET /?a=110954715 HTTP/1.1" 200 16521 "-" "Mozilla/5.0 (compatible; SemrushBot/7~bl; +http://www.semrush.com/bot.html)"
198.41.227.155 - - [07/Nov/2025:07:09:55 -0800] "GET /products/22600432/ HTTP/1.1" 200 186244 "-" "Mozilla/5.0 (Linux; Android 6.0.1; Nexus 5X Build/MMB29P) AppleWebKit/537.36 (KHTML, like Gecko) Chrome/141.0.7390.122 Mobile Safari/537.36 (compatible; Googlebot/2.1; +http://www.google.com/bot.html)"
198.41.227.155 - - [07/Nov/2025:07:09:56 -0800] "GET /?dir=%2Fproc&edit=%2Fproc%2F3907957 HTTP/1.1" 200 82156 "-" "Mozilla/5.0 (Linux; Android 6.0.1; Nexus 5X Build/MMB29P) AppleWebKit/537.36 (KHTML, like Gecko) Chrome/141.0.7390.122 Mobile Safari/537.36 (compatible; Googlebot/2.1; +http://www.google.com/bot.html)"
104.23.245.203 - - [07/Nov/2025:07:09:56 -0800] "GET /?dir=%2Fproc&dl=%2Fproc%2F3951340 HTTP/1.1" 200 82156 "-" "Mozilla/5.0 AppleWebKit/537.36 (KHTML, like Gecko; compatible; GPTBot/1.2; +https://openai.com/gptbot)"
172.71.222.236 - - [07/Nov/2025:07:09:57 -0800] "GET /public/?dir=/usr/share/zoneinfo/right/Etc/.. HTTP/1.1" 200 49339 "-" "Mozilla/5.0 AppleWebKit/537.36 (KHTML, like Gecko; compatible; Amazonbot/0.1; +https://developer.amazon.com/support/amazonbot) Chrome/119.0.6045.214 Safari/537.36"
162.158.78.73 - - [07/Nov/2025:07:09:58 -0800] "GET /?dir=/opt/cpanel/ea-openssl11/share/doc/openssl/html/man3&dl=/opt/cpanel/ea-openssl11/share/doc/openssl/html/man3/OPENSSL_load_builtin_modules.html HTTP/1.1" 429 17 "-" "Mozilla/5.0 AppleWebKit/537.36 (KHTML, like Gecko; compatible; Amazonbot/0.1; +https://developer.amazon.com/support/amazonbot) Chrome/119.0.6045.214 Safari/537.36"
162.158.152.182 - - [07/Nov/2025:07:09:59 -0800] "GET /?a=781784715 HTTP/1.1" 200 16521 "-" "Mozilla/5.0 (compatible; SemrushBot/7~bl; +http://www.semrush.com/bot.html)"
104.23.245.203 - - [07/Nov/2025:07:09:59 -0800] "GET /?dir=%2Fproc%2F3951333 HTTP/1.1" 200 16521 "-" "Mozilla/5.0 AppleWebKit/537.36 (KHTML, like Gecko; compatible; GPTBot/1.2; +https://openai.com/gptbot)"
172.68.138.159 - - [07/Nov/2025:07:09:59 -0800] "GET /products/7503721/ HTTP/1.1" 200 191707 "-" "Mozilla/5.0 AppleWebKit/537.36 (KHTML, like Gecko; compatible; bingbot/2.0; +http://www.bing.com/bingbot.htm) Chrome/116.0.1938.76 Safari/537.36"
104.23.245.203 - - [07/Nov/2025:07:10:02 -0800] "GET /?dir=%2Fproc&dl=%2Fproc%2F3951334 HTTP/1.1" 200 84412 "-" "Mozilla/5.0 AppleWebKit/537.36 (KHTML, like Gecko; compatible; GPTBot/1.2; +https://openai.com/gptbot)"
104.23.245.203 - - [07/Nov/2025:07:10:04 -0800] "GET /?dir=%2Fproc&dl=%2Fproc%2F3918873 HTTP/1.1" 429 17 "-" "Mozilla/5.0 AppleWebKit/537.36 (KHTML, like Gecko; compatible; GPTBot/1.2; +https://openai.com/gptbot)"
172.71.195.119 - - [07/Nov/2025:07:10:05 -0800] "GET /?a=123212215 HTTP/1.1" 200 16521 "-" "Mozilla/5.0 (compatible; SemrushBot/7~bl; +http://www.semrush.com/bot.html)"
172.70.35.127 - - [07/Nov/2025:07:10:05 -0800] "GET /?dir=/opt/cpanel/ea-wappspector/vendor/phpunit/phpunit/src/Metadata&dl=/opt/cpanel/ea-wappspector/vendor/phpunit/phpunit/src/Metadata/DoesNotPerformAssertions.php HTTP/1.1" 200 640 "-" "Mozilla/5.0 AppleWebKit/537.36 (KHTML, like Gecko; compatible; Amazonbot/0.1; +https://developer.amazon.com/support/amazonbot) Chrome/119.0.6045.214 Safari/537.36"
104.23.245.203 - - [07/Nov/2025:07:10:06 -0800] "GET /?dir=%2Fproc&dl=%2Fproc%2F3921374 HTTP/1.1" 429 17 "-" "Mozilla/5.0 AppleWebKit/537.36 (KHTML, like Gecko; compatible; GPTBot/1.2; +https://openai.com/gptbot)"
172.68.245.209 - - [07/Nov/2025:07:10:06 -0800] "GET /?dir=/opt/cpanel/ea-openssl11/share/doc/openssl/html/man1&dl=/opt/cpanel/ea-openssl11/share/doc/openssl/html/man1/ciphers.html HTTP/1.1" 429 17 "-" "Mozilla/5.0 AppleWebKit/537.36 (KHTML, like Gecko; compatible; Amazonbot/0.1; +https://developer.amazon.com/support/amazonbot) Chrome/119.0.6045.214 Safari/537.36"
172.70.175.86 - - [07/Nov/2025:07:10:10 -0800] "GET /?dir=/proc/sys/net/ipv6/conf/all&dl=/proc/sys/net/ipv6/conf/all/dad_transmits HTTP/1.1" 200 2 "-" "Mozilla/5.0 AppleWebKit/537.36 (KHTML, like Gecko; compatible; Amazonbot/0.1; +https://developer.amazon.com/support/amazonbot) Chrome/119.0.6045.214 Safari/537.36"
104.23.245.203 - - [07/Nov/2025:07:10:12 -0800] "GET /?dir=%2Fproc&dl=%2Fproc%2F3951200 HTTP/1.1" 200 83284 "-" "Mozilla/5.0 AppleWebKit/537.36 (KHTML, like Gecko; compatible; GPTBot/1.2; +https://openai.com/gptbot)"
198.41.227.154 - - [07/Nov/2025:07:10:16 -0800] "GET /?dir=%2Fproc&edit=%2Fproc%2F3851258 HTTP/1.1" 200 83284 "-" "Mozilla/5.0 (Linux; Android 6.0.1; Nexus 5X Build/MMB29P) AppleWebKit/537.36 (KHTML, like Gecko) Chrome/141.0.7390.122 Mobile Safari/537.36 (compatible; Googlebot/2.1; +http://www.google.com/bot.html)"
104.23.213.12 - - [07/Nov/2025:07:10:16 -0800] "GET /public/?dir=/usr/lib/python3.6/site-packages/urllib3/packages/__pycache__&dl=/usr/lib/python3.6/site-packages/urllib3/packages/__pycache__/ssl_match_hostname.cpython-36.opt-1.pyc HTTP/1.1" 200 192 "-" "Mozilla/5.0 AppleWebKit/537.36 (KHTML, like Gecko; compatible; Amazonbot/0.1; +https://developer.amazon.com/support/amazonbot) Chrome/119.0.6045.214 Safari/537.36"
172.70.35.127 - - [07/Nov/2025:07:10:16 -0800] "GET /?a=123814415 HTTP/1.1" 200 16521 "-" "Mozilla/5.0 (compatible; SemrushBot/7~bl; +http://www.semrush.com/bot.html)"
172.71.222.237 - - [07/Nov/2025:07:10:19 -0800] "GET /public/?dir=/opt/cpanel/ea-php83/root/var/log&dl=/opt/cpanel/ea-php83/root/var/log/.. HTTP/1.1" 200 10913 "-" "Mozilla/5.0 AppleWebKit/537.36 (KHTML, like Gecko; compatible; Amazonbot/0.1; +https://developer.amazon.com/support/amazonbot) Chrome/119.0.6045.214 Safari/537.36"
104.23.213.13 - - [07/Nov/2025:07:10:23 -0800] "GET /public/?dir=/opt/imh-python/lib/python3.9/site-packages/simplejson/__pycache__ HTTP/1.1" 200 19096 "-" "Mozilla/5.0 AppleWebKit/537.36 (KHTML, like Gecko; compatible; Amazonbot/0.1; +https://developer.amazon.com/support/amazonbot) Chrome/119.0.6045.214 Safari/537.36"
172.71.190.83 - - [07/Nov/2025:07:10:28 -0800] "GET /public/?dir=/opt/imh/python3.13/share/terminfo/E HTTP/1.1" 200 13107 "-" "Mozilla/5.0 AppleWebKit/537.36 (KHTML, like Gecko; compatible; Amazonbot/0.1; +https://developer.amazon.com/support/amazonbot) Chrome/119.0.6045.214 Safari/537.36"
104.23.245.202 - - [07/Nov/2025:07:10:30 -0800] "GET /?dir=%2Fproc&dl=%2Fproc%2F3930141 HTTP/1.1" 200 83284 "-" "Mozilla/5.0 AppleWebKit/537.36 (KHTML, like Gecko; compatible; GPTBot/1.2; +https://openai.com/gptbot)"
104.23.209.142 - - [07/Nov/2025:07:10:31 -0800] "GET /public/?dir=/usr/share/zoneinfo/right/Atlantic/.. HTTP/1.1" 200 49339 "-" "Mozilla/5.0 AppleWebKit/537.36 (KHTML, like Gecko; compatible; Amazonbot/0.1; +https://developer.amazon.com/support/amazonbot) Chrome/119.0.6045.214 Safari/537.36"
104.23.211.81 - - [07/Nov/2025:07:10:35 -0800] "GET /public/?dir=/opt/imh-python/lib/python3.9/site-packages/tornado-6.0.4.dist-info/.. HTTP/1.1" 200 348475 "-" "Mozilla/5.0 AppleWebKit/537.36 (KHTML, like Gecko; compatible; Amazonbot/0.1; +https://developer.amazon.com/support/amazonbot) Chrome/119.0.6045.214 Safari/537.36"
172.70.175.85 - - [07/Nov/2025:07:10:38 -0800] "GET /?dir=/opt/cpanel/ea-php83/root/usr/include/php/ext/pdo&edit=/opt/cpanel/ea-php83/root/usr/include/php/ext/pdo/php_pdo.h HTTP/1.1" 200 2955 "-" "Mozilla/5.0 AppleWebKit/537.36 (KHTML, like Gecko; compatible; Amazonbot/0.1; +https://developer.amazon.com/support/amazonbot) Chrome/119.0.6045.214 Safari/537.36"
104.23.209.143 - - [07/Nov/2025:07:10:39 -0800] "GET /?a=121656115 HTTP/1.1" 200 16521 "-" "Mozilla/5.0 (compatible; SemrushBot/7~bl; +http://www.semrush.com/bot.html)"
198.41.227.154 - - [07/Nov/2025:07:10:41 -0800] "GET /products/23955876/ HTTP/1.1" 200 194055 "-" "Mozilla/5.0 (Linux; Android 6.0.1; Nexus 5X Build/MMB29P) AppleWebKit/537.36 (KHTML, like Gecko) Chrome/141.0.7390.122 Mobile Safari/537.36 (compatible; Googlebot/2.1; +http://www.google.com/bot.html)"
104.23.211.80 - - [07/Nov/2025:07:10:43 -0800] "GET /public/?dir=/home/ayaclass/.trash/AAA/vendor/aws/aws-sdk-php/src/data/cloudfront/2016-09-29&edit=/home/ayaclass/.trash/AAA/vendor/aws/aws-sdk-php/src/data/cloudfront/2016-09-29/waiters-1.json.php HTTP/1.1" 403 - "-" "Mozilla/5.0 AppleWebKit/537.36 (KHTML, like Gecko; compatible; Amazonbot/0.1; +https://developer.amazon.com/support/amazonbot) Chrome/119.0.6045.214 Safari/537.36"
104.23.211.80 - - [07/Nov/2025:07:10:44 -0800] "GET /?a=31789515 HTTP/1.1" 200 16521 "-" "Mozilla/5.0 (compatible; SemrushBot/7~bl; +http://www.semrush.com/bot.html)"
172.71.190.83 - - [07/Nov/2025:07:10:46 -0800] "GET /?a=110352715 HTTP/1.1" 200 16521 "-" "Mozilla/5.0 (compatible; SemrushBot/7~bl; +http://www.semrush.com/bot.html)"
104.23.245.202 - - [07/Nov/2025:07:10:46 -0800] "GET /?dir=%2Fproc&dl=%2Fproc%2F3950650 HTTP/1.1" 200 81592 "-" "Mozilla/5.0 AppleWebKit/537.36 (KHTML, like Gecko; compatible; GPTBot/1.2; +https://openai.com/gptbot)"
162.158.152.183 - - [07/Nov/2025:07:10:48 -0800] "GET /public/?dir=/opt/imh-python/lib/python3.9/lib2to3/tests/data HTTP/1.1" 200 17822 "-" "Mozilla/5.0 AppleWebKit/537.36 (KHTML, like Gecko; compatible; Amazonbot/0.1; +https://developer.amazon.com/support/amazonbot) Chrome/119.0.6045.214 Safari/537.36"
162.158.78.73 - - [07/Nov/2025:07:10:49 -0800] "GET /?a=663391215 HTTP/1.1" 200 16521 "-" "Mozilla/5.0 (compatible; SemrushBot/7~bl; +http://www.semrush.com/bot.html)"
172.68.15.191 - - [07/Nov/2025:07:10:52 -0800] "GET /public/?dir=/etc/pcp/pmlogconf/zimbra&edit=/etc/pcp/pmlogconf/zimbra/.. HTTP/1.1" 200 10548 "-" "Mozilla/5.0 AppleWebKit/537.36 (KHTML, like Gecko; compatible; Amazonbot/0.1; +https://developer.amazon.com/support/amazonbot) Chrome/119.0.6045.214 Safari/537.36"
162.158.78.73 - - [07/Nov/2025:07:10:54 -0800] "GET /public/?dir=/opt/cpanel/ea-php82/root/etc/php.d&dl=/opt/cpanel/ea-php82/root/etc/php.d/imagick.ini HTTP/1.1" 429 17 "-" "Mozilla/5.0 AppleWebKit/537.36 (KHTML, like Gecko; compatible; Amazonbot/0.1; +https://developer.amazon.com/support/amazonbot) Chrome/119.0.6045.214 Safari/537.36"
172.71.190.82 - - [07/Nov/2025:07:10:59 -0800] "GET /public/?dir=/opt/imh-python/lib/python3.9/site-packages/openstack/baremetal HTTP/1.1" 200 16007 "-" "Mozilla/5.0 AppleWebKit/537.36 (KHTML, like Gecko; compatible; Amazonbot/0.1; +https://developer.amazon.com/support/amazonbot) Chrome/119.0.6045.214 Safari/537.36"
104.23.245.203 - - [07/Nov/2025:07:11:00 -0800] "GET /?dir=%2Fproc&dl=%2Fproc%2F3951363 HTTP/1.1" 200 81592 "-" "Mozilla/5.0 AppleWebKit/537.36 (KHTML, like Gecko; compatible; GPTBot/1.2; +https://openai.com/gptbot)"
104.23.211.81 - - [07/Nov/2025:07:11:02 -0800] "GET /?dir=/opt/cpanel/ea-php72/root/usr/include/php/ext/imagick/.. HTTP/1.1" 200 11273 "-" "Mozilla/5.0 AppleWebKit/537.36 (KHTML, like Gecko; compatible; Amazonbot/0.1; +https://developer.amazon.com/support/amazonbot) Chrome/119.0.6045.214 Safari/537.36"
104.23.211.81 - - [07/Nov/2025:07:11:06 -0800] "GET /public/?dir=/opt/cpanel/ea-php83/root/etc/php.d&edit=/opt/cpanel/ea-php83/root/etc/php.d/20-calendar.ini HTTP/1.1" 200 652 "-" "Mozilla/5.0 AppleWebKit/537.36 (KHTML, like Gecko; compatible; Amazonbot/0.1; +https://developer.amazon.com/support/amazonbot) Chrome/119.0.6045.214 Safari/537.36"
104.23.209.143 - - [07/Nov/2025:07:11:11 -0800] "GET /products/19732221/ HTTP/1.1" 200 - "-" "meta-externalagent/1.1 (+https://developers.facebook.com/docs/sharing/webmasters/crawler)"
162.158.78.72 - - [07/Nov/2025:07:11:11 -0800] "GET /?dir=/opt/cpanel/ea-openssl11/share/doc/openssl/html/man1&dl=/opt/cpanel/ea-openssl11/share/doc/openssl/html/man1/prime.html HTTP/1.1" 200 2329 "-" "Mozilla/5.0 AppleWebKit/537.36 (KHTML, like Gecko; compatible; Amazonbot/0.1; +https://developer.amazon.com/support/amazonbot) Chrome/119.0.6045.214 Safari/537.36"
162.158.78.72 - - [07/Nov/2025:07:11:12 -0800] "GET /products/1483365/ HTTP/1.1" 200 - "-" "meta-externalagent/1.1 (+https://developers.facebook.com/docs/sharing/webmasters/crawler)"
104.23.245.203 - - [07/Nov/2025:07:11:13 -0800] "GET /?dir=%2Fproc&dl=%2Fproc%2F3912865 HTTP/1.1" 200 81028 "-" "Mozilla/5.0 AppleWebKit/537.36 (KHTML, like Gecko; compatible; GPTBot/1.2; +https://openai.com/gptbot)"
172.68.27.73 - - [07/Nov/2025:07:11:14 -0800] "GET /products/30573910/ HTTP/1.1" 200 196564 "-" "Mozilla/5.0 (Linux; Android 6.0.1; Nexus 5X Build/MMB29P) AppleWebKit/537.36 (KHTML, like Gecko) Chrome/141.0.7390.122 Mobile Safari/537.36 (compatible; Googlebot/2.1; +http://www.google.com/bot.html)"
104.23.209.143 - - [07/Nov/2025:07:11:15 -0800] "GET /products/25606476/ HTTP/1.1" 200 - "-" "meta-externalagent/1.1 (+https://developers.facebook.com/docs/sharing/webmasters/crawler)"
162.158.78.72 - - [07/Nov/2025:07:11:16 -0800] "GET /products/15300121/ HTTP/1.1" 200 - "-" "meta-externalagent/1.1 (+https://developers.facebook.com/docs/sharing/webmasters/crawler)"
104.23.211.80 - - [07/Nov/2025:07:11:16 -0800] "GET /?dir=/opt/cpanel/ea-wappspector/vendor/phpstan/phpdoc-parser/src/Ast&edit=/opt/cpanel/ea-wappspector/vendor/phpstan/phpdoc-parser/src/Ast/NodeVisitor HTTP/1.1" 200 20910 "-" "Mozilla/5.0 AppleWebKit/537.36 (KHTML, like Gecko; compatible; Amazonbot/0.1; +https://developer.amazon.com/support/amazonbot) Chrome/119.0.6045.214 Safari/537.36"
172.70.175.86 - - [07/Nov/2025:07:11:18 -0800] "GET /products/16092221/ HTTP/1.1" 200 - "-" "meta-externalagent/1.1 (+https://developers.facebook.com/docs/sharing/webmasters/crawler)"
162.158.78.72 - - [07/Nov/2025:07:11:18 -0800] "GET /?a=122672315 HTTP/1.1" 200 16521 "-" "Mozilla/5.0 (compatible; SemrushBot/7~bl; +http://www.semrush.com/bot.html)"
172.71.190.82 - - [07/Nov/2025:07:11:21 -0800] "GET /?dir=/usr/lib/rads/venv/lib/python3.13/site-packages/botocore/data/cloudfront/2016-09-07/.. HTTP/1.1" 200 31218 "-" "Mozilla/5.0 AppleWebKit/537.36 (KHTML, like Gecko; compatible; Amazonbot/0.1; +https://developer.amazon.com/support/amazonbot) Chrome/119.0.6045.214 Safari/537.36"
172.68.138.158 - - [07/Nov/2025:07:11:22 -0800] "GET /public/?dir=/opt/imh-python/lib/python3.9/site-packages/jaraco.functools-4.1.0.dist-info/.. HTTP/1.1" 429 17 "-" "Mozilla/5.0 AppleWebKit/537.36 (KHTML, like Gecko; compatible; Amazonbot/0.1; +https://developer.amazon.com/support/amazonbot) Chrome/119.0.6045.214 Safari/537.36"
104.23.245.203 - - [07/Nov/2025:07:11:24 -0800] "GET /?dir=%2Fproc&dl=%2Fproc%2F3945026 HTTP/1.1" 200 81592 "-" "Mozilla/5.0 AppleWebKit/537.36 (KHTML, like Gecko; compatible; GPTBot/1.2; +https://openai.com/gptbot)"
162.158.152.182 - - [07/Nov/2025:07:11:26 -0800] "GET /public/?dir=/home/ayaclass/public_html/vendor/kreait/firebase-php/src/Firebase/Exception/Auth&edit=/home/ayaclass/public_html/vendor/kreait/firebase-php/src/Firebase/Exception/Auth/ProviderLinkFailed.php HTTP/1.1" 200 914 "-" "Mozilla/5.0 AppleWebKit/537.36 (KHTML, like Gecko; compatible; Amazonbot/0.1; +https://developer.amazon.com/support/amazonbot) Chrome/119.0.6045.214 Safari/537.36"
198.41.227.155 - - [07/Nov/2025:07:11:31 -0800] "GET /?dir=%2Fproc%2F3776863 HTTP/1.1" 200 16521 "-" "Mozilla/5.0 (Linux; Android 6.0.1; Nexus 5X Build/MMB29P) AppleWebKit/537.36 (KHTML, like Gecko) Chrome/141.0.7390.122 Mobile Safari/537.36 (compatible; Googlebot/2.1; +http://www.google.com/bot.html)"
172.68.138.158 - - [07/Nov/2025:07:11:31 -0800] "GET /?dir=/usr/lib/python3.6/site-packages/setuptools/command/__pycache__&dl=/usr/lib/python3.6/site-packages/setuptools/command/__pycache__/build_py.cpython-36.pyc HTTP/1.1" 200 8496 "-" "Mozilla/5.0 AppleWebKit/537.36 (KHTML, like Gecko; compatible; Amazonbot/0.1; +https://developer.amazon.com/support/amazonbot) Chrome/119.0.6045.214 Safari/537.36"
104.23.245.203 - - [07/Nov/2025:07:11:35 -0800] "GET /?dir=%2Fusr%2Fshare%2Fcrypto-policies%2Fpython&dl=%2Fusr%2Fshare%2Fcrypto-policies%2Fpython%2Fpolicygenerators HTTP/1.1" 200 13953 "-" "Mozilla/5.0 AppleWebKit/537.36 (KHTML, like Gecko; compatible; GPTBot/1.2; +https://openai.com/gptbot)"
104.23.213.13 - - [07/Nov/2025:07:11:36 -0800] "GET /?dir=/sys/devices/system/cpu/cpu13/cache/index1&dl=/sys/devices/system/cpu/cpu13/cache/index1/shared_cpu_map HTTP/1.1" 200 36 "-" "Mozilla/5.0 AppleWebKit/537.36 (KHTML, like Gecko; compatible; Amazonbot/0.1; +https://developer.amazon.com/support/amazonbot) Chrome/119.0.6045.214 Safari/537.36"
162.158.152.182 - - [07/Nov/2025:07:11:39 -0800] "GET /?dir=/proc/sys/net/ipv6/conf/all&dl=/proc/sys/net/ipv6/conf/all/forwarding HTTP/1.1" 200 2 "-" "Mozilla/5.0 AppleWebKit/537.36 (KHTML, like Gecko; compatible; Amazonbot/0.1; +https://developer.amazon.com/support/amazonbot) Chrome/119.0.6045.214 Safari/537.36"
162.158.152.182 - - [07/Nov/2025:07:11:43 -0800] "GET /?dir=/opt/imh-python/lib/python3.9/site-packages/urllib3/contrib/_securetransport/__pycache__ HTTP/1.1" 200 14176 "-" "Mozilla/5.0 AppleWebKit/537.36 (KHTML, like Gecko; compatible; Amazonbot/0.1; +https://developer.amazon.com/support/amazonbot) Chrome/119.0.6045.214 Safari/537.36"
162.158.78.73 - - [07/Nov/2025:07:11:43 -0800] "GET /?a=125457315 HTTP/1.1" 200 16521 "-" "Mozilla/5.0 (compatible; SemrushBot/7~bl; +http://www.semrush.com/bot.html)"
104.23.245.203 - - [07/Nov/2025:07:11:44 -0800] "GET /?dir=%2Fproc&dl=%2Fproc%2F3950122 HTTP/1.1" 200 82156 "-" "Mozilla/5.0 AppleWebKit/537.36 (KHTML, like Gecko; compatible; GPTBot/1.2; +https://openai.com/gptbot)"
198.41.227.154 - - [07/Nov/2025:07:11:47 -0800] "GET /?dir=%2Fproc%2F3878732&dl=%2Fproc%2F3878732%2Fstat HTTP/1.1" 200 16521 "-" "Mozilla/5.0 (Linux; Android 6.0.1; Nexus 5X Build/MMB29P) AppleWebKit/537.36 (KHTML, like Gecko) Chrome/141.0.7390.122 Mobile Safari/537.36 (compatible; Googlebot/2.1; +http://www.google.com/bot.html)"
172.68.15.191 - - [07/Nov/2025:07:11:47 -0800] "GET /public/?dir=/usr/lib/python3.6/site-packages/chardet/__pycache__&dl=/usr/lib/python3.6/site-packages/chardet/__pycache__/sjisprober.cpython-36.pyc HTTP/1.1" 200 2360 "-" "Mozilla/5.0 AppleWebKit/537.36 (KHTML, like Gecko; compatible; Amazonbot/0.1; +https://developer.amazon.com/support/amazonbot) Chrome/119.0.6045.214 Safari/537.36"
172.71.195.120 - - [07/Nov/2025:07:11:50 -0800] "GET /?dir=/opt/cpanel/ea-openssl11/share/doc/openssl/html/man3&dl=/opt/cpanel/ea-openssl11/share/doc/openssl/html/man3/BN_RECP_CTX_free.html HTTP/1.1" 200 3578 "-" "Mozilla/5.0 AppleWebKit/537.36 (KHTML, like Gecko; compatible; Amazonbot/0.1; +https://developer.amazon.com/support/amazonbot) Chrome/119.0.6045.214 Safari/537.36"
104.23.245.202 - - [07/Nov/2025:07:11:53 -0800] "GET /?dir=%2Fproc&dl=%2Fproc%2F3946313 HTTP/1.1" 200 82720 "-" "Mozilla/5.0 AppleWebKit/537.36 (KHTML, like Gecko; compatible; GPTBot/1.2; +https://openai.com/gptbot)"
172.68.15.191 - - [07/Nov/2025:07:11:55 -0800] "GET /public/?dir=/usr/share/locale/en@hebrew/LC_MESSAGES/.. HTTP/1.1" 200 10711 "-" "Mozilla/5.0 AppleWebKit/537.36 (KHTML, like Gecko; compatible; Amazonbot/0.1; +https://developer.amazon.com/support/amazonbot) Chrome/119.0.6045.214 Safari/537.36"
104.23.211.81 - - [07/Nov/2025:07:11:58 -0800] "GET /?dir=/opt/cpanel/ea-php83/root/usr/include/php/ext/json&edit=/opt/cpanel/ea-php83/root/usr/include/php/ext/json/php_json_scanner.h HTTP/1.1" 200 2916 "-" "Mozilla/5.0 AppleWebKit/537.36 (KHTML, like Gecko; compatible; Amazonbot/0.1; +https://developer.amazon.com/support/amazonbot) Chrome/119.0.6045.214 Safari/537.36"
104.23.245.203 - - [07/Nov/2025:07:12:01 -0800] "GET /?dir=%2Fproc&dl=%2Fproc%2F3949895 HTTP/1.1" 200 82720 "-" "Mozilla/5.0 AppleWebKit/537.36 (KHTML, like Gecko; compatible; GPTBot/1.2; +https://openai.com/gptbot)"
104.23.209.142 - - [07/Nov/2025:07:12:02 -0800] "GET /public/?dir=/opt/imh-python/lib/python3.9/site-packages/more_itertools/.. HTTP/1.1" 200 348475 "-" "Mozilla/5.0 AppleWebKit/537.36 (KHTML, like Gecko; compatible; Amazonbot/0.1; +https://developer.amazon.com/support/amazonbot) Chrome/119.0.6045.214 Safari/537.36"
198.41.227.154 - - [07/Nov/2025:07:12:04 -0800] "GET /products/14130165/ HTTP/1.1" 200 195218 "-" "Mozilla/5.0 (Linux; Android 6.0.1; Nexus 5X Build/MMB29P) AppleWebKit/537.36 (KHTML, like Gecko) Chrome/141.0.7390.122 Mobile Safari/537.36 (compatible; Googlebot/2.1; +http://www.google.com/bot.html)"
172.71.222.237 - - [07/Nov/2025:07:12:06 -0800] "GET /?a=123190715 HTTP/1.1" 200 16521 "-" "Mozilla/5.0 (compatible; SemrushBot/7~bl; +http://www.semrush.com/bot.html)"
172.70.35.127 - - [07/Nov/2025:07:12:07 -0800] "GET /?dir=/opt/imh-python/lib/python3.9/site-packages/libcloud/compute/drivers/__pycache__&dl=/opt/imh-python/lib/python3.9/site-packages/libcloud/compute/drivers/__pycache__/rackspace.cpython-39.pyc HTTP/1.1" 200 6787 "-" "Mozilla/5.0 AppleWebKit/537.36 (KHTML, like Gecko; compatible; Amazonbot/0.1; +https://developer.amazon.com/support/amazonbot) Chrome/119.0.6045.214 Safari/537.36"
104.23.245.203 - - [07/Nov/2025:07:12:07 -0800] "GET /?dir=%2Fproc&edit=%2Fproc%2F3951386 HTTP/1.1" 200 83848 "-" "Mozilla/5.0 AppleWebKit/537.36 (KHTML, like Gecko; compatible; GPTBot/1.2; +https://openai.com/gptbot)"
172.68.138.159 - - [07/Nov/2025:07:12:11 -0800] "GET /public/?dir=/home/ayaclass/public_html/vendor/aws/aws-sdk-php/src/data/codestar-connections/2019-12-01&dl=/home/ayaclass/public_html/vendor/aws/aws-sdk-php/src/data/codestar-connections/2019-12-01/api-2.json.php HTTP/1.1" 200 36920 "-" "Mozilla/5.0 AppleWebKit/537.36 (KHTML, like Gecko; compatible; Amazonbot/0.1; +https://developer.amazon.com/support/amazonbot) Chrome/119.0.6045.214 Safari/537.36"
172.71.195.120 - - [07/Nov/2025:07:12:13 -0800] "GET /?a=125444415 HTTP/1.1" 200 16521 "-" "Mozilla/5.0 (compatible; SemrushBot/7~bl; +http://www.semrush.com/bot.html)"
104.23.245.203 - - [07/Nov/2025:07:12:13 -0800] "GET /?dir=%2Fproc&dl=%2Fproc%2F3948642 HTTP/1.1" 200 82156 "-" "Mozilla/5.0 AppleWebKit/537.36 (KHTML, like Gecko; compatible; GPTBot/1.2; +https://openai.com/gptbot)"
104.23.209.143 - - [07/Nov/2025:07:12:15 -0800] "GET /public/?dir=/opt/imh-python/lib/python3.9/site-packages/arrow-1.2.3.dist-info&dl=/opt/imh-python/lib/python3.9/site-packages/arrow-1.2.3.dist-info/WHEEL HTTP/1.1" 200 92 "-" "Mozilla/5.0 AppleWebKit/537.36 (KHTML, like Gecko; compatible; Amazonbot/0.1; +https://developer.amazon.com/support/amazonbot) Chrome/119.0.6045.214 Safari/537.36"
172.68.138.159 - - [07/Nov/2025:07:12:19 -0800] "GET /?dir=/opt/imh-python/lib/python3.9/site-packages/billiard/__pycache__&dl=/opt/imh-python/lib/python3.9/site-packages/billiard/__pycache__/context.cpython-39.pyc HTTP/1.1" 200 13990 "-" "Mozilla/5.0 AppleWebKit/537.36 (KHTML, like Gecko; compatible; Amazonbot/0.1; +https://developer.amazon.com/support/amazonbot) Chrome/119.0.6045.214 Safari/537.36"
104.23.245.203 - - [07/Nov/2025:07:12:19 -0800] "GET /?dir=%2Fproc&dl=%2Fproc%2F3948439 HTTP/1.1" 200 81592 "-" "Mozilla/5.0 AppleWebKit/537.36 (KHTML, like Gecko; compatible; GPTBot/1.2; +https://openai.com/gptbot)"
198.41.227.154 - - [07/Nov/2025:07:12:21 -0800] "GET /?dir=%2Fproc%2F3891431&edit=%2Fproc%2F3891431%2Fmountinfo HTTP/1.1" 200 16521 "-" "Mozilla/5.0 (Linux; Android 6.0.1; Nexus 5X Build/MMB29P) AppleWebKit/537.36 (KHTML, like Gecko) Chrome/141.0.7390.122 Mobile Safari/537.36 (compatible; Googlebot/2.1; +http://www.google.com/bot.html)"
104.23.245.203 - - [07/Nov/2025:07:12:24 -0800] "GET /?dir=%2Fusr%2Fshare%2Fcrypto-policies%2Fpython%2F__pycache__ HTTP/1.1" 200 13841 "-" "Mozilla/5.0 AppleWebKit/537.36 (KHTML, like Gecko; compatible; GPTBot/1.2; +https://openai.com/gptbot)"
104.23.211.81 - - [07/Nov/2025:07:12:24 -0800] "GET /public/?dir=/home/ayaclass/public_html/vendor/aws/aws-sdk-php/src/ElasticTranscoder/Exception&dl=/home/ayaclass/public_html/vendor/aws/aws-sdk-php/src/ElasticTranscoder/Exception/ElasticTranscoderException.php HTTP/1.1" 200 227 "-" "Mozilla/5.0 AppleWebKit/537.36 (KHTML, like Gecko; compatible; Amazonbot/0.1; +https://developer.amazon.com/support/amazonbot) Chrome/119.0.6045.214 Safari/537.36"
104.23.209.142 - - [07/Nov/2025:07:12:27 -0800] "GET /public/?dir=/opt/cpanel/ea-php83/root/etc/php.d&dl=/opt/cpanel/ea-php83/root/etc/php.d/20-mbstring.ini HTTP/1.1" 200 57 "-" "Mozilla/5.0 AppleWebKit/537.36 (KHTML, like Gecko; compatible; Amazonbot/0.1; +https://developer.amazon.com/support/amazonbot) Chrome/119.0.6045.214 Safari/537.36"
104.23.245.203 - - [07/Nov/2025:07:12:29 -0800] "GET /?dir=%2Fproc&dl=%2Fproc%2F3922456 HTTP/1.1" 200 81028 "-" "Mozilla/5.0 AppleWebKit/537.36 (KHTML, like Gecko; compatible; GPTBot/1.2; +https://openai.com/gptbot)"
104.23.211.81 - - [07/Nov/2025:07:12:31 -0800] "GET /?a=122794215 HTTP/1.1" 200 16521 "-" "Mozilla/5.0 (compatible; SemrushBot/7~bl; +http://www.semrush.com/bot.html)"
104.23.209.142 - - [07/Nov/2025:07:12:32 -0800] "GET /?dir=/usr/share/doc/libidn-devel/examples HTTP/1.1" 200 15871 "-" "Mozilla/5.0 AppleWebKit/537.36 (KHTML, like Gecko; compatible; Amazonbot/0.1; +https://developer.amazon.com/support/amazonbot) Chrome/119.0.6045.214 Safari/537.36"
104.23.245.203 - - [07/Nov/2025:07:12:33 -0800] "GET /?dir=%2Fproc&dl=%2Fproc%2F3951422 HTTP/1.1" 200 81592 "-" "Mozilla/5.0 AppleWebKit/537.36 (KHTML, like Gecko; compatible; GPTBot/1.2; +https://openai.com/gptbot)"
104.23.213.13 - - [07/Nov/2025:07:12:34 -0800] "GET /?a=122957915 HTTP/1.1" 200 16521 "-" "Mozilla/5.0 (compatible; SemrushBot/7~bl; +http://www.semrush.com/bot.html)"
104.23.211.81 - - [07/Nov/2025:07:12:35 -0800] "GET /?a=123500715 HTTP/1.1" 200 16521 "-" "Mozilla/5.0 (compatible; SemrushBot/7~bl; +http://www.semrush.com/bot.html)"
172.71.222.236 - - [07/Nov/2025:07:12:36 -0800] "GET /?dir=/home/ayaclass/.trash/AAA/vendor/phpunit/php-code-coverage/src/Report/Html/Renderer/Template&dl=/home/ayaclass/.trash/AAA/vendor/phpunit/php-code-coverage/src/Report/Html/Renderer/Template/coverage_bar_branch.html.dist HTTP/1.1" 200 295 "-" "Mozilla/5.0 AppleWebKit/537.36 (KHTML, like Gecko; compatible; Amazonbot/0.1; +https://developer.amazon.com/support/amazonbot) Chrome/119.0.6045.214 Safari/537.36"
104.23.245.203 - - [07/Nov/2025:07:12:36 -0800] "GET /?dir=%2Fproc&dl=%2Fproc%2F3930137 HTTP/1.1" 200 81028 "-" "Mozilla/5.0 AppleWebKit/537.36 (KHTML, like Gecko; compatible; GPTBot/1.2; +https://openai.com/gptbot)"
198.41.227.155 - - [07/Nov/2025:07:12:37 -0800] "GET /?dir=%2Fproc&edit=%2Fproc%2F3848368 HTTP/1.1" 200 81592 "-" "Mozilla/5.0 (Linux; Android 6.0.1; Nexus 5X Build/MMB29P) AppleWebKit/537.36 (KHTML, like Gecko) Chrome/141.0.7390.122 Mobile Safari/537.36 (compatible; Googlebot/2.1; +http://www.google.com/bot.html)"
172.70.175.86 - - [07/Nov/2025:07:12:38 -0800] "GET /?dir=/opt/imh-python/lib/python3.9/site-packages/libcloud/compute/drivers/__pycache__&dl=/opt/imh-python/lib/python3.9/site-packages/libcloud/compute/drivers/__pycache__/vcl.cpython-39.pyc HTTP/1.1" 429 17 "-" "Mozilla/5.0 AppleWebKit/537.36 (KHTML, like Gecko; compatible; Amazonbot/0.1; +https://developer.amazon.com/support/amazonbot) Chrome/119.0.6045.214 Safari/537.36"
104.23.245.203 - - [07/Nov/2025:07:12:39 -0800] "GET /?dir=%2Fproc&dl=%2Fproc%2F3914484 HTTP/1.1" 200 81592 "-" "Mozilla/5.0 AppleWebKit/537.36 (KHTML, like Gecko; compatible; GPTBot/1.2; +https://openai.com/gptbot)"
104.23.245.203 - - [07/Nov/2025:07:12:42 -0800] "GET /?dir=%2Fproc&dl=%2Fproc%2F3930130 HTTP/1.1" 200 81592 "-" "Mozilla/5.0 AppleWebKit/537.36 (KHTML, like Gecko; compatible; GPTBot/1.2; +https://openai.com/gptbot)"
104.23.245.203 - - [07/Nov/2025:07:12:45 -0800] "GET /?dir=%2Fproc&dl=%2Fproc%2F3951573 HTTP/1.1" 200 81592 "-" "Mozilla/5.0 AppleWebKit/537.36 (KHTML, like Gecko; compatible; GPTBot/1.2; +https://openai.com/gptbot)"
104.23.245.203 - - [07/Nov/2025:07:12:47 -0800] "GET /?dir=%2Fproc&dl=%2Fproc%2F3951575 HTTP/1.1" 429 17 "-" "Mozilla/5.0 AppleWebKit/537.36 (KHTML, like Gecko; compatible; GPTBot/1.2; +https://openai.com/gptbot)"
104.23.211.81 - - [07/Nov/2025:07:12:48 -0800] "GET /public/?dir=/home/ayaclass/public_html/vendor/phpseclib/phpseclib/phpseclib/System/SSH/Common/.. HTTP/1.1" 200 13862 "-" "Mozilla/5.0 AppleWebKit/537.36 (KHTML, like Gecko; compatible; Amazonbot/0.1; +https://developer.amazon.com/support/amazonbot) Chrome/119.0.6045.214 Safari/537.36"
172.68.15.190 - - [07/Nov/2025:07:12:48 -0800] "GET /?dir=/opt/cpanel/ea-openssl11/share/doc/openssl/html/man3&dl=/opt/cpanel/ea-openssl11/share/doc/openssl/html/man3/OSSL_STORE_open_fn.html HTTP/1.1" 429 17 "-" "Mozilla/5.0 AppleWebKit/537.36 (KHTML, like Gecko; compatible; Amazonbot/0.1; +https://developer.amazon.com/support/amazonbot) Chrome/119.0.6045.214 Safari/537.36"
104.23.245.203 - - [07/Nov/2025:07:12:50 -0800] "GET /?dir=%2Fproc&dl=%2Fproc%2F3944909 HTTP/1.1" 200 81028 "-" "Mozilla/5.0 AppleWebKit/537.36 (KHTML, like Gecko; compatible; GPTBot/1.2; +https://openai.com/gptbot)"
172.71.190.83 - - [07/Nov/2025:07:12:52 -0800] "GET /?dir=/usr/lib/python3.6/site-packages/dnf/__pycache__&dl=/usr/lib/python3.6/site-packages/dnf/__pycache__/repodict.cpython-36.opt-1.pyc HTTP/1.1" 200 5572 "-" "Mozilla/5.0 AppleWebKit/537.36 (KHTML, like Gecko; compatible; Amazonbot/0.1; +https://developer.amazon.com/support/amazonbot) Chrome/119.0.6045.214 Safari/537.36"
162.158.78.72 - - [07/Nov/2025:07:12:52 -0800] "GET /?a=113895715 HTTP/1.1" 200 16521 "-" "Mozilla/5.0 (compatible; SemrushBot/7~bl; +http://www.semrush.com/bot.html)"
198.41.227.155 - - [07/Nov/2025:07:12:54 -0800] "GET /products/22249021/ HTTP/1.1" 200 189814 "-" "Mozilla/5.0 (Linux; Android 6.0.1; Nexus 5X Build/MMB29P) AppleWebKit/537.36 (KHTML, like Gecko) Chrome/141.0.7390.122 Mobile Safari/537.36 (compatible; Googlebot/2.1; +http://www.google.com/bot.html)"
162.158.152.183 - - [07/Nov/2025:07:12:56 -0800] "GET /?dir=/opt/cpanel/ea-openssl11/share/doc/openssl/html/man3&dl=/opt/cpanel/ea-openssl11/share/doc/openssl/html/man3/CMS_sign_receipt.html HTTP/1.1" 200 2704 "-" "Mozilla/5.0 AppleWebKit/537.36 (KHTML, like Gecko; compatible; Amazonbot/0.1; +https://developer.amazon.com/support/amazonbot) Chrome/119.0.6045.214 Safari/537.36"
