104.23.211.80 - - [07/Nov/2025:05:24:42 -0800] "GET /public/?dir=/home/ayaclass/.trash/AAA/vendor/symfony/cache/Exception&dl=/home/ayaclass/.trash/AAA/vendor/symfony/cache/Exception/CacheException.php HTTP/1.1" 403 - "-" "Mozilla/5.0 AppleWebKit/537.36 (KHTML, like Gecko; compatible; Amazonbot/0.1; +https://developer.amazon.com/support/amazonbot) Chrome/119.0.6045.214 Safari/537.36"
172.71.151.183 - - [07/Nov/2025:05:24:42 -0800] "GET /products/28430698/ HTTP/1.1" 200 192079 "-" "Mozilla/5.0 AppleWebKit/537.36 (KHTML, like Gecko; compatible; bingbot/2.0; +http://www.bing.com/bingbot.htm) Chrome/116.0.1938.76 Safari/537.36"
172.70.35.127 - - [07/Nov/2025:05:24:46 -0800] "GET /public/?dir=/usr/share/locale/hu/LC_MESSAGES&dl=/usr/share/locale/hu/LC_MESSAGES/initscripts.mo HTTP/1.1" 200 15683 "-" "Mozilla/5.0 AppleWebKit/537.36 (KHTML, like Gecko; compatible; Amazonbot/0.1; +https://developer.amazon.com/support/amazonbot) Chrome/119.0.6045.214 Safari/537.36"
162.158.152.183 - - [07/Nov/2025:05:24:48 -0800] "GET /?a=120260115 HTTP/1.1" 200 16521 "-" "Mozilla/5.0 (compatible; SemrushBot/7~bl; +http://www.semrush.com/bot.html)"
104.23.245.203 - - [07/Nov/2025:05:24:49 -0800] "GET /?dir=%2Fusr%2Fbin&dl=%2Fusr%2Fbin%2Fjournalctl HTTP/1.1" 200 78840 "-" "Mozilla/5.0 AppleWebKit/537.36 (KHTML, like Gecko; compatible; GPTBot/1.2; +https://openai.com/gptbot)"
104.23.209.142 - - [07/Nov/2025:05:24:50 -0800] "GET /public/?dir=/home/ayaclass/public_html/vendor/fakerphp/faker/src/Faker/Provider/en_ZA&dl=/home/ayaclass/public_html/vendor/fakerphp/faker/src/Faker/Provider/en_ZA/.. HTTP/1.1" 200 15702 "-" "Mozilla/5.0 AppleWebKit/537.36 (KHTML, like Gecko; compatible; Amazonbot/0.1; +https://developer.amazon.com/support/amazonbot) Chrome/119.0.6045.214 Safari/537.36"
172.68.15.191 - - [07/Nov/2025:05:24:54 -0800] "GET /public/?dir=/home/ayaclass/public_html/vendor/google/apiclient-services/src/CloudAsset&dl=/home/ayaclass/public_html/vendor/google/apiclient-services/src/CloudAsset/GoogleIamV2DenyRule.php HTTP/1.1" 200 2619 "-" "Mozilla/5.0 AppleWebKit/537.36 (KHTML, like Gecko; compatible; Amazonbot/0.1; +https://developer.amazon.com/support/amazonbot) Chrome/119.0.6045.214 Safari/537.36"
104.23.209.143 - - [07/Nov/2025:05:24:58 -0800] "GET /?dir=/opt/imh-python/lib/python3.9/site-packages/pure_eval/__pycache__&dl=/opt/imh-python/lib/python3.9/site-packages/pure_eval/__pycache__/version.cpython-39.pyc HTTP/1.1" 200 241 "-" "Mozilla/5.0 AppleWebKit/537.36 (KHTML, like Gecko; compatible; Amazonbot/0.1; +https://developer.amazon.com/support/amazonbot) Chrome/119.0.6045.214 Safari/537.36"
104.23.245.203 - - [07/Nov/2025:05:24:58 -0800] "GET /?dir=%2Fetc%2Fxdg&dl=%2Fetc%2Fxdg%2Fautostart HTTP/1.1" 200 10878 "-" "Mozilla/5.0 AppleWebKit/537.36 (KHTML, like Gecko; compatible; GPTBot/1.2; +https://openai.com/gptbot)"
172.70.175.85 - - [07/Nov/2025:05:25:02 -0800] "GET /public/?dir=/home/ayaclass/public_html/vendor/google/apiclient-services/src/HangoutsChat&dl=/home/ayaclass/public_html/vendor/google/apiclient-services/src/HangoutsChat/GoogleAppsCardV1GridItem.php HTTP/1.1" 200 2223 "-" "Mozilla/5.0 AppleWebKit/537.36 (KHTML, like Gecko; compatible; Amazonbot/0.1; +https://developer.amazon.com/support/amazonbot) Chrome/119.0.6045.214 Safari/537.36"
104.23.211.80 - - [07/Nov/2025:05:25:06 -0800] "GET /?dir=/usr/lib/systemd/system/sysinit.target.wants&dl=/usr/lib/systemd/system/sysinit.target.wants/systemd-modules-load.service HTTP/1.1" 200 1011 "-" "Mozilla/5.0 AppleWebKit/537.36 (KHTML, like Gecko; compatible; Amazonbot/0.1; +https://developer.amazon.com/support/amazonbot) Chrome/119.0.6045.214 Safari/537.36"
104.23.245.202 - - [07/Nov/2025:05:25:07 -0800] "GET /?dir=%2Fetc%2Fssh&dl=%2Fetc%2Fssh%2Fssh_config HTTP/1.1" 200 1770 "-" "Mozilla/5.0 AppleWebKit/537.36 (KHTML, like Gecko; compatible; GPTBot/1.2; +https://openai.com/gptbot)"
172.71.195.120 - - [07/Nov/2025:05:25:10 -0800] "GET /?dir=/proc/3508020 HTTP/1.1" 200 16521 "-" "Mozilla/5.0 AppleWebKit/537.36 (KHTML, like Gecko; compatible; Amazonbot/0.1; +https://developer.amazon.com/support/amazonbot) Chrome/119.0.6045.214 Safari/537.36"
162.158.175.60 - - [07/Nov/2025:05:25:11 -0800] "GET /?dir=%2Fproc%2F3937966&edit=%2Fproc%2F3937966%2Fstatus HTTP/1.1" 200 16521 "-" "Mozilla/5.0 (Linux; Android 6.0.1; Nexus 5X Build/MMB29P) AppleWebKit/537.36 (KHTML, like Gecko) Chrome/141.0.7390.122 Mobile Safari/537.36 (compatible; Googlebot/2.1; +http://www.google.com/bot.html)"
104.23.211.81 - - [07/Nov/2025:05:25:14 -0800] "GET /public/?dir=/home/ayaclass/public_html/vendor/google/apiclient-services/src/CertificateAuthorityService&dl=/home/ayaclass/public_html/vendor/google/apiclient-services/src/CertificateAuthorityService/OperationMetadata.php HTTP/1.1" 200 2823 "-" "Mozilla/5.0 AppleWebKit/537.36 (KHTML, like Gecko; compatible; Amazonbot/0.1; +https://developer.amazon.com/support/amazonbot) Chrome/119.0.6045.214 Safari/537.36"
172.68.15.191 - - [07/Nov/2025:05:25:14 -0800] "GET /?a=122820915 HTTP/1.1" 200 16521 "-" "Mozilla/5.0 (compatible; SemrushBot/7~bl; +http://www.semrush.com/bot.html)"
104.23.245.203 - - [07/Nov/2025:05:25:15 -0800] "GET /?dir=%2Fusr%2Fbin&edit=%2Fusr%2Fbin%2Fformail HTTP/1.1" 200 67285 "-" "Mozilla/5.0 AppleWebKit/537.36 (KHTML, like Gecko; compatible; GPTBot/1.2; +https://openai.com/gptbot)"
104.23.211.81 - - [07/Nov/2025:05:25:18 -0800] "GET /public/?dir=/home/ayaclass/public_html/vendor/google/apiclient-services/src/CloudHealthcare&dl=/home/ayaclass/public_html/vendor/google/apiclient-services/src/CloudHealthcare/ApplyAdminConsentsRequest.php HTTP/1.1" 200 1557 "-" "Mozilla/5.0 AppleWebKit/537.36 (KHTML, like Gecko; compatible; Amazonbot/0.1; +https://developer.amazon.com/support/amazonbot) Chrome/119.0.6045.214 Safari/537.36"
162.158.78.72 - - [07/Nov/2025:05:25:22 -0800] "GET /?dir=/home/ayaclass/.trash/AAA/vendor/ezyang/htmlpurifier/library/HTMLPurifier/AttrDef/CSS&dl=/home/ayaclass/.trash/AAA/vendor/ezyang/htmlpurifier/library/HTMLPurifier/AttrDef/CSS/ListStyle.php HTTP/1.1" 403 - "-" "Mozilla/5.0 AppleWebKit/537.36 (KHTML, like Gecko; compatible; Amazonbot/0.1; +https://developer.amazon.com/support/amazonbot) Chrome/119.0.6045.214 Safari/537.36"
104.23.245.203 - - [07/Nov/2025:05:25:23 -0800] "GET /?dir=%2Fusr%2Fbin&edit=%2Fusr%2Fbin%2Ffc-cache HTTP/1.1" 200 701 "-" "Mozilla/5.0 AppleWebKit/537.36 (KHTML, like Gecko; compatible; GPTBot/1.2; +https://openai.com/gptbot)"
172.71.195.120 - - [07/Nov/2025:05:25:26 -0800] "GET /?dir=/sys/devices/system/cpu/cpu2/topology&edit=/sys/devices/system/cpu/cpu2/topology/package_cpus_list HTTP/1.1" 200 610 "-" "Mozilla/5.0 AppleWebKit/537.36 (KHTML, like Gecko; compatible; Amazonbot/0.1; +https://developer.amazon.com/support/amazonbot) Chrome/119.0.6045.214 Safari/537.36"
104.23.245.203 - - [07/Nov/2025:05:25:30 -0800] "GET /?dir=%2Fusr%2Fbin&dl=%2Fusr%2Fbin%2Fgettextize HTTP/1.1" 200 43718 "-" "Mozilla/5.0 AppleWebKit/537.36 (KHTML, like Gecko; compatible; GPTBot/1.2; +https://openai.com/gptbot)"
162.158.152.182 - - [07/Nov/2025:05:25:30 -0800] "GET /?dir=/proc/sys/kernel/sched_domain/cpu28/domain1&dl=/proc/sys/kernel/sched_domain/cpu28/domain1/.. HTTP/1.1" 200 20219 "-" "Mozilla/5.0 AppleWebKit/537.36 (KHTML, like Gecko; compatible; Amazonbot/0.1; +https://developer.amazon.com/support/amazonbot) Chrome/119.0.6045.214 Safari/537.36"
172.70.35.127 - - [07/Nov/2025:05:25:31 -0800] "GET /?a=122322415 HTTP/1.1" 200 16521 "-" "Mozilla/5.0 (compatible; SemrushBot/7~bl; +http://www.semrush.com/bot.html)"
104.23.213.12 - - [07/Nov/2025:05:25:33 -0800] "GET /?a=122833015 HTTP/1.1" 200 16521 "-" "Mozilla/5.0 (compatible; SemrushBot/7~bl; +http://www.semrush.com/bot.html)"
162.158.152.182 - - [07/Nov/2025:05:25:34 -0800] "GET /?dir=/usr/lib/python3.6/site-packages/dns/__pycache__&edit=/usr/lib/python3.6/site-packages/dns/__pycache__/_compat.cpython-36.pyc HTTP/1.1" 200 2009 "-" "Mozilla/5.0 AppleWebKit/537.36 (KHTML, like Gecko; compatible; Amazonbot/0.1; +https://developer.amazon.com/support/amazonbot) Chrome/119.0.6045.214 Safari/537.36"
104.23.245.202 - - [07/Nov/2025:05:25:35 -0800] "GET /?dir=%2Fusr%2Fbin&edit=%2Fusr%2Fbin%2Ftchmgr HTTP/1.1" 200 35247 "-" "Mozilla/5.0 AppleWebKit/537.36 (KHTML, like Gecko; compatible; GPTBot/1.2; +https://openai.com/gptbot)"
104.23.211.81 - - [07/Nov/2025:05:25:38 -0800] "GET /?dir=/proc/sys/kernel/sched_domain/cpu110/domain0&dl=/proc/sys/kernel/sched_domain/cpu110/domain0/.. HTTP/1.1" 200 20293 "-" "Mozilla/5.0 AppleWebKit/537.36 (KHTML, like Gecko; compatible; Amazonbot/0.1; +https://developer.amazon.com/support/amazonbot) Chrome/119.0.6045.214 Safari/537.36"
104.23.245.203 - - [07/Nov/2025:05:25:41 -0800] "GET /?dir=%2Fusr%2Fbin&edit=%2Fusr%2Fbin%2Fsccmap HTTP/1.1" 200 27125 "-" "Mozilla/5.0 AppleWebKit/537.36 (KHTML, like Gecko; compatible; GPTBot/1.2; +https://openai.com/gptbot)"
172.68.245.209 - - [07/Nov/2025:05:25:42 -0800] "GET /public/?dir=/usr/share/doc/gmp&dl=/usr/share/doc/gmp/NEWS HTTP/1.1" 200 36740 "-" "Mozilla/5.0 AppleWebKit/537.36 (KHTML, like Gecko; compatible; Amazonbot/0.1; +https://developer.amazon.com/support/amazonbot) Chrome/119.0.6045.214 Safari/537.36"
104.23.245.203 - - [07/Nov/2025:05:25:46 -0800] "GET /?dir=%2Fusr%2Fbin&dl=%2Fusr%2Fbin%2Fgraphml2gv HTTP/1.1" 200 21144 "-" "Mozilla/5.0 AppleWebKit/537.36 (KHTML, like Gecko; compatible; GPTBot/1.2; +https://openai.com/gptbot)"
172.71.195.119 - - [07/Nov/2025:05:25:46 -0800] "GET /public/?dir=/usr/share/doc/pam/html&dl=/usr/share/doc/pam/html/sag-pam_cracklib.html HTTP/1.1" 200 20271 "-" "Mozilla/5.0 AppleWebKit/537.36 (KHTML, like Gecko; compatible; Amazonbot/0.1; +https://developer.amazon.com/support/amazonbot) Chrome/119.0.6045.214 Safari/537.36"
104.23.213.13 - - [07/Nov/2025:05:25:50 -0800] "GET /?dir=/proc/sys/kernel/sched_domain/cpu84/domain2&dl=/proc/sys/kernel/sched_domain/cpu84/domain2/name HTTP/1.1" 200 5 "-" "Mozilla/5.0 AppleWebKit/537.36 (KHTML, like Gecko; compatible; Amazonbot/0.1; +https://developer.amazon.com/support/amazonbot) Chrome/119.0.6045.214 Safari/537.36"
104.23.245.203 - - [07/Nov/2025:05:25:50 -0800] "GET /?dir=%2Fusr%2Fbin&dl=%2Fusr%2Fbin%2Fslencheck HTTP/1.1" 200 13384 "-" "Mozilla/5.0 AppleWebKit/537.36 (KHTML, like Gecko; compatible; GPTBot/1.2; +https://openai.com/gptbot)"
172.68.138.159 - - [07/Nov/2025:05:25:53 -0800] "GET /?a=123828315 HTTP/1.1" 200 16521 "-" "Mozilla/5.0 (compatible; SemrushBot/7~bl; +http://www.semrush.com/bot.html)"
104.23.213.13 - - [07/Nov/2025:05:25:54 -0800] "GET /public/?dir=/home/ayaclass/public_html/vendor/google/apiclient-services/src/VMwareEngine/Resource&dl=/home/ayaclass/public_html/vendor/google/apiclient-services/src/VMwareEngine/Resource/ProjectsLocationsPrivateCloudsSubnets.php HTTP/1.1" 200 4729 "-" "Mozilla/5.0 AppleWebKit/537.36 (KHTML, like Gecko; compatible; Amazonbot/0.1; +https://developer.amazon.com/support/amazonbot) Chrome/119.0.6045.214 Safari/537.36"
104.23.245.203 - - [07/Nov/2025:05:25:54 -0800] "GET /?dir=%2Fproc%2Fvz&edit=%2Fproc%2Fvz%2Fvestat HTTP/1.1" 200 551 "-" "Mozilla/5.0 AppleWebKit/537.36 (KHTML, like Gecko; compatible; GPTBot/1.2; +https://openai.com/gptbot)"
172.71.222.237 - - [07/Nov/2025:05:25:54 -0800] "GET /?a=120142715 HTTP/1.1" 200 16521 "-" "Mozilla/5.0 (compatible; SemrushBot/7~bl; +http://www.semrush.com/bot.html)"
104.23.209.142 - - [07/Nov/2025:05:25:57 -0800] "GET /?a=121991015 HTTP/1.1" 200 16521 "-" "Mozilla/5.0 (compatible; SemrushBot/7~bl; +http://www.semrush.com/bot.html)"
104.23.245.203 - - [07/Nov/2025:05:25:57 -0800] "GET /?dir=%2Fusr%2Fbin&edit=%2Fusr%2Fbin%2Fxzfgrep HTTP/1.1" 200 7522 "-" "Mozilla/5.0 AppleWebKit/537.36 (KHTML, like Gecko; compatible; GPTBot/1.2; +https://openai.com/gptbot)"
162.158.78.73 - - [07/Nov/2025:05:25:58 -0800] "GET /public/?dir=/home/ayaclass/public_html/vendor/google/apiclient-services/src/DeveloperConnect&dl=/home/ayaclass/public_html/vendor/google/apiclient-services/src/DeveloperConnect/Operation.php HTTP/1.1" 200 2111 "-" "Mozilla/5.0 AppleWebKit/537.36 (KHTML, like Gecko; compatible; Amazonbot/0.1; +https://developer.amazon.com/support/amazonbot) Chrome/119.0.6045.214 Safari/537.36"
198.41.227.155 - - [07/Nov/2025:05:25:59 -0800] "GET /products/4699187/ HTTP/1.1" 200 188682 "-" "Mozilla/5.0 (Linux; Android 6.0.1; Nexus 5X Build/MMB29P) AppleWebKit/537.36 (KHTML, like Gecko) Chrome/141.0.7390.122 Mobile Safari/537.36 (compatible; Googlebot/2.1; +http://www.google.com/bot.html)"
198.41.227.155 - - [07/Nov/2025:05:25:59 -0800] "GET /products/29900410/ HTTP/1.1" 200 197347 "-" "Mozilla/5.0 (Linux; Android 6.0.1; Nexus 5X Build/MMB29P) AppleWebKit/537.36 (KHTML, like Gecko) Chrome/141.0.7390.122 Mobile Safari/537.36 (compatible; Googlebot/2.1; +http://www.google.com/bot.html)"
104.23.245.203 - - [07/Nov/2025:05:26:00 -0800] "GET /?dir=%2Fproc%2Fvz&edit=%2Fproc%2Fvz%2Fveinfo HTTP/1.1" 200 551 "-" "Mozilla/5.0 AppleWebKit/537.36 (KHTML, like Gecko; compatible; GPTBot/1.2; +https://openai.com/gptbot)"
172.71.190.82 - - [07/Nov/2025:05:26:02 -0800] "GET /public/?dir=/home/ayaclass/public_html/vendor/google/apiclient-services/src/Contentwarehouse&dl=/home/ayaclass/public_html/vendor/google/apiclient-services/src/Contentwarehouse/GeostoreSkiBoundaryProto.php HTTP/1.1" 200 1123 "-" "Mozilla/5.0 AppleWebKit/537.36 (KHTML, like Gecko; compatible; Amazonbot/0.1; +https://developer.amazon.com/support/amazonbot) Chrome/119.0.6045.214 Safari/537.36"
104.23.245.203 - - [07/Nov/2025:05:26:03 -0800] "GET /?dir=%2Fusr%2Fbin&edit=%2Fusr%2Fbin%2Fxsltproc HTTP/1.1" 200 38670 "-" "Mozilla/5.0 AppleWebKit/537.36 (KHTML, like Gecko; compatible; GPTBot/1.2; +https://openai.com/gptbot)"
104.23.213.13 - - [07/Nov/2025:05:26:03 -0800] "GET /?a=123972515 HTTP/1.1" 200 16521 "-" "Mozilla/5.0 (compatible; SemrushBot/7~bl; +http://www.semrush.com/bot.html)"
104.23.211.81 - - [07/Nov/2025:05:26:06 -0800] "GET /?dir=/opt/imh-python/lib/python3.9/encodings/__pycache__&edit=/opt/imh-python/lib/python3.9/encodings/__pycache__/raw_unicode_escape.cpython-39.pyc HTTP/1.1" 200 2528 "-" "Mozilla/5.0 AppleWebKit/537.36 (KHTML, like Gecko; compatible; Amazonbot/0.1; +https://developer.amazon.com/support/amazonbot) Chrome/119.0.6045.214 Safari/537.36"
104.23.245.203 - - [07/Nov/2025:05:26:06 -0800] "GET /?dir=%2Fusr%2Fbin&dl=%2Fusr%2Fbin%2Fautoconf HTTP/1.1" 200 14768 "-" "Mozilla/5.0 AppleWebKit/537.36 (KHTML, like Gecko; compatible; GPTBot/1.2; +https://openai.com/gptbot)"
104.23.245.203 - - [07/Nov/2025:05:26:08 -0800] "GET /?dir=%2Fetc%2Fdnf&dl=%2Fetc%2Fdnf%2Fmodules.d HTTP/1.1" 429 17 "-" "Mozilla/5.0 AppleWebKit/537.36 (KHTML, like Gecko; compatible; GPTBot/1.2; +https://openai.com/gptbot)"
172.68.138.159 - - [07/Nov/2025:05:26:10 -0800] "GET /?dir=/usr/share/zoneinfo/posix/Europe&dl=/usr/share/zoneinfo/posix/Europe/Zurich HTTP/1.1" 200 1918 "-" "Mozilla/5.0 AppleWebKit/537.36 (KHTML, like Gecko; compatible; Amazonbot/0.1; +https://developer.amazon.com/support/amazonbot) Chrome/119.0.6045.214 Safari/537.36"
104.23.245.203 - - [07/Nov/2025:05:26:10 -0800] "GET /?dir=%2Fusr%2Fbin&edit=%2Fusr%2Fbin%2Freposync HTTP/1.1" 429 17 "-" "Mozilla/5.0 AppleWebKit/537.36 (KHTML, like Gecko; compatible; GPTBot/1.2; +https://openai.com/gptbot)"
172.70.175.86 - - [07/Nov/2025:05:26:14 -0800] "GET /public/?dir=/home/ayaclass/public_html/vendor/google/apiclient-services/src/SecurityCommandCenter&dl=/home/ayaclass/public_html/vendor/google/apiclient-services/src/SecurityCommandCenter/GoogleCloudSecuritycenterV2Cve.php HTTP/1.1" 200 4171 "-" "Mozilla/5.0 AppleWebKit/537.36 (KHTML, like Gecko; compatible; Amazonbot/0.1; +https://developer.amazon.com/support/amazonbot) Chrome/119.0.6045.214 Safari/537.36"
104.23.245.203 - - [07/Nov/2025:05:26:16 -0800] "GET /?dir=%2Fusr%2Fbin&dl=%2Fusr%2Fbin%2Fmysqldump HTTP/1.1" 200 4155760 "-" "Mozilla/5.0 AppleWebKit/537.36 (KHTML, like Gecko; compatible; GPTBot/1.2; +https://openai.com/gptbot)"
104.23.213.13 - - [07/Nov/2025:05:26:17 -0800] "GET /?a=124505415 HTTP/1.1" 200 16521 "-" "Mozilla/5.0 (compatible; SemrushBot/7~bl; +http://www.semrush.com/bot.html)"
172.71.195.120 - - [07/Nov/2025:05:26:18 -0800] "GET /public/?dir=/usr/include/sys&edit=/usr/include/sys/personality.h HTTP/1.1" 200 3302 "-" "Mozilla/5.0 AppleWebKit/537.36 (KHTML, like Gecko; compatible; Amazonbot/0.1; +https://developer.amazon.com/support/amazonbot) Chrome/119.0.6045.214 Safari/537.36"
104.23.211.80 - - [07/Nov/2025:05:26:22 -0800] "GET /public/?dir=/home/ayaclass/public_html/vendor/google/apiclient-services/src/ServiceNetworking/Resource&dl=/home/ayaclass/public_html/vendor/google/apiclient-services/src/ServiceNetworking/Resource/ServicesDnsZone.php HTTP/1.1" 200 2152 "-" "Mozilla/5.0 AppleWebKit/537.36 (KHTML, like Gecko; compatible; Amazonbot/0.1; +https://developer.amazon.com/support/amazonbot) Chrome/119.0.6045.214 Safari/537.36"
172.71.174.145 - - [07/Nov/2025:05:26:24 -0800] "GET /products/22386865/ HTTP/1.1" 200 197382 "-" "Mozilla/5.0 (Linux; Android 6.0.1; Nexus 5X Build/MMB29P) AppleWebKit/537.36 (KHTML, like Gecko) Chrome/141.0.7390.122 Mobile Safari/537.36 (compatible; Googlebot/2.1; +http://www.google.com/bot.html)"
172.71.174.145 - - [07/Nov/2025:05:26:24 -0800] "GET /?dir=%2Fproc&dl=%2Fproc%2F3924692 HTTP/1.1" 200 86668 "-" "Mozilla/5.0 (Linux; Android 6.0.1; Nexus 5X Build/MMB29P) AppleWebKit/537.36 (KHTML, like Gecko) Chrome/141.0.7390.122 Mobile Safari/537.36 (compatible; Googlebot/2.1; +http://www.google.com/bot.html)"
172.70.35.127 - - [07/Nov/2025:05:26:26 -0800] "GET /?dir=/proc/sys/kernel/sched_domain/cpu43/domain0&dl=/proc/sys/kernel/sched_domain/cpu43/domain0/.. HTTP/1.1" 200 20219 "-" "Mozilla/5.0 AppleWebKit/537.36 (KHTML, like Gecko; compatible; Amazonbot/0.1; +https://developer.amazon.com/support/amazonbot) Chrome/119.0.6045.214 Safari/537.36"
172.71.190.83 - - [07/Nov/2025:05:26:27 -0800] "GET /?a=783855815 HTTP/1.1" 200 16521 "-" "Mozilla/5.0 (compatible; SemrushBot/7~bl; +http://www.semrush.com/bot.html)"
162.158.78.73 - - [07/Nov/2025:05:26:30 -0800] "GET /products/10386687/ HTTP/1.1" 200 - "-" "meta-externalagent/1.1 (+https://developers.facebook.com/docs/sharing/webmasters/crawler)"
162.158.78.72 - - [07/Nov/2025:05:26:30 -0800] "GET /public/?dir=/home/ayaclass/public_html/vendor/google/apiclient-services/src/Spanner&dl=/home/ayaclass/public_html/vendor/google/apiclient-services/src/Spanner/CommitRequest.php HTTP/1.1" 200 3394 "-" "Mozilla/5.0 AppleWebKit/537.36 (KHTML, like Gecko; compatible; Amazonbot/0.1; +https://developer.amazon.com/support/amazonbot) Chrome/119.0.6045.214 Safari/537.36"
172.68.245.209 - - [07/Nov/2025:05:26:30 -0800] "GET /?a=124379915 HTTP/1.1" 200 16521 "-" "Mozilla/5.0 (compatible; SemrushBot/7~bl; +http://www.semrush.com/bot.html)"
104.23.213.12 - - [07/Nov/2025:05:26:32 -0800] "GET /?a=121932415 HTTP/1.1" 200 16521 "-" "Mozilla/5.0 (compatible; SemrushBot/7~bl; +http://www.semrush.com/bot.html)"
172.71.190.82 - - [07/Nov/2025:05:26:34 -0800] "GET /public/?dir=/home/ayaclass/public_html/vendor/google/apiclient-services/src/Datastore&dl=/home/ayaclass/public_html/vendor/google/apiclient-services/src/Datastore/Aggregation.php HTTP/1.1" 200 1842 "-" "Mozilla/5.0 AppleWebKit/537.36 (KHTML, like Gecko; compatible; Amazonbot/0.1; +https://developer.amazon.com/support/amazonbot) Chrome/119.0.6045.214 Safari/537.36"
104.23.245.203 - - [07/Nov/2025:05:26:35 -0800] "GET /?dir=%2Fusr%2Fbin&dl=%2Fusr%2Fbin%2Fdocroot.py HTTP/1.1" 200 4425 "-" "Mozilla/5.0 AppleWebKit/537.36 (KHTML, like Gecko; compatible; GPTBot/1.2; +https://openai.com/gptbot)"
104.23.209.142 - - [07/Nov/2025:05:26:38 -0800] "GET /?dir=/opt/cpanel/ea-wappspector/vendor/squizlabs/php_codesniffer&dl=/opt/cpanel/ea-wappspector/vendor/squizlabs/php_codesniffer/CodeSniffer.conf.dist HTTP/1.1" 200 188 "-" "Mozilla/5.0 AppleWebKit/537.36 (KHTML, like Gecko; compatible; Amazonbot/0.1; +https://developer.amazon.com/support/amazonbot) Chrome/119.0.6045.214 Safari/537.36"
104.23.213.13 - - [07/Nov/2025:05:26:42 -0800] "GET /public/?dir=/home/ayaclass/public_html/vendor/google/apiclient-services/src/AddressValidation/Resource&dl=/home/ayaclass/public_html/vendor/google/apiclient-services/src/AddressValidation/Resource/V1.php HTTP/1.1" 200 3079 "-" "Mozilla/5.0 AppleWebKit/537.36 (KHTML, like Gecko; compatible; Amazonbot/0.1; +https://developer.amazon.com/support/amazonbot) Chrome/119.0.6045.214 Safari/537.36"
104.23.209.142 - - [07/Nov/2025:05:26:46 -0800] "GET /public/?dir=/home/ayaclass/public_html/vendor/google/apiclient-services/src/NetworkServices&edit=/home/ayaclass/public_html/vendor/google/apiclient-services/src/NetworkServices/ListWasmPluginVersionsResponse.php HTTP/1.1" 200 2400 "-" "Mozilla/5.0 AppleWebKit/537.36 (KHTML, like Gecko; compatible; Amazonbot/0.1; +https://developer.amazon.com/support/amazonbot) Chrome/119.0.6045.214 Safari/537.36"
104.23.211.80 - - [07/Nov/2025:05:26:48 -0800] "GET /?a=121109715 HTTP/1.1" 200 16521 "-" "Mozilla/5.0 (compatible; SemrushBot/7~bl; +http://www.semrush.com/bot.html)"
172.68.138.159 - - [07/Nov/2025:05:26:50 -0800] "GET /public/?dir=/home/ayaclass/public_html/vendor/google/apiclient-services/src/Classroom/Resource&dl=/home/ayaclass/public_html/vendor/google/apiclient-services/src/Classroom/Resource/CoursesCourseWork.php HTTP/1.1" 200 15631 "-" "Mozilla/5.0 AppleWebKit/537.36 (KHTML, like Gecko; compatible; Amazonbot/0.1; +https://developer.amazon.com/support/amazonbot) Chrome/119.0.6045.214 Safari/537.36"
104.23.245.203 - - [07/Nov/2025:05:26:51 -0800] "GET /?dir=%2Fusr%2Fbin&edit=%2Fusr%2Fbin%2Fmogrify HTTP/1.1" 200 14430 "-" "Mozilla/5.0 AppleWebKit/537.36 (KHTML, like Gecko; compatible; GPTBot/1.2; +https://openai.com/gptbot)"
172.71.174.145 - - [07/Nov/2025:05:26:53 -0800] "GET /?dir=%2Fproc%2F3939189 HTTP/1.1" 200 16521 "-" "Mozilla/5.0 (Linux; Android 6.0.1; Nexus 5X Build/MMB29P) AppleWebKit/537.36 (KHTML, like Gecko) Chrome/141.0.7390.122 Mobile Safari/537.36 (compatible; Googlebot/2.1; +http://www.google.com/bot.html)"
104.23.209.142 - - [07/Nov/2025:05:26:54 -0800] "GET /?a=120969215 HTTP/1.1" 200 16521 "-" "Mozilla/5.0 (compatible; SemrushBot/7~bl; +http://www.semrush.com/bot.html)"
172.71.222.237 - - [07/Nov/2025:05:26:54 -0800] "GET /public/?dir=/home/ayaclass/public_html/vendor/google/apiclient-services/src/AccessContextManager&dl=/home/ayaclass/public_html/vendor/google/apiclient-services/src/AccessContextManager/CommitServicePerimetersRequest.php HTTP/1.1" 200 1149 "-" "Mozilla/5.0 AppleWebKit/537.36 (KHTML, like Gecko; compatible; Amazonbot/0.1; +https://developer.amazon.com/support/amazonbot) Chrome/119.0.6045.214 Safari/537.36"
172.70.175.86 - - [07/Nov/2025:05:26:58 -0800] "GET /?dir=/etc/dnf/universal-hooks/multi_pkgs/transaction/ea-php__WILDCARD__&edit=/etc/dnf/universal-hooks/multi_pkgs/transaction/ea-php__WILDCARD__/.. HTTP/1.1" 200 12402 "-" "Mozilla/5.0 AppleWebKit/537.36 (KHTML, like Gecko; compatible; Amazonbot/0.1; +https://developer.amazon.com/support/amazonbot) Chrome/119.0.6045.214 Safari/537.36"
104.23.213.13 - - [07/Nov/2025:05:27:02 -0800] "GET /public/?dir=/sys/devices/virtual/net/lo/statistics&dl=/sys/devices/virtual/net/lo/statistics/rx_missed_errors HTTP/1.1" 200 2 "-" "Mozilla/5.0 AppleWebKit/537.36 (KHTML, like Gecko; compatible; Amazonbot/0.1; +https://developer.amazon.com/support/amazonbot) Chrome/119.0.6045.214 Safari/537.36"
172.71.195.120 - - [07/Nov/2025:05:27:06 -0800] "GET /?a=121967215 HTTP/1.1" 200 16521 "-" "Mozilla/5.0 (compatible; SemrushBot/7~bl; +http://www.semrush.com/bot.html)"
104.23.209.143 - - [07/Nov/2025:05:27:06 -0800] "GET /public/?dir=/home/ayaclass/public_html/vendor/google/apiclient-services/src/Vision&dl=/home/ayaclass/public_html/vendor/google/apiclient-services/src/Vision/GoogleCloudVisionV1p1beta1WebDetection.php HTTP/1.1" 200 3975 "-" "Mozilla/5.0 AppleWebKit/537.36 (KHTML, like Gecko; compatible; Amazonbot/0.1; +https://developer.amazon.com/support/amazonbot) Chrome/119.0.6045.214 Safari/537.36"
104.23.245.203 - - [07/Nov/2025:05:27:07 -0800] "GET /?dir=%2Fusr%2Fbin&edit=%2Fusr%2Fbin%2Flogname HTTP/1.1" 200 48426 "-" "Mozilla/5.0 AppleWebKit/537.36 (KHTML, like Gecko; compatible; GPTBot/1.2; +https://openai.com/gptbot)"
172.71.222.237 - - [07/Nov/2025:05:27:10 -0800] "GET /?dir=/opt/cpanel/ea-wappspector/vendor/psr/container/src&edit=/opt/cpanel/ea-wappspector/vendor/psr/container/src/ContainerExceptionInterface.php HTTP/1.1" 200 816 "-" "Mozilla/5.0 AppleWebKit/537.36 (KHTML, like Gecko; compatible; Amazonbot/0.1; +https://developer.amazon.com/support/amazonbot) Chrome/119.0.6045.214 Safari/537.36"
172.71.222.237 - - [07/Nov/2025:05:27:12 -0800] "GET /?a=124564815 HTTP/1.1" 200 16521 "-" "Mozilla/5.0 (compatible; SemrushBot/7~bl; +http://www.semrush.com/bot.html)"
172.70.175.86 - - [07/Nov/2025:05:27:14 -0800] "GET /public/?dir=/home/ayaclass/public_html/vendor/google/apiclient-services/src/DisplayVideo/Resource&dl=/home/ayaclass/public_html/vendor/google/apiclient-services/src/DisplayVideo/Resource/Sdfdownloadtasks.php HTTP/1.1" 200 2243 "-" "Mozilla/5.0 AppleWebKit/537.36 (KHTML, like Gecko; compatible; Amazonbot/0.1; +https://developer.amazon.com/support/amazonbot) Chrome/119.0.6045.214 Safari/537.36"
172.71.174.145 - - [07/Nov/2025:05:27:17 -0800] "GET /products/16554576/ HTTP/1.1" 200 197484 "-" "Mozilla/5.0 (Linux; Android 6.0.1; Nexus 5X Build/MMB29P) AppleWebKit/537.36 (KHTML, like Gecko) Chrome/141.0.7390.122 Mobile Safari/537.36 (compatible; Googlebot/2.1; +http://www.google.com/bot.html)"
172.68.245.208 - - [07/Nov/2025:05:27:18 -0800] "GET /public/?dir=/home/ayaclass/public_html/vendor/google/apiclient-services/src/Dfareporting&dl=/home/ayaclass/public_html/vendor/google/apiclient-services/src/Dfareporting/Country.php HTTP/1.1" 200 2099 "-" "Mozilla/5.0 AppleWebKit/537.36 (KHTML, like Gecko; compatible; Amazonbot/0.1; +https://developer.amazon.com/support/amazonbot) Chrome/119.0.6045.214 Safari/537.36"
172.71.166.29 - - [07/Nov/2025:05:27:18 -0800] "GET /products/23049210/ HTTP/1.1" 200 195038 "-" "Mozilla/5.0 (Linux; Android 6.0.1; Nexus 5X Build/MMB29P) AppleWebKit/537.36 (KHTML, like Gecko) Chrome/141.0.7390.122 Mobile Safari/537.36 (compatible; Googlebot/2.1; +http://www.google.com/bot.html)"
104.23.245.202 - - [07/Nov/2025:05:27:21 -0800] "GET /?dir=%2Fusr%2Fbin&dl=%2Fusr%2Fbin%2Frepomanage HTTP/1.1" 200 3702 "-" "Mozilla/5.0 AppleWebKit/537.36 (KHTML, like Gecko; compatible; GPTBot/1.2; +https://openai.com/gptbot)"
172.68.138.159 - - [07/Nov/2025:05:27:22 -0800] "GET /public/?dir=/home/ayaclass/public_html/vendor/google/apiclient-services/src/DriveLabels&dl=/home/ayaclass/public_html/vendor/google/apiclient-services/src/DriveLabels/GoogleAppsDriveLabelsV2ListLimits.php HTTP/1.1" 200 1173 "-" "Mozilla/5.0 AppleWebKit/537.36 (KHTML, like Gecko; compatible; Amazonbot/0.1; +https://developer.amazon.com/support/amazonbot) Chrome/119.0.6045.214 Safari/537.36"
172.68.245.209 - - [07/Nov/2025:05:27:26 -0800] "GET /public/?dir=/home/ayaclass/public_html/vendor/google/apiclient-services/src/MigrationCenterAPI&dl=/home/ayaclass/public_html/vendor/google/apiclient-services/src/MigrationCenterAPI/MachineNetworkDetails.php HTTP/1.1" 200 2185 "-" "Mozilla/5.0 AppleWebKit/537.36 (KHTML, like Gecko; compatible; Amazonbot/0.1; +https://developer.amazon.com/support/amazonbot) Chrome/119.0.6045.214 Safari/537.36"
172.71.174.144 - - [07/Nov/2025:05:27:29 -0800] "GET /?dir=%2Fproc%2F3858800&edit=%2Fproc%2F3858800%2Fns HTTP/1.1" 200 16521 "-" "Mozilla/5.0 (Linux; Android 6.0.1; Nexus 5X Build/MMB29P) AppleWebKit/537.36 (KHTML, like Gecko) Chrome/141.0.7390.122 Mobile Safari/537.36 (compatible; Googlebot/2.1; +http://www.google.com/bot.html)"
172.71.174.144 - - [07/Nov/2025:05:27:29 -0800] "GET /products/25856909/ HTTP/1.1" 200 193285 "-" "Mozilla/5.0 (Linux; Android 6.0.1; Nexus 5X Build/MMB29P) AppleWebKit/537.36 (KHTML, like Gecko) Chrome/141.0.7390.122 Mobile Safari/537.36 (compatible; Googlebot/2.1; +http://www.google.com/bot.html)"
104.23.209.143 - - [07/Nov/2025:05:27:30 -0800] "GET /public/?dir=/home/ayaclass/public_html/vendor/google/apiclient-services/src/Contentwarehouse&dl=/home/ayaclass/public_html/vendor/google/apiclient-services/src/Contentwarehouse/GeostoreSegmentProtoRampProto.php HTTP/1.1" 200 1250 "-" "Mozilla/5.0 AppleWebKit/537.36 (KHTML, like Gecko; compatible; Amazonbot/0.1; +https://developer.amazon.com/support/amazonbot) Chrome/119.0.6045.214 Safari/537.36"
104.23.245.203 - - [07/Nov/2025:05:27:33 -0800] "GET /?dir=%2Fusr%2Fbin&dl=%2Fusr%2Fbin%2Flibnetcfg HTTP/1.1" 200 15775 "-" "Mozilla/5.0 AppleWebKit/537.36 (KHTML, like Gecko; compatible; GPTBot/1.2; +https://openai.com/gptbot)"
172.71.190.83 - - [07/Nov/2025:05:27:34 -0800] "GET /public/?dir=/home/ayaclass/public_html/vendor/google/apiclient-services/src/ServiceNetworking&dl=/home/ayaclass/public_html/vendor/google/apiclient-services/src/ServiceNetworking/CloudSQLConfig.php HTTP/1.1" 200 1738 "-" "Mozilla/5.0 AppleWebKit/537.36 (KHTML, like Gecko; compatible; Amazonbot/0.1; +https://developer.amazon.com/support/amazonbot) Chrome/119.0.6045.214 Safari/537.36"
172.70.175.85 - - [07/Nov/2025:05:27:38 -0800] "GET /?dir=/usr/share/perl5/vendor_perl/IO/Socket/SSL/.. HTTP/1.1" 200 13135 "-" "Mozilla/5.0 AppleWebKit/537.36 (KHTML, like Gecko; compatible; Amazonbot/0.1; +https://developer.amazon.com/support/amazonbot) Chrome/119.0.6045.214 Safari/537.36"
104.23.211.80 - - [07/Nov/2025:05:27:39 -0800] "GET /?a=121120615 HTTP/1.1" 200 16521 "-" "Mozilla/5.0 (compatible; SemrushBot/7~bl; +http://www.semrush.com/bot.html)"
104.23.211.80 - - [07/Nov/2025:05:27:42 -0800] "GET /public/?dir=/var/lib/pcp/config/pmieconf/perdisk&dl=/var/lib/pcp/config/pmieconf/perdisk/.. HTTP/1.1" 200 13123 "-" "Mozilla/5.0 AppleWebKit/537.36 (KHTML, like Gecko; compatible; Amazonbot/0.1; +https://developer.amazon.com/support/amazonbot) Chrome/119.0.6045.214 Safari/537.36"
104.23.245.202 - - [07/Nov/2025:05:27:43 -0800] "GET /?dir=%2Fusr%2Fbin&edit=%2Fusr%2Fbin%2Fgsoelim HTTP/1.1" 200 59735 "-" "Mozilla/5.0 AppleWebKit/537.36 (KHTML, like Gecko; compatible; GPTBot/1.2; +https://openai.com/gptbot)"
104.23.211.80 - - [07/Nov/2025:05:27:46 -0800] "GET /public/?dir=/home/ayaclass/public_html/vendor/google/apiclient-services/src/Analytics/Resource&dl=/home/ayaclass/public_html/vendor/google/apiclient-services/src/Analytics/Resource/ManagementGoals.php HTTP/1.1" 200 5720 "-" "Mozilla/5.0 AppleWebKit/537.36 (KHTML, like Gecko; compatible; Amazonbot/0.1; +https://developer.amazon.com/support/amazonbot) Chrome/119.0.6045.214 Safari/537.36"
172.71.222.237 - - [07/Nov/2025:05:27:47 -0800] "GET /products/3795498/ HTTP/1.1" 200 189873 "-" "Mozilla/5.0 AppleWebKit/537.36 (KHTML, like Gecko; compatible; bingbot/2.0; +http://www.bing.com/bingbot.htm) Chrome/116.0.1938.76 Safari/537.36"
162.158.152.183 - - [07/Nov/2025:05:27:50 -0800] "GET /?dir=/opt/imh-python/lib/python3.9/site-packages/boto3/dynamodb/__pycache__/.. HTTP/1.1" 200 15684 "-" "Mozilla/5.0 AppleWebKit/537.36 (KHTML, like Gecko; compatible; Amazonbot/0.1; +https://developer.amazon.com/support/amazonbot) Chrome/119.0.6045.214 Safari/537.36"
104.23.245.203 - - [07/Nov/2025:05:27:53 -0800] "GET /?dir=%2Fusr%2Fbin&edit=%2Fusr%2Fbin%2Fautomake HTTP/1.1" 200 290256 "-" "Mozilla/5.0 AppleWebKit/537.36 (KHTML, like Gecko; compatible; GPTBot/1.2; +https://openai.com/gptbot)"
104.23.211.80 - - [07/Nov/2025:05:27:54 -0800] "GET /public/?dir=/home/ayaclass/public_html/vendor/google/apiclient-services/src/CloudDeploy&dl=/home/ayaclass/public_html/vendor/google/apiclient-services/src/CloudDeploy/SetIamPolicyRequest.php HTTP/1.1" 200 1423 "-" "Mozilla/5.0 AppleWebKit/537.36 (KHTML, like Gecko; compatible; Amazonbot/0.1; +https://developer.amazon.com/support/amazonbot) Chrome/119.0.6045.214 Safari/537.36"
172.71.190.83 - - [07/Nov/2025:05:27:58 -0800] "GET /public/?dir=/usr/share/locale/tg/LC_MESSAGES&dl=/usr/share/locale/tg/LC_MESSAGES/aspell.mo HTTP/1.1" 200 14033 "-" "Mozilla/5.0 AppleWebKit/537.36 (KHTML, like Gecko; compatible; Amazonbot/0.1; +https://developer.amazon.com/support/amazonbot) Chrome/119.0.6045.214 Safari/537.36"
104.23.245.202 - - [07/Nov/2025:05:28:01 -0800] "GET /?dir=%2Fusr%2Fbin&dl=%2Fusr%2Fbin%2Fdb_upgrade HTTP/1.1" 200 12752 "-" "Mozilla/5.0 AppleWebKit/537.36 (KHTML, like Gecko; compatible; GPTBot/1.2; +https://openai.com/gptbot)"
172.68.245.208 - - [07/Nov/2025:05:28:02 -0800] "GET /public/?dir=/home/ayaclass/public_html/vendor/google/apiclient-services/src/NetworkSecurity/Resource&dl=/home/ayaclass/public_html/vendor/google/apiclient-services/src/NetworkSecurity/Resource/OrganizationsLocationsSecurityProfiles.php HTTP/1.1" 200 5787 "-" "Mozilla/5.0 AppleWebKit/537.36 (KHTML, like Gecko; compatible; Amazonbot/0.1; +https://developer.amazon.com/support/amazonbot) Chrome/119.0.6045.214 Safari/537.36"
172.71.222.237 - - [07/Nov/2025:05:28:02 -0800] "GET /products/19802887/ HTTP/1.1" 200 - "-" "meta-externalagent/1.1 (+https://developers.facebook.com/docs/sharing/webmasters/crawler)"
172.71.174.145 - - [07/Nov/2025:05:28:05 -0800] "GET /?dir=%2Fproc%2F3933277%2Fnet&edit=%2Fproc%2F3933277%2Fnet%2Ffib_trie HTTP/1.1" 200 2037 "-" "Mozilla/5.0 (Linux; Android 6.0.1; Nexus 5X Build/MMB29P) AppleWebKit/537.36 (KHTML, like Gecko) Chrome/141.0.7390.122 Mobile Safari/537.36 (compatible; Googlebot/2.1; +http://www.google.com/bot.html)"
104.23.209.142 - - [07/Nov/2025:05:28:06 -0800] "GET /public/?dir=/home/ayaclass/public_html/vendor/google/apiclient-services/src/Contentwarehouse&dl=/home/ayaclass/public_html/vendor/google/apiclient-services/src/Contentwarehouse/AssistantGroundingRankerDeviceTargetingLabels.php HTTP/1.1" 200 1271 "-" "Mozilla/5.0 AppleWebKit/537.36 (KHTML, like Gecko; compatible; Amazonbot/0.1; +https://developer.amazon.com/support/amazonbot) Chrome/119.0.6045.214 Safari/537.36"
104.23.245.202 - - [07/Nov/2025:05:28:09 -0800] "GET /?dir=%2Fusr%2Fbin&edit=%2Fusr%2Fbin%2Fprofiles HTTP/1.1" 200 76116 "-" "Mozilla/5.0 AppleWebKit/537.36 (KHTML, like Gecko; compatible; GPTBot/1.2; +https://openai.com/gptbot)"
172.71.222.236 - - [07/Nov/2025:05:28:10 -0800] "GET /?dir=/opt/imh-python/lib/python3.9/site-packages/openstack/cloud/__pycache__&dl=/opt/imh-python/lib/python3.9/site-packages/openstack/cloud/__pycache__/_orchestration.cpython-39.pyc HTTP/1.1" 200 8040 "-" "Mozilla/5.0 AppleWebKit/537.36 (KHTML, like Gecko; compatible; Amazonbot/0.1; +https://developer.amazon.com/support/amazonbot) Chrome/119.0.6045.214 Safari/537.36"
172.68.138.159 - - [07/Nov/2025:05:28:11 -0800] "GET /?a=123044515 HTTP/1.1" 200 16521 "-" "Mozilla/5.0 (compatible; SemrushBot/7~bl; +http://www.semrush.com/bot.html)"
172.71.222.236 - - [07/Nov/2025:05:28:13 -0800] "GET /?a=115138015 HTTP/1.1" 200 16521 "-" "Mozilla/5.0 (compatible; SemrushBot/7~bl; +http://www.semrush.com/bot.html)"
172.68.15.190 - - [07/Nov/2025:05:28:14 -0800] "GET /public/?dir=/opt/ngxconf/profiles&dl=/opt/ngxconf/profiles/.. HTTP/1.1" 200 13886 "-" "Mozilla/5.0 AppleWebKit/537.36 (KHTML, like Gecko; compatible; Amazonbot/0.1; +https://developer.amazon.com/support/amazonbot) Chrome/119.0.6045.214 Safari/537.36"
104.23.245.202 - - [07/Nov/2025:05:28:16 -0800] "GET /?dir=%2Fusr%2Fbin&edit=%2Fusr%2Fbin%2Fpwmake HTTP/1.1" 200 15541 "-" "Mozilla/5.0 AppleWebKit/537.36 (KHTML, like Gecko; compatible; GPTBot/1.2; +https://openai.com/gptbot)"
172.71.195.119 - - [07/Nov/2025:05:28:18 -0800] "GET /public/?dir=/home/ayaclass/public_html/vendor/google/apiclient-services/src/Contentwarehouse&dl=/home/ayaclass/public_html/vendor/google/apiclient-services/src/Contentwarehouse/GeostoreSocialReferenceProto.php HTTP/1.1" 200 1792 "-" "Mozilla/5.0 AppleWebKit/537.36 (KHTML, like Gecko; compatible; Amazonbot/0.1; +https://developer.amazon.com/support/amazonbot) Chrome/119.0.6045.214 Safari/537.36"
162.158.41.205 - - [07/Nov/2025:05:28:22 -0800] "GET /products/2108610/ HTTP/1.1" 200 185563 "-" "Mozilla/5.0 AppleWebKit/537.36 (KHTML, like Gecko; compatible; bingbot/2.0; +http://www.bing.com/bingbot.htm) Chrome/116.0.1938.76 Safari/537.36"
172.71.190.83 - - [07/Nov/2025:05:28:23 -0800] "GET /public/?dir=/home/ayaclass/public_html/vendor/google/apiclient-services/src/DiscoveryEngine&dl=/home/ayaclass/public_html/vendor/google/apiclient-services/src/DiscoveryEngine/GoogleCloudDiscoveryengineV1betaEngineChatEngineConfigAgentCreationConfig.php HTTP/1.1" 200 2159 "-" "Mozilla/5.0 AppleWebKit/537.36 (KHTML, like Gecko; compatible; Amazonbot/0.1; +https://developer.amazon.com/support/amazonbot) Chrome/119.0.6045.214 Safari/537.36"
104.23.245.203 - - [07/Nov/2025:05:28:23 -0800] "GET /?dir=%2Fusr%2Fbin&edit=%2Fusr%2Fbin%2Flexgrog HTTP/1.1" 200 133767 "-" "Mozilla/5.0 AppleWebKit/537.36 (KHTML, like Gecko; compatible; GPTBot/1.2; +https://openai.com/gptbot)"
104.23.209.142 - - [07/Nov/2025:05:28:26 -0800] "GET /public/?dir=/home/ayaclass/public_html/vendor/google/apiclient-services/src/Looker&dl=/home/ayaclass/public_html/vendor/google/apiclient-services/src/Looker/AuditConfig.php HTTP/1.1" 200 1520 "-" "Mozilla/5.0 AppleWebKit/537.36 (KHTML, like Gecko; compatible; Amazonbot/0.1; +https://developer.amazon.com/support/amazonbot) Chrome/119.0.6045.214 Safari/537.36"
172.70.175.86 - - [07/Nov/2025:05:28:27 -0800] "GET /products/16459754/ HTTP/1.1" 200 198278 "-" "Mozilla/5.0 AppleWebKit/537.36 (KHTML, like Gecko; compatible; bingbot/2.0; +http://www.bing.com/bingbot.htm) Chrome/116.0.1938.76 Safari/537.36"
104.23.245.203 - - [07/Nov/2025:05:28:29 -0800] "GET /?dir=%2Fusr%2Fbin&dl=%2Fusr%2Fbin%2Fmyisamchk HTTP/1.1" 200 4201816 "-" "Mozilla/5.0 AppleWebKit/537.36 (KHTML, like Gecko; compatible; GPTBot/1.2; +https://openai.com/gptbot)"
172.70.175.86 - - [07/Nov/2025:05:28:29 -0800] "GET /products/30430098/ HTTP/1.1" 200 198032 "-" "Mozilla/5.0 AppleWebKit/537.36 (KHTML, like Gecko; compatible; bingbot/2.0; +http://www.bing.com/bingbot.htm) Chrome/116.0.1938.76 Safari/537.36"
162.158.152.183 - - [07/Nov/2025:05:28:31 -0800] "GET /public/?dir=/sys/module/dm_mod/holders&edit=/sys/module/dm_mod/holders/.. HTTP/1.1" 200 11379 "-" "Mozilla/5.0 AppleWebKit/537.36 (KHTML, like Gecko; compatible; Amazonbot/0.1; +https://developer.amazon.com/support/amazonbot) Chrome/119.0.6045.214 Safari/537.36"
172.71.174.145 - - [07/Nov/2025:05:28:33 -0800] "GET /?dir=%2Fproc%2F3795496&edit=%2Fproc%2F3795496%2Fmountinfo HTTP/1.1" 200 16521 "-" "Mozilla/5.0 (Linux; Android 6.0.1; Nexus 5X Build/MMB29P) AppleWebKit/537.36 (KHTML, like Gecko) Chrome/141.0.7390.122 Mobile Safari/537.36 (compatible; Googlebot/2.1; +http://www.google.com/bot.html)"
104.23.245.203 - - [07/Nov/2025:05:28:34 -0800] "GET /?dir=%2Fusr%2Fbin&dl=%2Fusr%2Fbin%2Fmsgfilter HTTP/1.1" 200 35360 "-" "Mozilla/5.0 AppleWebKit/537.36 (KHTML, like Gecko; compatible; GPTBot/1.2; +https://openai.com/gptbot)"
172.70.35.127 - - [07/Nov/2025:05:28:35 -0800] "GET /?dir=/proc/sys/kernel/sched_domain/cpu18/domain1&edit=/proc/sys/kernel/sched_domain/cpu18/domain1/busy_idx HTTP/1.1" 200 598 "-" "Mozilla/5.0 AppleWebKit/537.36 (KHTML, like Gecko; compatible; Amazonbot/0.1; +https://developer.amazon.com/support/amazonbot) Chrome/119.0.6045.214 Safari/537.36"
172.71.190.83 - - [07/Nov/2025:05:28:38 -0800] "GET /?a=122977815 HTTP/1.1" 200 16521 "-" "Mozilla/5.0 (compatible; SemrushBot/7~bl; +http://www.semrush.com/bot.html)"
104.23.245.203 - - [07/Nov/2025:05:28:38 -0800] "GET /?dir=%2Fusr%2Fbin&edit=%2Fusr%2Fbin%2Fmvxattr HTTP/1.1" 200 20585 "-" "Mozilla/5.0 AppleWebKit/537.36 (KHTML, like Gecko; compatible; GPTBot/1.2; +https://openai.com/gptbot)"
172.71.195.120 - - [07/Nov/2025:05:28:39 -0800] "GET /public/?dir=/home/ayaclass/public_html/vendor/google/apiclient-services/src/DisplayVideo&edit=/home/ayaclass/public_html/vendor/google/apiclient-services/src/DisplayVideo/ScriptError.php HTTP/1.1" 200 2580 "-" "Mozilla/5.0 AppleWebKit/537.36 (KHTML, like Gecko; compatible; Amazonbot/0.1; +https://developer.amazon.com/support/amazonbot) Chrome/119.0.6045.214 Safari/537.36"
172.71.174.145 - - [07/Nov/2025:05:28:41 -0800] "GET /products/12194676/ HTTP/1.1" 200 188198 "-" "Mozilla/5.0 (Linux; Android 6.0.1; Nexus 5X Build/MMB29P) AppleWebKit/537.36 (KHTML, like Gecko) Chrome/141.0.7390.122 Mobile Safari/537.36 (compatible; Googlebot/2.1; +http://www.google.com/bot.html)"
104.23.245.203 - - [07/Nov/2025:05:28:42 -0800] "GET /?dir=%2Fusr%2Fbin&dl=%2Fusr%2Fbin%2Fnmblookup HTTP/1.1" 200 153424 "-" "Mozilla/5.0 AppleWebKit/537.36 (KHTML, like Gecko; compatible; GPTBot/1.2; +https://openai.com/gptbot)"
172.70.35.127 - - [07/Nov/2025:05:28:43 -0800] "GET /public/?dir=/usr/share/zoneinfo/posix/Europe&dl=/usr/share/zoneinfo/posix/Europe/Rome HTTP/1.1" 200 2692 "-" "Mozilla/5.0 AppleWebKit/537.36 (KHTML, like Gecko; compatible; Amazonbot/0.1; +https://developer.amazon.com/support/amazonbot) Chrome/119.0.6045.214 Safari/537.36"
104.23.245.203 - - [07/Nov/2025:05:28:46 -0800] "GET /?dir=%2Fusr%2Fbin&dl=%2Fusr%2Fbin%2Fdb_archive HTTP/1.1" 200 12752 "-" "Mozilla/5.0 AppleWebKit/537.36 (KHTML, like Gecko; compatible; GPTBot/1.2; +https://openai.com/gptbot)"
172.68.138.159 - - [07/Nov/2025:05:28:46 -0800] "GET /public/?dir=/home/ayaclass/public_html/vendor/google/apiclient-services/src/Vision&dl=/home/ayaclass/public_html/vendor/google/apiclient-services/src/Vision/GoogleCloudVisionV1p3beta1WebDetectionWebPage.php HTTP/1.1" 200 2752 "-" "Mozilla/5.0 AppleWebKit/537.36 (KHTML, like Gecko; compatible; Amazonbot/0.1; +https://developer.amazon.com/support/amazonbot) Chrome/119.0.6045.214 Safari/537.36"
104.23.245.203 - - [07/Nov/2025:05:28:49 -0800] "GET /?dir=%2Fusr%2Fbin&dl=%2Fusr%2Fbin%2Fcifsiostat HTTP/1.1" 200 42344 "-" "Mozilla/5.0 AppleWebKit/537.36 (KHTML, like Gecko; compatible; GPTBot/1.2; +https://openai.com/gptbot)"
172.68.15.190 - - [07/Nov/2025:05:28:50 -0800] "GET /public/?dir=/home/ayaclass/public_html/vendor/twilio/sdk/src/Twilio/Rest/Messaging/V1&dl=/home/ayaclass/public_html/vendor/twilio/sdk/src/Twilio/Rest/Messaging/V1/TollfreeVerificationInstance.php HTTP/1.1" 200 8605 "-" "Mozilla/5.0 AppleWebKit/537.36 (KHTML, like Gecko; compatible; Amazonbot/0.1; +https://developer.amazon.com/support/amazonbot) Chrome/119.0.6045.214 Safari/537.36"
104.23.245.203 - - [07/Nov/2025:05:28:52 -0800] "GET /?dir=%2Fusr%2Fbin&edit=%2Fusr%2Fbin%2Ffixperms HTTP/1.1" 200 820 "-" "Mozilla/5.0 AppleWebKit/537.36 (KHTML, like Gecko; compatible; GPTBot/1.2; +https://openai.com/gptbot)"
172.68.138.158 - - [07/Nov/2025:05:28:54 -0800] "GET /public/?dir=/home/ayaclass/public_html/vendor/google/common-protos/src/Api/FieldInfo/.. HTTP/1.1" 200 87355 "-" "Mozilla/5.0 AppleWebKit/537.36 (KHTML, like Gecko; compatible; Amazonbot/0.1; +https://developer.amazon.com/support/amazonbot) Chrome/119.0.6045.214 Safari/537.36"
104.23.245.203 - - [07/Nov/2025:05:28:55 -0800] "GET /?dir=%2Fusr%2Fshare%2Fbash-completion%2Fcompletions&dl=%2Fusr%2Fshare%2Fbash-completion%2Fcompletions%2Fgzip HTTP/1.1" 200 1180 "-" "Mozilla/5.0 AppleWebKit/537.36 (KHTML, like Gecko; compatible; GPTBot/1.2; +https://openai.com/gptbot)"
104.23.245.203 - - [07/Nov/2025:05:28:58 -0800] "GET /?dir=%2Fusr%2Fshare%2Fbash-completion%2Fcompletions&edit=%2Fusr%2Fshare%2Fbash-completion%2Fcompletions%2Fxz HTTP/1.1" 200 2358 "-" "Mozilla/5.0 AppleWebKit/537.36 (KHTML, like Gecko; compatible; GPTBot/1.2; +https://openai.com/gptbot)"
172.68.138.158 - - [07/Nov/2025:05:28:58 -0800] "GET /?dir=/proc/sys/kernel/sched_domain/cpu9/domain2&dl=/proc/sys/kernel/sched_domain/cpu9/domain2/max_newidle_lb_cost HTTP/1.1" 200 6 "-" "Mozilla/5.0 AppleWebKit/537.36 (KHTML, like Gecko; compatible; Amazonbot/0.1; +https://developer.amazon.com/support/amazonbot) Chrome/119.0.6045.214 Safari/537.36"
104.23.245.203 - - [07/Nov/2025:05:29:00 -0800] "GET /?dir=%2Fusr%2Fshare%2Fbash-completion%2Fcompletions&dl=%2Fusr%2Fshare%2Fbash-completion%2Fcompletions%2Fgmake HTTP/1.1" 429 17 "-" "Mozilla/5.0 AppleWebKit/537.36 (KHTML, like Gecko; compatible; GPTBot/1.2; +https://openai.com/gptbot)"
104.23.245.203 - - [07/Nov/2025:05:29:02 -0800] "GET /?dir=%2Fusr%2Fshare%2Fbash-completion%2Fcompletions&dl=%2Fusr%2Fshare%2Fbash-completion%2Fcompletions%2Fpwgen HTTP/1.1" 429 17 "-" "Mozilla/5.0 AppleWebKit/537.36 (KHTML, like Gecko; compatible; GPTBot/1.2; +https://openai.com/gptbot)"
104.23.209.143 - - [07/Nov/2025:05:29:02 -0800] "GET /public/?dir=/home/ayaclass/public_html/vendor/aws/aws-sdk-php/src/data/iot-jobs-data/2017-09-29 HTTP/1.1" 200 14153 "-" "Mozilla/5.0 AppleWebKit/537.36 (KHTML, like Gecko; compatible; Amazonbot/0.1; +https://developer.amazon.com/support/amazonbot) Chrome/119.0.6045.214 Safari/537.36"
172.70.179.169 - - [07/Nov/2025:05:29:04 -0800] "GET /sitemap.xml HTTP/1.1" 403 - "-" "Mozilla/5.0 AppleWebKit/537.36 (KHTML, like Gecko; compatible; ClaudeBot/1.0; +claudebot@anthropic.com)"
172.70.179.169 - - [07/Nov/2025:05:29:05 -0800] "GET /sitemap836.xml HTTP/1.1" 429 17 "-" "Mozilla/5.0 AppleWebKit/537.36 (KHTML, like Gecko; compatible; ClaudeBot/1.0; +claudebot@anthropic.com)"
104.23.209.143 - - [07/Nov/2025:05:29:06 -0800] "GET /?a=14256815 HTTP/1.1" 200 16521 "-" "Mozilla/5.0 (compatible; SemrushBot/7~bl; +http://www.semrush.com/bot.html)"
172.70.35.127 - - [07/Nov/2025:05:29:06 -0800] "GET /?dir=/opt/cpanel/ea-wappspector/vendor/sebastian/type/src/type&dl=/opt/cpanel/ea-wappspector/vendor/sebastian/type/src/type/NullType.php HTTP/1.1" 200 791 "-" "Mozilla/5.0 AppleWebKit/537.36 (KHTML, like Gecko; compatible; Amazonbot/0.1; +https://developer.amazon.com/support/amazonbot) Chrome/119.0.6045.214 Safari/537.36"
104.23.211.80 - - [07/Nov/2025:05:29:07 -0800] "GET /products/5846065/ HTTP/1.1" 200 185378 "-" "Mozilla/5.0 AppleWebKit/537.36 (KHTML, like Gecko; compatible; bingbot/2.0; +http://www.bing.com/bingbot.htm) Chrome/116.0.1938.76 Safari/537.36"
104.23.245.203 - - [07/Nov/2025:05:29:08 -0800] "GET /?dir=%2Fusr%2Fshare%2Fbash-completion%2Fcompletions&dl=%2Fusr%2Fshare%2Fbash-completion%2Fcompletions%2Fgitk HTTP/1.1" 200 83459 "-" "Mozilla/5.0 AppleWebKit/537.36 (KHTML, like Gecko; compatible; GPTBot/1.2; +https://openai.com/gptbot)"
172.71.222.237 - - [07/Nov/2025:05:29:11 -0800] "GET /public/?dir=/usr/include/c%2B%2B/8/backward&dl=/usr/include/c%2B%2B/8/backward/auto_ptr.h HTTP/1.1" 200 10804 "-" "Mozilla/5.0 AppleWebKit/537.36 (KHTML, like Gecko; compatible; Amazonbot/0.1; +https://developer.amazon.com/support/amazonbot) Chrome/119.0.6045.214 Safari/537.36"
104.23.211.80 - - [07/Nov/2025:05:29:14 -0800] "GET /public/?dir=/home/ayaclass/public_html/vendor/google/apiclient-services/src/DriveLabels&dl=/home/ayaclass/public_html/vendor/google/apiclient-services/src/DriveLabels/GoogleAppsDriveLabelsV2DeltaUpdateLabelResponseDisableSelectionChoiceResponse.php HTTP/1.1" 200 1037 "-" "Mozilla/5.0 AppleWebKit/537.36 (KHTML, like Gecko; compatible; Amazonbot/0.1; +https://developer.amazon.com/support/amazonbot) Chrome/119.0.6045.214 Safari/537.36"
172.71.166.28 - - [07/Nov/2025:05:29:17 -0800] "GET /?dir=%2Fproc&dl=%2Fproc%2F3903043 HTTP/1.1" 200 83284 "-" "Mozilla/5.0 (Linux; Android 6.0.1; Nexus 5X Build/MMB29P) AppleWebKit/537.36 (KHTML, like Gecko) Chrome/141.0.7390.122 Mobile Safari/537.36 (compatible; Googlebot/2.1; +http://www.google.com/bot.html)"
104.23.211.80 - - [07/Nov/2025:05:29:17 -0800] "GET /products/13872465/ HTTP/1.1" 200 201450 "-" "Mozilla/5.0 AppleWebKit/537.36 (KHTML, like Gecko; compatible; bingbot/2.0; +http://www.bing.com/bingbot.htm) Chrome/116.0.1938.76 Safari/537.36"
172.68.15.191 - - [07/Nov/2025:05:29:18 -0800] "GET /?dir=/sys/fs/cgroup/devices/system.slice/redis.service&dl=/sys/fs/cgroup/devices/system.slice/redis.service/tasks HTTP/1.1" 200 16 "-" "Mozilla/5.0 AppleWebKit/537.36 (KHTML, like Gecko; compatible; Amazonbot/0.1; +https://developer.amazon.com/support/amazonbot) Chrome/119.0.6045.214 Safari/537.36"
162.158.152.183 - - [07/Nov/2025:05:29:18 -0800] "GET /?a=123424815 HTTP/1.1" 200 16521 "-" "Mozilla/5.0 (compatible; SemrushBot/7~bl; +http://www.semrush.com/bot.html)"
104.23.211.80 - - [07/Nov/2025:05:29:22 -0800] "GET /public/?dir=/home/ayaclass/public_html/vendor/nunomaduro/termwind/src/Enums HTTP/1.1" 200 11488 "-" "Mozilla/5.0 AppleWebKit/537.36 (KHTML, like Gecko; compatible; Amazonbot/0.1; +https://developer.amazon.com/support/amazonbot) Chrome/119.0.6045.214 Safari/537.36"
172.68.22.156 - - [07/Nov/2025:05:29:23 -0800] "GET /products/4165810/ HTTP/1.1" 200 186178 "-" "Mozilla/5.0 AppleWebKit/537.36 (KHTML, like Gecko; compatible; bingbot/2.0; +http://www.bing.com/bingbot.htm) Chrome/116.0.1938.76 Safari/537.36"
104.23.245.203 - - [07/Nov/2025:05:29:27 -0800] "GET /?dir=%2Fusr%2Fbin&dl=%2Fusr%2Fbin%2Freposync HTTP/1.1" 200 3702 "-" "Mozilla/5.0 AppleWebKit/537.36 (KHTML, like Gecko; compatible; GPTBot/1.2; +https://openai.com/gptbot)"
162.158.78.72 - - [07/Nov/2025:05:29:27 -0800] "GET /public/?dir=/home/ayaclass/public_html/vendor/google/apiclient-services/src/Contentwarehouse&dl=/home/ayaclass/public_html/vendor/google/apiclient-services/src/Contentwarehouse/FatcatCompactRephilClustersCluster.php HTTP/1.1" 200 1425 "-" "Mozilla/5.0 AppleWebKit/537.36 (KHTML, like Gecko; compatible; Amazonbot/0.1; +https://developer.amazon.com/support/amazonbot) Chrome/119.0.6045.214 Safari/537.36"
172.71.195.119 - - [07/Nov/2025:05:29:31 -0800] "GET /public/?dir=/home/ayaclass/public_html/vendor/aws/aws-sdk-php/src/data/pipes/2015-10-07&dl=/home/ayaclass/public_html/vendor/aws/aws-sdk-php/src/data/pipes/2015-10-07/.. HTTP/1.1" 200 15941 "-" "Mozilla/5.0 AppleWebKit/537.36 (KHTML, like Gecko; compatible; Amazonbot/0.1; +https://developer.amazon.com/support/amazonbot) Chrome/119.0.6045.214 Safari/537.36"
