172.68.245.208 - - [07/Nov/2025:04:33:35 -0800] "GET /?dir=/opt/cpanel/ea-wappspector/vendor/phpunit/phpunit/src/Metadata&dl=/opt/cpanel/ea-wappspector/vendor/phpunit/phpunit/src/Metadata/Covers.php HTTP/1.1" 200 1048 "-" "Mozilla/5.0 AppleWebKit/537.36 (KHTML, like Gecko; compatible; Amazonbot/0.1; +https://developer.amazon.com/support/amazonbot) Chrome/119.0.6045.214 Safari/537.36"
104.23.245.202 - - [07/Nov/2025:04:33:35 -0800] "GET /?dir=%2Fusr%2Fsbin&edit=%2Fusr%2Fsbin%2Frpcinfo HTTP/1.1" 200 45601 "-" "Mozilla/5.0 AppleWebKit/537.36 (KHTML, like Gecko; compatible; GPTBot/1.2; +https://openai.com/gptbot)"
172.71.190.83 - - [07/Nov/2025:04:33:38 -0800] "GET /public/?dir=/sys/devices/system/cpu/cpu9/cache/index1 HTTP/1.1" 200 18047 "-" "Mozilla/5.0 AppleWebKit/537.36 (KHTML, like Gecko; compatible; Amazonbot/0.1; +https://developer.amazon.com/support/amazonbot) Chrome/119.0.6045.214 Safari/537.36"
172.68.15.190 - - [07/Nov/2025:04:33:42 -0800] "GET /?a=123511615 HTTP/1.1" 200 16521 "-" "Mozilla/5.0 (compatible; SemrushBot/7~bl; +http://www.semrush.com/bot.html)"
104.23.209.142 - - [07/Nov/2025:04:33:43 -0800] "GET /public/?dir=/opt/cpanel/ea-php82/root/usr/share/php HTTP/1.1" 200 10260 "-" "Mozilla/5.0 AppleWebKit/537.36 (KHTML, like Gecko; compatible; Amazonbot/0.1; +https://developer.amazon.com/support/amazonbot) Chrome/119.0.6045.214 Safari/537.36"
172.68.245.208 - - [07/Nov/2025:04:33:47 -0800] "GET /public/?dir=/usr/lib/python3.6/site-packages/urllib3/__pycache__&dl=/usr/lib/python3.6/site-packages/urllib3/__pycache__/response.cpython-36.opt-1.pyc HTTP/1.1" 200 18704 "-" "Mozilla/5.0 AppleWebKit/537.36 (KHTML, like Gecko; compatible; Amazonbot/0.1; +https://developer.amazon.com/support/amazonbot) Chrome/119.0.6045.214 Safari/537.36"
104.23.245.203 - - [07/Nov/2025:04:33:49 -0800] "GET /?dir=%2Fusr%2Fsbin&edit=%2Fusr%2Fsbin%2Fuuserver HTTP/1.1" 200 20299 "-" "Mozilla/5.0 AppleWebKit/537.36 (KHTML, like Gecko; compatible; GPTBot/1.2; +https://openai.com/gptbot)"
162.158.162.11 - - [07/Nov/2025:04:33:52 -0800] "GET /register HTTP/1.1" 200 - "-" "Mozilla/5.0 (Linux; Android 5.0) AppleWebKit/537.36 (KHTML, like Gecko) Mobile Safari/537.36 (compatible; TikTokSpider; ttspider-feedback@tiktok.com)"
104.23.211.80 - - [07/Nov/2025:04:33:53 -0800] "GET /public/?dir=/sys/module/xt_set/holders/.. HTTP/1.1" 200 10473 "-" "Mozilla/5.0 AppleWebKit/537.36 (KHTML, like Gecko; compatible; Amazonbot/0.1; +https://developer.amazon.com/support/amazonbot) Chrome/119.0.6045.214 Safari/537.36"
104.23.211.80 - - [07/Nov/2025:04:33:54 -0800] "GET /public/?dir=/opt/imh-python/lib/python3.9/site-packages/packaging-25.0.dist-info/licenses HTTP/1.1" 429 17 "-" "Mozilla/5.0 AppleWebKit/537.36 (KHTML, like Gecko; compatible; Amazonbot/0.1; +https://developer.amazon.com/support/amazonbot) Chrome/119.0.6045.214 Safari/537.36"
172.71.222.237 - - [07/Nov/2025:04:34:00 -0800] "GET /public/?dir=/opt/cpanel/ea-wappspector/vendor/guzzlehttp/psr7 HTTP/1.1" 200 14345 "-" "Mozilla/5.0 AppleWebKit/537.36 (KHTML, like Gecko; compatible; Amazonbot/0.1; +https://developer.amazon.com/support/amazonbot) Chrome/119.0.6045.214 Safari/537.36"
104.23.245.202 - - [07/Nov/2025:04:34:01 -0800] "GET /?dir=%2Fusr%2Fsbin&edit=%2Fusr%2Fsbin%2Fnfsdcld HTTP/1.1" 200 97286 "-" "Mozilla/5.0 AppleWebKit/537.36 (KHTML, like Gecko; compatible; GPTBot/1.2; +https://openai.com/gptbot)"
172.71.190.82 - - [07/Nov/2025:04:34:03 -0800] "GET /public/?dir=/opt/cpanel/ea-php82/root/etc/pm/.. HTTP/1.1" 200 20898 "-" "Mozilla/5.0 AppleWebKit/537.36 (KHTML, like Gecko; compatible; Amazonbot/0.1; +https://developer.amazon.com/support/amazonbot) Chrome/119.0.6045.214 Safari/537.36"
104.23.209.142 - - [07/Nov/2025:04:34:07 -0800] "GET /?dir=/proc/111/net/bonding/.. HTTP/1.1" 200 50629 "-" "Mozilla/5.0 AppleWebKit/537.36 (KHTML, like Gecko; compatible; Amazonbot/0.1; +https://developer.amazon.com/support/amazonbot) Chrome/119.0.6045.214 Safari/537.36"
172.71.195.119 - - [07/Nov/2025:04:34:10 -0800] "GET /?dir=/opt/cpanel/ea-openssl11/share/doc/openssl/html/man3&dl=/opt/cpanel/ea-openssl11/share/doc/openssl/html/man3/BN_CTX_secure_new.html HTTP/1.1" 200 3583 "-" "Mozilla/5.0 AppleWebKit/537.36 (KHTML, like Gecko; compatible; Amazonbot/0.1; +https://developer.amazon.com/support/amazonbot) Chrome/119.0.6045.214 Safari/537.36"
104.23.245.202 - - [07/Nov/2025:04:34:12 -0800] "GET /?dir=%2Fusr%2Fsbin&edit=%2Fusr%2Fsbin%2Frunuser HTTP/1.1" 200 70212 "-" "Mozilla/5.0 AppleWebKit/537.36 (KHTML, like Gecko; compatible; GPTBot/1.2; +https://openai.com/gptbot)"
172.68.245.209 - - [07/Nov/2025:04:34:14 -0800] "GET /?a=40120915 HTTP/1.1" 200 16521 "-" "Mozilla/5.0 (compatible; SemrushBot/7~bl; +http://www.semrush.com/bot.html)"
172.70.35.127 - - [07/Nov/2025:04:34:15 -0800] "GET /public/?dir=/opt/cpanel/ea-php82/root/var/yp/.. HTTP/1.1" 200 22436 "-" "Mozilla/5.0 AppleWebKit/537.36 (KHTML, like Gecko; compatible; Amazonbot/0.1; +https://developer.amazon.com/support/amazonbot) Chrome/119.0.6045.214 Safari/537.36"
198.41.227.155 - - [07/Nov/2025:04:34:20 -0800] "GET /?dir=%2Fproc&dl=%2Fproc%2F3937847 HTTP/1.1" 200 82156 "-" "Mozilla/5.0 (Linux; Android 6.0.1; Nexus 5X Build/MMB29P) AppleWebKit/537.36 (KHTML, like Gecko) Chrome/141.0.7390.122 Mobile Safari/537.36 (compatible; Googlebot/2.1; +http://www.google.com/bot.html)"
104.23.211.80 - - [07/Nov/2025:04:34:20 -0800] "GET /public/?dir=/usr/share/doc/freetype-devel/tutorial HTTP/1.1" 200 19741 "-" "Mozilla/5.0 AppleWebKit/537.36 (KHTML, like Gecko; compatible; Amazonbot/0.1; +https://developer.amazon.com/support/amazonbot) Chrome/119.0.6045.214 Safari/537.36"
172.70.175.86 - - [07/Nov/2025:04:34:22 -0800] "GET /?a=123119415 HTTP/1.1" 200 16521 "-" "Mozilla/5.0 (compatible; SemrushBot/7~bl; +http://www.semrush.com/bot.html)"
104.23.245.203 - - [07/Nov/2025:04:34:22 -0800] "GET /?dir=%2Fusr%2Fsbin&edit=%2Fusr%2Fsbin%2Ftcpdump HTTP/1.1" 200 1552080 "-" "Mozilla/5.0 AppleWebKit/537.36 (KHTML, like Gecko; compatible; GPTBot/1.2; +https://openai.com/gptbot)"
172.70.175.86 - - [07/Nov/2025:04:34:24 -0800] "GET /public/?dir=/home/ayaclass/public_html/vendor/google/apiclient-services/src/PubsubLite/Resource/.. HTTP/1.1" 200 47759 "-" "Mozilla/5.0 AppleWebKit/537.36 (KHTML, like Gecko; compatible; Amazonbot/0.1; +https://developer.amazon.com/support/amazonbot) Chrome/119.0.6045.214 Safari/537.36"
162.158.78.72 - - [07/Nov/2025:04:34:27 -0800] "GET /public/?dir=/opt/cpanel/ea-php82/root/etc/php.d&dl=/opt/cpanel/ea-php82/root/etc/php.d/30-pdo_sqlite.ini HTTP/1.1" 200 61 "-" "Mozilla/5.0 AppleWebKit/537.36 (KHTML, like Gecko; compatible; Amazonbot/0.1; +https://developer.amazon.com/support/amazonbot) Chrome/119.0.6045.214 Safari/537.36"
172.71.190.82 - - [07/Nov/2025:04:34:30 -0800] "GET /public/?dir=/.cache/pip/http/b/8/6/2 HTTP/1.1" 200 10812 "-" "Mozilla/5.0 AppleWebKit/537.36 (KHTML, like Gecko; compatible; Amazonbot/0.1; +https://developer.amazon.com/support/amazonbot) Chrome/119.0.6045.214 Safari/537.36"
104.23.245.202 - - [07/Nov/2025:04:34:30 -0800] "GET /?dir=%2Fusr%2Fshare%2Fbash-completion%2Fcompletions&dl=%2Fusr%2Fshare%2Fbash-completion%2Fcompletions%2Fgnatmake HTTP/1.1" 200 1017 "-" "Mozilla/5.0 AppleWebKit/537.36 (KHTML, like Gecko; compatible; GPTBot/1.2; +https://openai.com/gptbot)"
172.71.222.236 - - [07/Nov/2025:04:34:30 -0800] "GET /?a=123673715 HTTP/1.1" 200 16521 "-" "Mozilla/5.0 (compatible; SemrushBot/7~bl; +http://www.semrush.com/bot.html)"
108.162.245.21 - - [07/Nov/2025:04:34:31 -0800] "GET /products/30351910/ HTTP/1.1" 200 194091 "-" "Mozilla/5.0 AppleWebKit/537.36 (KHTML, like Gecko; compatible; bingbot/2.0; +http://www.bing.com/bingbot.htm) Chrome/116.0.1938.76 Safari/537.36"
108.162.245.21 - - [07/Nov/2025:04:34:32 -0800] "GET /products/7518687/ HTTP/1.1" 200 195175 "-" "Mozilla/5.0 AppleWebKit/537.36 (KHTML, like Gecko; compatible; bingbot/2.0; +http://www.bing.com/bingbot.htm) Chrome/116.0.1938.76 Safari/537.36"
104.23.209.142 - - [07/Nov/2025:04:34:34 -0800] "GET /?dir=/usr/lib/python3.6/site-packages/dnf/rpm/__pycache__&dl=/usr/lib/python3.6/site-packages/dnf/rpm/__pycache__/.. HTTP/1.1" 200 19424 "-" "Mozilla/5.0 AppleWebKit/537.36 (KHTML, like Gecko; compatible; Amazonbot/0.1; +https://developer.amazon.com/support/amazonbot) Chrome/119.0.6045.214 Safari/537.36"
104.23.170.114 - - [07/Nov/2025:04:34:35 -0800] "GET / HTTP/1.1" 200 16521 "https://ayaclass.com/" "Mozilla/5.0 (iPhone; CPU iPhone OS 13_2_3 like Mac OS X) AppleWebKit/605.1.15 (KHTML, like Gecko) Version/13.0.3 Mobile/15E148 Safari/604.1"
172.71.195.120 - - [07/Nov/2025:04:34:36 -0800] "GET /?a=121633515 HTTP/1.1" 200 16521 "-" "Mozilla/5.0 (compatible; SemrushBot/7~bl; +http://www.semrush.com/bot.html)"
104.23.245.203 - - [07/Nov/2025:04:34:38 -0800] "GET /?dir=%2Fusr%2Fsbin&dl=%2Fusr%2Fsbin%2Fbadblocks HTTP/1.1" 200 33368 "-" "Mozilla/5.0 AppleWebKit/537.36 (KHTML, like Gecko; compatible; GPTBot/1.2; +https://openai.com/gptbot)"
172.68.138.159 - - [07/Nov/2025:04:34:40 -0800] "GET /public/?dir=/usr/lib/python3.6/site-packages/setuptools/command/__pycache__&edit=/usr/lib/python3.6/site-packages/setuptools/command/__pycache__/bdist_wininst.cpython-36.opt-1.pyc HTTP/1.1" 200 1609 "-" "Mozilla/5.0 AppleWebKit/537.36 (KHTML, like Gecko; compatible; Amazonbot/0.1; +https://developer.amazon.com/support/amazonbot) Chrome/119.0.6045.214 Safari/537.36"
104.23.211.81 - - [07/Nov/2025:04:34:42 -0800] "GET /public/?dir=/usr/share/autoconf/autoscan&dl=/usr/share/autoconf/autoscan/autoscan.list HTTP/1.1" 429 17 "-" "Mozilla/5.0 AppleWebKit/537.36 (KHTML, like Gecko; compatible; Amazonbot/0.1; +https://developer.amazon.com/support/amazonbot) Chrome/119.0.6045.214 Safari/537.36"
198.41.227.155 - - [07/Nov/2025:04:34:44 -0800] "GET /?dir=%2Fproc%2F3878732%2Ffd HTTP/1.1" 200 16521 "-" "Mozilla/5.0 (Linux; Android 6.0.1; Nexus 5X Build/MMB29P) AppleWebKit/537.36 (KHTML, like Gecko) Chrome/141.0.7390.122 Mobile Safari/537.36 (compatible; Googlebot/2.1; +http://www.google.com/bot.html)"
104.23.245.202 - - [07/Nov/2025:04:34:45 -0800] "GET /?dir=%2Fusr%2Fsbin&edit=%2Fusr%2Fsbin%2Fnewusers HTTP/1.1" 200 160410 "-" "Mozilla/5.0 AppleWebKit/537.36 (KHTML, like Gecko; compatible; GPTBot/1.2; +https://openai.com/gptbot)"
172.68.138.159 - - [07/Nov/2025:04:34:47 -0800] "GET /public/?dir=/usr/lib/python3.6/site-packages/procfs/__pycache__&dl=/usr/lib/python3.6/site-packages/procfs/__pycache__/procfs.cpython-36.pyc HTTP/1.1" 200 36421 "-" "Mozilla/5.0 AppleWebKit/537.36 (KHTML, like Gecko; compatible; Amazonbot/0.1; +https://developer.amazon.com/support/amazonbot) Chrome/119.0.6045.214 Safari/537.36"
172.70.175.86 - - [07/Nov/2025:04:34:48 -0800] "GET /products/7723610/ HTTP/1.1" 200 - "-" "meta-externalagent/1.1 (+https://developers.facebook.com/docs/sharing/webmasters/crawler)"
104.23.245.202 - - [07/Nov/2025:04:34:51 -0800] "GET /?dir=%2Fusr%2Fsbin&edit=%2Fusr%2Fsbin%2Faddpart HTTP/1.1" 200 35180 "-" "Mozilla/5.0 AppleWebKit/537.36 (KHTML, like Gecko; compatible; GPTBot/1.2; +https://openai.com/gptbot)"
172.71.222.236 - - [07/Nov/2025:04:34:52 -0800] "GET /public/?dir=/sys/devices/system/cpu/cpu1/cache&dl=/sys/devices/system/cpu/cpu1/cache/index1 HTTP/1.1" 200 13264 "-" "Mozilla/5.0 AppleWebKit/537.36 (KHTML, like Gecko; compatible; Amazonbot/0.1; +https://developer.amazon.com/support/amazonbot) Chrome/119.0.6045.214 Safari/537.36"
172.71.195.120 - - [07/Nov/2025:04:34:53 -0800] "GET /products/22153321/ HTTP/1.1" 200 197321 "-" "Mozilla/5.0 AppleWebKit/537.36 (KHTML, like Gecko; compatible; bingbot/2.0; +http://www.bing.com/bingbot.htm) Chrome/116.0.1938.76 Safari/537.36"
104.23.209.143 - - [07/Nov/2025:04:34:55 -0800] "GET /public/?dir=/opt/imh-python/lib/python3.9/site-packages/serial/tools HTTP/1.1" 200 19249 "-" "Mozilla/5.0 AppleWebKit/537.36 (KHTML, like Gecko; compatible; Amazonbot/0.1; +https://developer.amazon.com/support/amazonbot) Chrome/119.0.6045.214 Safari/537.36"
104.23.245.202 - - [07/Nov/2025:04:34:57 -0800] "GET /?dir=%2Fusr%2Fsbin&edit=%2Fusr%2Fsbin%2Fadduser HTTP/1.1" 200 227542 "-" "Mozilla/5.0 AppleWebKit/537.36 (KHTML, like Gecko; compatible; GPTBot/1.2; +https://openai.com/gptbot)"
172.71.222.237 - - [07/Nov/2025:04:34:59 -0800] "GET /public/?dir=/opt/imh-python/lib/python3.9/site-packages/cproc/.. HTTP/1.1" 200 348475 "-" "Mozilla/5.0 AppleWebKit/537.36 (KHTML, like Gecko; compatible; Amazonbot/0.1; +https://developer.amazon.com/support/amazonbot) Chrome/119.0.6045.214 Safari/537.36"
104.23.245.202 - - [07/Nov/2025:04:35:02 -0800] "GET /?dir=%2Fusr%2Fsbin&edit=%2Fusr%2Fsbin%2Fipmaddr HTTP/1.1" 200 29411 "-" "Mozilla/5.0 AppleWebKit/537.36 (KHTML, like Gecko; compatible; GPTBot/1.2; +https://openai.com/gptbot)"
104.23.211.81 - - [07/Nov/2025:04:35:04 -0800] "GET /public/?dir=/home/ayaclass/.trash/AAA/vendor/aws/aws-sdk-php/src/data/cloudfront/2016-11-25&edit=/home/ayaclass/.trash/AAA/vendor/aws/aws-sdk-php/src/data/cloudfront/2016-11-25/paginators-1.json.php HTTP/1.1" 403 - "-" "Mozilla/5.0 AppleWebKit/537.36 (KHTML, like Gecko; compatible; Amazonbot/0.1; +https://developer.amazon.com/support/amazonbot) Chrome/119.0.6045.214 Safari/537.36"
104.23.245.202 - - [07/Nov/2025:04:35:07 -0800] "GET /?dir=%2Fusr%2Fsbin&edit=%2Fusr%2Fsbin%2Fnfsstat HTTP/1.1" 200 46127 "-" "Mozilla/5.0 AppleWebKit/537.36 (KHTML, like Gecko; compatible; GPTBot/1.2; +https://openai.com/gptbot)"
104.23.211.81 - - [07/Nov/2025:04:35:08 -0800] "GET /public/?dir=/opt/imh-python/lib/python3.9/ensurepip/__pycache__&dl=/opt/imh-python/lib/python3.9/ensurepip/__pycache__/__init__.cpython-39.pyc HTTP/1.1" 200 5194 "-" "Mozilla/5.0 AppleWebKit/537.36 (KHTML, like Gecko; compatible; Amazonbot/0.1; +https://developer.amazon.com/support/amazonbot) Chrome/119.0.6045.214 Safari/537.36"
104.23.245.202 - - [07/Nov/2025:04:35:11 -0800] "GET /?dir=%2Fusr%2Fsbin&edit=%2Fusr%2Fsbin%2Fdevlink HTTP/1.1" 200 338004 "-" "Mozilla/5.0 AppleWebKit/537.36 (KHTML, like Gecko; compatible; GPTBot/1.2; +https://openai.com/gptbot)"
172.70.35.127 - - [07/Nov/2025:04:35:13 -0800] "GET /?dir=/opt/imh-python/lib/python3.9/site-packages/libcloud/compute/drivers/__pycache__&dl=/opt/imh-python/lib/python3.9/site-packages/libcloud/compute/drivers/__pycache__/elasticstack.cpython-39.pyc HTTP/1.1" 200 12120 "-" "Mozilla/5.0 AppleWebKit/537.36 (KHTML, like Gecko; compatible; Amazonbot/0.1; +https://developer.amazon.com/support/amazonbot) Chrome/119.0.6045.214 Safari/537.36"
104.23.245.202 - - [07/Nov/2025:04:35:14 -0800] "GET /?dir=%2Fusr%2Fsbin&dl=%2Fusr%2Fsbin%2Flgroupmod HTTP/1.1" 200 20352 "-" "Mozilla/5.0 AppleWebKit/537.36 (KHTML, like Gecko; compatible; GPTBot/1.2; +https://openai.com/gptbot)"
172.68.15.191 - - [07/Nov/2025:04:35:15 -0800] "GET /public/?dir=/opt/cpanel/ea-php83/root/etc/php.d&dl=/opt/cpanel/ea-php83/root/etc/php.d/20-ldap.ini HTTP/1.1" 429 17 "-" "Mozilla/5.0 AppleWebKit/537.36 (KHTML, like Gecko; compatible; Amazonbot/0.1; +https://developer.amazon.com/support/amazonbot) Chrome/119.0.6045.214 Safari/537.36"
104.23.245.202 - - [07/Nov/2025:04:35:18 -0800] "GET /?dir=%2Fusr%2Fsbin&edit=%2Fusr%2Fsbin%2Fudevadm HTTP/1.1" 200 609660 "-" "Mozilla/5.0 AppleWebKit/537.36 (KHTML, like Gecko; compatible; GPTBot/1.2; +https://openai.com/gptbot)"
104.23.211.80 - - [07/Nov/2025:04:35:18 -0800] "GET /?dir=/opt/cpanel/ea-openssl11/share/doc/openssl/html/man3&dl=/opt/cpanel/ea-openssl11/share/doc/openssl/html/man3/SCT_LIST_print.html HTTP/1.1" 200 2986 "-" "Mozilla/5.0 AppleWebKit/537.36 (KHTML, like Gecko; compatible; Amazonbot/0.1; +https://developer.amazon.com/support/amazonbot) Chrome/119.0.6045.214 Safari/537.36"
104.23.245.202 - - [07/Nov/2025:04:35:21 -0800] "GET /?dir=%2Fusr%2Fsbin&dl=%2Fusr%2Fsbin%2Fsnmptrapd HTTP/1.1" 200 33384 "-" "Mozilla/5.0 AppleWebKit/537.36 (KHTML, like Gecko; compatible; GPTBot/1.2; +https://openai.com/gptbot)"
172.68.138.158 - - [07/Nov/2025:04:35:23 -0800] "GET /public/?dir=/home/ayaclass/public_html/vendor/google/apiclient-services/src/AdExchangeBuyerII&dl=/home/ayaclass/public_html/vendor/google/apiclient-services/src/AdExchangeBuyerII/ListProposalsResponse.php HTTP/1.1" 200 1542 "-" "Mozilla/5.0 AppleWebKit/537.36 (KHTML, like Gecko; compatible; Amazonbot/0.1; +https://developer.amazon.com/support/amazonbot) Chrome/119.0.6045.214 Safari/537.36"
104.23.245.202 - - [07/Nov/2025:04:35:24 -0800] "GET /?dir=%2Fusr%2Fsbin&edit=%2Fusr%2Fsbin%2Fnfsconf HTTP/1.1" 200 55182 "-" "Mozilla/5.0 AppleWebKit/537.36 (KHTML, like Gecko; compatible; GPTBot/1.2; +https://openai.com/gptbot)"
172.69.65.81 - - [07/Nov/2025:04:35:24 -0800] "GET /products/30286521/ HTTP/1.1" 200 193455 "-" "Mozilla/5.0 (Linux; Android 6.0.1; Nexus 5X Build/MMB29P) AppleWebKit/537.36 (KHTML, like Gecko) Chrome/141.0.7390.122 Mobile Safari/537.36 (compatible; Googlebot/2.1; +http://www.google.com/bot.html)"
104.23.245.202 - - [07/Nov/2025:04:35:26 -0800] "GET /?dir=%2Fusr%2Fsbin&edit=%2Fusr%2Fsbin%2Fnologin HTTP/1.1" 429 17 "-" "Mozilla/5.0 AppleWebKit/537.36 (KHTML, like Gecko; compatible; GPTBot/1.2; +https://openai.com/gptbot)"
172.70.175.86 - - [07/Nov/2025:04:35:27 -0800] "GET /public/?dir=/opt/imh-python/lib/python3.9/site-packages/pyasn1/__pycache__ HTTP/1.1" 200 13260 "-" "Mozilla/5.0 AppleWebKit/537.36 (KHTML, like Gecko; compatible; Amazonbot/0.1; +https://developer.amazon.com/support/amazonbot) Chrome/119.0.6045.214 Safari/537.36"
104.23.245.202 - - [07/Nov/2025:04:35:28 -0800] "GET /?dir=%2Fusr%2Fsbin&edit=%2Fusr%2Fsbin%2Fe2label HTTP/1.1" 429 17 "-" "Mozilla/5.0 AppleWebKit/537.36 (KHTML, like Gecko; compatible; GPTBot/1.2; +https://openai.com/gptbot)"
108.162.245.21 - - [07/Nov/2025:04:35:31 -0800] "GET /products/24170687/ HTTP/1.1" 200 200590 "-" "Mozilla/5.0 AppleWebKit/537.36 (KHTML, like Gecko; compatible; bingbot/2.0; +http://www.bing.com/bingbot.htm) Chrome/116.0.1938.76 Safari/537.36"
172.68.15.191 - - [07/Nov/2025:04:35:32 -0800] "GET /?dir=/opt/cpanel/ea-php83/root/usr/include/php/ext/standard&dl=/opt/cpanel/ea-php83/root/usr/include/php/ext/standard/base64.h HTTP/1.1" 200 3752 "-" "Mozilla/5.0 AppleWebKit/537.36 (KHTML, like Gecko; compatible; Amazonbot/0.1; +https://developer.amazon.com/support/amazonbot) Chrome/119.0.6045.214 Safari/537.36"
198.41.227.155 - - [07/Nov/2025:04:35:32 -0800] "GET /?dir=%2Fproc&edit=%2Fproc%2F3906924 HTTP/1.1" 200 82156 "-" "Mozilla/5.0 (Linux; Android 6.0.1; Nexus 5X Build/MMB29P) AppleWebKit/537.36 (KHTML, like Gecko) Chrome/141.0.7390.122 Mobile Safari/537.36 (compatible; Googlebot/2.1; +http://www.google.com/bot.html)"
198.41.227.155 - - [07/Nov/2025:04:35:32 -0800] "GET /products/8606387/ HTTP/1.1" 200 200459 "-" "Mozilla/5.0 (Linux; Android 6.0.1; Nexus 5X Build/MMB29P) AppleWebKit/537.36 (KHTML, like Gecko) Chrome/141.0.7390.122 Mobile Safari/537.36 (compatible; Googlebot/2.1; +http://www.google.com/bot.html)"
172.68.245.208 - - [07/Nov/2025:04:35:35 -0800] "GET /?dir=/opt/imh-python/lib/python3.9/site-packages/gunicorn/workers/__pycache__&dl=/opt/imh-python/lib/python3.9/site-packages/gunicorn/workers/__pycache__/.. HTTP/1.1" 200 19594 "-" "Mozilla/5.0 AppleWebKit/537.36 (KHTML, like Gecko; compatible; Amazonbot/0.1; +https://developer.amazon.com/support/amazonbot) Chrome/119.0.6045.214 Safari/537.36"
104.23.245.202 - - [07/Nov/2025:04:35:35 -0800] "GET /?dir=%2Fusr%2Fsbin&edit=%2Fusr%2Fsbin%2Fexinext HTTP/1.1" 200 8616 "-" "Mozilla/5.0 AppleWebKit/537.36 (KHTML, like Gecko; compatible; GPTBot/1.2; +https://openai.com/gptbot)"
172.71.190.83 - - [07/Nov/2025:04:35:38 -0800] "GET /public/?dir=/usr/lib/python3.6/site-packages/urllib3/__pycache__&dl=/usr/lib/python3.6/site-packages/urllib3/__pycache__/request.cpython-36.opt-1.pyc HTTP/1.1" 200 5504 "-" "Mozilla/5.0 AppleWebKit/537.36 (KHTML, like Gecko; compatible; Amazonbot/0.1; +https://developer.amazon.com/support/amazonbot) Chrome/119.0.6045.214 Safari/537.36"
172.71.190.82 - - [07/Nov/2025:04:35:44 -0800] "GET /?a=663887615 HTTP/1.1" 200 16521 "-" "Mozilla/5.0 (compatible; SemrushBot/7~bl; +http://www.semrush.com/bot.html)"
172.68.245.208 - - [07/Nov/2025:04:35:44 -0800] "GET /public/?dir=/opt/imh-python/lib/python3.9/site-packages/arrow-1.2.3.dist-info&dl=/opt/imh-python/lib/python3.9/site-packages/arrow-1.2.3.dist-info/REQUESTED HTTP/1.1" 200 - "-" "Mozilla/5.0 AppleWebKit/537.36 (KHTML, like Gecko; compatible; Amazonbot/0.1; +https://developer.amazon.com/support/amazonbot) Chrome/119.0.6045.214 Safari/537.36"
104.23.211.81 - - [07/Nov/2025:04:35:46 -0800] "GET /public/?dir=/opt/imh-python/lib/python3.9/site-packages/importlib_metadata/.. HTTP/1.1" 429 17 "-" "Mozilla/5.0 AppleWebKit/537.36 (KHTML, like Gecko; compatible; Amazonbot/0.1; +https://developer.amazon.com/support/amazonbot) Chrome/119.0.6045.214 Safari/537.36"
172.69.65.81 - - [07/Nov/2025:04:35:53 -0800] "GET /products/15957921/ HTTP/1.1" 200 209951 "-" "Mozilla/5.0 (Linux; Android 6.0.1; Nexus 5X Build/MMB29P) AppleWebKit/537.36 (KHTML, like Gecko) Chrome/141.0.7390.122 Mobile Safari/537.36 (compatible; Googlebot/2.1; +http://www.google.com/bot.html)"
172.68.245.209 - - [07/Nov/2025:04:35:54 -0800] "GET /public/?dir=/usr/share/doc/cpanel-php84-http-request2/examples/.. HTTP/1.1" 200 11592 "-" "Mozilla/5.0 AppleWebKit/537.36 (KHTML, like Gecko; compatible; Amazonbot/0.1; +https://developer.amazon.com/support/amazonbot) Chrome/119.0.6045.214 Safari/537.36"
172.70.175.85 - - [07/Nov/2025:04:35:55 -0800] "GET /public/?dir=/usr/share/locale/lt_LT/LC_MESSAGES/.. HTTP/1.1" 429 17 "-" "Mozilla/5.0 AppleWebKit/537.36 (KHTML, like Gecko; compatible; Amazonbot/0.1; +https://developer.amazon.com/support/amazonbot) Chrome/119.0.6045.214 Safari/537.36"
104.23.245.203 - - [07/Nov/2025:04:35:56 -0800] "GET /?dir=%2Fusr%2Fsbin&dl=%2Fusr%2Fsbin%2Fnfsdclnts HTTP/1.1" 200 9233 "-" "Mozilla/5.0 AppleWebKit/537.36 (KHTML, like Gecko; compatible; GPTBot/1.2; +https://openai.com/gptbot)"
104.23.211.80 - - [07/Nov/2025:04:36:00 -0800] "GET /public/?dir=/opt/ngxconf/phpfpm&dl=/opt/ngxconf/phpfpm/.. HTTP/1.1" 200 10482 "-" "Mozilla/5.0 AppleWebKit/537.36 (KHTML, like Gecko; compatible; Amazonbot/0.1; +https://developer.amazon.com/support/amazonbot) Chrome/119.0.6045.214 Safari/537.36"
104.23.211.80 - - [07/Nov/2025:04:36:04 -0800] "GET /public/?dir=/home/ayaclass/public_html/vendor/authorizenet/authorizenet/lib/net/authorize/api/contract/v1&edit=/home/ayaclass/public_html/vendor/authorizenet/authorizenet/lib/net/authorize/api/contract/v1/GetTransactionListResponse.php HTTP/1.1" 200 4404 "-" "Mozilla/5.0 AppleWebKit/537.36 (KHTML, like Gecko; compatible; Amazonbot/0.1; +https://developer.amazon.com/support/amazonbot) Chrome/119.0.6045.214 Safari/537.36"
104.23.209.142 - - [07/Nov/2025:04:36:09 -0800] "GET /?dir=/opt/cpanel/ea-openssl11/share/doc/openssl/html/man3&dl=/opt/cpanel/ea-openssl11/share/doc/openssl/html/man3/BIO_do_accept.html HTTP/1.1" 200 10244 "-" "Mozilla/5.0 AppleWebKit/537.36 (KHTML, like Gecko; compatible; Amazonbot/0.1; +https://developer.amazon.com/support/amazonbot) Chrome/119.0.6045.214 Safari/537.36"
172.68.245.208 - - [07/Nov/2025:04:36:10 -0800] "GET /?a=124009615 HTTP/1.1" 200 16521 "-" "Mozilla/5.0 (compatible; SemrushBot/7~bl; +http://www.semrush.com/bot.html)"
172.70.35.127 - - [07/Nov/2025:04:36:11 -0800] "GET /public/?dir=/opt/imh-python/lib/python3.9/email/mime/.. HTTP/1.1" 429 17 "-" "Mozilla/5.0 AppleWebKit/537.36 (KHTML, like Gecko; compatible; Amazonbot/0.1; +https://developer.amazon.com/support/amazonbot) Chrome/119.0.6045.214 Safari/537.36"
104.23.245.203 - - [07/Nov/2025:04:36:14 -0800] "GET /?dir=%2Fusr%2Fsbin&dl=%2Fusr%2Fsbin%2Flgroupdel HTTP/1.1" 200 12160 "-" "Mozilla/5.0 AppleWebKit/537.36 (KHTML, like Gecko; compatible; GPTBot/1.2; +https://openai.com/gptbot)"
172.70.35.127 - - [07/Nov/2025:04:36:15 -0800] "GET /public/?dir=/home/ayaclass/public_html/vendor/aws/aws-sdk-php/src/data/ram/2018-01-04/.. HTTP/1.1" 200 11697 "-" "Mozilla/5.0 AppleWebKit/537.36 (KHTML, like Gecko; compatible; Amazonbot/0.1; +https://developer.amazon.com/support/amazonbot) Chrome/119.0.6045.214 Safari/537.36"
104.23.211.80 - - [07/Nov/2025:04:36:16 -0800] "GET /?a=123823315 HTTP/1.1" 200 16521 "-" "Mozilla/5.0 (compatible; SemrushBot/7~bl; +http://www.semrush.com/bot.html)"
104.23.209.143 - - [07/Nov/2025:04:36:19 -0800] "GET /?dir=/opt/cpanel/ea-openssl11/share/doc/openssl/html/man3&dl=/opt/cpanel/ea-openssl11/share/doc/openssl/html/man3/EC_POINT_new.html HTTP/1.1" 200 13801 "-" "Mozilla/5.0 AppleWebKit/537.36 (KHTML, like Gecko; compatible; Amazonbot/0.1; +https://developer.amazon.com/support/amazonbot) Chrome/119.0.6045.214 Safari/537.36"
172.71.190.83 - - [07/Nov/2025:04:36:24 -0800] "GET /?dir=/usr/lib/python3.6/site-packages/dateutil/tz/__pycache__&edit=/usr/lib/python3.6/site-packages/dateutil/tz/__pycache__/win.cpython-36.pyc HTTP/1.1" 200 10818 "-" "Mozilla/5.0 AppleWebKit/537.36 (KHTML, like Gecko; compatible; Amazonbot/0.1; +https://developer.amazon.com/support/amazonbot) Chrome/119.0.6045.214 Safari/537.36"
172.70.35.127 - - [07/Nov/2025:04:36:24 -0800] "GET /?a=107132215 HTTP/1.1" 200 16521 "-" "Mozilla/5.0 (compatible; SemrushBot/7~bl; +http://www.semrush.com/bot.html)"
172.71.195.120 - - [07/Nov/2025:04:36:26 -0800] "GET /?dir=/opt/imh-python/lib/python3.9/site-packages/prompt_toolkit/shortcuts/__pycache__&dl=/opt/imh-python/lib/python3.9/site-packages/prompt_toolkit/shortcuts/__pycache__/prompt.cpython-39.pyc HTTP/1.1" 429 17 "-" "Mozilla/5.0 AppleWebKit/537.36 (KHTML, like Gecko; compatible; Amazonbot/0.1; +https://developer.amazon.com/support/amazonbot) Chrome/119.0.6045.214 Safari/537.36"
172.68.138.158 - - [07/Nov/2025:04:36:28 -0800] "GET /?a=121184815 HTTP/1.1" 200 16521 "-" "Mozilla/5.0 (compatible; SemrushBot/7~bl; +http://www.semrush.com/bot.html)"
162.158.175.59 - - [07/Nov/2025:04:36:29 -0800] "GET /products/10079043/ HTTP/1.1" 200 189590 "-" "Mozilla/5.0 (Linux; Android 6.0.1; Nexus 5X Build/MMB29P) AppleWebKit/537.36 (KHTML, like Gecko) Chrome/141.0.7390.122 Mobile Safari/537.36 (compatible; Googlebot/2.1; +http://www.google.com/bot.html)"
162.158.78.73 - - [07/Nov/2025:04:36:32 -0800] "GET /public/?dir=/home/ayaclass/public_html/vendor/aws/aws-sdk-php/src/data/redshift-serverless/.. HTTP/1.1" 200 421504 "-" "Mozilla/5.0 AppleWebKit/537.36 (KHTML, like Gecko; compatible; Amazonbot/0.1; +https://developer.amazon.com/support/amazonbot) Chrome/119.0.6045.214 Safari/537.36"
172.68.22.156 - - [07/Nov/2025:04:36:33 -0800] "GET /products/5322354/ HTTP/1.1" 200 192553 "-" "Mozilla/5.0 AppleWebKit/537.36 (KHTML, like Gecko; compatible; bingbot/2.0; +http://www.bing.com/bingbot.htm) Chrome/116.0.1938.76 Safari/537.36"
172.70.35.127 - - [07/Nov/2025:04:36:37 -0800] "GET /public/?dir=/opt/imh-python/lib/python3.9/site-packages/netmiko/ruijie HTTP/1.1" 200 13133 "-" "Mozilla/5.0 AppleWebKit/537.36 (KHTML, like Gecko; compatible; Amazonbot/0.1; +https://developer.amazon.com/support/amazonbot) Chrome/119.0.6045.214 Safari/537.36"
172.68.15.190 - - [07/Nov/2025:04:36:40 -0800] "GET /public/?dir=/usr/include/mysql/server&dl=/usr/include/mysql/server/my_dbug.h HTTP/1.1" 200 10111 "-" "Mozilla/5.0 AppleWebKit/537.36 (KHTML, like Gecko; compatible; Amazonbot/0.1; +https://developer.amazon.com/support/amazonbot) Chrome/119.0.6045.214 Safari/537.36"
172.70.35.127 - - [07/Nov/2025:04:36:43 -0800] "GET /public/?dir=/usr/lib/python3.6/site-packages/pip/__pycache__&dl=/usr/lib/python3.6/site-packages/pip/__pycache__/locations.cpython-36.opt-1.pyc HTTP/1.1" 200 3783 "-" "Mozilla/5.0 AppleWebKit/537.36 (KHTML, like Gecko; compatible; Amazonbot/0.1; +https://developer.amazon.com/support/amazonbot) Chrome/119.0.6045.214 Safari/537.36"
104.23.211.80 - - [07/Nov/2025:04:36:45 -0800] "GET /?a=121039915 HTTP/1.1" 200 16521 "-" "Mozilla/5.0 (compatible; SemrushBot/7~bl; +http://www.semrush.com/bot.html)"
104.23.245.202 - - [07/Nov/2025:04:36:46 -0800] "GET /?dir=%2Fusr%2Fsbin&edit=%2Fusr%2Fsbin%2Fusermod HTTP/1.1" 200 219655 "-" "Mozilla/5.0 AppleWebKit/537.36 (KHTML, like Gecko; compatible; GPTBot/1.2; +https://openai.com/gptbot)"
172.68.15.191 - - [07/Nov/2025:04:36:47 -0800] "GET /?a=123795415 HTTP/1.1" 200 16521 "-" "Mozilla/5.0 (compatible; SemrushBot/7~bl; +http://www.semrush.com/bot.html)"
172.70.35.127 - - [07/Nov/2025:04:36:48 -0800] "GET /public/?dir=/opt/cpanel/ea-php83/root/usr/lib64/pm-utils/module.d HTTP/1.1" 200 10464 "-" "Mozilla/5.0 AppleWebKit/537.36 (KHTML, like Gecko; compatible; Amazonbot/0.1; +https://developer.amazon.com/support/amazonbot) Chrome/119.0.6045.214 Safari/537.36"
172.71.195.120 - - [07/Nov/2025:04:36:50 -0800] "GET /public/?dir=/opt/cpanel/ea-openssl11/share/man/man1&dl=/opt/cpanel/ea-openssl11/share/man/man1/openssl-version.1 HTTP/1.1" 429 17 "-" "Mozilla/5.0 AppleWebKit/537.36 (KHTML, like Gecko; compatible; Amazonbot/0.1; +https://developer.amazon.com/support/amazonbot) Chrome/119.0.6045.214 Safari/537.36"
162.158.152.183 - - [07/Nov/2025:04:36:51 -0800] "GET /?a=16128115 HTTP/1.1" 200 16521 "-" "Mozilla/5.0 (compatible; SemrushBot/7~bl; +http://www.semrush.com/bot.html)"
104.23.209.142 - - [07/Nov/2025:04:36:54 -0800] "GET /public/?dir=/home/ayaclass/public_html/vendor/google/apiclient-services/src/PubsubLite/Resource&dl=/home/ayaclass/public_html/vendor/google/apiclient-services/src/PubsubLite/Resource/TopicStatsProjectsLocations.php HTTP/1.1" 200 1139 "-" "Mozilla/5.0 AppleWebKit/537.36 (KHTML, like Gecko; compatible; Amazonbot/0.1; +https://developer.amazon.com/support/amazonbot) Chrome/119.0.6045.214 Safari/537.36"
172.71.190.83 - - [07/Nov/2025:04:36:56 -0800] "GET /?a=121017015 HTTP/1.1" 200 16521 "-" "Mozilla/5.0 (compatible; SemrushBot/7~bl; +http://www.semrush.com/bot.html)"
104.23.245.203 - - [07/Nov/2025:04:37:00 -0800] "GET /?dir=%2Fusr%2Fsbin&dl=%2Fusr%2Fsbin%2Fsetsebool HTTP/1.1" 200 16768 "-" "Mozilla/5.0 AppleWebKit/537.36 (KHTML, like Gecko; compatible; GPTBot/1.2; +https://openai.com/gptbot)"
172.71.222.236 - - [07/Nov/2025:04:37:00 -0800] "GET /public/?dir=/home/ayaclass/public_html/vendor/aws/aws-sdk-php/src/data/cloudfront/2016-01-28&dl=/home/ayaclass/public_html/vendor/aws/aws-sdk-php/src/data/cloudfront/2016-01-28/endpoint-rule-set-1.json.php HTTP/1.1" 200 6495 "-" "Mozilla/5.0 AppleWebKit/537.36 (KHTML, like Gecko; compatible; Amazonbot/0.1; +https://developer.amazon.com/support/amazonbot) Chrome/119.0.6045.214 Safari/537.36"
104.23.213.12 - - [07/Nov/2025:04:37:01 -0800] "GET /products/2918776/ HTTP/1.1" 200 - "-" "meta-externalagent/1.1 (+https://developers.facebook.com/docs/sharing/webmasters/crawler)"
162.158.78.73 - - [07/Nov/2025:04:37:02 -0800] "GET /?a=110376715 HTTP/1.1" 200 16521 "-" "Mozilla/5.0 (compatible; SemrushBot/7~bl; +http://www.semrush.com/bot.html)"
104.23.213.12 - - [07/Nov/2025:04:37:03 -0800] "GET /public/?dir=/opt/imh-python/lib/python3.9/distutils/tests&dl=/opt/imh-python/lib/python3.9/distutils/tests/test_bdist_wininst.py HTTP/1.1" 200 1390 "-" "Mozilla/5.0 AppleWebKit/537.36 (KHTML, like Gecko; compatible; Amazonbot/0.1; +https://developer.amazon.com/support/amazonbot) Chrome/119.0.6045.214 Safari/537.36"
172.70.175.86 - - [07/Nov/2025:04:37:03 -0800] "GET /products/26848976/ HTTP/1.1" 200 199323 "-" "Mozilla/5.0 AppleWebKit/537.36 (KHTML, like Gecko; compatible; bingbot/2.0; +http://www.bing.com/bingbot.htm) Chrome/116.0.1938.76 Safari/537.36"
172.68.15.191 - - [07/Nov/2025:04:37:04 -0800] "GET /?a=109471715 HTTP/1.1" 200 16521 "-" "Mozilla/5.0 (compatible; SemrushBot/7~bl; +http://www.semrush.com/bot.html)"
172.70.175.86 - - [07/Nov/2025:04:37:04 -0800] "GET /products/4889343/ HTTP/1.1" 200 193590 "-" "Mozilla/5.0 AppleWebKit/537.36 (KHTML, like Gecko; compatible; bingbot/2.0; +http://www.bing.com/bingbot.htm) Chrome/116.0.1938.76 Safari/537.36"
172.69.65.81 - - [07/Nov/2025:04:37:05 -0800] "GET /?dir=%2Fproc&dl=%2Fproc%2F3937840 HTTP/1.1" 200 83284 "-" "Mozilla/5.0 (Linux; Android 6.0.1; Nexus 5X Build/MMB29P) AppleWebKit/537.36 (KHTML, like Gecko) Chrome/141.0.7390.122 Mobile Safari/537.36 (compatible; Googlebot/2.1; +http://www.google.com/bot.html)"
172.71.195.119 - - [07/Nov/2025:04:37:08 -0800] "GET /?a=122763515 HTTP/1.1" 200 16521 "-" "Mozilla/5.0 (compatible; SemrushBot/7~bl; +http://www.semrush.com/bot.html)"
172.71.190.83 - - [07/Nov/2025:04:37:08 -0800] "GET /public/?dir=/home/ayaclass/public_html/vendor/twilio/sdk/src/Twilio/Rest/Api/V2010/Account&dl=/home/ayaclass/public_html/vendor/twilio/sdk/src/Twilio/Rest/Api/V2010/Account/MessagePage.php HTTP/1.1" 200 1590 "-" "Mozilla/5.0 AppleWebKit/537.36 (KHTML, like Gecko; compatible; Amazonbot/0.1; +https://developer.amazon.com/support/amazonbot) Chrome/119.0.6045.214 Safari/537.36"
172.70.35.127 - - [07/Nov/2025:04:37:11 -0800] "GET /?a=120580615 HTTP/1.1" 200 16521 "-" "Mozilla/5.0 (compatible; SemrushBot/7~bl; +http://www.semrush.com/bot.html)"
172.71.190.83 - - [07/Nov/2025:04:37:11 -0800] "GET /public/?dir=/home/ayaclass/public_html/vendor/google/apiclient-services/src/DataFusion/Resource/.. HTTP/1.1" 200 60331 "-" "Mozilla/5.0 AppleWebKit/537.36 (KHTML, like Gecko; compatible; Amazonbot/0.1; +https://developer.amazon.com/support/amazonbot) Chrome/119.0.6045.214 Safari/537.36"
104.23.245.202 - - [07/Nov/2025:04:37:13 -0800] "GET /?dir=%2Fusr%2Fsbin&edit=%2Fusr%2Fsbin%2Fdnssec-coverage HTTP/1.1" 200 1589 "-" "Mozilla/5.0 AppleWebKit/537.36 (KHTML, like Gecko; compatible; GPTBot/1.2; +https://openai.com/gptbot)"
104.23.213.12 - - [07/Nov/2025:04:37:15 -0800] "GET /?dir=/usr/include/mysql/server/private&dl=/usr/include/mysql/server/private/my_time.h HTTP/1.1" 200 10414 "-" "Mozilla/5.0 AppleWebKit/537.36 (KHTML, like Gecko; compatible; Amazonbot/0.1; +https://developer.amazon.com/support/amazonbot) Chrome/119.0.6045.214 Safari/537.36"
104.23.211.81 - - [07/Nov/2025:04:37:18 -0800] "GET /public/?dir=/opt/imh-python/lib/python3.9/ctypes/__pycache__&edit=/opt/imh-python/lib/python3.9/ctypes/__pycache__/wintypes.cpython-39.opt-2.pyc HTTP/1.1" 200 6222 "-" "Mozilla/5.0 AppleWebKit/537.36 (KHTML, like Gecko; compatible; Amazonbot/0.1; +https://developer.amazon.com/support/amazonbot) Chrome/119.0.6045.214 Safari/537.36"
172.68.138.158 - - [07/Nov/2025:04:37:25 -0800] "GET /?dir=/proc/sys/net/ipv6/conf/lo&dl=/proc/sys/net/ipv6/conf/lo/accept_ra_rt_info_max_plen HTTP/1.1" 200 2 "-" "Mozilla/5.0 AppleWebKit/537.36 (KHTML, like Gecko; compatible; Amazonbot/0.1; +https://developer.amazon.com/support/amazonbot) Chrome/119.0.6045.214 Safari/537.36"
104.23.245.203 - - [07/Nov/2025:04:37:25 -0800] "GET /?dir=%2Fusr%2Fsbin&dl=%2Fusr%2Fsbin%2Fdnssec-coverage HTTP/1.1" 200 938 "-" "Mozilla/5.0 AppleWebKit/537.36 (KHTML, like Gecko; compatible; GPTBot/1.2; +https://openai.com/gptbot)"
172.68.138.158 - - [07/Nov/2025:04:37:29 -0800] "GET /?a=121444415 HTTP/1.1" 200 16521 "-" "Mozilla/5.0 (compatible; SemrushBot/7~bl; +http://www.semrush.com/bot.html)"
104.23.213.13 - - [07/Nov/2025:04:37:29 -0800] "GET /?dir=/opt/cpanel/ea-openssl11/share/doc/openssl/html/man3&dl=/opt/cpanel/ea-openssl11/share/doc/openssl/html/man3/EVP_get_cipherbyname.html HTTP/1.1" 200 30570 "-" "Mozilla/5.0 AppleWebKit/537.36 (KHTML, like Gecko; compatible; Amazonbot/0.1; +https://developer.amazon.com/support/amazonbot) Chrome/119.0.6045.214 Safari/537.36"
104.23.209.143 - - [07/Nov/2025:04:37:31 -0800] "GET /?dir=/opt/cpanel/ea-wappspector/vendor/php-di/php-di/src/Proxy&edit=/opt/cpanel/ea-wappspector/vendor/php-di/php-di/src/Proxy/ProxyFactoryInterface.php HTTP/1.1" 429 17 "-" "Mozilla/5.0 AppleWebKit/537.36 (KHTML, like Gecko; compatible; Amazonbot/0.1; +https://developer.amazon.com/support/amazonbot) Chrome/119.0.6045.214 Safari/537.36"
104.23.245.203 - - [07/Nov/2025:04:37:35 -0800] "GET /?dir=%2Frun%2Fudev&edit=%2Frun%2Fudev%2Fcontrol HTTP/1.1" 200 11985 "-" "Mozilla/5.0 AppleWebKit/537.36 (KHTML, like Gecko; compatible; GPTBot/1.2; +https://openai.com/gptbot)"
104.23.213.13 - - [07/Nov/2025:04:37:36 -0800] "GET /?dir=/usr/include/mysql/server/private&dl=/usr/include/mysql/server/private/sql_test.h HTTP/1.1" 200 1589 "-" "Mozilla/5.0 AppleWebKit/537.36 (KHTML, like Gecko; compatible; Amazonbot/0.1; +https://developer.amazon.com/support/amazonbot) Chrome/119.0.6045.214 Safari/537.36"
172.71.222.236 - - [07/Nov/2025:04:37:39 -0800] "GET /public/?dir=/usr/lib/python3.6/site-packages/chardet/__pycache__&edit=/usr/lib/python3.6/site-packages/chardet/__pycache__/langhebrewmodel.cpython-36.opt-1.pyc HTTP/1.1" 200 32795 "-" "Mozilla/5.0 AppleWebKit/537.36 (KHTML, like Gecko; compatible; Amazonbot/0.1; +https://developer.amazon.com/support/amazonbot) Chrome/119.0.6045.214 Safari/537.36"
172.71.222.237 - - [07/Nov/2025:04:37:39 -0800] "GET /products/17033476/ HTTP/1.1" 200 - "-" "meta-externalagent/1.1 (+https://developers.facebook.com/docs/sharing/webmasters/crawler)"
172.69.65.82 - - [07/Nov/2025:04:37:41 -0800] "GET /?dir=%2Fproc%2F3880009 HTTP/1.1" 200 16521 "-" "Mozilla/5.0 (Linux; Android 6.0.1; Nexus 5X Build/MMB29P) AppleWebKit/537.36 (KHTML, like Gecko) Chrome/141.0.7390.122 Mobile Safari/537.36 (compatible; Googlebot/2.1; +http://www.google.com/bot.html)"
172.68.15.191 - - [07/Nov/2025:04:37:42 -0800] "GET /?dir=/opt/cpanel/ea-wappspector/vendor/phpunit/phpunit/src/TextUI/Command HTTP/1.1" 200 13611 "-" "Mozilla/5.0 AppleWebKit/537.36 (KHTML, like Gecko; compatible; Amazonbot/0.1; +https://developer.amazon.com/support/amazonbot) Chrome/119.0.6045.214 Safari/537.36"
104.23.245.202 - - [07/Nov/2025:04:37:44 -0800] "GET /?dir=%2Fetc&edit=%2Fetc%2Fskipsmtpcheckhosts HTTP/1.1" 200 557 "-" "Mozilla/5.0 AppleWebKit/537.36 (KHTML, like Gecko; compatible; GPTBot/1.2; +https://openai.com/gptbot)"
162.158.78.73 - - [07/Nov/2025:04:37:48 -0800] "GET /public/?dir=/sys/devices/system/cpu/cpu15/cache/index0 HTTP/1.1" 200 18107 "-" "Mozilla/5.0 AppleWebKit/537.36 (KHTML, like Gecko; compatible; Amazonbot/0.1; +https://developer.amazon.com/support/amazonbot) Chrome/119.0.6045.214 Safari/537.36"
172.71.190.83 - - [07/Nov/2025:04:37:49 -0800] "GET /?a=111371615 HTTP/1.1" 200 16521 "-" "Mozilla/5.0 (compatible; SemrushBot/7~bl; +http://www.semrush.com/bot.html)"
172.71.190.83 - - [07/Nov/2025:04:37:51 -0800] "GET /public/?dir=/opt/cpanel/ea-wappspector/vendor/psr/container HTTP/1.1" 200 14254 "-" "Mozilla/5.0 AppleWebKit/537.36 (KHTML, like Gecko; compatible; Amazonbot/0.1; +https://developer.amazon.com/support/amazonbot) Chrome/119.0.6045.214 Safari/537.36"
104.23.245.203 - - [07/Nov/2025:04:37:53 -0800] "GET /?dir=%2Fusr%2Fsbin&edit=%2Fusr%2Fsbin%2Fsulogin HTTP/1.1" 200 73012 "-" "Mozilla/5.0 AppleWebKit/537.36 (KHTML, like Gecko; compatible; GPTBot/1.2; +https://openai.com/gptbot)"
172.68.15.191 - - [07/Nov/2025:04:37:53 -0800] "GET /?a=17636915 HTTP/1.1" 200 16521 "-" "Mozilla/5.0 (compatible; SemrushBot/7~bl; +http://www.semrush.com/bot.html)"
172.68.138.159 - - [07/Nov/2025:04:37:53 -0800] "GET /products/9820409/ HTTP/1.1" 200 189824 "-" "Mozilla/5.0 AppleWebKit/537.36 (KHTML, like Gecko; compatible; bingbot/2.0; +http://www.bing.com/bingbot.htm) Chrome/116.0.1938.76 Safari/537.36"
172.68.245.208 - - [07/Nov/2025:04:37:56 -0800] "GET /?dir=/proc/2/task/2/net/netfilter/.. HTTP/1.1" 200 53667 "-" "Mozilla/5.0 AppleWebKit/537.36 (KHTML, like Gecko; compatible; Amazonbot/0.1; +https://developer.amazon.com/support/amazonbot) Chrome/119.0.6045.214 Safari/537.36"
172.70.35.127 - - [07/Nov/2025:04:37:58 -0800] "GET /?a=120832515 HTTP/1.1" 200 16521 "-" "Mozilla/5.0 (compatible; SemrushBot/7~bl; +http://www.semrush.com/bot.html)"
104.23.211.80 - - [07/Nov/2025:04:37:59 -0800] "GET /?dir=/opt/cpanel/ea-wappspector/vendor/phpunit/php-code-coverage/src&dl=/opt/cpanel/ea-wappspector/vendor/phpunit/php-code-coverage/src/TestSize HTTP/1.1" 200 21928 "-" "Mozilla/5.0 AppleWebKit/537.36 (KHTML, like Gecko; compatible; Amazonbot/0.1; +https://developer.amazon.com/support/amazonbot) Chrome/119.0.6045.214 Safari/537.36"
104.23.245.202 - - [07/Nov/2025:04:38:01 -0800] "GET /?dir=%2Fusr%2Fsbin&edit=%2Fusr%2Fsbin%2Fe2image HTTP/1.1" 200 52650 "-" "Mozilla/5.0 AppleWebKit/537.36 (KHTML, like Gecko; compatible; GPTBot/1.2; +https://openai.com/gptbot)"
172.71.190.83 - - [07/Nov/2025:04:38:03 -0800] "GET /public/?dir=/home/ayaclass/public_html/vendor/twilio/sdk/src/Twilio/Rest/Studio/V2/Flow/Execution HTTP/1.1" 200 21409 "-" "Mozilla/5.0 AppleWebKit/537.36 (KHTML, like Gecko; compatible; Amazonbot/0.1; +https://developer.amazon.com/support/amazonbot) Chrome/119.0.6045.214 Safari/537.36"
172.71.190.83 - - [07/Nov/2025:04:38:07 -0800] "GET /?dir=/opt/cpanel/ea-php83/root/usr/include/php/ext/standard&dl=/opt/cpanel/ea-php83/root/usr/include/php/ext/standard/php_mail.h HTTP/1.1" 200 2347 "-" "Mozilla/5.0 AppleWebKit/537.36 (KHTML, like Gecko; compatible; Amazonbot/0.1; +https://developer.amazon.com/support/amazonbot) Chrome/119.0.6045.214 Safari/537.36"
104.23.245.202 - - [07/Nov/2025:04:38:08 -0800] "GET /?dir=%2Fusr%2Fsbin&edit=%2Fusr%2Fsbin%2Fdmstats HTTP/1.1" 200 233417 "-" "Mozilla/5.0 AppleWebKit/537.36 (KHTML, like Gecko; compatible; GPTBot/1.2; +https://openai.com/gptbot)"
172.71.195.120 - - [07/Nov/2025:04:38:10 -0800] "GET /public/?dir=/home/ayaclass/public_html/vendor/aws/aws-sdk-php/src/data/sso-oidc/2019-06-10/.. HTTP/1.1" 200 11767 "-" "Mozilla/5.0 AppleWebKit/537.36 (KHTML, like Gecko; compatible; Amazonbot/0.1; +https://developer.amazon.com/support/amazonbot) Chrome/119.0.6045.214 Safari/537.36"
104.23.213.12 - - [07/Nov/2025:04:38:12 -0800] "GET /?a=121460815 HTTP/1.1" 200 16521 "-" "Mozilla/5.0 (compatible; SemrushBot/7~bl; +http://www.semrush.com/bot.html)"
104.23.209.142 - - [07/Nov/2025:04:38:14 -0800] "GET /?a=123609115 HTTP/1.1" 200 16521 "-" "Mozilla/5.0 (compatible; SemrushBot/7~bl; +http://www.semrush.com/bot.html)"
104.23.245.203 - - [07/Nov/2025:04:38:14 -0800] "GET /?dir=%2Fusr%2Fsbin&dl=%2Fusr%2Fsbin%2Fnfsiostat HTTP/1.1" 200 23922 "-" "Mozilla/5.0 AppleWebKit/537.36 (KHTML, like Gecko; compatible; GPTBot/1.2; +https://openai.com/gptbot)"
162.158.78.73 - - [07/Nov/2025:04:38:15 -0800] "GET /public/?dir=/usr/lib/python3.6/site-packages/pip/models/__pycache__&dl=/usr/lib/python3.6/site-packages/pip/models/__pycache__/.. HTTP/1.1" 200 14039 "-" "Mozilla/5.0 AppleWebKit/537.36 (KHTML, like Gecko; compatible; Amazonbot/0.1; +https://developer.amazon.com/support/amazonbot) Chrome/119.0.6045.214 Safari/537.36"
104.23.245.203 - - [07/Nov/2025:04:38:19 -0800] "GET /?dir=%2Fusr%2Fbin&dl=%2Fusr%2Fbin%2Fmariadb-install-db HTTP/1.1" 200 22996 "-" "Mozilla/5.0 AppleWebKit/537.36 (KHTML, like Gecko; compatible; GPTBot/1.2; +https://openai.com/gptbot)"
172.70.175.86 - - [07/Nov/2025:04:38:20 -0800] "GET /public/?dir=/opt/cpanel/ea-php81/root/var&dl=/opt/cpanel/ea-php81/root/var/games HTTP/1.1" 200 22436 "-" "Mozilla/5.0 AppleWebKit/537.36 (KHTML, like Gecko; compatible; Amazonbot/0.1; +https://developer.amazon.com/support/amazonbot) Chrome/119.0.6045.214 Safari/537.36"
172.71.222.236 - - [07/Nov/2025:04:38:21 -0800] "GET /products/16145187/ HTTP/1.1" 200 - "-" "meta-externalagent/1.1 (+https://developers.facebook.com/docs/sharing/webmasters/crawler)"
162.158.152.183 - - [07/Nov/2025:04:38:21 -0800] "GET /?a=780581815 HTTP/1.1" 200 16521 "-" "Mozilla/5.0 (compatible; SemrushBot/7~bl; +http://www.semrush.com/bot.html)"
162.158.152.183 - - [07/Nov/2025:04:38:23 -0800] "GET /public/?dir=/opt/cpanel/ea-php82/root/var&dl=/opt/cpanel/ea-php82/root/var/db HTTP/1.1" 200 22436 "-" "Mozilla/5.0 AppleWebKit/537.36 (KHTML, like Gecko; compatible; Amazonbot/0.1; +https://developer.amazon.com/support/amazonbot) Chrome/119.0.6045.214 Safari/537.36"
172.69.65.81 - - [07/Nov/2025:04:38:23 -0800] "GET /products/11935287/ HTTP/1.1" 200 195286 "-" "Mozilla/5.0 (Linux; Android 6.0.1; Nexus 5X Build/MMB29P) AppleWebKit/537.36 (KHTML, like Gecko) Chrome/141.0.7390.122 Mobile Safari/537.36 (compatible; Googlebot/2.1; +http://www.google.com/bot.html)"
104.23.245.203 - - [07/Nov/2025:04:38:24 -0800] "GET /?dir=%2Fdev&edit=%2Fdev%2Ffd HTTP/1.1" 200 41402 "-" "Mozilla/5.0 AppleWebKit/537.36 (KHTML, like Gecko; compatible; GPTBot/1.2; +https://openai.com/gptbot)"
172.70.35.127 - - [07/Nov/2025:04:38:27 -0800] "GET /public/?dir=/usr/lib/python3.6/site-packages/setuptools/command/__pycache__&dl=/usr/lib/python3.6/site-packages/setuptools/command/__pycache__/setopt.cpython-36.opt-1.pyc HTTP/1.1" 200 4526 "-" "Mozilla/5.0 AppleWebKit/537.36 (KHTML, like Gecko; compatible; Amazonbot/0.1; +https://developer.amazon.com/support/amazonbot) Chrome/119.0.6045.214 Safari/537.36"
172.71.166.29 - - [07/Nov/2025:04:38:28 -0800] "GET /?dir=%2Fproc&edit=%2Fproc%2F3895768 HTTP/1.1" 200 83284 "-" "Mozilla/5.0 (Linux; Android 6.0.1; Nexus 5X Build/MMB29P) AppleWebKit/537.36 (KHTML, like Gecko) Chrome/141.0.7390.122 Mobile Safari/537.36 (compatible; Googlebot/2.1; +http://www.google.com/bot.html)"
104.23.245.203 - - [07/Nov/2025:04:38:29 -0800] "GET /?dir=%2Fusr%2Fsbin&edit=%2Fusr%2Fsbin%2Fgrub2-sparc64-setup HTTP/1.1" 200 2092103 "-" "Mozilla/5.0 AppleWebKit/537.36 (KHTML, like Gecko; compatible; GPTBot/1.2; +https://openai.com/gptbot)"
162.158.152.182 - - [07/Nov/2025:04:38:31 -0800] "GET /public/?dir=/sys/fs/cgroup/systemd/system.slice/dracut-shutdown.service HTTP/1.1" 200 15593 "-" "Mozilla/5.0 AppleWebKit/537.36 (KHTML, like Gecko; compatible; Amazonbot/0.1; +https://developer.amazon.com/support/amazonbot) Chrome/119.0.6045.214 Safari/537.36"
104.23.245.203 - - [07/Nov/2025:04:38:33 -0800] "GET /?dir=%2Fetc&dl=%2Fetc%2Fmail HTTP/1.1" 200 191949 "-" "Mozilla/5.0 AppleWebKit/537.36 (KHTML, like Gecko; compatible; GPTBot/1.2; +https://openai.com/gptbot)"
104.23.245.203 - - [07/Nov/2025:04:38:37 -0800] "GET /?dir=%2Fdev&dl=%2Fdev%2Fptmx HTTP/1.1" 200 41402 "-" "Mozilla/5.0 AppleWebKit/537.36 (KHTML, like Gecko; compatible; GPTBot/1.2; +https://openai.com/gptbot)"
172.70.175.85 - - [07/Nov/2025:04:38:37 -0800] "GET /public/?dir=/opt/imh-python/lib/python3.9/site-packages/zope.interface-7.2.dist-info/.. HTTP/1.1" 200 348475 "-" "Mozilla/5.0 AppleWebKit/537.36 (KHTML, like Gecko; compatible; Amazonbot/0.1; +https://developer.amazon.com/support/amazonbot) Chrome/119.0.6045.214 Safari/537.36"
104.23.245.203 - - [07/Nov/2025:04:38:40 -0800] "GET /?dir=%2Fetc&dl=%2Fetc%2Fmtab HTTP/1.1" 200 4271 "-" "Mozilla/5.0 AppleWebKit/537.36 (KHTML, like Gecko; compatible; GPTBot/1.2; +https://openai.com/gptbot)"
172.71.190.82 - - [07/Nov/2025:04:38:41 -0800] "GET /public/?dir=/home/ayaclass/.trash/AAA/vendor/unisharp/laravel-filemanager/public/files/folder-1 HTTP/1.1" 200 12012 "-" "Mozilla/5.0 AppleWebKit/537.36 (KHTML, like Gecko; compatible; Amazonbot/0.1; +https://developer.amazon.com/support/amazonbot) Chrome/119.0.6045.214 Safari/537.36"
104.23.245.203 - - [07/Nov/2025:04:38:43 -0800] "GET /?dir=%2Fsys&dl=%2Fsys%2Fclass HTTP/1.1" 200 13960 "-" "Mozilla/5.0 AppleWebKit/537.36 (KHTML, like Gecko; compatible; GPTBot/1.2; +https://openai.com/gptbot)"
172.70.35.127 - - [07/Nov/2025:04:38:44 -0800] "GET /public/?dir=/home/ayaclass/public_html/vendor/aws/aws-sdk-php/src/data/dataexchange/.. HTTP/1.1" 200 421504 "-" "Mozilla/5.0 AppleWebKit/537.36 (KHTML, like Gecko; compatible; Amazonbot/0.1; +https://developer.amazon.com/support/amazonbot) Chrome/119.0.6045.214 Safari/537.36"
104.23.245.203 - - [07/Nov/2025:04:38:46 -0800] "GET /?dir=%2Fdev%2Fdisk HTTP/1.1" 200 10910 "-" "Mozilla/5.0 AppleWebKit/537.36 (KHTML, like Gecko; compatible; GPTBot/1.2; +https://openai.com/gptbot)"
104.23.213.13 - - [07/Nov/2025:04:38:46 -0800] "GET /public/?dir=/home/ayaclass/public_html/vendor/kreait/firebase-php/src/Firebase/Exception/Database&dl=/home/ayaclass/public_html/vendor/kreait/firebase-php/src/Firebase/Exception/Database/ReferenceHasNotBeenSnapshotted.php HTTP/1.1" 429 17 "-" "Mozilla/5.0 AppleWebKit/537.36 (KHTML, like Gecko; compatible; Amazonbot/0.1; +https://developer.amazon.com/support/amazonbot) Chrome/119.0.6045.214 Safari/537.36"
104.23.245.203 - - [07/Nov/2025:04:38:48 -0800] "GET /?dir=%2Fdev&dl=%2Fdev%2Fblock HTTP/1.1" 429 17 "-" "Mozilla/5.0 AppleWebKit/537.36 (KHTML, like Gecko; compatible; GPTBot/1.2; +https://openai.com/gptbot)"
104.23.245.203 - - [07/Nov/2025:04:38:51 -0800] "GET /?dir=%2Fdev&dl=%2Fdev%2Fptypb HTTP/1.1" 200 41402 "-" "Mozilla/5.0 AppleWebKit/537.36 (KHTML, like Gecko; compatible; GPTBot/1.2; +https://openai.com/gptbot)"
104.23.211.80 - - [07/Nov/2025:04:38:51 -0800] "GET /public/?dir=/usr/lib/python3.6/site-packages/chardet/__pycache__&dl=/usr/lib/python3.6/site-packages/chardet/__pycache__/big5freq.cpython-36.pyc HTTP/1.1" 200 54652 "-" "Mozilla/5.0 AppleWebKit/537.36 (KHTML, like Gecko; compatible; Amazonbot/0.1; +https://developer.amazon.com/support/amazonbot) Chrome/119.0.6045.214 Safari/537.36"
172.69.65.81 - - [07/Nov/2025:04:38:52 -0800] "GET /?dir=%2Fproc%2F3810870 HTTP/1.1" 200 16521 "-" "Mozilla/5.0 (Linux; Android 6.0.1; Nexus 5X Build/MMB29P) AppleWebKit/537.36 (KHTML, like Gecko) Chrome/141.0.7390.122 Mobile Safari/537.36 (compatible; Googlebot/2.1; +http://www.google.com/bot.html)"
162.158.152.182 - - [07/Nov/2025:04:38:57 -0800] "GET /?dir=/sys/devices/system/cpu/cpu15/cache/index1&dl=/sys/devices/system/cpu/cpu15/cache/index1/coherency_line_size HTTP/1.1" 200 3 "-" "Mozilla/5.0 AppleWebKit/537.36 (KHTML, like Gecko; compatible; Amazonbot/0.1; +https://developer.amazon.com/support/amazonbot) Chrome/119.0.6045.214 Safari/537.36"
104.23.245.202 - - [07/Nov/2025:04:38:57 -0800] "GET /?dir=%2Fdev&dl=%2Fdev%2Fttypb HTTP/1.1" 200 41402 "-" "Mozilla/5.0 AppleWebKit/537.36 (KHTML, like Gecko; compatible; GPTBot/1.2; +https://openai.com/gptbot)"
172.71.222.237 - - [07/Nov/2025:04:38:59 -0800] "GET /public/?dir=/opt/imh-python/lib/python3.9/concurrent/futures/.. HTTP/1.1" 429 17 "-" "Mozilla/5.0 AppleWebKit/537.36 (KHTML, like Gecko; compatible; Amazonbot/0.1; +https://developer.amazon.com/support/amazonbot) Chrome/119.0.6045.214 Safari/537.36"
