104.23.245.202 - - [07/Nov/2025:07:12:56 -0800] "GET /?dir=%2Fproc&dl=%2Fproc%2F3927470 HTTP/1.1" 200 81028 "-" "Mozilla/5.0 AppleWebKit/537.36 (KHTML, like Gecko; compatible; GPTBot/1.2; +https://openai.com/gptbot)"
162.158.152.183 - - [07/Nov/2025:07:12:57 -0800] "GET /?a=780031215 HTTP/1.1" 200 16521 "-" "Mozilla/5.0 (compatible; SemrushBot/7~bl; +http://www.semrush.com/bot.html)"
172.70.175.85 - - [07/Nov/2025:07:12:59 -0800] "GET /public/?dir=/usr/lib/python3.6/site-packages/setuptools/command/__pycache__&edit=/usr/lib/python3.6/site-packages/setuptools/command/__pycache__/register.cpython-36.pyc HTTP/1.1" 200 1199 "-" "Mozilla/5.0 AppleWebKit/537.36 (KHTML, like Gecko; compatible; Amazonbot/0.1; +https://developer.amazon.com/support/amazonbot) Chrome/119.0.6045.214 Safari/537.36"
172.68.138.159 - - [07/Nov/2025:07:13:02 -0800] "GET /public/?dir=/usr/lib64/python2.7/Demo/tkinter HTTP/1.1" 200 13009 "-" "Mozilla/5.0 AppleWebKit/537.36 (KHTML, like Gecko; compatible; Amazonbot/0.1; +https://developer.amazon.com/support/amazonbot) Chrome/119.0.6045.214 Safari/537.36"
104.23.245.203 - - [07/Nov/2025:07:13:03 -0800] "GET /?dir=%2Fproc&dl=%2Fproc%2F3948818 HTTP/1.1" 200 81028 "-" "Mozilla/5.0 AppleWebKit/537.36 (KHTML, like Gecko; compatible; GPTBot/1.2; +https://openai.com/gptbot)"
198.41.227.154 - - [07/Nov/2025:07:13:07 -0800] "GET /products/19036987/ HTTP/1.1" 200 194671 "-" "Mozilla/5.0 (Linux; Android 6.0.1; Nexus 5X Build/MMB29P) AppleWebKit/537.36 (KHTML, like Gecko) Chrome/141.0.7390.122 Mobile Safari/537.36 (compatible; Googlebot/2.1; +http://www.google.com/bot.html)"
104.23.245.203 - - [07/Nov/2025:07:13:08 -0800] "GET /?dir=%2Fproc&dl=%2Fproc%2F3930136 HTTP/1.1" 200 81028 "-" "Mozilla/5.0 AppleWebKit/537.36 (KHTML, like Gecko; compatible; GPTBot/1.2; +https://openai.com/gptbot)"
172.70.175.85 - - [07/Nov/2025:07:13:09 -0800] "GET /?dir=/usr/lib/python3.6/site-packages/dnf/__pycache__&dl=/usr/lib/python3.6/site-packages/dnf/__pycache__/lock.cpython-36.pyc HTTP/1.1" 200 4098 "-" "Mozilla/5.0 AppleWebKit/537.36 (KHTML, like Gecko; compatible; Amazonbot/0.1; +https://developer.amazon.com/support/amazonbot) Chrome/119.0.6045.214 Safari/537.36"
172.71.195.120 - - [07/Nov/2025:07:13:10 -0800] "GET /public/?dir=/home/ayaclass/public_html/vendor/google/apiclient-services/src/PublicCertificateAuthority/Resource/.. HTTP/1.1" 429 17 "-" "Mozilla/5.0 AppleWebKit/537.36 (KHTML, like Gecko; compatible; Amazonbot/0.1; +https://developer.amazon.com/support/amazonbot) Chrome/119.0.6045.214 Safari/537.36"
198.41.227.154 - - [07/Nov/2025:07:13:11 -0800] "GET /products/5899632/ HTTP/1.1" 200 186991 "-" "Mozilla/5.0 (Linux; Android 6.0.1; Nexus 5X Build/MMB29P) AppleWebKit/537.36 (KHTML, like Gecko) Chrome/141.0.7390.122 Mobile Safari/537.36 (compatible; Googlebot/2.1; +http://www.google.com/bot.html)"
172.68.27.74 - - [07/Nov/2025:07:13:11 -0800] "GET /?dir=%2Fproc&dl=%2Fproc%2F3854050 HTTP/1.1" 200 80464 "-" "Mozilla/5.0 (Linux; Android 6.0.1; Nexus 5X Build/MMB29P) AppleWebKit/537.36 (KHTML, like Gecko) Chrome/141.0.7390.122 Mobile Safari/537.36 (compatible; Googlebot/2.1; +http://www.google.com/bot.html)"
104.23.245.203 - - [07/Nov/2025:07:13:13 -0800] "GET /?dir=%2Fproc&dl=%2Fproc%2F3915204 HTTP/1.1" 200 79900 "-" "Mozilla/5.0 AppleWebKit/537.36 (KHTML, like Gecko; compatible; GPTBot/1.2; +https://openai.com/gptbot)"
172.71.195.120 - - [07/Nov/2025:07:13:15 -0800] "GET /public/?dir=/opt/imh-python/lib/python3.9/site-packages/zope.interface-7.2.dist-info&dl=/opt/imh-python/lib/python3.9/site-packages/zope.interface-7.2.dist-info/INSTALLER HTTP/1.1" 200 4 "-" "Mozilla/5.0 AppleWebKit/537.36 (KHTML, like Gecko; compatible; Amazonbot/0.1; +https://developer.amazon.com/support/amazonbot) Chrome/119.0.6045.214 Safari/537.36"
104.23.245.203 - - [07/Nov/2025:07:13:17 -0800] "GET /?dir=%2Fproc&dl=%2Fproc%2F3949796 HTTP/1.1" 200 79900 "-" "Mozilla/5.0 AppleWebKit/537.36 (KHTML, like Gecko; compatible; GPTBot/1.2; +https://openai.com/gptbot)"
104.23.211.80 - - [07/Nov/2025:07:13:18 -0800] "GET /public/?dir=/opt/cpanel/libmcrypt/lib64&dl=/opt/cpanel/libmcrypt/lib64/libmcrypt HTTP/1.1" 200 13459 "-" "Mozilla/5.0 AppleWebKit/537.36 (KHTML, like Gecko; compatible; Amazonbot/0.1; +https://developer.amazon.com/support/amazonbot) Chrome/119.0.6045.214 Safari/537.36"
172.68.15.191 - - [07/Nov/2025:07:13:19 -0800] "GET /?a=45642815 HTTP/1.1" 200 16521 "-" "Mozilla/5.0 (compatible; SemrushBot/7~bl; +http://www.semrush.com/bot.html)"
172.70.35.127 - - [07/Nov/2025:07:13:20 -0800] "GET /products/20322843/ HTTP/1.1" 200 - "-" "meta-externalagent/1.1 (+https://developers.facebook.com/docs/sharing/webmasters/crawler)"
104.23.245.203 - - [07/Nov/2025:07:13:21 -0800] "GET /?dir=%2Fproc&dl=%2Fproc%2F3949043 HTTP/1.1" 200 79900 "-" "Mozilla/5.0 AppleWebKit/537.36 (KHTML, like Gecko; compatible; GPTBot/1.2; +https://openai.com/gptbot)"
104.23.245.203 - - [07/Nov/2025:07:13:24 -0800] "GET /?dir=%2Fproc&dl=%2Fproc%2F3912905 HTTP/1.1" 200 79900 "-" "Mozilla/5.0 AppleWebKit/537.36 (KHTML, like Gecko; compatible; GPTBot/1.2; +https://openai.com/gptbot)"
104.23.209.142 - - [07/Nov/2025:07:13:25 -0800] "GET /?dir=/opt/cpanel/ea-openssl11/share/doc/openssl/html/man3&dl=/opt/cpanel/ea-openssl11/share/doc/openssl/html/man3/DES_ecb_encrypt.html HTTP/1.1" 200 16956 "-" "Mozilla/5.0 AppleWebKit/537.36 (KHTML, like Gecko; compatible; Amazonbot/0.1; +https://developer.amazon.com/support/amazonbot) Chrome/119.0.6045.214 Safari/537.36"
172.71.190.82 - - [07/Nov/2025:07:13:27 -0800] "GET /products/28809832/ HTTP/1.1" 200 189887 "-" "Mozilla/5.0 AppleWebKit/537.36 (KHTML, like Gecko; compatible; bingbot/2.0; +http://www.bing.com/bingbot.htm) Chrome/116.0.1938.76 Safari/537.36"
104.23.245.203 - - [07/Nov/2025:07:13:27 -0800] "GET /?dir=%2Fproc&dl=%2Fproc%2F3925984 HTTP/1.1" 200 79900 "-" "Mozilla/5.0 AppleWebKit/537.36 (KHTML, like Gecko; compatible; GPTBot/1.2; +https://openai.com/gptbot)"
198.41.227.155 - - [07/Nov/2025:07:13:28 -0800] "GET /?dir=%2Fproc%2F3772539 HTTP/1.1" 200 16521 "-" "Mozilla/5.0 (Linux; Android 6.0.1; Nexus 5X Build/MMB29P) AppleWebKit/537.36 (KHTML, like Gecko) Chrome/141.0.7390.122 Mobile Safari/537.36 (compatible; Googlebot/2.1; +http://www.google.com/bot.html)"
172.71.222.237 - - [07/Nov/2025:07:13:28 -0800] "GET /?dir=/usr/lib/rads/venv/lib/python3.13/site-packages/botocore/data/cloudfront/2018-11-05&dl=/usr/lib/rads/venv/lib/python3.13/site-packages/botocore/data/cloudfront/2018-11-05/waiters-2.json HTTP/1.1" 200 1184 "-" "Mozilla/5.0 AppleWebKit/537.36 (KHTML, like Gecko; compatible; Amazonbot/0.1; +https://developer.amazon.com/support/amazonbot) Chrome/119.0.6045.214 Safari/537.36"
172.71.190.82 - - [07/Nov/2025:07:13:28 -0800] "GET /products/13558710/ HTTP/1.1" 200 200819 "-" "Mozilla/5.0 AppleWebKit/537.36 (KHTML, like Gecko; compatible; bingbot/2.0; +http://www.bing.com/bingbot.htm) Chrome/116.0.1938.76 Safari/537.36"
198.41.227.155 - - [07/Nov/2025:07:13:28 -0800] "GET /?dir=%2Fproc&edit=%2Fproc%2F3815779 HTTP/1.1" 200 79900 "-" "Mozilla/5.0 (Linux; Android 6.0.1; Nexus 5X Build/MMB29P) AppleWebKit/537.36 (KHTML, like Gecko) Chrome/141.0.7390.122 Mobile Safari/537.36 (compatible; Googlebot/2.1; +http://www.google.com/bot.html)"
172.70.35.127 - - [07/Nov/2025:07:13:29 -0800] "GET /products/14944843/ HTTP/1.1" 200 - "-" "meta-externalagent/1.1 (+https://developers.facebook.com/docs/sharing/webmasters/crawler)"
172.71.190.82 - - [07/Nov/2025:07:13:29 -0800] "GET /products/7436587/ HTTP/1.1" 200 194426 "-" "Mozilla/5.0 AppleWebKit/537.36 (KHTML, like Gecko; compatible; bingbot/2.0; +http://www.bing.com/bingbot.htm) Chrome/116.0.1938.76 Safari/537.36"
104.23.245.203 - - [07/Nov/2025:07:13:30 -0800] "GET /?dir=%2Fproc&dl=%2Fproc%2F3918941 HTTP/1.1" 200 79900 "-" "Mozilla/5.0 AppleWebKit/537.36 (KHTML, like Gecko; compatible; GPTBot/1.2; +https://openai.com/gptbot)"
104.23.211.80 - - [07/Nov/2025:07:13:31 -0800] "GET /public/?dir=/home/ayaclass/public_html/vendor/aws/aws-sdk-php/src/data/pcs/2023-02-10/.. HTTP/1.1" 200 11697 "-" "Mozilla/5.0 AppleWebKit/537.36 (KHTML, like Gecko; compatible; Amazonbot/0.1; +https://developer.amazon.com/support/amazonbot) Chrome/119.0.6045.214 Safari/537.36"
104.23.245.203 - - [07/Nov/2025:07:13:33 -0800] "GET /?dir=%2Fproc&dl=%2Fproc%2F3951539 HTTP/1.1" 200 79900 "-" "Mozilla/5.0 AppleWebKit/537.36 (KHTML, like Gecko; compatible; GPTBot/1.2; +https://openai.com/gptbot)"
104.23.245.203 - - [07/Nov/2025:07:13:35 -0800] "GET /?dir=%2Fproc&dl=%2Fproc%2F3951538 HTTP/1.1" 429 17 "-" "Mozilla/5.0 AppleWebKit/537.36 (KHTML, like Gecko; compatible; GPTBot/1.2; +https://openai.com/gptbot)"
172.68.245.208 - - [07/Nov/2025:07:13:36 -0800] "GET /?dir=/usr/lib/python3.6/site-packages/setuptools/command/__pycache__&dl=/usr/lib/python3.6/site-packages/setuptools/command/__pycache__/alias.cpython-36.opt-1.pyc HTTP/1.1" 200 2357 "-" "Mozilla/5.0 AppleWebKit/537.36 (KHTML, like Gecko; compatible; Amazonbot/0.1; +https://developer.amazon.com/support/amazonbot) Chrome/119.0.6045.214 Safari/537.36"
172.71.222.237 - - [07/Nov/2025:07:13:37 -0800] "GET /products/4445843/ HTTP/1.1" 200 - "-" "meta-externalagent/1.1 (+https://developers.facebook.com/docs/sharing/webmasters/crawler)"
162.158.78.72 - - [07/Nov/2025:07:13:37 -0800] "GET /?a=121469615 HTTP/1.1" 200 16521 "-" "Mozilla/5.0 (compatible; SemrushBot/7~bl; +http://www.semrush.com/bot.html)"
104.23.245.203 - - [07/Nov/2025:07:13:37 -0800] "GET /?dir=%2Fproc&dl=%2Fproc%2F3920648 HTTP/1.1" 429 17 "-" "Mozilla/5.0 AppleWebKit/537.36 (KHTML, like Gecko; compatible; GPTBot/1.2; +https://openai.com/gptbot)"
104.23.211.80 - - [07/Nov/2025:07:13:39 -0800] "GET /public/?dir=/opt/cpanel/ea-php81/root/var&edit=/opt/cpanel/ea-php81/root/var/run HTTP/1.1" 200 22436 "-" "Mozilla/5.0 AppleWebKit/537.36 (KHTML, like Gecko; compatible; Amazonbot/0.1; +https://developer.amazon.com/support/amazonbot) Chrome/119.0.6045.214 Safari/537.36"
172.68.138.159 - - [07/Nov/2025:07:13:42 -0800] "GET /public/?dir=/home/ayaclass/public_html/resources/views/vendor/laravel-filemanager&edit=/home/ayaclass/public_html/resources/views/vendor/laravel-filemanager/move.blade.php HTTP/1.1" 200 2600 "-" "Mozilla/5.0 AppleWebKit/537.36 (KHTML, like Gecko; compatible; Amazonbot/0.1; +https://developer.amazon.com/support/amazonbot) Chrome/119.0.6045.214 Safari/537.36"
104.23.245.202 - - [07/Nov/2025:07:13:44 -0800] "GET /?dir=%2Fproc&dl=%2Fproc%2F3948936 HTTP/1.1" 200 80464 "-" "Mozilla/5.0 AppleWebKit/537.36 (KHTML, like Gecko; compatible; GPTBot/1.2; +https://openai.com/gptbot)"
172.68.15.191 - - [07/Nov/2025:07:13:47 -0800] "GET /?a=122207415 HTTP/1.1" 200 16521 "-" "Mozilla/5.0 (compatible; SemrushBot/7~bl; +http://www.semrush.com/bot.html)"
172.71.190.82 - - [07/Nov/2025:07:13:47 -0800] "GET /public/?dir=/home/ayaclass/public_html/vendor/twilio/sdk/src/Twilio/Rest/Video/V1/.. HTTP/1.1" 200 12713 "-" "Mozilla/5.0 AppleWebKit/537.36 (KHTML, like Gecko; compatible; Amazonbot/0.1; +https://developer.amazon.com/support/amazonbot) Chrome/119.0.6045.214 Safari/537.36"
198.41.227.154 - - [07/Nov/2025:07:13:49 -0800] "GET /?dir=%2Fproc%2F3878732&dl=%2Fproc%2F3878732%2Fnet HTTP/1.1" 200 16521 "-" "Mozilla/5.0 (Linux; Android 6.0.1; Nexus 5X Build/MMB29P) AppleWebKit/537.36 (KHTML, like Gecko) Chrome/141.0.7390.122 Mobile Safari/537.36 (compatible; Googlebot/2.1; +http://www.google.com/bot.html)"
198.41.227.154 - - [07/Nov/2025:07:13:50 -0800] "GET /?dir=%2Fproc&edit=%2Fproc%2F3894453 HTTP/1.1" 200 79900 "-" "Mozilla/5.0 (Linux; Android 6.0.1; Nexus 5X Build/MMB29P) AppleWebKit/537.36 (KHTML, like Gecko) Chrome/141.0.7390.122 Mobile Safari/537.36 (compatible; Googlebot/2.1; +http://www.google.com/bot.html)"
172.71.151.97 - - [07/Nov/2025:07:13:51 -0800] "GET /products/25962021/ HTTP/1.1" 200 187148 "-" "Mozilla/5.0 AppleWebKit/537.36 (KHTML, like Gecko; compatible; bingbot/2.0; +http://www.bing.com/bingbot.htm) Chrome/116.0.1938.76 Safari/537.36"
172.71.222.237 - - [07/Nov/2025:07:13:52 -0800] "GET /public/?dir=/opt/cpanel/ea-php82/root/usr/lib64/php&dl=/opt/cpanel/ea-php82/root/usr/lib64/php/build HTTP/1.1" 200 11904 "-" "Mozilla/5.0 AppleWebKit/537.36 (KHTML, like Gecko; compatible; Amazonbot/0.1; +https://developer.amazon.com/support/amazonbot) Chrome/119.0.6045.214 Safari/537.36"
162.158.152.183 - - [07/Nov/2025:07:13:55 -0800] "GET /public/?dir=/usr/share/X11/locale/ko_KR.UTF-8/.. HTTP/1.1" 200 55575 "-" "Mozilla/5.0 AppleWebKit/537.36 (KHTML, like Gecko; compatible; Amazonbot/0.1; +https://developer.amazon.com/support/amazonbot) Chrome/119.0.6045.214 Safari/537.36"
104.23.211.81 - - [07/Nov/2025:07:14:01 -0800] "GET /public/?dir=/opt/imh-python/lib/python3.9/site-packages/twisted/.. HTTP/1.1" 200 348475 "-" "Mozilla/5.0 AppleWebKit/537.36 (KHTML, like Gecko; compatible; Amazonbot/0.1; +https://developer.amazon.com/support/amazonbot) Chrome/119.0.6045.214 Safari/537.36"
104.23.209.143 - - [07/Nov/2025:07:14:02 -0800] "GET /public/?dir=/opt/imh-python/lib/python3.9/ctypes/__pycache__&edit=/opt/imh-python/lib/python3.9/ctypes/__pycache__/_endian.cpython-39.opt-2.pyc HTTP/1.1" 429 17 "-" "Mozilla/5.0 AppleWebKit/537.36 (KHTML, like Gecko; compatible; Amazonbot/0.1; +https://developer.amazon.com/support/amazonbot) Chrome/119.0.6045.214 Safari/537.36"
104.23.211.81 - - [07/Nov/2025:07:14:02 -0800] "GET /?a=12594015 HTTP/1.1" 200 16521 "-" "Mozilla/5.0 (compatible; SemrushBot/7~bl; +http://www.semrush.com/bot.html)"
104.23.245.203 - - [07/Nov/2025:07:14:03 -0800] "GET /?dir=%2Fproc&dl=%2Fproc%2F3921256 HTTP/1.1" 200 79900 "-" "Mozilla/5.0 AppleWebKit/537.36 (KHTML, like Gecko; compatible; GPTBot/1.2; +https://openai.com/gptbot)"
104.23.213.12 - - [07/Nov/2025:07:14:07 -0800] "GET /?dir=/opt/cpanel/ea-openssl11/share/doc/openssl/html/man3&dl=/opt/cpanel/ea-openssl11/share/doc/openssl/html/man3/DES_ecb2_encrypt.html HTTP/1.1" 200 16956 "-" "Mozilla/5.0 AppleWebKit/537.36 (KHTML, like Gecko; compatible; Amazonbot/0.1; +https://developer.amazon.com/support/amazonbot) Chrome/119.0.6045.214 Safari/537.36"
172.71.166.28 - - [07/Nov/2025:07:14:08 -0800] "GET /?dir=%2Fproc&dl=%2Fproc%2F3948438 HTTP/1.1" 200 79900 "-" "Mozilla/5.0 (Linux; Android 6.0.1; Nexus 5X Build/MMB29P) AppleWebKit/537.36 (KHTML, like Gecko) Chrome/141.0.7390.122 Mobile Safari/537.36 (compatible; GoogleOther)"
198.41.227.155 - - [07/Nov/2025:07:14:10 -0800] "GET /products/8032721/ HTTP/1.1" 200 189403 "-" "Mozilla/5.0 (Linux; Android 6.0.1; Nexus 5X Build/MMB29P) AppleWebKit/537.36 (KHTML, like Gecko) Chrome/141.0.7390.122 Mobile Safari/537.36 (compatible; Googlebot/2.1; +http://www.google.com/bot.html)"
162.158.152.183 - - [07/Nov/2025:07:14:11 -0800] "GET /?dir=/opt/cpanel/ea-openssl11/share/doc/openssl/html/man3&dl=/opt/cpanel/ea-openssl11/share/doc/openssl/html/man3/OPENSSL_mem_debug_push.html HTTP/1.1" 200 12178 "-" "Mozilla/5.0 AppleWebKit/537.36 (KHTML, like Gecko; compatible; Amazonbot/0.1; +https://developer.amazon.com/support/amazonbot) Chrome/119.0.6045.214 Safari/537.36"
172.71.195.119 - - [07/Nov/2025:07:14:14 -0800] "GET /?a=122164415 HTTP/1.1" 200 16521 "-" "Mozilla/5.0 (compatible; SemrushBot/7~bl; +http://www.semrush.com/bot.html)"
172.71.190.82 - - [07/Nov/2025:07:14:14 -0800] "GET /?dir=/opt/imh-python/lib/python3.9/site-packages/numpy/array_api/tests/__pycache__&dl=/opt/imh-python/lib/python3.9/site-packages/numpy/array_api/tests/__pycache__/test_manipulation_functions.cpython-39.pyc HTTP/1.1" 200 1808 "-" "Mozilla/5.0 AppleWebKit/537.36 (KHTML, like Gecko; compatible; Amazonbot/0.1; +https://developer.amazon.com/support/amazonbot) Chrome/119.0.6045.214 Safari/537.36"
172.71.195.119 - - [07/Nov/2025:07:14:18 -0800] "GET /public/?dir=/opt/imh-python/lib/python3.9/site-packages/billiard/.. HTTP/1.1" 200 348475 "-" "Mozilla/5.0 AppleWebKit/537.36 (KHTML, like Gecko; compatible; Amazonbot/0.1; +https://developer.amazon.com/support/amazonbot) Chrome/119.0.6045.214 Safari/537.36"
104.23.245.202 - - [07/Nov/2025:07:14:20 -0800] "GET /?dir=%2Fproc&dl=%2Fproc%2F3951134 HTTP/1.1" 200 82720 "-" "Mozilla/5.0 AppleWebKit/537.36 (KHTML, like Gecko; compatible; GPTBot/1.2; +https://openai.com/gptbot)"
162.158.78.73 - - [07/Nov/2025:07:14:24 -0800] "GET /public/?dir=/opt/cpanel/ea-wappspector/vendor/bin&dl=/opt/cpanel/ea-wappspector/vendor/bin/phpstan HTTP/1.1" 200 3327 "-" "Mozilla/5.0 AppleWebKit/537.36 (KHTML, like Gecko; compatible; Amazonbot/0.1; +https://developer.amazon.com/support/amazonbot) Chrome/119.0.6045.214 Safari/537.36"
172.68.138.158 - - [07/Nov/2025:07:14:25 -0800] "GET /?a=120791715 HTTP/1.1" 200 16521 "-" "Mozilla/5.0 (compatible; SemrushBot/7~bl; +http://www.semrush.com/bot.html)"
172.71.190.82 - - [07/Nov/2025:07:14:28 -0800] "GET /?dir=/opt/cpanel/ea-openssl11/share/doc/openssl/html/man3&dl=/opt/cpanel/ea-openssl11/share/doc/openssl/html/man3/OCSP_CERTSTATUS_new.html HTTP/1.1" 200 7740 "-" "Mozilla/5.0 AppleWebKit/537.36 (KHTML, like Gecko; compatible; Amazonbot/0.1; +https://developer.amazon.com/support/amazonbot) Chrome/119.0.6045.214 Safari/537.36"
172.68.245.208 - - [07/Nov/2025:07:14:28 -0800] "GET /?a=122355515 HTTP/1.1" 200 16521 "-" "Mozilla/5.0 (compatible; SemrushBot/7~bl; +http://www.semrush.com/bot.html)"
162.158.152.182 - - [07/Nov/2025:07:14:30 -0800] "GET /?a=106263615 HTTP/1.1" 200 16521 "-" "Mozilla/5.0 (compatible; SemrushBot/7~bl; +http://www.semrush.com/bot.html)"
104.23.209.143 - - [07/Nov/2025:07:14:30 -0800] "GET /?dir=/opt/imh-python/lib/python3.9/site-packages/kombu/transport/virtual/.. HTTP/1.1" 429 17 "-" "Mozilla/5.0 AppleWebKit/537.36 (KHTML, like Gecko; compatible; Amazonbot/0.1; +https://developer.amazon.com/support/amazonbot) Chrome/119.0.6045.214 Safari/537.36"
198.41.227.154 - - [07/Nov/2025:07:14:32 -0800] "GET /?dir=%2Fproc&edit=%2Fproc%2F3847736 HTTP/1.1" 200 82156 "-" "Mozilla/5.0 (Linux; Android 6.0.1; Nexus 5X Build/MMB29P) AppleWebKit/537.36 (KHTML, like Gecko) Chrome/141.0.7390.122 Mobile Safari/537.36 (compatible; Googlebot/2.1; +http://www.google.com/bot.html)"
104.23.245.202 - - [07/Nov/2025:07:14:34 -0800] "GET /?dir=%2Fproc&dl=%2Fproc%2F3949628 HTTP/1.1" 200 82156 "-" "Mozilla/5.0 AppleWebKit/537.36 (KHTML, like Gecko; compatible; GPTBot/1.2; +https://openai.com/gptbot)"
172.71.222.237 - - [07/Nov/2025:07:14:35 -0800] "GET /public/?dir=/opt/cpanel/ea-php81/root/usr/lib64/sse2 HTTP/1.1" 200 10268 "-" "Mozilla/5.0 AppleWebKit/537.36 (KHTML, like Gecko; compatible; Amazonbot/0.1; +https://developer.amazon.com/support/amazonbot) Chrome/119.0.6045.214 Safari/537.36"
172.71.190.83 - - [07/Nov/2025:07:14:39 -0800] "GET /?dir=/opt/cpanel/ea-wappspector/vendor/squizlabs/php_codesniffer/tests/Core/Config HTTP/1.1" 200 16993 "-" "Mozilla/5.0 AppleWebKit/537.36 (KHTML, like Gecko; compatible; Amazonbot/0.1; +https://developer.amazon.com/support/amazonbot) Chrome/119.0.6045.214 Safari/537.36"
104.23.211.80 - - [07/Nov/2025:07:14:40 -0800] "GET /products/26115365/ HTTP/1.1" 200 195296 "-" "Mozilla/5.0 AppleWebKit/537.36 (KHTML, like Gecko; compatible; bingbot/2.0; +http://www.bing.com/bingbot.htm) Chrome/116.0.1938.76 Safari/537.36"
172.70.35.127 - - [07/Nov/2025:07:14:42 -0800] "GET /?dir=/opt/imh-python/lib/python3.9/multiprocessing/__pycache__&dl=/opt/imh-python/lib/python3.9/multiprocessing/__pycache__/forkserver.cpython-39.pyc HTTP/1.1" 200 8426 "-" "Mozilla/5.0 AppleWebKit/537.36 (KHTML, like Gecko; compatible; Amazonbot/0.1; +https://developer.amazon.com/support/amazonbot) Chrome/119.0.6045.214 Safari/537.36"
104.23.211.80 - - [07/Nov/2025:07:14:45 -0800] "GET /?a=106493615 HTTP/1.1" 200 16521 "-" "Mozilla/5.0 (compatible; SemrushBot/7~bl; +http://www.semrush.com/bot.html)"
104.23.211.80 - - [07/Nov/2025:07:14:46 -0800] "GET /?dir=/proc/sys/net/ipv6/conf/lo&dl=/proc/sys/net/ipv6/conf/lo/forwarding HTTP/1.1" 200 2 "-" "Mozilla/5.0 AppleWebKit/537.36 (KHTML, like Gecko; compatible; Amazonbot/0.1; +https://developer.amazon.com/support/amazonbot) Chrome/119.0.6045.214 Safari/537.36"
104.23.245.202 - - [07/Nov/2025:07:14:47 -0800] "GET /?dir=%2Fproc&dl=%2Fproc%2F3921507 HTTP/1.1" 200 82720 "-" "Mozilla/5.0 AppleWebKit/537.36 (KHTML, like Gecko; compatible; GPTBot/1.2; +https://openai.com/gptbot)"
162.158.78.72 - - [07/Nov/2025:07:14:51 -0800] "GET /public/?dir=/usr/share/vim/vim80/lang/ca/.. HTTP/1.1" 200 133891 "-" "Mozilla/5.0 AppleWebKit/537.36 (KHTML, like Gecko; compatible; Amazonbot/0.1; +https://developer.amazon.com/support/amazonbot) Chrome/119.0.6045.214 Safari/537.36"
198.41.227.154 - - [07/Nov/2025:07:14:54 -0800] "GET /products/5562710/ HTTP/1.1" 200 204858 "-" "Mozilla/5.0 (Linux; Android 6.0.1; Nexus 5X Build/MMB29P) AppleWebKit/537.36 (KHTML, like Gecko) Chrome/141.0.7390.122 Mobile Safari/537.36 (compatible; Googlebot/2.1; +http://www.google.com/bot.html)"
172.68.245.208 - - [07/Nov/2025:07:14:55 -0800] "GET /public/?dir=/usr/share/doc/perl-IO-Compress/io/bzip2/.. HTTP/1.1" 200 12286 "-" "Mozilla/5.0 AppleWebKit/537.36 (KHTML, like Gecko; compatible; Amazonbot/0.1; +https://developer.amazon.com/support/amazonbot) Chrome/119.0.6045.214 Safari/537.36"
172.71.195.119 - - [07/Nov/2025:07:14:58 -0800] "GET /?dir=/opt/cpanel/ea-openssl11/share/doc/openssl/html/man3&dl=/opt/cpanel/ea-openssl11/share/doc/openssl/html/man3/GENERAL_NAMES_new.html HTTP/1.1" 200 7740 "-" "Mozilla/5.0 AppleWebKit/537.36 (KHTML, like Gecko; compatible; Amazonbot/0.1; +https://developer.amazon.com/support/amazonbot) Chrome/119.0.6045.214 Safari/537.36"
104.23.245.202 - - [07/Nov/2025:07:14:59 -0800] "GET /?dir=%2Fproc&dl=%2Fproc%2F3912886 HTTP/1.1" 200 83284 "-" "Mozilla/5.0 AppleWebKit/537.36 (KHTML, like Gecko; compatible; GPTBot/1.2; +https://openai.com/gptbot)"
162.158.152.182 - - [07/Nov/2025:07:15:03 -0800] "GET /?dir=/opt/cpanel/ea-openssl11/share/doc/openssl/html/man3&dl=/opt/cpanel/ea-openssl11/share/doc/openssl/html/man3/ESS_CERT_ID_free.html HTTP/1.1" 200 7740 "-" "Mozilla/5.0 AppleWebKit/537.36 (KHTML, like Gecko; compatible; Amazonbot/0.1; +https://developer.amazon.com/support/amazonbot) Chrome/119.0.6045.214 Safari/537.36"
172.68.245.209 - - [07/Nov/2025:07:15:09 -0800] "GET /public/?dir=/opt/imh-python/lib/python3.9/ctypes/__pycache__&edit=/opt/imh-python/lib/python3.9/ctypes/__pycache__/wintypes.cpython-39.opt-1.pyc HTTP/1.1" 200 6222 "-" "Mozilla/5.0 AppleWebKit/537.36 (KHTML, like Gecko; compatible; Amazonbot/0.1; +https://developer.amazon.com/support/amazonbot) Chrome/119.0.6045.214 Safari/537.36"
104.23.245.202 - - [07/Nov/2025:07:15:10 -0800] "GET /?dir=%2Fproc&dl=%2Fproc%2F3951499 HTTP/1.1" 200 83284 "-" "Mozilla/5.0 AppleWebKit/537.36 (KHTML, like Gecko; compatible; GPTBot/1.2; +https://openai.com/gptbot)"
162.158.152.182 - - [07/Nov/2025:07:15:11 -0800] "GET /?dir=/home/ayaclass/public_html/vendor/twilio/sdk/src/Twilio/Rest/Studio/V1/Flow/Engagement/Step HTTP/1.1" 429 17 "-" "Mozilla/5.0 AppleWebKit/537.36 (KHTML, like Gecko; compatible; Amazonbot/0.1; +https://developer.amazon.com/support/amazonbot) Chrome/119.0.6045.214 Safari/537.36"
198.41.227.154 - - [07/Nov/2025:07:15:14 -0800] "GET /products/6168298/ HTTP/1.1" 200 185795 "-" "Mozilla/5.0 (Linux; Android 6.0.1; Nexus 5X Build/MMB29P) AppleWebKit/537.36 (KHTML, like Gecko) Chrome/141.0.7390.122 Mobile Safari/537.36 (compatible; Googlebot/2.1; +http://www.google.com/bot.html)"
104.23.213.13 - - [07/Nov/2025:07:15:16 -0800] "GET /?dir=/opt/cpanel/ea-openssl11/share/doc/openssl/html/man3&dl=/opt/cpanel/ea-openssl11/share/doc/openssl/html/man3/RAND_event.html HTTP/1.1" 200 4978 "-" "Mozilla/5.0 AppleWebKit/537.36 (KHTML, like Gecko; compatible; Amazonbot/0.1; +https://developer.amazon.com/support/amazonbot) Chrome/119.0.6045.214 Safari/537.36"
162.158.78.72 - - [07/Nov/2025:07:15:16 -0800] "GET /?a=121603315 HTTP/1.1" 200 16521 "-" "Mozilla/5.0 (compatible; SemrushBot/7~bl; +http://www.semrush.com/bot.html)"
104.23.245.203 - - [07/Nov/2025:07:15:20 -0800] "GET /?dir=%2Fproc&dl=%2Fproc%2F3948554 HTTP/1.1" 200 83284 "-" "Mozilla/5.0 AppleWebKit/537.36 (KHTML, like Gecko; compatible; GPTBot/1.2; +https://openai.com/gptbot)"
172.71.190.83 - - [07/Nov/2025:07:15:20 -0800] "GET /?dir=/opt/imh-python/lib/python3.9/site-packages/pyroute2/iproute/__pycache__ HTTP/1.1" 200 16582 "-" "Mozilla/5.0 AppleWebKit/537.36 (KHTML, like Gecko; compatible; Amazonbot/0.1; +https://developer.amazon.com/support/amazonbot) Chrome/119.0.6045.214 Safari/537.36"
104.23.213.13 - - [07/Nov/2025:07:15:22 -0800] "GET /?a=122415715 HTTP/1.1" 200 16521 "-" "Mozilla/5.0 (compatible; SemrushBot/7~bl; +http://www.semrush.com/bot.html)"
162.158.152.182 - - [07/Nov/2025:07:15:23 -0800] "GET /?dir=/proc/sys/kernel/sched_domain/cpu2/domain1&dl=/proc/sys/kernel/sched_domain/cpu2/domain1/cache_nice_tries HTTP/1.1" 200 2 "-" "Mozilla/5.0 AppleWebKit/537.36 (KHTML, like Gecko; compatible; Amazonbot/0.1; +https://developer.amazon.com/support/amazonbot) Chrome/119.0.6045.214 Safari/537.36"
172.68.138.159 - - [07/Nov/2025:07:15:27 -0800] "GET /?dir=/opt/cpanel/ea-wappspector/vendor/phpstan/phpdoc-parser/src/Ast/NodeVisitor HTTP/1.1" 200 11806 "-" "Mozilla/5.0 AppleWebKit/537.36 (KHTML, like Gecko; compatible; Amazonbot/0.1; +https://developer.amazon.com/support/amazonbot) Chrome/119.0.6045.214 Safari/537.36"
104.23.245.202 - - [07/Nov/2025:07:15:28 -0800] "GET /?dir=%2Fproc&dl=%2Fproc%2F3951452 HTTP/1.1" 200 83284 "-" "Mozilla/5.0 AppleWebKit/537.36 (KHTML, like Gecko; compatible; GPTBot/1.2; +https://openai.com/gptbot)"
172.70.35.127 - - [07/Nov/2025:07:15:29 -0800] "GET /products/10450843/ HTTP/1.1" 200 200990 "-" "Mozilla/5.0 AppleWebKit/537.36 (KHTML, like Gecko; compatible; bingbot/2.0; +http://www.bing.com/bingbot.htm) Chrome/116.0.1938.76 Safari/537.36"
104.23.213.13 - - [07/Nov/2025:07:15:31 -0800] "GET /public/?dir=/home/ayaclass/public_html/vendor/aws/aws-sdk-php/src/data/cloudfront/2018-11-05&dl=/home/ayaclass/public_html/vendor/aws/aws-sdk-php/src/data/cloudfront/2018-11-05/smoke.json.php HTTP/1.1" 200 423 "-" "Mozilla/5.0 AppleWebKit/537.36 (KHTML, like Gecko; compatible; Amazonbot/0.1; +https://developer.amazon.com/support/amazonbot) Chrome/119.0.6045.214 Safari/537.36"
172.70.35.127 - - [07/Nov/2025:07:15:33 -0800] "GET /?a=124385415 HTTP/1.1" 200 16521 "-" "Mozilla/5.0 (compatible; SemrushBot/7~bl; +http://www.semrush.com/bot.html)"
198.41.227.154 - - [07/Nov/2025:07:15:36 -0800] "GET /?dir=%2Fproc%2F3774727 HTTP/1.1" 200 16521 "-" "Mozilla/5.0 (Linux; Android 6.0.1; Nexus 5X Build/MMB29P) AppleWebKit/537.36 (KHTML, like Gecko) Chrome/141.0.7390.122 Mobile Safari/537.36 (compatible; Googlebot/2.1; +http://www.google.com/bot.html)"
104.23.211.81 - - [07/Nov/2025:07:15:36 -0800] "GET /?dir=/opt/cpanel/ea-wappspector/vendor/phpunit/phpunit/src/TextUI/Exception HTTP/1.1" 200 16776 "-" "Mozilla/5.0 AppleWebKit/537.36 (KHTML, like Gecko; compatible; Amazonbot/0.1; +https://developer.amazon.com/support/amazonbot) Chrome/119.0.6045.214 Safari/537.36"
104.23.245.203 - - [07/Nov/2025:07:15:36 -0800] "GET /?dir=%2Fproc&dl=%2Fproc%2F3944839 HTTP/1.1" 200 83284 "-" "Mozilla/5.0 AppleWebKit/537.36 (KHTML, like Gecko; compatible; GPTBot/1.2; +https://openai.com/gptbot)"
162.158.78.72 - - [07/Nov/2025:07:15:40 -0800] "GET /?a=121061615 HTTP/1.1" 200 16521 "-" "Mozilla/5.0 (compatible; SemrushBot/7~bl; +http://www.semrush.com/bot.html)"
172.68.245.209 - - [07/Nov/2025:07:15:42 -0800] "GET /public/?dir=/home/ayaclass/public_html/vendor/kreait/firebase-php/src/Firebase/Messaging/Processor/.. HTTP/1.1" 200 33721 "-" "Mozilla/5.0 AppleWebKit/537.36 (KHTML, like Gecko; compatible; Amazonbot/0.1; +https://developer.amazon.com/support/amazonbot) Chrome/119.0.6045.214 Safari/537.36"
104.23.245.202 - - [07/Nov/2025:07:15:43 -0800] "GET /?dir=%2Fproc&dl=%2Fproc%2F3951739 HTTP/1.1" 200 83284 "-" "Mozilla/5.0 AppleWebKit/537.36 (KHTML, like Gecko; compatible; GPTBot/1.2; +https://openai.com/gptbot)"
104.23.213.13 - - [07/Nov/2025:07:15:45 -0800] "GET /public/?dir=/sys/devices/virtual/net/venet0/queues/rx-0&dl=/sys/devices/virtual/net/venet0/queues/rx-0/rps_cpus HTTP/1.1" 200 36 "-" "Mozilla/5.0 AppleWebKit/537.36 (KHTML, like Gecko; compatible; Amazonbot/0.1; +https://developer.amazon.com/support/amazonbot) Chrome/119.0.6045.214 Safari/537.36"
172.68.138.159 - - [07/Nov/2025:07:15:48 -0800] "GET /?dir=/opt/cpanel/ea-wappspector/vendor/phpstan/phpdoc-parser/src/Ast&dl=/opt/cpanel/ea-wappspector/vendor/phpstan/phpdoc-parser/src/Ast/NodeVisitor HTTP/1.1" 200 20910 "-" "Mozilla/5.0 AppleWebKit/537.36 (KHTML, like Gecko; compatible; Amazonbot/0.1; +https://developer.amazon.com/support/amazonbot) Chrome/119.0.6045.214 Safari/537.36"
104.23.245.202 - - [07/Nov/2025:07:15:50 -0800] "GET /?dir=%2Fproc&dl=%2Fproc%2F3949981 HTTP/1.1" 200 83284 "-" "Mozilla/5.0 AppleWebKit/537.36 (KHTML, like Gecko; compatible; GPTBot/1.2; +https://openai.com/gptbot)"
172.71.222.237 - - [07/Nov/2025:07:15:52 -0800] "GET /products/30553787/ HTTP/1.1" 200 - "-" "meta-externalagent/1.1 (+https://developers.facebook.com/docs/sharing/webmasters/crawler)"
104.23.209.142 - - [07/Nov/2025:07:15:53 -0800] "GET /public/?dir=/opt/cpanel/ea-php83/root/usr/local/src HTTP/1.1" 200 10260 "-" "Mozilla/5.0 AppleWebKit/537.36 (KHTML, like Gecko; compatible; Amazonbot/0.1; +https://developer.amazon.com/support/amazonbot) Chrome/119.0.6045.214 Safari/537.36"
104.23.209.142 - - [07/Nov/2025:07:15:53 -0800] "GET /products/10548576/ HTTP/1.1" 200 - "-" "meta-externalagent/1.1 (+https://developers.facebook.com/docs/sharing/webmasters/crawler)"
162.158.78.72 - - [07/Nov/2025:07:15:55 -0800] "GET /public/?dir=/opt/imh-python/lib/python3.9/distutils/__pycache__ HTTP/1.1" 429 17 "-" "Mozilla/5.0 AppleWebKit/537.36 (KHTML, like Gecko; compatible; Amazonbot/0.1; +https://developer.amazon.com/support/amazonbot) Chrome/119.0.6045.214 Safari/537.36"
104.23.245.202 - - [07/Nov/2025:07:15:55 -0800] "GET /?dir=%2Fproc&dl=%2Fproc%2F3950288 HTTP/1.1" 200 84412 "-" "Mozilla/5.0 AppleWebKit/537.36 (KHTML, like Gecko; compatible; GPTBot/1.2; +https://openai.com/gptbot)"
172.70.94.84 - - [07/Nov/2025:07:15:57 -0800] "GET /?dir=%2Fproc%2F3876276&dl=%2Fproc%2F3876276%2Fwchan HTTP/1.1" 200 16521 "-" "Mozilla/5.0 (Linux; Android 6.0.1; Nexus 5X Build/MMB29P) AppleWebKit/537.36 (KHTML, like Gecko) Chrome/141.0.7390.122 Mobile Safari/537.36 (compatible; Googlebot/2.1; +http://www.google.com/bot.html)"
172.71.222.236 - - [07/Nov/2025:07:15:58 -0800] "GET /?dir=/opt/cpanel/ea-openssl11/share/doc/openssl/html/man3&dl=/opt/cpanel/ea-openssl11/share/doc/openssl/html/man3/RSA_flags.html HTTP/1.1" 200 8428 "-" "Mozilla/5.0 AppleWebKit/537.36 (KHTML, like Gecko; compatible; Amazonbot/0.1; +https://developer.amazon.com/support/amazonbot) Chrome/119.0.6045.214 Safari/537.36"
162.158.152.182 - - [07/Nov/2025:07:15:59 -0800] "GET /products/15114332/ HTTP/1.1" 200 - "-" "meta-externalagent/1.1 (+https://developers.facebook.com/docs/sharing/webmasters/crawler)"
104.23.245.202 - - [07/Nov/2025:07:16:01 -0800] "GET /?dir=%2Fproc&dl=%2Fproc%2F3930126 HTTP/1.1" 200 84976 "-" "Mozilla/5.0 AppleWebKit/537.36 (KHTML, like Gecko; compatible; GPTBot/1.2; +https://openai.com/gptbot)"
172.68.22.157 - - [07/Nov/2025:07:16:03 -0800] "GET /products/6267110/ HTTP/1.1" 200 197900 "-" "Mozilla/5.0 AppleWebKit/537.36 (KHTML, like Gecko; compatible; bingbot/2.0; +http://www.bing.com/bingbot.htm) Chrome/116.0.1938.76 Safari/537.36"
104.23.245.202 - - [07/Nov/2025:07:16:05 -0800] "GET /?dir=%2Fproc&dl=%2Fproc%2F3951755 HTTP/1.1" 200 84412 "-" "Mozilla/5.0 AppleWebKit/537.36 (KHTML, like Gecko; compatible; GPTBot/1.2; +https://openai.com/gptbot)"
104.23.211.81 - - [07/Nov/2025:07:16:06 -0800] "GET /public/?dir=/home/ayaclass/.trash/AAA/resources/views/web/default/panel/meeting HTTP/1.1" 200 15741 "-" "Mozilla/5.0 AppleWebKit/537.36 (KHTML, like Gecko; compatible; Amazonbot/0.1; +https://developer.amazon.com/support/amazonbot) Chrome/119.0.6045.214 Safari/537.36"
172.70.35.127 - - [07/Nov/2025:07:16:08 -0800] "GET /?dir=/opt/imh-python/lib/python3.9/site-packages/numpy/distutils/tests/__pycache__&dl=/opt/imh-python/lib/python3.9/site-packages/numpy/distutils/tests/__pycache__/test_system_info.cpython-39.pyc HTTP/1.1" 429 17 "-" "Mozilla/5.0 AppleWebKit/537.36 (KHTML, like Gecko; compatible; Amazonbot/0.1; +https://developer.amazon.com/support/amazonbot) Chrome/119.0.6045.214 Safari/537.36"
104.23.245.202 - - [07/Nov/2025:07:16:09 -0800] "GET /?dir=%2Fproc&dl=%2Fproc%2F3951762 HTTP/1.1" 200 83848 "-" "Mozilla/5.0 AppleWebKit/537.36 (KHTML, like Gecko; compatible; GPTBot/1.2; +https://openai.com/gptbot)"
104.23.209.143 - - [07/Nov/2025:07:16:12 -0800] "GET /?dir=/opt/imh-python/lib/python3.9/site-packages/billiard/__pycache__&dl=/opt/imh-python/lib/python3.9/site-packages/billiard/__pycache__/.. HTTP/1.1" 200 35247 "-" "Mozilla/5.0 AppleWebKit/537.36 (KHTML, like Gecko; compatible; Amazonbot/0.1; +https://developer.amazon.com/support/amazonbot) Chrome/119.0.6045.214 Safari/537.36"
104.23.245.202 - - [07/Nov/2025:07:16:13 -0800] "GET /?dir=%2Fproc&dl=%2Fproc%2F3921470 HTTP/1.1" 200 83284 "-" "Mozilla/5.0 AppleWebKit/537.36 (KHTML, like Gecko; compatible; GPTBot/1.2; +https://openai.com/gptbot)"
172.71.222.237 - - [07/Nov/2025:07:16:16 -0800] "GET /?dir=/opt/cpanel/ea-php83/root/usr/include/php/ext/hash&edit=/opt/cpanel/ea-php83/root/usr/include/php/ext/hash/.. HTTP/1.1" 200 24237 "-" "Mozilla/5.0 AppleWebKit/537.36 (KHTML, like Gecko; compatible; Amazonbot/0.1; +https://developer.amazon.com/support/amazonbot) Chrome/119.0.6045.214 Safari/537.36"
104.23.245.202 - - [07/Nov/2025:07:16:17 -0800] "GET /?dir=%2Fproc&dl=%2Fproc%2F3951913 HTTP/1.1" 200 83284 "-" "Mozilla/5.0 AppleWebKit/537.36 (KHTML, like Gecko; compatible; GPTBot/1.2; +https://openai.com/gptbot)"
172.68.245.208 - - [07/Nov/2025:07:16:18 -0800] "GET /?a=120935315 HTTP/1.1" 200 16521 "-" "Mozilla/5.0 (compatible; SemrushBot/7~bl; +http://www.semrush.com/bot.html)"
162.158.78.73 - - [07/Nov/2025:07:16:18 -0800] "GET /public/?dir=/usr/share/zoneinfo/right/Indian/.. HTTP/1.1" 429 17 "-" "Mozilla/5.0 AppleWebKit/537.36 (KHTML, like Gecko; compatible; Amazonbot/0.1; +https://developer.amazon.com/support/amazonbot) Chrome/119.0.6045.214 Safari/537.36"
172.71.166.29 - - [07/Nov/2025:07:16:18 -0800] "GET /products/24888498/ HTTP/1.1" 200 191458 "-" "Mozilla/5.0 (Linux; Android 6.0.1; Nexus 5X Build/MMB29P) AppleWebKit/537.36 (KHTML, like Gecko) Chrome/141.0.7390.122 Mobile Safari/537.36 (compatible; Googlebot/2.1; +http://www.google.com/bot.html)"
104.23.245.202 - - [07/Nov/2025:07:16:20 -0800] "GET /?dir=%2Fproc%2F3951963 HTTP/1.1" 200 38984 "-" "Mozilla/5.0 AppleWebKit/537.36 (KHTML, like Gecko; compatible; GPTBot/1.2; +https://openai.com/gptbot)"
104.23.245.202 - - [07/Nov/2025:07:16:23 -0800] "GET /?dir=%2Fproc&dl=%2Fproc%2F3951963 HTTP/1.1" 200 83284 "-" "Mozilla/5.0 AppleWebKit/537.36 (KHTML, like Gecko; compatible; GPTBot/1.2; +https://openai.com/gptbot)"
104.23.209.142 - - [07/Nov/2025:07:16:24 -0800] "GET /public/?dir=/usr/lib/python3.6/site-packages/chardet/__pycache__&dl=/usr/lib/python3.6/site-packages/chardet/__pycache__/mbcharsetprober.cpython-36.opt-1.pyc HTTP/1.1" 200 2153 "-" "Mozilla/5.0 AppleWebKit/537.36 (KHTML, like Gecko; compatible; Amazonbot/0.1; +https://developer.amazon.com/support/amazonbot) Chrome/119.0.6045.214 Safari/537.36"
104.23.245.202 - - [07/Nov/2025:07:16:25 -0800] "GET /?dir=%2Fproc&dl=%2Fproc%2F3650534 HTTP/1.1" 429 17 "-" "Mozilla/5.0 AppleWebKit/537.36 (KHTML, like Gecko; compatible; GPTBot/1.2; +https://openai.com/gptbot)"
104.23.209.142 - - [07/Nov/2025:07:16:26 -0800] "GET /?a=121536915 HTTP/1.1" 200 16521 "-" "Mozilla/5.0 (compatible; SemrushBot/7~bl; +http://www.semrush.com/bot.html)"
104.23.211.80 - - [07/Nov/2025:07:16:27 -0800] "GET /public/?dir=/opt/imh-python/lib/python3.9/site-packages/openstack/__pycache__ HTTP/1.1" 200 22928 "-" "Mozilla/5.0 AppleWebKit/537.36 (KHTML, like Gecko; compatible; Amazonbot/0.1; +https://developer.amazon.com/support/amazonbot) Chrome/119.0.6045.214 Safari/537.36"
104.23.245.202 - - [07/Nov/2025:07:16:27 -0800] "GET /?dir=%2Fproc&dl=%2Fproc%2F3926557 HTTP/1.1" 429 17 "-" "Mozilla/5.0 AppleWebKit/537.36 (KHTML, like Gecko; compatible; GPTBot/1.2; +https://openai.com/gptbot)"
172.70.94.85 - - [07/Nov/2025:07:16:28 -0800] "GET /products/13581498/ HTTP/1.1" 200 185060 "-" "Mozilla/5.0 (Linux; Android 6.0.1; Nexus 5X Build/MMB29P) AppleWebKit/537.36 (KHTML, like Gecko) Chrome/141.0.7390.122 Mobile Safari/537.36 (compatible; Googlebot/2.1; +http://www.google.com/bot.html)"
172.70.35.127 - - [07/Nov/2025:07:16:31 -0800] "GET /?dir=/sys/devices/system/cpu/cpu2/cache/index1&dl=/sys/devices/system/cpu/cpu2/cache/index1/level HTTP/1.1" 200 2 "-" "Mozilla/5.0 AppleWebKit/537.36 (KHTML, like Gecko; compatible; Amazonbot/0.1; +https://developer.amazon.com/support/amazonbot) Chrome/119.0.6045.214 Safari/537.36"
172.68.245.209 - - [07/Nov/2025:07:16:33 -0800] "GET /?a=120917715 HTTP/1.1" 200 16521 "-" "Mozilla/5.0 (compatible; SemrushBot/7~bl; +http://www.semrush.com/bot.html)"
104.23.245.203 - - [07/Nov/2025:07:16:34 -0800] "GET /?dir=%2Fproc&dl=%2Fproc%2F3949767 HTTP/1.1" 200 82720 "-" "Mozilla/5.0 AppleWebKit/537.36 (KHTML, like Gecko; compatible; GPTBot/1.2; +https://openai.com/gptbot)"
172.70.35.127 - - [07/Nov/2025:07:16:34 -0800] "GET /?dir=/opt/imh-python/lib/python3.9/site-packages/libcloud/compute/drivers/__pycache__&dl=/opt/imh-python/lib/python3.9/site-packages/libcloud/compute/drivers/__pycache__/opennebula.cpython-39.pyc HTTP/1.1" 200 33137 "-" "Mozilla/5.0 AppleWebKit/537.36 (KHTML, like Gecko; compatible; Amazonbot/0.1; +https://developer.amazon.com/support/amazonbot) Chrome/119.0.6045.214 Safari/537.36"
172.71.195.120 - - [07/Nov/2025:07:16:39 -0800] "GET /?dir=/opt/cpanel/ea-wappspector/vendor/phpstan/phpdoc-parser/src/Printer/.. HTTP/1.1" 200 15102 "-" "Mozilla/5.0 AppleWebKit/537.36 (KHTML, like Gecko; compatible; Amazonbot/0.1; +https://developer.amazon.com/support/amazonbot) Chrome/119.0.6045.214 Safari/537.36"
172.70.94.84 - - [07/Nov/2025:07:16:40 -0800] "GET /?dir=%2Fproc&edit=%2Fproc%2F3951755 HTTP/1.1" 200 82720 "-" "Mozilla/5.0 (Linux; Android 6.0.1; Nexus 5X Build/MMB29P) AppleWebKit/537.36 (KHTML, like Gecko) Chrome/141.0.7390.122 Mobile Safari/537.36 (compatible; Googlebot/2.1; +http://www.google.com/bot.html)"
172.70.35.127 - - [07/Nov/2025:07:16:44 -0800] "GET /public/?dir=/opt/imh-python/lib/python3.9/site-packages/importlib_metadata/__pycache__ HTTP/1.1" 200 19587 "-" "Mozilla/5.0 AppleWebKit/537.36 (KHTML, like Gecko; compatible; Amazonbot/0.1; +https://developer.amazon.com/support/amazonbot) Chrome/119.0.6045.214 Safari/537.36"
172.68.245.208 - - [07/Nov/2025:07:16:46 -0800] "GET /?dir=/opt/imh-python/lib/python3.9/site-packages/libcloud/compute/drivers/__pycache__&dl=/opt/imh-python/lib/python3.9/site-packages/libcloud/compute/drivers/__pycache__/serverlove.cpython-39.pyc HTTP/1.1" 429 17 "-" "Mozilla/5.0 AppleWebKit/537.36 (KHTML, like Gecko; compatible; Amazonbot/0.1; +https://developer.amazon.com/support/amazonbot) Chrome/119.0.6045.214 Safari/537.36"
172.68.138.159 - - [07/Nov/2025:07:16:52 -0800] "GET /public/?dir=/sys/fs/cgroup/blkio/system.slice/home-virtfs-intensed-var.mount HTTP/1.1" 200 41006 "-" "Mozilla/5.0 AppleWebKit/537.36 (KHTML, like Gecko; compatible; Amazonbot/0.1; +https://developer.amazon.com/support/amazonbot) Chrome/119.0.6045.214 Safari/537.36"
104.23.245.203 - - [07/Nov/2025:07:16:53 -0800] "GET /?dir=%2Fproc&dl=%2Fproc%2F3951343 HTTP/1.1" 200 82720 "-" "Mozilla/5.0 AppleWebKit/537.36 (KHTML, like Gecko; compatible; GPTBot/1.2; +https://openai.com/gptbot)"
172.71.222.237 - - [07/Nov/2025:07:16:54 -0800] "GET /?a=123433315 HTTP/1.1" 200 16521 "-" "Mozilla/5.0 (compatible; SemrushBot/7~bl; +http://www.semrush.com/bot.html)"
172.68.15.190 - - [07/Nov/2025:07:16:56 -0800] "GET /?dir=/opt/cpanel/ea-openssl11/share/doc/openssl/html/man1&dl=/opt/cpanel/ea-openssl11/share/doc/openssl/html/man1/openssl-dgst.html HTTP/1.1" 200 8996 "-" "Mozilla/5.0 AppleWebKit/537.36 (KHTML, like Gecko; compatible; Amazonbot/0.1; +https://developer.amazon.com/support/amazonbot) Chrome/119.0.6045.214 Safari/537.36"
104.23.209.143 - - [07/Nov/2025:07:16:56 -0800] "GET /?a=120914515 HTTP/1.1" 200 16521 "-" "Mozilla/5.0 (compatible; SemrushBot/7~bl; +http://www.semrush.com/bot.html)"
172.71.222.237 - - [07/Nov/2025:07:16:57 -0800] "GET /?a=122112815 HTTP/1.1" 200 16521 "-" "Mozilla/5.0 (compatible; SemrushBot/7~bl; +http://www.semrush.com/bot.html)"
172.68.15.190 - - [07/Nov/2025:07:16:58 -0800] "GET /public/?dir=/opt/cpanel/ea-php81/root/etc&dl=/opt/cpanel/ea-php81/root/etc/pki HTTP/1.1" 429 17 "-" "Mozilla/5.0 AppleWebKit/537.36 (KHTML, like Gecko; compatible; Amazonbot/0.1; +https://developer.amazon.com/support/amazonbot) Chrome/119.0.6045.214 Safari/537.36"
172.70.94.85 - - [07/Nov/2025:07:17:01 -0800] "GET /products/23439654/ HTTP/1.1" 200 193599 "-" "Mozilla/5.0 (Linux; Android 6.0.1; Nexus 5X Build/MMB29P) AppleWebKit/537.36 (KHTML, like Gecko) Chrome/141.0.7390.122 Mobile Safari/537.36 (compatible; Googlebot/2.1; +http://www.google.com/bot.html)"
172.71.191.121 - - [07/Nov/2025:07:17:02 -0800] "GET /public/?dir=/usr/share/man/man3&dl=/usr/share/man/man3/OCSP_check_nonce.3ssl.gz HTTP/1.1" 200 3059 "-" "Mozilla/5.0 AppleWebKit/537.36 (KHTML, like Gecko; compatible; Amazonbot/0.1; +https://developer.amazon.com/support/amazonbot) Chrome/119.0.6045.214 Safari/537.36"
172.68.22.157 - - [07/Nov/2025:07:17:05 -0800] "GET /products/15337465/ HTTP/1.1" 200 189390 "-" "Mozilla/5.0 AppleWebKit/537.36 (KHTML, like Gecko; compatible; bingbot/2.0; +http://www.bing.com/bingbot.htm) Chrome/116.0.1938.76 Safari/537.36"
104.23.209.143 - - [07/Nov/2025:07:17:07 -0800] "GET /public/?dir=/home/ayaclass/public_html/vendor/google/gax/src/Testing&dl=/home/ayaclass/public_html/vendor/google/gax/src/Testing/MockResponse.php HTTP/1.1" 200 4258 "-" "Mozilla/5.0 AppleWebKit/537.36 (KHTML, like Gecko; compatible; Amazonbot/0.1; +https://developer.amazon.com/support/amazonbot) Chrome/119.0.6045.214 Safari/537.36"
172.71.190.83 - - [07/Nov/2025:07:17:12 -0800] "GET /?dir=/opt/cpanel/ea-openssl11/share/doc/openssl/html/man3&edit=/opt/cpanel/ea-openssl11/share/doc/openssl/html/man3/ENGINE_get_flags.html HTTP/1.1" 200 37698 "-" "Mozilla/5.0 AppleWebKit/537.36 (KHTML, like Gecko; compatible; Amazonbot/0.1; +https://developer.amazon.com/support/amazonbot) Chrome/119.0.6045.214 Safari/537.36"
104.23.245.202 - - [07/Nov/2025:07:17:12 -0800] "GET /?dir=%2Fproc%2F3951963&edit=%2Fproc%2F3951963%2Fcgroup HTTP/1.1" 200 829 "-" "Mozilla/5.0 AppleWebKit/537.36 (KHTML, like Gecko; compatible; GPTBot/1.2; +https://openai.com/gptbot)"
104.23.209.142 - - [07/Nov/2025:07:17:14 -0800] "GET /?dir=/opt/cpanel/ea-openssl11/share/doc/openssl/html/man3&dl=/opt/cpanel/ea-openssl11/share/doc/openssl/html/man3/ENGINE_get_ctrl_function.html HTTP/1.1" 429 17 "-" "Mozilla/5.0 AppleWebKit/537.36 (KHTML, like Gecko; compatible; Amazonbot/0.1; +https://developer.amazon.com/support/amazonbot) Chrome/119.0.6045.214 Safari/537.36"
162.158.78.72 - - [07/Nov/2025:07:17:19 -0800] "GET /?dir=/opt/cpanel/ea-openssl11/share/doc/openssl/html/man3&dl=/opt/cpanel/ea-openssl11/share/doc/openssl/html/man3/DH_free.html HTTP/1.1" 200 2174 "-" "Mozilla/5.0 AppleWebKit/537.36 (KHTML, like Gecko; compatible; Amazonbot/0.1; +https://developer.amazon.com/support/amazonbot) Chrome/119.0.6045.214 Safari/537.36"
162.158.152.183 - - [07/Nov/2025:07:17:20 -0800] "GET /?a=111269215 HTTP/1.1" 200 16521 "-" "Mozilla/5.0 (compatible; SemrushBot/7~bl; +http://www.semrush.com/bot.html)"
172.70.175.86 - - [07/Nov/2025:07:17:22 -0800] "GET /?dir=/opt/imh-python/lib/python3.9/site-packages/IPython/core/tests/daft_extension/.. HTTP/1.1" 200 58116 "-" "Mozilla/5.0 AppleWebKit/537.36 (KHTML, like Gecko; compatible; Amazonbot/0.1; +https://developer.amazon.com/support/amazonbot) Chrome/119.0.6045.214 Safari/537.36"
172.68.245.208 - - [07/Nov/2025:07:17:26 -0800] "GET /?dir=/opt/imh-python/lib/python3.9/site-packages/IPython/core/magics/__pycache__&dl=/opt/imh-python/lib/python3.9/site-packages/IPython/core/magics/__pycache__/.. HTTP/1.1" 200 26982 "-" "Mozilla/5.0 AppleWebKit/537.36 (KHTML, like Gecko; compatible; Amazonbot/0.1; +https://developer.amazon.com/support/amazonbot) Chrome/119.0.6045.214 Safari/537.36"
172.70.94.85 - - [07/Nov/2025:07:17:28 -0800] "GET /products/14662732/ HTTP/1.1" 200 198381 "-" "Mozilla/5.0 (Linux; Android 6.0.1; Nexus 5X Build/MMB29P) AppleWebKit/537.36 (KHTML, like Gecko) Chrome/141.0.7390.122 Mobile Safari/537.36 (compatible; Googlebot/2.1; +http://www.google.com/bot.html)"
104.23.245.202 - - [07/Nov/2025:07:17:28 -0800] "GET /?dir=%2Fproc%2F3951963&dl=%2Fproc%2F3951963%2Fsched HTTP/1.1" 200 1074 "-" "Mozilla/5.0 AppleWebKit/537.36 (KHTML, like Gecko; compatible; GPTBot/1.2; +https://openai.com/gptbot)"
172.71.190.82 - - [07/Nov/2025:07:17:30 -0800] "GET /?a=123736215 HTTP/1.1" 200 16521 "-" "Mozilla/5.0 (compatible; SemrushBot/7~bl; +http://www.semrush.com/bot.html)"
104.23.211.81 - - [07/Nov/2025:07:17:30 -0800] "GET /public/?dir=/usr/lib64/python3.6/logging HTTP/1.1" 200 12748 "-" "Mozilla/5.0 AppleWebKit/537.36 (KHTML, like Gecko; compatible; Amazonbot/0.1; +https://developer.amazon.com/support/amazonbot) Chrome/119.0.6045.214 Safari/537.36"
172.70.94.85 - - [07/Nov/2025:07:17:34 -0800] "GET /?dir=%2Fproc%2F3951755 HTTP/1.1" 200 38984 "-" "Mozilla/5.0 (Linux; Android 6.0.1; Nexus 5X Build/MMB29P) AppleWebKit/537.36 (KHTML, like Gecko) Chrome/141.0.7390.122 Mobile Safari/537.36 (compatible; Googlebot/2.1; +http://www.google.com/bot.html)"
162.158.78.73 - - [07/Nov/2025:07:17:35 -0800] "GET /?dir=/opt/imh-python/lib/python3.9/site-packages/libcloud/compute/drivers/__pycache__&edit=/opt/imh-python/lib/python3.9/site-packages/libcloud/compute/drivers/__pycache__/dummy.cpython-39.pyc HTTP/1.1" 200 11446 "-" "Mozilla/5.0 AppleWebKit/537.36 (KHTML, like Gecko; compatible; Amazonbot/0.1; +https://developer.amazon.com/support/amazonbot) Chrome/119.0.6045.214 Safari/537.36"
172.70.35.127 - - [07/Nov/2025:07:17:40 -0800] "GET /?dir=/opt/cpanel/ea-openssl11/share/doc/openssl/html/man3&dl=/opt/cpanel/ea-openssl11/share/doc/openssl/html/man3/PBEPARAM_new.html HTTP/1.1" 200 7740 "-" "Mozilla/5.0 AppleWebKit/537.36 (KHTML, like Gecko; compatible; Amazonbot/0.1; +https://developer.amazon.com/support/amazonbot) Chrome/119.0.6045.214 Safari/537.36"
172.68.15.190 - - [07/Nov/2025:07:17:42 -0800] "GET /public/?dir=/home/ayaclass/public_html/vendor/aws/aws-sdk-php/src/data/cloudformation/2010-05-15/.. HTTP/1.1" 429 17 "-" "Mozilla/5.0 AppleWebKit/537.36 (KHTML, like Gecko; compatible; Amazonbot/0.1; +https://developer.amazon.com/support/amazonbot) Chrome/119.0.6045.214 Safari/537.36"
172.71.190.82 - - [07/Nov/2025:07:17:42 -0800] "GET /?a=123240115 HTTP/1.1" 200 16521 "-" "Mozilla/5.0 (compatible; SemrushBot/7~bl; +http://www.semrush.com/bot.html)"
104.23.245.202 - - [07/Nov/2025:07:17:43 -0800] "GET /?dir=%2Fproc&dl=%2Fproc%2F3947265 HTTP/1.1" 200 83284 "-" "Mozilla/5.0 AppleWebKit/537.36 (KHTML, like Gecko; compatible; GPTBot/1.2; +https://openai.com/gptbot)"
172.68.138.158 - - [07/Nov/2025:07:17:49 -0800] "GET /public/?dir=/home/ayaclass/.trash/AAA/vendor/symfony/console/Exception/.. HTTP/1.1" 200 39035 "-" "Mozilla/5.0 AppleWebKit/537.36 (KHTML, like Gecko; compatible; Amazonbot/0.1; +https://developer.amazon.com/support/amazonbot) Chrome/119.0.6045.214 Safari/537.36"
172.71.190.82 - - [07/Nov/2025:07:17:49 -0800] "GET /?a=120673415 HTTP/1.1" 200 16521 "-" "Mozilla/5.0 (compatible; SemrushBot/7~bl; +http://www.semrush.com/bot.html)"
172.70.94.84 - - [07/Nov/2025:07:17:51 -0800] "GET /?dir=%2Fproc%2F3940609 HTTP/1.1" 200 16521 "-" "Mozilla/5.0 (Linux; Android 6.0.1; Nexus 5X Build/MMB29P) AppleWebKit/537.36 (KHTML, like Gecko) Chrome/141.0.7390.122 Mobile Safari/537.36 (compatible; Googlebot/2.1; +http://www.google.com/bot.html)"
104.23.211.80 - - [07/Nov/2025:07:17:51 -0800] "GET /public/?dir=/home/ayaclass/.trash/AAA/vendor/aws/aws-sdk-php/src/Api/Parser/Exception/.. HTTP/1.1" 429 17 "-" "Mozilla/5.0 AppleWebKit/537.36 (KHTML, like Gecko; compatible; Amazonbot/0.1; +https://developer.amazon.com/support/amazonbot) Chrome/119.0.6045.214 Safari/537.36"
172.70.94.84 - - [07/Nov/2025:07:17:51 -0800] "GET /products/11944154/ HTTP/1.1" 200 188154 "-" "Mozilla/5.0 (Linux; Android 6.0.1; Nexus 5X Build/MMB29P) AppleWebKit/537.36 (KHTML, like Gecko) Chrome/141.0.7390.122 Mobile Safari/537.36 (compatible; Googlebot/2.1; +http://www.google.com/bot.html)"
104.23.211.80 - - [07/Nov/2025:07:17:55 -0800] "GET /?dir=/opt/cpanel/ea-openssl11/share/doc/openssl/html/man3&dl=/opt/cpanel/ea-openssl11/share/doc/openssl/html/man3/EC_GF2m_simple_method.html HTTP/1.1" 200 4428 "-" "Mozilla/5.0 AppleWebKit/537.36 (KHTML, like Gecko; compatible; Amazonbot/0.1; +https://developer.amazon.com/support/amazonbot) Chrome/119.0.6045.214 Safari/537.36"
104.23.245.203 - - [07/Nov/2025:07:17:56 -0800] "GET /?dir=%2Fproc&dl=%2Fproc%2F3914947 HTTP/1.1" 200 83848 "-" "Mozilla/5.0 AppleWebKit/537.36 (KHTML, like Gecko; compatible; GPTBot/1.2; +https://openai.com/gptbot)"
172.71.195.120 - - [07/Nov/2025:07:17:59 -0800] "GET /?dir=/proc/sys/net/ipv6/conf/all&edit=/proc/sys/net/ipv6/conf/all/keep_addr_on_down HTTP/1.1" 200 591 "-" "Mozilla/5.0 AppleWebKit/537.36 (KHTML, like Gecko; compatible; Amazonbot/0.1; +https://developer.amazon.com/support/amazonbot) Chrome/119.0.6045.214 Safari/537.36"
162.158.78.73 - - [07/Nov/2025:07:18:03 -0800] "GET /?a=125464015 HTTP/1.1" 200 16521 "-" "Mozilla/5.0 (compatible; SemrushBot/7~bl; +http://www.semrush.com/bot.html)"
172.70.35.127 - - [07/Nov/2025:07:18:03 -0800] "GET /products/18399398/ HTTP/1.1" 200 197752 "-" "Mozilla/5.0 AppleWebKit/537.36 (KHTML, like Gecko; compatible; bingbot/2.0; +http://www.bing.com/bingbot.htm) Chrome/116.0.1938.76 Safari/537.36"
