104.23.211.81 - - [07/Nov/2025:04:02:03 -0800] "GET /public/?dir=/usr/lib/rads/venv/lib/python3.13/site-packages/pip-25.3.dist-info/.. HTTP/1.1" 429 17 "-" "Mozilla/5.0 AppleWebKit/537.36 (KHTML, like Gecko; compatible; Amazonbot/0.1; +https://developer.amazon.com/support/amazonbot) Chrome/119.0.6045.214 Safari/537.36"
104.23.245.203 - - [07/Nov/2025:04:02:03 -0800] "GET /?dir=%2Frun%2Fdbus HTTP/1.1" 200 10289 "-" "Mozilla/5.0 AppleWebKit/537.36 (KHTML, like Gecko; compatible; GPTBot/1.2; +https://openai.com/gptbot)"
172.68.15.191 - - [07/Nov/2025:04:02:08 -0800] "GET /?dir=/opt/imh-python/lib/python3.9/site-packages/openstack/image/v1/__pycache__&dl=/opt/imh-python/lib/python3.9/site-packages/openstack/image/v1/__pycache__/__init__.cpython-39.pyc HTTP/1.1" 200 230 "-" "Mozilla/5.0 AppleWebKit/537.36 (KHTML, like Gecko; compatible; Amazonbot/0.1; +https://developer.amazon.com/support/amazonbot) Chrome/119.0.6045.214 Safari/537.36"
104.23.245.203 - - [07/Nov/2025:04:02:10 -0800] "GET /?dir=%2Fusr%2Fsbin&edit=%2Fusr%2Fsbin%2Fgrub2-get-kernel-settings HTTP/1.1" 200 3616 "-" "Mozilla/5.0 AppleWebKit/537.36 (KHTML, like Gecko; compatible; GPTBot/1.2; +https://openai.com/gptbot)"
172.71.195.120 - - [07/Nov/2025:04:02:10 -0800] "GET /?dir=/opt/cpanel/ea-openssl11/share/doc/openssl/html/man3&dl=/opt/cpanel/ea-openssl11/share/doc/openssl/html/man3/EVP_DecodeInit.html HTTP/1.1" 429 17 "-" "Mozilla/5.0 AppleWebKit/537.36 (KHTML, like Gecko; compatible; Amazonbot/0.1; +https://developer.amazon.com/support/amazonbot) Chrome/119.0.6045.214 Safari/537.36"
104.23.213.13 - - [07/Nov/2025:04:02:15 -0800] "GET /?dir=/opt/imh-python/lib/python3.9/site-packages/billiard/__pycache__&dl=/opt/imh-python/lib/python3.9/site-packages/billiard/__pycache__/resource_sharer.cpython-39.pyc HTTP/1.1" 200 5364 "-" "Mozilla/5.0 AppleWebKit/537.36 (KHTML, like Gecko; compatible; Amazonbot/0.1; +https://developer.amazon.com/support/amazonbot) Chrome/119.0.6045.214 Safari/537.36"
104.23.245.202 - - [07/Nov/2025:04:02:16 -0800] "GET /?dir=%2Fboot%2F.. HTTP/1.1" 200 27914 "-" "Mozilla/5.0 AppleWebKit/537.36 (KHTML, like Gecko; compatible; GPTBot/1.2; +https://openai.com/gptbot)"
172.70.35.127 - - [07/Nov/2025:04:02:18 -0800] "GET /?dir=/opt/cpanel/ea-openssl11/share/doc/openssl/html/man3&dl=/opt/cpanel/ea-openssl11/share/doc/openssl/html/man3/DH_compute_key.html HTTP/1.1" 200 3544 "-" "Mozilla/5.0 AppleWebKit/537.36 (KHTML, like Gecko; compatible; Amazonbot/0.1; +https://developer.amazon.com/support/amazonbot) Chrome/119.0.6045.214 Safari/537.36"
104.23.245.202 - - [07/Nov/2025:04:02:21 -0800] "GET /?dir=%2Fetc&dl=%2Fetc%2Fenvironment-modules HTTP/1.1" 200 191949 "-" "Mozilla/5.0 AppleWebKit/537.36 (KHTML, like Gecko; compatible; GPTBot/1.2; +https://openai.com/gptbot)"
172.70.35.127 - - [07/Nov/2025:04:02:22 -0800] "GET /products/14057232/ HTTP/1.1" 200 206939 "-" "Mozilla/5.0 AppleWebKit/537.36 (KHTML, like Gecko; compatible; bingbot/2.0; +http://www.bing.com/bingbot.htm) Chrome/116.0.1938.76 Safari/537.36"
172.71.190.83 - - [07/Nov/2025:04:02:22 -0800] "GET /public/?dir=/opt/imh-python/lib/python3.9/site-packages/numpy/fft HTTP/1.1" 200 18278 "-" "Mozilla/5.0 AppleWebKit/537.36 (KHTML, like Gecko; compatible; Amazonbot/0.1; +https://developer.amazon.com/support/amazonbot) Chrome/119.0.6045.214 Safari/537.36"
172.68.138.159 - - [07/Nov/2025:04:02:24 -0800] "GET /?a=114139415 HTTP/1.1" 200 16521 "-" "Mozilla/5.0 (compatible; SemrushBot/7~bl; +http://www.semrush.com/bot.html)"
104.23.245.202 - - [07/Nov/2025:04:02:26 -0800] "GET /?dir=%2Frun%2Fuser&edit=%2Frun%2Fuser%2F0 HTTP/1.1" 200 10252 "-" "Mozilla/5.0 AppleWebKit/537.36 (KHTML, like Gecko; compatible; GPTBot/1.2; +https://openai.com/gptbot)"
172.68.138.159 - - [07/Nov/2025:04:02:26 -0800] "GET /public/?dir=/opt/cpanel/ea-openssl11/share/man/man1&dl=/opt/cpanel/ea-openssl11/share/man/man1/openssl-c_rehash.1 HTTP/1.1" 200 8775 "-" "Mozilla/5.0 AppleWebKit/537.36 (KHTML, like Gecko; compatible; Amazonbot/0.1; +https://developer.amazon.com/support/amazonbot) Chrome/119.0.6045.214 Safari/537.36"
104.23.245.202 - - [07/Nov/2025:04:02:31 -0800] "GET /?dir=%2Frun%2Fuser&dl=%2Frun%2Fuser%2F.. HTTP/1.1" 200 10252 "-" "Mozilla/5.0 AppleWebKit/537.36 (KHTML, like Gecko; compatible; GPTBot/1.2; +https://openai.com/gptbot)"
172.68.245.209 - - [07/Nov/2025:04:02:34 -0800] "GET /products/11798310/ HTTP/1.1" 200 - "-" "meta-externalagent/1.1 (+https://developers.facebook.com/docs/sharing/webmasters/crawler)"
172.71.222.236 - - [07/Nov/2025:04:02:34 -0800] "GET /public/?dir=/usr/lib/python3.6/site-packages/pip/commands/__pycache__&edit=/usr/lib/python3.6/site-packages/pip/commands/__pycache__/list.cpython-36.pyc HTTP/1.1" 200 11207 "-" "Mozilla/5.0 AppleWebKit/537.36 (KHTML, like Gecko; compatible; Amazonbot/0.1; +https://developer.amazon.com/support/amazonbot) Chrome/119.0.6045.214 Safari/537.36"
104.23.245.202 - - [07/Nov/2025:04:02:35 -0800] "GET /?dir=%2Frun%2Fdbus&dl=%2Frun%2Fdbus%2F.. HTTP/1.1" 200 10289 "-" "Mozilla/5.0 AppleWebKit/537.36 (KHTML, like Gecko; compatible; GPTBot/1.2; +https://openai.com/gptbot)"
172.70.175.85 - - [07/Nov/2025:04:02:35 -0800] "GET /public/?dir=/var/softaculous/subrion/php81 HTTP/1.1" 429 17 "-" "Mozilla/5.0 AppleWebKit/537.36 (KHTML, like Gecko; compatible; Amazonbot/0.1; +https://developer.amazon.com/support/amazonbot) Chrome/119.0.6045.214 Safari/537.36"
104.23.245.202 - - [07/Nov/2025:04:02:38 -0800] "GET /?dir=%2Frun%2Fuser&dl=%2Frun%2Fuser%2F0 HTTP/1.1" 200 10252 "-" "Mozilla/5.0 AppleWebKit/537.36 (KHTML, like Gecko; compatible; GPTBot/1.2; +https://openai.com/gptbot)"
172.71.222.236 - - [07/Nov/2025:04:02:38 -0800] "GET /?dir=/opt/cpanel/ea-openssl11/share/doc/openssl/html/man3&dl=/opt/cpanel/ea-openssl11/share/doc/openssl/html/man3/ASN1_UTCTIME_cmp_time_t.html HTTP/1.1" 200 12808 "-" "Mozilla/5.0 AppleWebKit/537.36 (KHTML, like Gecko; compatible; Amazonbot/0.1; +https://developer.amazon.com/support/amazonbot) Chrome/119.0.6045.214 Safari/537.36"
108.162.245.21 - - [07/Nov/2025:04:02:39 -0800] "GET /products/19703843/ HTTP/1.1" 200 184976 "-" "Mozilla/5.0 AppleWebKit/537.36 (KHTML, like Gecko; compatible; bingbot/2.0; +http://www.bing.com/bingbot.htm) Chrome/116.0.1938.76 Safari/537.36"
104.23.245.202 - - [07/Nov/2025:04:02:41 -0800] "GET /?dir=%2Frun%2Fdbus&edit=%2Frun%2Fdbus%2F.. HTTP/1.1" 200 10289 "-" "Mozilla/5.0 AppleWebKit/537.36 (KHTML, like Gecko; compatible; GPTBot/1.2; +https://openai.com/gptbot)"
162.158.152.183 - - [07/Nov/2025:04:02:42 -0800] "GET /public/?dir=/home/ayaclass/public_html/vendor/aws/aws-sdk-php/src/AppRegistry&edit=/home/ayaclass/public_html/vendor/aws/aws-sdk-php/src/AppRegistry/AppRegistryClient.php HTTP/1.1" 200 4267 "-" "Mozilla/5.0 AppleWebKit/537.36 (KHTML, like Gecko; compatible; Amazonbot/0.1; +https://developer.amazon.com/support/amazonbot) Chrome/119.0.6045.214 Safari/537.36"
104.23.245.202 - - [07/Nov/2025:04:02:44 -0800] "GET /?dir=%2Frun%2Fuser&edit=%2Frun%2Fuser%2F.. HTTP/1.1" 200 10252 "-" "Mozilla/5.0 AppleWebKit/537.36 (KHTML, like Gecko; compatible; GPTBot/1.2; +https://openai.com/gptbot)"
104.23.245.202 - - [07/Nov/2025:04:02:46 -0800] "GET /?dir=%2Fusr%2Fbin&edit=%2Fusr%2Fbin%2Fshowconsolefont HTTP/1.1" 429 17 "-" "Mozilla/5.0 AppleWebKit/537.36 (KHTML, like Gecko; compatible; GPTBot/1.2; +https://openai.com/gptbot)"
172.68.245.209 - - [07/Nov/2025:04:02:47 -0800] "GET /public/?dir=/home/ayaclass/public_html/vendor/google/apiclient-services/src/Digitalassetlinks&edit=/home/ayaclass/public_html/vendor/google/apiclient-services/src/Digitalassetlinks/CheckResponse.php HTTP/1.1" 200 2668 "-" "Mozilla/5.0 AppleWebKit/537.36 (KHTML, like Gecko; compatible; Amazonbot/0.1; +https://developer.amazon.com/support/amazonbot) Chrome/119.0.6045.214 Safari/537.36"
104.23.245.202 - - [07/Nov/2025:04:02:49 -0800] "GET /?dir=%2Fusr%2Fshare%2Fbash-completion%2Fcompletions&dl=%2Fusr%2Fshare%2Fbash-completion%2Fcompletions%2Fgdbus HTTP/1.1" 200 935 "-" "Mozilla/5.0 AppleWebKit/537.36 (KHTML, like Gecko; compatible; GPTBot/1.2; +https://openai.com/gptbot)"
104.23.209.142 - - [07/Nov/2025:04:02:50 -0800] "GET /?a=121049015 HTTP/1.1" 200 16521 "-" "Mozilla/5.0 (compatible; SemrushBot/7~bl; +http://www.semrush.com/bot.html)"
172.71.222.236 - - [07/Nov/2025:04:02:51 -0800] "GET /?dir=/opt/cpanel/ea-openssl11/share/doc/openssl/html/man3&dl=/opt/cpanel/ea-openssl11/share/doc/openssl/html/man3/ECPKPARAMETERS_free.html HTTP/1.1" 200 7740 "-" "Mozilla/5.0 AppleWebKit/537.36 (KHTML, like Gecko; compatible; Amazonbot/0.1; +https://developer.amazon.com/support/amazonbot) Chrome/119.0.6045.214 Safari/537.36"
172.68.15.191 - - [07/Nov/2025:04:02:56 -0800] "GET /public/?dir=/opt/imh-python/lib/python3.9/site-packages/munch-4.0.0.dist-info&dl=/opt/imh-python/lib/python3.9/site-packages/munch-4.0.0.dist-info/pbr.json HTTP/1.1" 200 47 "-" "Mozilla/5.0 AppleWebKit/537.36 (KHTML, like Gecko; compatible; Amazonbot/0.1; +https://developer.amazon.com/support/amazonbot) Chrome/119.0.6045.214 Safari/537.36"
104.23.245.203 - - [07/Nov/2025:04:02:56 -0800] "GET /?dir=%2Frun&dl=%2Frun%2Frestartsrv_cphulkd HTTP/1.1" 200 - "-" "Mozilla/5.0 AppleWebKit/537.36 (KHTML, like Gecko; compatible; GPTBot/1.2; +https://openai.com/gptbot)"
172.68.15.191 - - [07/Nov/2025:04:02:59 -0800] "GET /public/?dir=/home/ayaclass/.trash/AAA/vendor/aws/aws-sdk-php/src/data/lookoutvision HTTP/1.1" 200 11900 "-" "Mozilla/5.0 AppleWebKit/537.36 (KHTML, like Gecko; compatible; Amazonbot/0.1; +https://developer.amazon.com/support/amazonbot) Chrome/119.0.6045.214 Safari/537.36"
104.23.245.202 - - [07/Nov/2025:04:03:02 -0800] "GET /?dir=%2Fusr%2Fshare%2Fbash-completion%2Fcompletions&edit=%2Fusr%2Fshare%2Fbash-completion%2Fcompletions%2Fgpg HTTP/1.1" 200 2021 "-" "Mozilla/5.0 AppleWebKit/537.36 (KHTML, like Gecko; compatible; GPTBot/1.2; +https://openai.com/gptbot)"
172.71.222.237 - - [07/Nov/2025:04:03:02 -0800] "GET /?a=120829015 HTTP/1.1" 200 16521 "-" "Mozilla/5.0 (compatible; SemrushBot/7~bl; +http://www.semrush.com/bot.html)"
172.68.245.208 - - [07/Nov/2025:04:03:03 -0800] "GET /?dir=/opt/imh-python/lib/python3.9/asyncio/__pycache__&edit=/opt/imh-python/lib/python3.9/asyncio/__pycache__/format_helpers.cpython-39.pyc HTTP/1.1" 200 3263 "-" "Mozilla/5.0 AppleWebKit/537.36 (KHTML, like Gecko; compatible; Amazonbot/0.1; +https://developer.amazon.com/support/amazonbot) Chrome/119.0.6045.214 Safari/537.36"
104.23.245.202 - - [07/Nov/2025:04:03:08 -0800] "GET /?dir=%2Fusr%2Fshare%2Fbash-completion%2Fcompletions&edit=%2Fusr%2Fshare%2Fbash-completion%2Fcompletions%2Fwtf HTTP/1.1" 200 1649 "-" "Mozilla/5.0 AppleWebKit/537.36 (KHTML, like Gecko; compatible; GPTBot/1.2; +https://openai.com/gptbot)"
172.70.175.86 - - [07/Nov/2025:04:03:10 -0800] "GET /public/?dir=/home/ayaclass/public_html/vendor/google/apiclient-services/src/Playcustomapp/Resource&dl=/home/ayaclass/public_html/vendor/google/apiclient-services/src/Playcustomapp/Resource/Accounts.php HTTP/1.1" 200 1074 "-" "Mozilla/5.0 AppleWebKit/537.36 (KHTML, like Gecko; compatible; Amazonbot/0.1; +https://developer.amazon.com/support/amazonbot) Chrome/119.0.6045.214 Safari/537.36"
162.158.78.72 - - [07/Nov/2025:04:03:10 -0800] "GET /public/?dir=/var/cache/dnf/wp-toolkit-thirdparties-0e2a70fe1ad85047 HTTP/1.1" 429 17 "-" "Mozilla/5.0 AppleWebKit/537.36 (KHTML, like Gecko; compatible; Amazonbot/0.1; +https://developer.amazon.com/support/amazonbot) Chrome/119.0.6045.214 Safari/537.36"
172.71.195.119 - - [07/Nov/2025:04:03:11 -0800] "GET /products/28597865/ HTTP/1.1" 200 190477 "-" "Mozilla/5.0 AppleWebKit/537.36 (KHTML, like Gecko; compatible; bingbot/2.0; +http://www.bing.com/bingbot.htm) Chrome/116.0.1938.76 Safari/537.36"
172.71.195.119 - - [07/Nov/2025:04:03:12 -0800] "GET /products/16487432/ HTTP/1.1" 200 207963 "-" "Mozilla/5.0 AppleWebKit/537.36 (KHTML, like Gecko; compatible; bingbot/2.0; +http://www.bing.com/bingbot.htm) Chrome/116.0.1938.76 Safari/537.36"
104.23.245.202 - - [07/Nov/2025:04:03:13 -0800] "GET /?dir=%2Fusr%2Fshare%2Fbash-completion%2Fcompletions&dl=%2Fusr%2Fshare%2Fbash-completion%2Fcompletions%2Fncftp HTTP/1.1" 200 629 "-" "Mozilla/5.0 AppleWebKit/537.36 (KHTML, like Gecko; compatible; GPTBot/1.2; +https://openai.com/gptbot)"
172.71.195.119 - - [07/Nov/2025:04:03:15 -0800] "GET /public/?dir=/opt/cpanel/ea-wappspector/src/MatchResult&dl=/opt/cpanel/ea-wappspector/src/MatchResult/Sitepro.php HTTP/1.1" 200 183 "-" "Mozilla/5.0 AppleWebKit/537.36 (KHTML, like Gecko; compatible; Amazonbot/0.1; +https://developer.amazon.com/support/amazonbot) Chrome/119.0.6045.214 Safari/537.36"
172.70.175.86 - - [07/Nov/2025:04:03:15 -0800] "GET /?a=121552215 HTTP/1.1" 200 16521 "-" "Mozilla/5.0 (compatible; SemrushBot/7~bl; +http://www.semrush.com/bot.html)"
104.23.245.202 - - [07/Nov/2025:04:03:17 -0800] "GET /?dir=%2Fusr%2Fshare%2Fbash-completion%2Fcompletions&dl=%2Fusr%2Fshare%2Fbash-completion%2Fcompletions%2Fypcat HTTP/1.1" 200 768 "-" "Mozilla/5.0 AppleWebKit/537.36 (KHTML, like Gecko; compatible; GPTBot/1.2; +https://openai.com/gptbot)"
172.71.222.236 - - [07/Nov/2025:04:03:18 -0800] "GET /?dir=/opt/cpanel/ea-wappspector/vendor/phar-io/version&edit=/opt/cpanel/ea-wappspector/vendor/phar-io/version/README.md HTTP/1.1" 200 3122 "-" "Mozilla/5.0 AppleWebKit/537.36 (KHTML, like Gecko; compatible; Amazonbot/0.1; +https://developer.amazon.com/support/amazonbot) Chrome/119.0.6045.214 Safari/537.36"
172.71.190.82 - - [07/Nov/2025:04:03:18 -0800] "GET /?a=778148615 HTTP/1.1" 200 16521 "-" "Mozilla/5.0 (compatible; SemrushBot/7~bl; +http://www.semrush.com/bot.html)"
162.158.41.204 - - [07/Nov/2025:04:03:20 -0800] "GET /products/4263987/ HTTP/1.1" 200 192525 "-" "Mozilla/5.0 AppleWebKit/537.36 (KHTML, like Gecko; compatible; bingbot/2.0; +http://www.bing.com/bingbot.htm) Chrome/116.0.1938.76 Safari/537.36"
104.23.245.202 - - [07/Nov/2025:04:03:21 -0800] "GET /?dir=%2Fusr%2Fshare%2Fbash-completion%2Fcompletions&dl=%2Fusr%2Fshare%2Fbash-completion%2Fcompletions%2Fvpnc HTTP/1.1" 200 1687 "-" "Mozilla/5.0 AppleWebKit/537.36 (KHTML, like Gecko; compatible; GPTBot/1.2; +https://openai.com/gptbot)"
162.158.78.73 - - [07/Nov/2025:04:03:24 -0800] "GET /public/?dir=/usr/share/zoneinfo/posix/Etc&dl=/usr/share/zoneinfo/posix/Etc/GMT-1 HTTP/1.1" 200 149 "-" "Mozilla/5.0 AppleWebKit/537.36 (KHTML, like Gecko; compatible; Amazonbot/0.1; +https://developer.amazon.com/support/amazonbot) Chrome/119.0.6045.214 Safari/537.36"
104.23.245.202 - - [07/Nov/2025:04:03:25 -0800] "GET /?dir=%2Fusr%2Fshare%2Fbash-completion%2Fcompletions&dl=%2Fusr%2Fshare%2Fbash-completion%2Fcompletions%2Fmkfs HTTP/1.1" 200 638 "-" "Mozilla/5.0 AppleWebKit/537.36 (KHTML, like Gecko; compatible; GPTBot/1.2; +https://openai.com/gptbot)"
172.68.15.190 - - [07/Nov/2025:04:03:28 -0800] "GET /?dir=/usr/lib/python3.6/site-packages/dns/__pycache__&edit=/usr/lib/python3.6/site-packages/dns/__pycache__/inet.cpython-36.opt-1.pyc HTTP/1.1" 200 3052 "-" "Mozilla/5.0 AppleWebKit/537.36 (KHTML, like Gecko; compatible; Amazonbot/0.1; +https://developer.amazon.com/support/amazonbot) Chrome/119.0.6045.214 Safari/537.36"
104.23.245.202 - - [07/Nov/2025:04:03:28 -0800] "GET /?dir=%2Fusr%2Fshare%2Fbash-completion%2Fcompletions&edit=%2Fusr%2Fshare%2Fbash-completion%2Fcompletions%2Fbk HTTP/1.1" 200 1081 "-" "Mozilla/5.0 AppleWebKit/537.36 (KHTML, like Gecko; compatible; GPTBot/1.2; +https://openai.com/gptbot)"
172.71.255.134 - - [07/Nov/2025:04:03:29 -0800] "GET /?dir=%2Fhome%2Fayaclass&edit=%2Fhome%2Fayaclass%2Fetc HTTP/1.1" 200 27805 "-" "Mozilla/5.0 AppleWebKit/537.36 (KHTML, like Gecko; compatible; ClaudeBot/1.0; +claudebot@anthropic.com)"
104.23.245.202 - - [07/Nov/2025:04:03:31 -0800] "GET /?dir=%2Fusr%2Fshare%2Fbash-completion%2Fcompletions&dl=%2Fusr%2Fshare%2Fbash-completion%2Fcompletions%2Ffsck HTTP/1.1" 200 787 "-" "Mozilla/5.0 AppleWebKit/537.36 (KHTML, like Gecko; compatible; GPTBot/1.2; +https://openai.com/gptbot)"
172.68.15.190 - - [07/Nov/2025:04:03:32 -0800] "GET /public/?dir=/home/ayaclass/public_html/vendor/google/apiclient-services/src/DatabaseMigrationService&dl=/home/ayaclass/public_html/vendor/google/apiclient-services/src/DatabaseMigrationService/RollbackConversionWorkspaceRequest.php HTTP/1.1" 200 934 "-" "Mozilla/5.0 AppleWebKit/537.36 (KHTML, like Gecko; compatible; Amazonbot/0.1; +https://developer.amazon.com/support/amazonbot) Chrome/119.0.6045.214 Safari/537.36"
172.71.166.28 - - [07/Nov/2025:04:03:33 -0800] "GET /products/24028465/ HTTP/1.1" 200 190608 "-" "Mozilla/5.0 (Linux; Android 6.0.1; Nexus 5X Build/MMB29P) AppleWebKit/537.36 (KHTML, like Gecko) Chrome/141.0.7390.122 Mobile Safari/537.36 (compatible; Googlebot/2.1; +http://www.google.com/bot.html)"
172.71.166.28 - - [07/Nov/2025:04:03:34 -0800] "GET /products/13166198/ HTTP/1.1" 200 200267 "-" "Mozilla/5.0 (Linux; Android 6.0.1; Nexus 5X Build/MMB29P) AppleWebKit/537.36 (KHTML, like Gecko) Chrome/141.0.7390.122 Mobile Safari/537.36 (compatible; Googlebot/2.1; +http://www.google.com/bot.html)"
104.23.245.202 - - [07/Nov/2025:04:03:34 -0800] "GET /?dir=%2Fusr%2Fshare%2Fbash-completion%2Fcompletions&dl=%2Fusr%2Fshare%2Fbash-completion%2Fcompletions%2Fmysql HTTP/1.1" 200 2532 "-" "Mozilla/5.0 AppleWebKit/537.36 (KHTML, like Gecko; compatible; GPTBot/1.2; +https://openai.com/gptbot)"
172.68.245.209 - - [07/Nov/2025:04:03:36 -0800] "GET /public/?dir=/home/ayaclass/public_html/vendor/google/apiclient-services/src/ServiceConsumerManagement&dl=/home/ayaclass/public_html/vendor/google/apiclient-services/src/ServiceConsumerManagement/PhpSettings.php HTTP/1.1" 200 1215 "-" "Mozilla/5.0 AppleWebKit/537.36 (KHTML, like Gecko; compatible; Amazonbot/0.1; +https://developer.amazon.com/support/amazonbot) Chrome/119.0.6045.214 Safari/537.36"
172.71.195.120 - - [07/Nov/2025:04:03:36 -0800] "GET /?a=123192415 HTTP/1.1" 200 16521 "-" "Mozilla/5.0 (compatible; SemrushBot/7~bl; +http://www.semrush.com/bot.html)"
104.23.245.202 - - [07/Nov/2025:04:03:36 -0800] "GET /?dir=%2Fusr%2Fshare%2Fbash-completion%2Fcompletions&edit=%2Fusr%2Fshare%2Fbash-completion%2Fcompletions%2Fxxd HTTP/1.1" 429 17 "-" "Mozilla/5.0 AppleWebKit/537.36 (KHTML, like Gecko; compatible; GPTBot/1.2; +https://openai.com/gptbot)"
172.70.35.127 - - [07/Nov/2025:04:03:38 -0800] "GET /?dir=/proc/sys/kernel/sched_domain/cpu96/domain2&dl=/proc/sys/kernel/sched_domain/cpu96/domain2/idle_idx HTTP/1.1" 429 17 "-" "Mozilla/5.0 AppleWebKit/537.36 (KHTML, like Gecko; compatible; Amazonbot/0.1; +https://developer.amazon.com/support/amazonbot) Chrome/119.0.6045.214 Safari/537.36"
104.23.245.202 - - [07/Nov/2025:04:03:38 -0800] "GET /?dir=%2Fusr%2Fshare%2Fbash-completion%2Fcompletions&dl=%2Fusr%2Fshare%2Fbash-completion%2Fcompletions%2Fchfn HTTP/1.1" 429 17 "-" "Mozilla/5.0 AppleWebKit/537.36 (KHTML, like Gecko; compatible; GPTBot/1.2; +https://openai.com/gptbot)"
172.70.175.85 - - [07/Nov/2025:04:03:40 -0800] "GET /?a=15516715 HTTP/1.1" 200 16521 "-" "Mozilla/5.0 (compatible; SemrushBot/7~bl; +http://www.semrush.com/bot.html)"
172.68.245.208 - - [07/Nov/2025:04:03:43 -0800] "GET /?dir=/proc/sys/kernel/sched_domain/cpu92/domain1&dl=/proc/sys/kernel/sched_domain/cpu92/domain1/.. HTTP/1.1" 200 20219 "-" "Mozilla/5.0 AppleWebKit/537.36 (KHTML, like Gecko; compatible; Amazonbot/0.1; +https://developer.amazon.com/support/amazonbot) Chrome/119.0.6045.214 Safari/537.36"
104.23.245.202 - - [07/Nov/2025:04:03:45 -0800] "GET /?dir=%2Fusr%2Fshare%2Fbash-completion%2Fcompletions&dl=%2Fusr%2Fshare%2Fbash-completion%2Fcompletions%2Fwatch HTTP/1.1" 200 1161 "-" "Mozilla/5.0 AppleWebKit/537.36 (KHTML, like Gecko; compatible; GPTBot/1.2; +https://openai.com/gptbot)"
172.68.245.208 - - [07/Nov/2025:04:03:46 -0800] "GET /public/?dir=/home/ayaclass/public_html/vendor/google/apiclient-services/src/Contentwarehouse&dl=/home/ayaclass/public_html/vendor/google/apiclient-services/src/Contentwarehouse/IndexingDupsLocalizedLocalizedClusterTargetLink.php HTTP/1.1" 200 2805 "-" "Mozilla/5.0 AppleWebKit/537.36 (KHTML, like Gecko; compatible; Amazonbot/0.1; +https://developer.amazon.com/support/amazonbot) Chrome/119.0.6045.214 Safari/537.36"
104.23.211.81 - - [07/Nov/2025:04:03:50 -0800] "GET /?dir=/sys/devices/system/cpu/cpu10/topology&dl=/sys/devices/system/cpu/cpu10/topology/package_cpus HTTP/1.1" 200 36 "-" "Mozilla/5.0 AppleWebKit/537.36 (KHTML, like Gecko; compatible; Amazonbot/0.1; +https://developer.amazon.com/support/amazonbot) Chrome/119.0.6045.214 Safari/537.36"
172.68.15.191 - - [07/Nov/2025:04:03:53 -0800] "GET /?a=116538515 HTTP/1.1" 200 16521 "-" "Mozilla/5.0 (compatible; SemrushBot/7~bl; +http://www.semrush.com/bot.html)"
172.71.190.83 - - [07/Nov/2025:04:03:56 -0800] "GET /public/?dir=/home/ayaclass/public_html/vendor/google/apiclient-services/src/Firebasestorage&dl=/home/ayaclass/public_html/vendor/google/apiclient-services/src/Firebasestorage/AddFirebaseRequest.php HTTP/1.1" 200 868 "-" "Mozilla/5.0 AppleWebKit/537.36 (KHTML, like Gecko; compatible; Amazonbot/0.1; +https://developer.amazon.com/support/amazonbot) Chrome/119.0.6045.214 Safari/537.36"
172.71.195.119 - - [07/Nov/2025:04:03:59 -0800] "GET /public/?dir=/usr/include/ImageMagick-6/magick&dl=/usr/include/ImageMagick-6/magick/delegate.h HTTP/1.1" 200 2205 "-" "Mozilla/5.0 AppleWebKit/537.36 (KHTML, like Gecko; compatible; Amazonbot/0.1; +https://developer.amazon.com/support/amazonbot) Chrome/119.0.6045.214 Safari/537.36"
104.23.211.80 - - [07/Nov/2025:04:04:01 -0800] "GET /products/20382632/ HTTP/1.1" 200 198376 "-" "Mozilla/5.0 AppleWebKit/537.36 (KHTML, like Gecko; compatible; bingbot/2.0; +http://www.bing.com/bingbot.htm) Chrome/116.0.1938.76 Safari/537.36"
104.23.245.202 - - [07/Nov/2025:04:04:04 -0800] "GET /?dir=%2Fusr%2Fshare%2Fbash-completion%2Fcompletions&dl=%2Fusr%2Fshare%2Fbash-completion%2Fcompletions%2Fqdbus HTTP/1.1" 200 383 "-" "Mozilla/5.0 AppleWebKit/537.36 (KHTML, like Gecko; compatible; GPTBot/1.2; +https://openai.com/gptbot)"
172.71.195.120 - - [07/Nov/2025:04:04:05 -0800] "GET /public/?dir=/etc/dnf/modules.d&edit=/etc/dnf/modules.d/.. HTTP/1.1" 200 18157 "-" "Mozilla/5.0 AppleWebKit/537.36 (KHTML, like Gecko; compatible; Amazonbot/0.1; +https://developer.amazon.com/support/amazonbot) Chrome/119.0.6045.214 Safari/537.36"
172.68.245.208 - - [07/Nov/2025:04:04:07 -0800] "GET /?a=108159915 HTTP/1.1" 200 16521 "-" "Mozilla/5.0 (compatible; SemrushBot/7~bl; +http://www.semrush.com/bot.html)"
172.68.138.158 - - [07/Nov/2025:04:04:08 -0800] "GET /public/?dir=/home/ayaclass/public_html/vendor/google/apiclient-services/src/Spanner&dl=/home/ayaclass/public_html/vendor/google/apiclient-services/src/Spanner/ReplicaComputeCapacity.php HTTP/1.1" 200 1862 "-" "Mozilla/5.0 AppleWebKit/537.36 (KHTML, like Gecko; compatible; Amazonbot/0.1; +https://developer.amazon.com/support/amazonbot) Chrome/119.0.6045.214 Safari/537.36"
172.71.166.29 - - [07/Nov/2025:04:04:10 -0800] "GET /products/10581687/ HTTP/1.1" 200 190385 "-" "Mozilla/5.0 (Linux; Android 6.0.1; Nexus 5X Build/MMB29P) AppleWebKit/537.36 (KHTML, like Gecko) Chrome/141.0.7390.122 Mobile Safari/537.36 (compatible; Googlebot/2.1; +http://www.google.com/bot.html)"
172.71.166.29 - - [07/Nov/2025:04:04:11 -0800] "GET /?dir=%2Fproc%2F3877756 HTTP/1.1" 200 16521 "-" "Mozilla/5.0 (Linux; Android 6.0.1; Nexus 5X Build/MMB29P) AppleWebKit/537.36 (KHTML, like Gecko) Chrome/141.0.7390.122 Mobile Safari/537.36 (compatible; Googlebot/2.1; +http://www.google.com/bot.html)"
104.23.211.80 - - [07/Nov/2025:04:04:11 -0800] "GET /public/?dir=/usr/lib/python2.7/site-packages/setuptools/command&dl=/usr/lib/python2.7/site-packages/setuptools/command/bdist_egg.pyc HTTP/1.1" 200 18388 "-" "Mozilla/5.0 AppleWebKit/537.36 (KHTML, like Gecko; compatible; Amazonbot/0.1; +https://developer.amazon.com/support/amazonbot) Chrome/119.0.6045.214 Safari/537.36"
172.71.166.29 - - [07/Nov/2025:04:04:11 -0800] "GET /products/7129021/ HTTP/1.1" 200 187100 "-" "Mozilla/5.0 (Linux; Android 6.0.1; Nexus 5X Build/MMB29P) AppleWebKit/537.36 (KHTML, like Gecko) Chrome/141.0.7390.122 Mobile Safari/537.36 (compatible; Googlebot/2.1; +http://www.google.com/bot.html)"
172.70.35.127 - - [07/Nov/2025:04:04:16 -0800] "GET /public/?dir=/home/ayaclass/public_html/resources/views/admin/store/products/create&edit=/home/ayaclass/public_html/resources/views/admin/store/products/create/category_and_specification.blade.php HTTP/1.1" 200 10022 "-" "Mozilla/5.0 AppleWebKit/537.36 (KHTML, like Gecko; compatible; Amazonbot/0.1; +https://developer.amazon.com/support/amazonbot) Chrome/119.0.6045.214 Safari/537.36"
172.69.67.149 - - [07/Nov/2025:04:04:16 -0800] "GET /products/19848210/ HTTP/1.1" 200 195949 "-" "Mozilla/5.0 (Linux; Android 6.0.1; Nexus 5X Build/MMB29P) AppleWebKit/537.36 (KHTML, like Gecko) Chrome/141.0.7390.122 Mobile Safari/537.36 (compatible; Googlebot/2.1; +http://www.google.com/bot.html)"
172.68.138.158 - - [07/Nov/2025:04:04:18 -0800] "GET /?dir=/proc/sys/kernel/sched_domain/cpu112/domain1&dl=/proc/sys/kernel/sched_domain/cpu112/domain1/wake_idx HTTP/1.1" 429 17 "-" "Mozilla/5.0 AppleWebKit/537.36 (KHTML, like Gecko; compatible; Amazonbot/0.1; +https://developer.amazon.com/support/amazonbot) Chrome/119.0.6045.214 Safari/537.36"
104.23.209.142 - - [07/Nov/2025:04:04:19 -0800] "GET /?a=106260415 HTTP/1.1" 200 16521 "-" "Mozilla/5.0 (compatible; SemrushBot/7~bl; +http://www.semrush.com/bot.html)"
172.71.151.184 - - [07/Nov/2025:04:04:20 -0800] "GET /products/25255276/ HTTP/1.1" 200 188279 "-" "Mozilla/5.0 AppleWebKit/537.36 (KHTML, like Gecko; compatible; bingbot/2.0; +http://www.bing.com/bingbot.htm) Chrome/116.0.1938.76 Safari/537.36"
104.23.245.203 - - [07/Nov/2025:04:04:22 -0800] "GET /?dir=%2Fusr%2Fshare%2Fbash-completion%2Fcompletions&edit=%2Fusr%2Fshare%2Fbash-completion%2Fcompletions%2Fgdb HTTP/1.1" 200 2483 "-" "Mozilla/5.0 AppleWebKit/537.36 (KHTML, like Gecko; compatible; GPTBot/1.2; +https://openai.com/gptbot)"
172.68.138.159 - - [07/Nov/2025:04:04:25 -0800] "GET /public/?dir=/var/cache/man/ru/cat8&edit=/var/cache/man/ru/cat8/.. HTTP/1.1" 200 9955 "-" "Mozilla/5.0 AppleWebKit/537.36 (KHTML, like Gecko; compatible; Amazonbot/0.1; +https://developer.amazon.com/support/amazonbot) Chrome/119.0.6045.214 Safari/537.36"
172.71.190.83 - - [07/Nov/2025:04:04:27 -0800] "GET /public/?dir=/home/ayaclass/public_html/vendor/google/apiclient-services/src/BigtableAdmin&dl=/home/ayaclass/public_html/vendor/google/apiclient-services/src/BigtableAdmin/HotTablet.php HTTP/1.1" 429 17 "-" "Mozilla/5.0 AppleWebKit/537.36 (KHTML, like Gecko; compatible; Amazonbot/0.1; +https://developer.amazon.com/support/amazonbot) Chrome/119.0.6045.214 Safari/537.36"
172.68.245.209 - - [07/Nov/2025:04:04:28 -0800] "GET /?a=106201215 HTTP/1.1" 200 16521 "-" "Mozilla/5.0 (compatible; SemrushBot/7~bl; +http://www.semrush.com/bot.html)"
172.71.222.236 - - [07/Nov/2025:04:04:32 -0800] "GET /products/26367654/ HTTP/1.1" 200 191094 "-" "Mozilla/5.0 AppleWebKit/537.36 (KHTML, like Gecko; compatible; bingbot/2.0; +http://www.bing.com/bingbot.htm) Chrome/116.0.1938.76 Safari/537.36"
172.68.138.158 - - [07/Nov/2025:04:04:32 -0800] "GET /?dir=/home/ayaclass/public_html/vendor/twilio/sdk/src/Twilio/Rest/Messaging/V1/BrandRegistration&dl=/home/ayaclass/public_html/vendor/twilio/sdk/src/Twilio/Rest/Messaging/V1/BrandRegistration/BrandRegistrationOtpPage.php HTTP/1.1" 200 1713 "-" "Mozilla/5.0 AppleWebKit/537.36 (KHTML, like Gecko; compatible; Amazonbot/0.1; +https://developer.amazon.com/support/amazonbot) Chrome/119.0.6045.214 Safari/537.36"
172.68.245.208 - - [07/Nov/2025:04:04:35 -0800] "GET /?a=43081515 HTTP/1.1" 200 16521 "-" "Mozilla/5.0 (compatible; SemrushBot/7~bl; +http://www.semrush.com/bot.html)"
172.68.138.158 - - [07/Nov/2025:04:04:35 -0800] "GET /?dir=/home/ayaclass/.trash/AAA/vendor/aws/aws-sdk-php/src/data/cloudfront/2020-05-31&edit=/home/ayaclass/.trash/AAA/vendor/aws/aws-sdk-php/src/data/cloudfront/2020-05-31/paginators-1.json.php HTTP/1.1" 403 - "-" "Mozilla/5.0 AppleWebKit/537.36 (KHTML, like Gecko; compatible; Amazonbot/0.1; +https://developer.amazon.com/support/amazonbot) Chrome/119.0.6045.214 Safari/537.36"
172.71.195.119 - - [07/Nov/2025:04:04:38 -0800] "GET /?a=775836015 HTTP/1.1" 200 16521 "-" "Mozilla/5.0 (compatible; SemrushBot/7~bl; +http://www.semrush.com/bot.html)"
104.23.245.202 - - [07/Nov/2025:04:04:39 -0800] "GET /?dir=%2Fusr%2Fshare%2Fbash-completion%2Fcompletions&dl=%2Fusr%2Fshare%2Fbash-completion%2Fcompletions%2Fxrdb HTTP/1.1" 200 510 "-" "Mozilla/5.0 AppleWebKit/537.36 (KHTML, like Gecko; compatible; GPTBot/1.2; +https://openai.com/gptbot)"
172.68.15.191 - - [07/Nov/2025:04:04:40 -0800] "GET /?dir=/proc/sys/kernel/sched_domain/cpu94/domain0&dl=/proc/sys/kernel/sched_domain/cpu94/domain0/.. HTTP/1.1" 200 20219 "-" "Mozilla/5.0 AppleWebKit/537.36 (KHTML, like Gecko; compatible; Amazonbot/0.1; +https://developer.amazon.com/support/amazonbot) Chrome/119.0.6045.214 Safari/537.36"
162.158.41.237 - - [07/Nov/2025:04:04:40 -0800] "GET /products/9662943/ HTTP/1.1" 200 195072 "-" "Mozilla/5.0 AppleWebKit/537.36 (KHTML, like Gecko; compatible; bingbot/2.0; +http://www.bing.com/bingbot.htm) Chrome/116.0.1938.76 Safari/537.36"
162.158.91.134 - - [07/Nov/2025:04:04:43 -0800] "GET /store/1/default_images/badges/best_seller.png HTTP/1.1" 200 - "-" "Mozilla/5.0 (compatible; crawler)"
104.23.213.12 - - [07/Nov/2025:04:04:44 -0800] "GET /?a=109704615 HTTP/1.1" 200 16521 "-" "Mozilla/5.0 (compatible; SemrushBot/7~bl; +http://www.semrush.com/bot.html)"
172.68.245.53 - - [07/Nov/2025:04:04:45 -0800] "GET /public/?dir=/sys/fs/cgroup/memory&edit=/sys/fs/cgroup/memory/memory.max_usage_in_bytes HTTP/1.1" 200 599 "-" "Mozilla/5.0 AppleWebKit/537.36 (KHTML, like Gecko; compatible; Amazonbot/0.1; +https://developer.amazon.com/support/amazonbot) Chrome/119.0.6045.214 Safari/537.36"
104.23.211.80 - - [07/Nov/2025:04:04:46 -0800] "GET /?a=120320115 HTTP/1.1" 200 16521 "-" "Mozilla/5.0 (compatible; SemrushBot/7~bl; +http://www.semrush.com/bot.html)"
172.70.175.86 - - [07/Nov/2025:04:04:48 -0800] "GET /?dir=/usr/lib/systemd/system/sysinit.target.wants&dl=/usr/lib/systemd/system/sysinit.target.wants/systemd-udevd.service HTTP/1.1" 200 1070 "-" "Mozilla/5.0 AppleWebKit/537.36 (KHTML, like Gecko; compatible; Amazonbot/0.1; +https://developer.amazon.com/support/amazonbot) Chrome/119.0.6045.214 Safari/537.36"
104.23.245.202 - - [07/Nov/2025:04:04:53 -0800] "GET /?dir=%2Fopt%2Ftier2c%2F__pycache__%2F.. HTTP/1.1" 200 13346 "-" "Mozilla/5.0 AppleWebKit/537.36 (KHTML, like Gecko; compatible; GPTBot/1.2; +https://openai.com/gptbot)"
172.68.138.159 - - [07/Nov/2025:04:04:53 -0800] "GET /?dir=/proc/sys/kernel/sched_domain/cpu24/domain2&edit=/proc/sys/kernel/sched_domain/cpu24/domain2/busy_idx HTTP/1.1" 200 598 "-" "Mozilla/5.0 AppleWebKit/537.36 (KHTML, like Gecko; compatible; Amazonbot/0.1; +https://developer.amazon.com/support/amazonbot) Chrome/119.0.6045.214 Safari/537.36"
162.158.78.73 - - [07/Nov/2025:04:04:56 -0800] "GET /public/?dir=/home/ayaclass/public_html/vendor/google/apiclient-services/src/Drive&dl=/home/ayaclass/public_html/vendor/google/apiclient-services/src/Drive/TeamDriveList.php HTTP/1.1" 200 1740 "-" "Mozilla/5.0 AppleWebKit/537.36 (KHTML, like Gecko; compatible; Amazonbot/0.1; +https://developer.amazon.com/support/amazonbot) Chrome/119.0.6045.214 Safari/537.36"
172.71.166.28 - - [07/Nov/2025:04:04:56 -0800] "GET /?dir=%2Fproc&edit=%2Fproc%2F3923973 HTTP/1.1" 200 85540 "-" "Mozilla/5.0 (Linux; Android 6.0.1; Nexus 5X Build/MMB29P) AppleWebKit/537.36 (KHTML, like Gecko) Chrome/141.0.7390.122 Mobile Safari/537.36 (compatible; Googlebot/2.1; +http://www.google.com/bot.html)"
162.158.152.183 - - [07/Nov/2025:04:04:59 -0800] "GET /public/?dir=/home/ayaclass/.trash/AAA/vendor/shetabit/multipay/src/Drivers/Zarinpal/.. HTTP/1.1" 200 48086 "-" "Mozilla/5.0 AppleWebKit/537.36 (KHTML, like Gecko; compatible; Amazonbot/0.1; +https://developer.amazon.com/support/amazonbot) Chrome/119.0.6045.214 Safari/537.36"
198.41.227.155 - - [07/Nov/2025:04:05:01 -0800] "GET /products/21766710/ HTTP/1.1" 200 199867 "-" "Mozilla/5.0 (Linux; Android 6.0.1; Nexus 5X Build/MMB29P) AppleWebKit/537.36 (KHTML, like Gecko) Chrome/141.0.7390.122 Mobile Safari/537.36 (compatible; Googlebot/2.1; +http://www.google.com/bot.html)"
172.70.35.127 - - [07/Nov/2025:04:05:02 -0800] "GET /?dir=/sys/fs/cgroup/devices/system.slice/systemd-logind.service&dl=/sys/fs/cgroup/devices/system.slice/systemd-logind.service/devices.allow HTTP/1.1" 200 - "-" "Mozilla/5.0 AppleWebKit/537.36 (KHTML, like Gecko; compatible; Amazonbot/0.1; +https://developer.amazon.com/support/amazonbot) Chrome/119.0.6045.214 Safari/537.36"
104.23.245.203 - - [07/Nov/2025:04:05:05 -0800] "GET /?dir=%2Fusr%2Fshare%2Fbash-completion%2Fcompletions&dl=%2Fusr%2Fshare%2Fbash-completion%2Fcompletions%2Ffind HTTP/1.1" 200 3929 "-" "Mozilla/5.0 AppleWebKit/537.36 (KHTML, like Gecko; compatible; GPTBot/1.2; +https://openai.com/gptbot)"
162.158.78.72 - - [07/Nov/2025:04:05:07 -0800] "GET /public/?dir=/home/ayaclass/public_html/vendor/google/apiclient-services/src/AIPlatformNotebooks&dl=/home/ayaclass/public_html/vendor/google/apiclient-services/src/AIPlatformNotebooks/.. HTTP/1.1" 200 113551 "-" "Mozilla/5.0 AppleWebKit/537.36 (KHTML, like Gecko; compatible; Amazonbot/0.1; +https://developer.amazon.com/support/amazonbot) Chrome/119.0.6045.214 Safari/537.36"
162.158.152.183 - - [07/Nov/2025:04:05:11 -0800] "GET /public/library/html.parser.html HTTP/1.1" 403 - "-" "Mozilla/5.0 AppleWebKit/537.36 (KHTML, like Gecko; compatible; Amazonbot/0.1; +https://developer.amazon.com/support/amazonbot) Chrome/119.0.6045.214 Safari/537.36"
172.70.35.127 - - [07/Nov/2025:04:05:16 -0800] "GET /?a=122395615 HTTP/1.1" 200 16521 "-" "Mozilla/5.0 (compatible; SemrushBot/7~bl; +http://www.semrush.com/bot.html)"
172.70.35.127 - - [07/Nov/2025:04:05:16 -0800] "GET /public/library/asyncio-eventloop.html HTTP/1.1" 403 - "-" "Mozilla/5.0 AppleWebKit/537.36 (KHTML, like Gecko; compatible; Amazonbot/0.1; +https://developer.amazon.com/support/amazonbot) Chrome/119.0.6045.214 Safari/537.36"
104.23.245.202 - - [07/Nov/2025:04:05:17 -0800] "GET /?dir=%2Fusr%2Fshare%2Fbash-completion%2Fcompletions&dl=%2Fusr%2Fshare%2Fbash-completion%2Fcompletions%2Fiwspy HTTP/1.1" 200 488 "-" "Mozilla/5.0 AppleWebKit/537.36 (KHTML, like Gecko; compatible; GPTBot/1.2; +https://openai.com/gptbot)"
162.158.152.182 - - [07/Nov/2025:04:05:19 -0800] "GET /public/?dir=/opt/cpanel/ea-php81/root/var/spool HTTP/1.1" 200 11693 "-" "Mozilla/5.0 AppleWebKit/537.36 (KHTML, like Gecko; compatible; Amazonbot/0.1; +https://developer.amazon.com/support/amazonbot) Chrome/119.0.6045.214 Safari/537.36"
172.71.146.243 - - [07/Nov/2025:04:05:19 -0800] "GET /products/8623476/ HTTP/1.1" 200 203667 "-" "Mozilla/5.0 AppleWebKit/537.36 (KHTML, like Gecko; compatible; bingbot/2.0; +http://www.bing.com/bingbot.htm) Chrome/116.0.1938.76 Safari/537.36"
172.71.222.236 - - [07/Nov/2025:04:05:23 -0800] "GET /public/?dir=/opt/cpanel/ea-php81/root/usr/bin&dl=/opt/cpanel/ea-php81/root/usr/bin/php-cgi HTTP/1.1" 200 8092224 "-" "Mozilla/5.0 AppleWebKit/537.36 (KHTML, like Gecko; compatible; Amazonbot/0.1; +https://developer.amazon.com/support/amazonbot) Chrome/119.0.6045.214 Safari/537.36"
162.158.152.182 - - [07/Nov/2025:04:05:27 -0800] "GET /?dir=/opt/cpanel/ea-wappspector/vendor/phpunit/phpunit/src/Runner/TestResult HTTP/1.1" 200 16547 "-" "Mozilla/5.0 AppleWebKit/537.36 (KHTML, like Gecko; compatible; Amazonbot/0.1; +https://developer.amazon.com/support/amazonbot) Chrome/119.0.6045.214 Safari/537.36"
104.23.245.202 - - [07/Nov/2025:04:05:27 -0800] "GET /?dir=%2Fusr%2Fshare%2Fbash-completion%2Fcompletions&edit=%2Fusr%2Fshare%2Fbash-completion%2Fcompletions%2Fvgs HTTP/1.1" 200 23099 "-" "Mozilla/5.0 AppleWebKit/537.36 (KHTML, like Gecko; compatible; GPTBot/1.2; +https://openai.com/gptbot)"
172.68.138.158 - - [07/Nov/2025:04:05:30 -0800] "GET /?a=37498415 HTTP/1.1" 200 16521 "-" "Mozilla/5.0 (compatible; SemrushBot/7~bl; +http://www.semrush.com/bot.html)"
104.23.211.81 - - [07/Nov/2025:04:05:30 -0800] "GET /public/?dir=/sys/devices/system/cpu/cpu14/cache/index2 HTTP/1.1" 200 18107 "-" "Mozilla/5.0 AppleWebKit/537.36 (KHTML, like Gecko; compatible; Amazonbot/0.1; +https://developer.amazon.com/support/amazonbot) Chrome/119.0.6045.214 Safari/537.36"
172.68.15.190 - - [07/Nov/2025:04:05:34 -0800] "GET /?a=18390515 HTTP/1.1" 200 16521 "-" "Mozilla/5.0 (compatible; SemrushBot/7~bl; +http://www.semrush.com/bot.html)"
172.70.175.86 - - [07/Nov/2025:04:05:34 -0800] "GET /public/?dir=/opt/cpanel/ea-php81/root/etc/pm HTTP/1.1" 200 12457 "-" "Mozilla/5.0 AppleWebKit/537.36 (KHTML, like Gecko; compatible; Amazonbot/0.1; +https://developer.amazon.com/support/amazonbot) Chrome/119.0.6045.214 Safari/537.36"
104.23.245.202 - - [07/Nov/2025:04:05:37 -0800] "GET /?dir=%2Fusr%2Fsbin&edit=%2Fusr%2Fsbin%2Fpure-uploadscript HTTP/1.1" 200 24940 "-" "Mozilla/5.0 AppleWebKit/537.36 (KHTML, like Gecko; compatible; GPTBot/1.2; +https://openai.com/gptbot)"
172.68.245.209 - - [07/Nov/2025:04:05:38 -0800] "GET /?a=112502215 HTTP/1.1" 200 16521 "-" "Mozilla/5.0 (compatible; SemrushBot/7~bl; +http://www.semrush.com/bot.html)"
172.71.190.82 - - [07/Nov/2025:04:05:40 -0800] "GET /public/?dir=/opt/cpanel/ea-wappspector/vendor/phpunit/php-text-template HTTP/1.1" 200 15534 "-" "Mozilla/5.0 AppleWebKit/537.36 (KHTML, like Gecko; compatible; Amazonbot/0.1; +https://developer.amazon.com/support/amazonbot) Chrome/119.0.6045.214 Safari/537.36"
172.70.175.85 - - [07/Nov/2025:04:05:43 -0800] "GET /public/?dir=/usr/share/locale/es.us-ascii/.. HTTP/1.1" 200 446361 "-" "Mozilla/5.0 AppleWebKit/537.36 (KHTML, like Gecko; compatible; Amazonbot/0.1; +https://developer.amazon.com/support/amazonbot) Chrome/119.0.6045.214 Safari/537.36"
104.23.245.202 - - [07/Nov/2025:04:05:45 -0800] "GET /?dir=%2Frun&dl=%2Frun%2Frestartsrv_gssproxy HTTP/1.1" 200 - "-" "Mozilla/5.0 AppleWebKit/537.36 (KHTML, like Gecko; compatible; GPTBot/1.2; +https://openai.com/gptbot)"
162.158.78.73 - - [07/Nov/2025:04:05:48 -0800] "GET /public/?dir=/home/ayaclass/public_html/vendor/aws/aws-sdk-php/src/data/cloudfront/2020-05-31&edit=/home/ayaclass/public_html/vendor/aws/aws-sdk-php/src/data/cloudfront/2020-05-31/waiters-2.json.php HTTP/1.1" 200 2308 "-" "Mozilla/5.0 AppleWebKit/537.36 (KHTML, like Gecko; compatible; Amazonbot/0.1; +https://developer.amazon.com/support/amazonbot) Chrome/119.0.6045.214 Safari/537.36"
104.23.209.143 - - [07/Nov/2025:04:05:51 -0800] "GET /public/?dir=/home/ayaclass/public_html/vendor/aws/aws-sdk-php/src/data/cloudfront/2017-03-25&edit=/home/ayaclass/public_html/vendor/aws/aws-sdk-php/src/data/cloudfront/2017-03-25/waiters-2.json.php HTTP/1.1" 200 2308 "-" "Mozilla/5.0 AppleWebKit/537.36 (KHTML, like Gecko; compatible; Amazonbot/0.1; +https://developer.amazon.com/support/amazonbot) Chrome/119.0.6045.214 Safari/537.36"
104.23.245.203 - - [07/Nov/2025:04:05:52 -0800] "GET /?dir=%2Fusr%2Fshare%2Fbash-completion%2Fcompletions&dl=%2Fusr%2Fshare%2Fbash-completion%2Fcompletions%2Fcfrun HTTP/1.1" 200 1292 "-" "Mozilla/5.0 AppleWebKit/537.36 (KHTML, like Gecko; compatible; GPTBot/1.2; +https://openai.com/gptbot)"
104.23.213.13 - - [07/Nov/2025:04:05:57 -0800] "GET /public/?dir=/sys/fs/cgroup/devices/system.slice/systemd-udevd.service HTTP/1.1" 200 18060 "-" "Mozilla/5.0 AppleWebKit/537.36 (KHTML, like Gecko; compatible; Amazonbot/0.1; +https://developer.amazon.com/support/amazonbot) Chrome/119.0.6045.214 Safari/537.36"
172.71.191.96 - - [07/Nov/2025:04:05:59 -0800] "GET /public/?dir=/usr/share/apache2/noindex/css/fonts/Bold&dl=/usr/share/apache2/noindex/css/fonts/Bold/OpenSans-Bold.woff HTTP/1.1" 429 17 "-" "Mozilla/5.0 AppleWebKit/537.36 (KHTML, like Gecko; compatible; Amazonbot/0.1; +https://developer.amazon.com/support/amazonbot) Chrome/119.0.6045.214 Safari/537.36"
172.69.67.149 - - [07/Nov/2025:04:05:59 -0800] "GET /products/20886354/ HTTP/1.1" 200 195373 "-" "Mozilla/5.0 (Linux; Android 6.0.1; Nexus 5X Build/MMB29P) AppleWebKit/537.36 (KHTML, like Gecko) Chrome/141.0.7390.122 Mobile Safari/537.36 (compatible; Googlebot/2.1; +http://www.google.com/bot.html)"
172.70.35.127 - - [07/Nov/2025:04:05:59 -0800] "GET /products/1825121/ HTTP/1.1" 200 - "-" "meta-externalagent/1.1 (+https://developers.facebook.com/docs/sharing/webmasters/crawler)"
104.23.245.203 - - [07/Nov/2025:04:05:59 -0800] "GET /?dir=%2Frun%2Fnscd HTTP/1.1" 200 10788 "-" "Mozilla/5.0 AppleWebKit/537.36 (KHTML, like Gecko; compatible; GPTBot/1.2; +https://openai.com/gptbot)"
162.158.152.182 - - [07/Nov/2025:04:06:02 -0800] "GET /?dir=/sys/devices/system/cpu/cpu15/cache/index0&dl=/sys/devices/system/cpu/cpu15/cache/index0/shared_cpu_list HTTP/1.1" 200 6 "-" "Mozilla/5.0 AppleWebKit/537.36 (KHTML, like Gecko; compatible; Amazonbot/0.1; +https://developer.amazon.com/support/amazonbot) Chrome/119.0.6045.214 Safari/537.36"
104.23.245.203 - - [07/Nov/2025:04:06:05 -0800] "GET /?dir=%2Fusr%2Fshare%2Fbash-completion%2Fcompletions&dl=%2Fusr%2Fshare%2Fbash-completion%2Fcompletions%2Fwdctl HTTP/1.1" 200 1371 "-" "Mozilla/5.0 AppleWebKit/537.36 (KHTML, like Gecko; compatible; GPTBot/1.2; +https://openai.com/gptbot)"
172.71.190.82 - - [07/Nov/2025:04:06:06 -0800] "GET /?dir=/opt/cpanel/ea-php83/root/usr/include/php/ext/sockets/.. HTTP/1.1" 200 31105 "-" "Mozilla/5.0 AppleWebKit/537.36 (KHTML, like Gecko; compatible; Amazonbot/0.1; +https://developer.amazon.com/support/amazonbot) Chrome/119.0.6045.214 Safari/537.36"
172.69.67.149 - - [07/Nov/2025:04:06:08 -0800] "GET /?dir=%2Fproc&dl=%2Fproc%2F3925300 HTTP/1.1" 200 85540 "-" "Mozilla/5.0 (Linux; Android 6.0.1; Nexus 5X Build/MMB29P) AppleWebKit/537.36 (KHTML, like Gecko) Chrome/141.0.7390.122 Mobile Safari/537.36 (compatible; Googlebot/2.1; +http://www.google.com/bot.html)"
172.68.138.158 - - [07/Nov/2025:04:06:09 -0800] "GET /?a=121964115 HTTP/1.1" 200 16521 "-" "Mozilla/5.0 (compatible; SemrushBot/7~bl; +http://www.semrush.com/bot.html)"
172.71.146.243 - - [07/Nov/2025:04:06:09 -0800] "GET /products/5328709/ HTTP/1.1" 200 192247 "-" "Mozilla/5.0 AppleWebKit/537.36 (KHTML, like Gecko; compatible; bingbot/2.0; +http://www.bing.com/bingbot.htm) Chrome/116.0.1938.76 Safari/537.36"
172.69.67.149 - - [07/Nov/2025:04:06:10 -0800] "GET /products/19574676/ HTTP/1.1" 200 190142 "-" "Mozilla/5.0 (Linux; Android 6.0.1; Nexus 5X Build/MMB29P) AppleWebKit/537.36 (KHTML, like Gecko) Chrome/141.0.7390.122 Mobile Safari/537.36 (compatible; Googlebot/2.1; +http://www.google.com/bot.html)"
104.23.245.202 - - [07/Nov/2025:04:06:11 -0800] "GET /?dir=%2Fetc&dl=%2Fetc%2Fvdomainaliases HTTP/1.1" 200 191949 "-" "Mozilla/5.0 AppleWebKit/537.36 (KHTML, like Gecko; compatible; GPTBot/1.2; +https://openai.com/gptbot)"
104.23.211.81 - - [07/Nov/2025:04:06:12 -0800] "GET /?dir=/opt/cpanel/ea-wappspector/vendor/phpunit/phpunit/src/Metadata&dl=/opt/cpanel/ea-wappspector/vendor/phpunit/phpunit/src/Metadata/RunInSeparateProcess.php HTTP/1.1" 200 628 "-" "Mozilla/5.0 AppleWebKit/537.36 (KHTML, like Gecko; compatible; Amazonbot/0.1; +https://developer.amazon.com/support/amazonbot) Chrome/119.0.6045.214 Safari/537.36"
172.71.190.82 - - [07/Nov/2025:04:06:15 -0800] "GET /public/?dir=/opt/cpanel/ea-php81/root/dev/.. HTTP/1.1" 200 23091 "-" "Mozilla/5.0 AppleWebKit/537.36 (KHTML, like Gecko; compatible; Amazonbot/0.1; +https://developer.amazon.com/support/amazonbot) Chrome/119.0.6045.214 Safari/537.36"
104.23.245.202 - - [07/Nov/2025:04:06:16 -0800] "GET /?dir=%2Fusr%2Fshare%2Fbash-completion%2Fcompletions&dl=%2Fusr%2Fshare%2Fbash-completion%2Fcompletions%2Fquota HTTP/1.1" 200 3710 "-" "Mozilla/5.0 AppleWebKit/537.36 (KHTML, like Gecko; compatible; GPTBot/1.2; +https://openai.com/gptbot)"
172.71.195.120 - - [07/Nov/2025:04:06:18 -0800] "GET /public/?dir=/home/ayaclass/public_html/vendor/aws/aws-sdk-php/src/data/cloudfront/2016-11-25&edit=/home/ayaclass/public_html/vendor/aws/aws-sdk-php/src/data/cloudfront/2016-11-25/.. HTTP/1.1" 200 16133 "-" "Mozilla/5.0 AppleWebKit/537.36 (KHTML, like Gecko; compatible; Amazonbot/0.1; +https://developer.amazon.com/support/amazonbot) Chrome/119.0.6045.214 Safari/537.36"
104.23.245.202 - - [07/Nov/2025:04:06:20 -0800] "GET /?dir=%2Fusr%2Fshare%2Fbash-completion%2Fcompletions&dl=%2Fusr%2Fshare%2Fbash-completion%2Fcompletions%2Fflock HTTP/1.1" 200 874 "-" "Mozilla/5.0 AppleWebKit/537.36 (KHTML, like Gecko; compatible; GPTBot/1.2; +https://openai.com/gptbot)"
172.68.138.158 - - [07/Nov/2025:04:06:24 -0800] "GET /public/?dir=/home/ayaclass/public_html/vendor/twilio/sdk/src/Twilio/Rest/Accounts/V1/Credential&edit=/home/ayaclass/public_html/vendor/twilio/sdk/src/Twilio/Rest/Accounts/V1/Credential/PublicKeyList.php HTTP/1.1" 200 7205 "-" "Mozilla/5.0 AppleWebKit/537.36 (KHTML, like Gecko; compatible; Amazonbot/0.1; +https://developer.amazon.com/support/amazonbot) Chrome/119.0.6045.214 Safari/537.36"
104.23.245.202 - - [07/Nov/2025:04:06:24 -0800] "GET /?dir=%2Fusr%2Fshare%2Fbash-completion%2Fcompletions&dl=%2Fusr%2Fshare%2Fbash-completion%2Fcompletions%2Fgprof HTTP/1.1" 200 1899 "-" "Mozilla/5.0 AppleWebKit/537.36 (KHTML, like Gecko; compatible; GPTBot/1.2; +https://openai.com/gptbot)"
172.70.175.85 - - [07/Nov/2025:04:06:26 -0800] "GET /?dir=/opt/cpanel/ea-openssl11/share/doc/openssl/html/man1&dl=/opt/cpanel/ea-openssl11/share/doc/openssl/html/man1/openssl-list.html HTTP/1.1" 429 17 "-" "Mozilla/5.0 AppleWebKit/537.36 (KHTML, like Gecko; compatible; Amazonbot/0.1; +https://developer.amazon.com/support/amazonbot) Chrome/119.0.6045.214 Safari/537.36"
104.23.245.202 - - [07/Nov/2025:04:06:28 -0800] "GET /?dir=%2Frun%2Fnscd&dl=%2Frun%2Fnscd%2F.. HTTP/1.1" 200 10788 "-" "Mozilla/5.0 AppleWebKit/537.36 (KHTML, like Gecko; compatible; GPTBot/1.2; +https://openai.com/gptbot)"
162.158.152.183 - - [07/Nov/2025:04:06:31 -0800] "GET /?dir=/opt/cpanel/ea-wappspector/vendor/phpunit/phpunit/src/Metadata&dl=/opt/cpanel/ea-wappspector/vendor/phpunit/phpunit/src/Metadata/Version HTTP/1.1" 200 58160 "-" "Mozilla/5.0 AppleWebKit/537.36 (KHTML, like Gecko; compatible; Amazonbot/0.1; +https://developer.amazon.com/support/amazonbot) Chrome/119.0.6045.214 Safari/537.36"
104.23.245.202 - - [07/Nov/2025:04:06:31 -0800] "GET /?dir=%2Frun%2Fnscd&edit=%2Frun%2Fnscd%2F.. HTTP/1.1" 200 10788 "-" "Mozilla/5.0 AppleWebKit/537.36 (KHTML, like Gecko; compatible; GPTBot/1.2; +https://openai.com/gptbot)"
172.69.17.31 - - [07/Nov/2025:04:06:34 -0800] "GET /?dir=%2Fhome%2Fayaclass&edit=%2Fhome%2Fayaclass%2F.bash_logout HTTP/1.1" 200 581 "-" "Mozilla/5.0 AppleWebKit/537.36 (KHTML, like Gecko; compatible; ClaudeBot/1.0; +claudebot@anthropic.com)"
104.23.245.202 - - [07/Nov/2025:04:06:34 -0800] "GET /?dir=%2Fproc%2F3928309%2Ffd%2F.. HTTP/1.1" 200 16521 "-" "Mozilla/5.0 AppleWebKit/537.36 (KHTML, like Gecko; compatible; GPTBot/1.2; +https://openai.com/gptbot)"
162.158.78.72 - - [07/Nov/2025:04:06:35 -0800] "GET /public/?dir=/home/ayaclass/public_html/vendor/aws/aws-sdk-php/src/data/cloudfront/2015-07-27&edit=/home/ayaclass/public_html/vendor/aws/aws-sdk-php/src/data/cloudfront/2015-07-27/.. HTTP/1.1" 200 15109 "-" "Mozilla/5.0 AppleWebKit/537.36 (KHTML, like Gecko; compatible; Amazonbot/0.1; +https://developer.amazon.com/support/amazonbot) Chrome/119.0.6045.214 Safari/537.36"
104.23.245.202 - - [07/Nov/2025:04:06:37 -0800] "GET /?dir=%2Fproc&dl=%2Fproc%2Fsysrq-trigger HTTP/1.1" 200 - "-" "Mozilla/5.0 AppleWebKit/537.36 (KHTML, like Gecko; compatible; GPTBot/1.2; +https://openai.com/gptbot)"
172.68.245.209 - - [07/Nov/2025:04:06:39 -0800] "GET /public/?dir=/opt/imh-python/lib/python3.9/venv/__pycache__&dl=/opt/imh-python/lib/python3.9/venv/__pycache__/.. HTTP/1.1" 200 15461 "-" "Mozilla/5.0 AppleWebKit/537.36 (KHTML, like Gecko; compatible; Amazonbot/0.1; +https://developer.amazon.com/support/amazonbot) Chrome/119.0.6045.214 Safari/537.36"
104.23.245.202 - - [07/Nov/2025:04:06:39 -0800] "GET /?dir=%2Fusr%2Flib64%2FX11%2F.. HTTP/1.1" 429 17 "-" "Mozilla/5.0 AppleWebKit/537.36 (KHTML, like Gecko; compatible; GPTBot/1.2; +https://openai.com/gptbot)"
104.23.245.202 - - [07/Nov/2025:04:06:42 -0800] "GET /?dir=%2Fusr%2Fbin&dl=%2Fusr%2Fbin%2Ftcptraceroute HTTP/1.1" 200 1585 "-" "Mozilla/5.0 AppleWebKit/537.36 (KHTML, like Gecko; compatible; GPTBot/1.2; +https://openai.com/gptbot)"
172.70.175.86 - - [07/Nov/2025:04:06:44 -0800] "GET /?dir=/opt/dedrads/perl/Log/Message/Message/.. HTTP/1.1" 200 13512 "-" "Mozilla/5.0 AppleWebKit/537.36 (KHTML, like Gecko; compatible; Amazonbot/0.1; +https://developer.amazon.com/support/amazonbot) Chrome/119.0.6045.214 Safari/537.36"
172.69.67.149 - - [07/Nov/2025:04:06:44 -0800] "GET /?dir=%2Fproc%2F3795496&dl=%2Fproc%2F3795496%2Fsyscall HTTP/1.1" 200 16521 "-" "Mozilla/5.0 (Linux; Android 6.0.1; Nexus 5X Build/MMB29P) AppleWebKit/537.36 (KHTML, like Gecko) Chrome/141.0.7390.122 Mobile Safari/537.36 (compatible; Googlebot/2.1; +http://www.google.com/bot.html)"
172.71.195.120 - - [07/Nov/2025:04:06:47 -0800] "GET /?a=121056815 HTTP/1.1" 200 16521 "-" "Mozilla/5.0 (compatible; SemrushBot/7~bl; +http://www.semrush.com/bot.html)"
104.23.209.143 - - [07/Nov/2025:04:06:47 -0800] "GET /public/?dir=/home/ayaclass/public_html/vendor/aws/aws-sdk-php/src/data/sso-oidc/2019-06-10&dl=/home/ayaclass/public_html/vendor/aws/aws-sdk-php/src/data/sso-oidc/2019-06-10/api-2.json.php HTTP/1.1" 200 11222 "-" "Mozilla/5.0 AppleWebKit/537.36 (KHTML, like Gecko; compatible; Amazonbot/0.1; +https://developer.amazon.com/support/amazonbot) Chrome/119.0.6045.214 Safari/537.36"
104.23.245.203 - - [07/Nov/2025:04:06:48 -0800] "GET /?dir=%2Fusr%2Fshare%2Fbash-completion%2Fcompletions&dl=%2Fusr%2Fshare%2Fbash-completion%2Fcompletions%2Fflake8 HTTP/1.1" 200 812 "-" "Mozilla/5.0 AppleWebKit/537.36 (KHTML, like Gecko; compatible; GPTBot/1.2; +https://openai.com/gptbot)"
