162.158.152.183 - - [07/Nov/2025:05:55:04 -0800] "GET /products/5210154/ HTTP/1.1" 200 186100 "-" "Mozilla/5.0 AppleWebKit/537.36 (KHTML, like Gecko; compatible; bingbot/2.0; +http://www.bing.com/bingbot.htm) Chrome/116.0.1938.76 Safari/537.36"
104.23.245.203 - - [07/Nov/2025:05:55:04 -0800] "GET /?dir=%2Fproc%2Fsys&dl=%2Fproc%2Fsys%2Fabi HTTP/1.1" 200 16065 "-" "Mozilla/5.0 AppleWebKit/537.36 (KHTML, like Gecko; compatible; GPTBot/1.2; +https://openai.com/gptbot)"
172.70.175.86 - - [07/Nov/2025:05:55:06 -0800] "GET /?a=122340115 HTTP/1.1" 200 16521 "-" "Mozilla/5.0 (compatible; SemrushBot/7~bl; +http://www.semrush.com/bot.html)"
172.70.175.86 - - [07/Nov/2025:05:55:06 -0800] "GET /?dir=/usr/lib64/dovecot&dl=/usr/lib64/dovecot/libdovecot-storage.so.0 HTTP/1.1" 200 2309232 "-" "Mozilla/5.0 AppleWebKit/537.36 (KHTML, like Gecko; compatible; Amazonbot/0.1; +https://developer.amazon.com/support/amazonbot) Chrome/119.0.6045.214 Safari/537.36"
172.68.15.191 - - [07/Nov/2025:05:55:08 -0800] "GET /?a=120918915 HTTP/1.1" 200 16521 "-" "Mozilla/5.0 (compatible; SemrushBot/7~bl; +http://www.semrush.com/bot.html)"
104.23.245.203 - - [07/Nov/2025:05:55:10 -0800] "GET /?dir=%2Fetc%2Fudev HTTP/1.1" 200 12002 "-" "Mozilla/5.0 AppleWebKit/537.36 (KHTML, like Gecko; compatible; GPTBot/1.2; +https://openai.com/gptbot)"
172.71.195.120 - - [07/Nov/2025:05:55:10 -0800] "GET /public/?dir=/home/ayaclass/public_html/vendor/aws/aws-crt-php/src/AWS/CRT/Auth&dl=/home/ayaclass/public_html/vendor/aws/aws-crt-php/src/AWS/CRT/Auth/SigningAlgorithm.php HTTP/1.1" 200 229 "-" "Mozilla/5.0 AppleWebKit/537.36 (KHTML, like Gecko; compatible; Amazonbot/0.1; +https://developer.amazon.com/support/amazonbot) Chrome/119.0.6045.214 Safari/537.36"
172.71.195.120 - - [07/Nov/2025:05:55:14 -0800] "GET /?dir=/opt/cpanel/ea-openssl11/share/doc/openssl/html/man3&dl=/opt/cpanel/ea-openssl11/share/doc/openssl/html/man3/EVP_CipherFinal_ex.html HTTP/1.1" 200 30570 "-" "Mozilla/5.0 AppleWebKit/537.36 (KHTML, like Gecko; compatible; Amazonbot/0.1; +https://developer.amazon.com/support/amazonbot) Chrome/119.0.6045.214 Safari/537.36"
104.23.245.202 - - [07/Nov/2025:05:55:15 -0800] "GET /?dir=%2Fetc%2Fskel&dl=%2Fetc%2Fskel%2F.. HTTP/1.1" 200 11397 "-" "Mozilla/5.0 AppleWebKit/537.36 (KHTML, like Gecko; compatible; GPTBot/1.2; +https://openai.com/gptbot)"
172.68.245.208 - - [07/Nov/2025:05:55:17 -0800] "GET /?a=122856115 HTTP/1.1" 200 16521 "-" "Mozilla/5.0 (compatible; SemrushBot/7~bl; +http://www.semrush.com/bot.html)"
104.23.209.143 - - [07/Nov/2025:05:55:18 -0800] "GET /?dir=/usr/include/mysql/server/private&dl=/usr/include/mysql/server/private/sql_rename.h HTTP/1.1" 200 982 "-" "Mozilla/5.0 AppleWebKit/537.36 (KHTML, like Gecko; compatible; Amazonbot/0.1; +https://developer.amazon.com/support/amazonbot) Chrome/119.0.6045.214 Safari/537.36"
104.23.245.202 - - [07/Nov/2025:05:55:20 -0800] "GET /?dir=%2Fproc%2Fsys&dl=%2Fproc%2Fsys%2F.. HTTP/1.1" 200 16065 "-" "Mozilla/5.0 AppleWebKit/537.36 (KHTML, like Gecko; compatible; GPTBot/1.2; +https://openai.com/gptbot)"
162.158.78.73 - - [07/Nov/2025:05:55:22 -0800] "GET /?a=50108215 HTTP/1.1" 200 16521 "-" "Mozilla/5.0 (compatible; SemrushBot/7~bl; +http://www.semrush.com/bot.html)"
172.71.222.236 - - [07/Nov/2025:05:55:22 -0800] "GET /public/?dir=/home/ayaclass/public_html/vendor/google/apiclient-services/src/CloudRun&dl=/home/ayaclass/public_html/vendor/google/apiclient-services/src/CloudRun/ConfigMapVolumeSource.php HTTP/1.1" 200 1958 "-" "Mozilla/5.0 AppleWebKit/537.36 (KHTML, like Gecko; compatible; Amazonbot/0.1; +https://developer.amazon.com/support/amazonbot) Chrome/119.0.6045.214 Safari/537.36"
172.70.35.127 - - [07/Nov/2025:05:55:23 -0800] "GET /?a=121871215 HTTP/1.1" 200 16521 "-" "Mozilla/5.0 (compatible; SemrushBot/7~bl; +http://www.semrush.com/bot.html)"
104.23.245.202 - - [07/Nov/2025:05:55:25 -0800] "GET /?dir=%2Fproc%2Fsys&dl=%2Fproc%2Fsys%2Ffs HTTP/1.1" 200 16065 "-" "Mozilla/5.0 AppleWebKit/537.36 (KHTML, like Gecko; compatible; GPTBot/1.2; +https://openai.com/gptbot)"
104.23.213.13 - - [07/Nov/2025:05:55:26 -0800] "GET /public/?dir=/home/ayaclass/.trash/AAA/vendor/symfony/http-kernel/Controller&edit=/home/ayaclass/.trash/AAA/vendor/symfony/http-kernel/Controller/TraceableArgumentResolver.php HTTP/1.1" 403 - "-" "Mozilla/5.0 AppleWebKit/537.36 (KHTML, like Gecko; compatible; Amazonbot/0.1; +https://developer.amazon.com/support/amazonbot) Chrome/119.0.6045.214 Safari/537.36"
172.68.27.74 - - [07/Nov/2025:05:55:28 -0800] "GET /products/25595398/ HTTP/1.1" 200 202452 "-" "Mozilla/5.0 (Linux; Android 6.0.1; Nexus 5X Build/MMB29P) AppleWebKit/537.36 (KHTML, like Gecko) Chrome/141.0.7390.122 Mobile Safari/537.36 (compatible; Googlebot/2.1; +http://www.google.com/bot.html)"
172.68.27.74 - - [07/Nov/2025:05:55:28 -0800] "GET /?dir=%2Fproc&dl=%2Fproc%2F3944490 HTTP/1.1" 200 83848 "-" "Mozilla/5.0 (Linux; Android 6.0.1; Nexus 5X Build/MMB29P) AppleWebKit/537.36 (KHTML, like Gecko) Chrome/141.0.7390.122 Mobile Safari/537.36 (compatible; Googlebot/2.1; +http://www.google.com/bot.html)"
172.68.15.191 - - [07/Nov/2025:05:55:28 -0800] "GET /?a=123030015 HTTP/1.1" 200 16521 "-" "Mozilla/5.0 (compatible; SemrushBot/7~bl; +http://www.semrush.com/bot.html)"
104.23.245.202 - - [07/Nov/2025:05:55:28 -0800] "GET /?dir=%2Fdev%2Fchar&edit=%2Fdev%2Fchar%2F.. HTTP/1.1" 200 12888 "-" "Mozilla/5.0 AppleWebKit/537.36 (KHTML, like Gecko; compatible; GPTBot/1.2; +https://openai.com/gptbot)"
172.68.27.74 - - [07/Nov/2025:05:55:29 -0800] "GET /?dir=%2Fproc&edit=%2Fproc%2F3833830 HTTP/1.1" 200 83848 "-" "Mozilla/5.0 (Linux; Android 6.0.1; Nexus 5X Build/MMB29P) AppleWebKit/537.36 (KHTML, like Gecko) Chrome/141.0.7390.122 Mobile Safari/537.36 (compatible; Googlebot/2.1; +http://www.google.com/bot.html)"
172.68.15.191 - - [07/Nov/2025:05:55:30 -0800] "GET /public/?dir=/home/ayaclass/public_html/vendor/google/apiclient-services/src/Pubsub&edit=/home/ayaclass/public_html/vendor/google/apiclient-services/src/Pubsub/Policy.php HTTP/1.1" 200 2346 "-" "Mozilla/5.0 AppleWebKit/537.36 (KHTML, like Gecko; compatible; Amazonbot/0.1; +https://developer.amazon.com/support/amazonbot) Chrome/119.0.6045.214 Safari/537.36"
104.23.245.202 - - [07/Nov/2025:05:55:32 -0800] "GET /?dir=%2Fproc%2Fsys&edit=%2Fproc%2Fsys%2F.. HTTP/1.1" 200 16065 "-" "Mozilla/5.0 AppleWebKit/537.36 (KHTML, like Gecko; compatible; GPTBot/1.2; +https://openai.com/gptbot)"
172.70.35.127 - - [07/Nov/2025:05:55:33 -0800] "GET /?a=124145615 HTTP/1.1" 200 16521 "-" "Mozilla/5.0 (compatible; SemrushBot/7~bl; +http://www.semrush.com/bot.html)"
172.70.175.85 - - [07/Nov/2025:05:55:34 -0800] "GET /public/?dir=/opt/cpanel/ea-wappspector/src/Matchers&dl=/opt/cpanel/ea-wappspector/src/Matchers/WebPresenceBuilder.php HTTP/1.1" 200 2016 "-" "Mozilla/5.0 AppleWebKit/537.36 (KHTML, like Gecko; compatible; Amazonbot/0.1; +https://developer.amazon.com/support/amazonbot) Chrome/119.0.6045.214 Safari/537.36"
172.71.166.29 - - [07/Nov/2025:05:55:34 -0800] "GET /products/17874232/ HTTP/1.1" 200 189628 "-" "Mozilla/5.0 (Linux; Android 6.0.1; Nexus 5X Build/MMB29P) AppleWebKit/537.36 (KHTML, like Gecko) Chrome/141.0.7390.122 Mobile Safari/537.36 (compatible; Googlebot/2.1; +http://www.google.com/bot.html)"
162.158.78.72 - - [07/Nov/2025:05:55:35 -0800] "GET /?a=124907315 HTTP/1.1" 200 16521 "-" "Mozilla/5.0 (compatible; SemrushBot/7~bl; +http://www.semrush.com/bot.html)"
104.23.245.202 - - [07/Nov/2025:05:55:35 -0800] "GET /?dir=%2Frun%2Flock&edit=%2Frun%2Flock%2F.. HTTP/1.1" 200 10868 "-" "Mozilla/5.0 AppleWebKit/537.36 (KHTML, like Gecko; compatible; GPTBot/1.2; +https://openai.com/gptbot)"
172.71.222.237 - - [07/Nov/2025:05:55:38 -0800] "GET /?dir=/opt/cpanel/ea-wappspector/vendor/league/flysystem&dl=/opt/cpanel/ea-wappspector/vendor/league/flysystem/LICENSE HTTP/1.1" 200 1063 "-" "Mozilla/5.0 AppleWebKit/537.36 (KHTML, like Gecko; compatible; Amazonbot/0.1; +https://developer.amazon.com/support/amazonbot) Chrome/119.0.6045.214 Safari/537.36"
104.23.245.202 - - [07/Nov/2025:05:55:38 -0800] "GET /?dir=%2Fdev%2Fchar&dl=%2Fdev%2Fchar%2F5%3A2 HTTP/1.1" 200 12888 "-" "Mozilla/5.0 AppleWebKit/537.36 (KHTML, like Gecko; compatible; GPTBot/1.2; +https://openai.com/gptbot)"
104.23.245.202 - - [07/Nov/2025:05:55:41 -0800] "GET /?dir=%2Fproc%2Fsys&dl=%2Fproc%2Fsys%2Fvm HTTP/1.1" 200 16065 "-" "Mozilla/5.0 AppleWebKit/537.36 (KHTML, like Gecko; compatible; GPTBot/1.2; +https://openai.com/gptbot)"
172.70.175.85 - - [07/Nov/2025:05:55:42 -0800] "GET /?dir=/opt/cpanel/ea-wappspector/vendor/league/mime-type-detection&dl=/opt/cpanel/ea-wappspector/vendor/league/mime-type-detection/.. HTTP/1.1" 200 13862 "-" "Mozilla/5.0 AppleWebKit/537.36 (KHTML, like Gecko; compatible; Amazonbot/0.1; +https://developer.amazon.com/support/amazonbot) Chrome/119.0.6045.214 Safari/537.36"
104.23.245.202 - - [07/Nov/2025:05:55:43 -0800] "GET /?dir=%2Fdev%2Fchar&dl=%2Fdev%2Fchar%2F1%3A5 HTTP/1.1" 429 17 "-" "Mozilla/5.0 AppleWebKit/537.36 (KHTML, like Gecko; compatible; GPTBot/1.2; +https://openai.com/gptbot)"
104.23.245.202 - - [07/Nov/2025:05:55:45 -0800] "GET /?dir=%2Fetc%2Fmail&edit=%2Fetc%2Fmail%2F.. HTTP/1.1" 429 17 "-" "Mozilla/5.0 AppleWebKit/537.36 (KHTML, like Gecko; compatible; GPTBot/1.2; +https://openai.com/gptbot)"
172.71.166.29 - - [07/Nov/2025:05:55:46 -0800] "GET /?dir=%2Fproc%2F3901073&dl=%2Fproc%2F3901073%2Fstack HTTP/1.1" 200 - "-" "Mozilla/5.0 (Linux; Android 6.0.1; Nexus 5X Build/MMB29P) AppleWebKit/537.36 (KHTML, like Gecko) Chrome/141.0.7390.122 Mobile Safari/537.36 (compatible; Googlebot/2.1; +http://www.google.com/bot.html)"
172.71.195.120 - - [07/Nov/2025:05:55:46 -0800] "GET /public/?dir=/usr/share/locale/is&dl=/usr/share/locale/is/LC_MESSAGES HTTP/1.1" 200 10591 "-" "Mozilla/5.0 AppleWebKit/537.36 (KHTML, like Gecko; compatible; Amazonbot/0.1; +https://developer.amazon.com/support/amazonbot) Chrome/119.0.6045.214 Safari/537.36"
172.68.245.209 - - [07/Nov/2025:05:55:46 -0800] "GET /?a=122296915 HTTP/1.1" 200 16521 "-" "Mozilla/5.0 (compatible; SemrushBot/7~bl; +http://www.semrush.com/bot.html)"
162.158.78.73 - - [07/Nov/2025:05:55:50 -0800] "GET /?dir=/opt/cpanel/ea-wappspector/vendor/symfony/console/Formatter/.. HTTP/1.1" 200 36182 "-" "Mozilla/5.0 AppleWebKit/537.36 (KHTML, like Gecko; compatible; Amazonbot/0.1; +https://developer.amazon.com/support/amazonbot) Chrome/119.0.6045.214 Safari/537.36"
104.23.245.202 - - [07/Nov/2025:05:55:52 -0800] "GET /?dir=%2Fdev%2Fchar&dl=%2Fdev%2Fchar%2F1%3A7 HTTP/1.1" 200 12888 "-" "Mozilla/5.0 AppleWebKit/537.36 (KHTML, like Gecko; compatible; GPTBot/1.2; +https://openai.com/gptbot)"
172.68.138.159 - - [07/Nov/2025:05:55:54 -0800] "GET /public/?dir=/home/ayaclass/public_html/vendor/aws/aws-sdk-php/src/data/qldb/2019-01-02&dl=/home/ayaclass/public_html/vendor/aws/aws-sdk-php/src/data/qldb/2019-01-02/api-2.json.php HTTP/1.1" 200 25013 "-" "Mozilla/5.0 AppleWebKit/537.36 (KHTML, like Gecko; compatible; Amazonbot/0.1; +https://developer.amazon.com/support/amazonbot) Chrome/119.0.6045.214 Safari/537.36"
104.23.209.142 - - [07/Nov/2025:05:55:58 -0800] "GET /public/?dir=/home/ayaclass/public_html/vendor/google/apiclient-services/src/SecurityCommandCenter/Resource&dl=/home/ayaclass/public_html/vendor/google/apiclient-services/src/SecurityCommandCenter/Resource/OrganizationsSimulationsAttackPaths.php HTTP/1.1" 200 2766 "-" "Mozilla/5.0 AppleWebKit/537.36 (KHTML, like Gecko; compatible; Amazonbot/0.1; +https://developer.amazon.com/support/amazonbot) Chrome/119.0.6045.214 Safari/537.36"
162.158.152.182 - - [07/Nov/2025:05:56:02 -0800] "GET /?dir=/home/ayaclass/.trash/AAA/vendor/nikic/php-parser/lib/PhpParser/Node/Expr&dl=/home/ayaclass/.trash/AAA/vendor/nikic/php-parser/lib/PhpParser/Node/Expr/Throw_.php HTTP/1.1" 403 - "-" "Mozilla/5.0 AppleWebKit/537.36 (KHTML, like Gecko; compatible; Amazonbot/0.1; +https://developer.amazon.com/support/amazonbot) Chrome/119.0.6045.214 Safari/537.36"
172.70.35.127 - - [07/Nov/2025:05:56:06 -0800] "GET /public/?dir=/home/ayaclass/public_html/vendor/google/apiclient-services/src/CloudTasks&edit=/home/ayaclass/public_html/vendor/google/apiclient-services/src/CloudTasks/OAuthToken.php HTTP/1.1" 200 2097 "-" "Mozilla/5.0 AppleWebKit/537.36 (KHTML, like Gecko; compatible; Amazonbot/0.1; +https://developer.amazon.com/support/amazonbot) Chrome/119.0.6045.214 Safari/537.36"
172.70.35.127 - - [07/Nov/2025:05:56:10 -0800] "GET /public/?dir=/home/ayaclass/public_html/vendor/google/apiclient-services/src/Vision&edit=/home/ayaclass/public_html/vendor/google/apiclient-services/src/Vision/LatLng.php HTTP/1.1" 200 1836 "-" "Mozilla/5.0 AppleWebKit/537.36 (KHTML, like Gecko; compatible; Amazonbot/0.1; +https://developer.amazon.com/support/amazonbot) Chrome/119.0.6045.214 Safari/537.36"
104.23.245.203 - - [07/Nov/2025:05:56:10 -0800] "GET /?dir=%2Fdev%2Fchar&dl=%2Fdev%2Fchar%2F1%3A3 HTTP/1.1" 200 12888 "-" "Mozilla/5.0 AppleWebKit/537.36 (KHTML, like Gecko; compatible; GPTBot/1.2; +https://openai.com/gptbot)"
104.23.209.143 - - [07/Nov/2025:05:56:14 -0800] "GET /?dir=/opt/cpanel/ea-wappspector/vendor/symfony/console/Logger/.. HTTP/1.1" 200 36182 "-" "Mozilla/5.0 AppleWebKit/537.36 (KHTML, like Gecko; compatible; Amazonbot/0.1; +https://developer.amazon.com/support/amazonbot) Chrome/119.0.6045.214 Safari/537.36"
172.68.27.74 - - [07/Nov/2025:05:56:17 -0800] "GET /products/9512032/ HTTP/1.1" 200 195081 "-" "Mozilla/5.0 (Linux; Android 6.0.1; Nexus 5X Build/MMB29P) AppleWebKit/537.36 (KHTML, like Gecko) Chrome/141.0.7390.122 Mobile Safari/537.36 (compatible; Googlebot/2.1; +http://www.google.com/bot.html)"
104.23.211.80 - - [07/Nov/2025:05:56:18 -0800] "GET /public/?dir=/home/ayaclass/public_html/vendor/google/apiclient-services/src/Compute/Resource&dl=/home/ayaclass/public_html/vendor/google/apiclient-services/src/Compute/Resource/LicenseCodes.php HTTP/1.1" 200 2926 "-" "Mozilla/5.0 AppleWebKit/537.36 (KHTML, like Gecko; compatible; Amazonbot/0.1; +https://developer.amazon.com/support/amazonbot) Chrome/119.0.6045.214 Safari/537.36"
162.158.152.183 - - [07/Nov/2025:05:56:22 -0800] "GET /?dir=/sys/devices/system/cpu/cpu15/cache/index0&edit=/sys/devices/system/cpu/cpu15/cache/index0/id HTTP/1.1" 200 594 "-" "Mozilla/5.0 AppleWebKit/537.36 (KHTML, like Gecko; compatible; Amazonbot/0.1; +https://developer.amazon.com/support/amazonbot) Chrome/119.0.6045.214 Safari/537.36"
162.158.152.183 - - [07/Nov/2025:05:56:22 -0800] "GET /products/19992054/ HTTP/1.1" 200 - "-" "meta-externalagent/1.1 (+https://developers.facebook.com/docs/sharing/webmasters/crawler)"
104.23.213.13 - - [07/Nov/2025:05:56:26 -0800] "GET /?dir=/sys/devices/system/cpu/cpu2/cache/index2&edit=/sys/devices/system/cpu/cpu2/cache/index2/number_of_sets HTTP/1.1" 200 607 "-" "Mozilla/5.0 AppleWebKit/537.36 (KHTML, like Gecko; compatible; Amazonbot/0.1; +https://developer.amazon.com/support/amazonbot) Chrome/119.0.6045.214 Safari/537.36"
104.23.245.203 - - [07/Nov/2025:05:56:27 -0800] "GET /?dir=%2Fetc%2Fudev&dl=%2Fetc%2Fudev%2F.. HTTP/1.1" 200 12002 "-" "Mozilla/5.0 AppleWebKit/537.36 (KHTML, like Gecko; compatible; GPTBot/1.2; +https://openai.com/gptbot)"
104.23.213.13 - - [07/Nov/2025:05:56:30 -0800] "GET /?dir=/usr/lib/python3.6/site-packages/dateutil/tz/__pycache__/.. HTTP/1.1" 200 14163 "-" "Mozilla/5.0 AppleWebKit/537.36 (KHTML, like Gecko; compatible; Amazonbot/0.1; +https://developer.amazon.com/support/amazonbot) Chrome/119.0.6045.214 Safari/537.36"
172.68.245.209 - - [07/Nov/2025:05:56:34 -0800] "GET /?dir=/home/ayaclass/public_html/vendor/twilio/sdk/src/Twilio/Rest/Pricing/V2/Voice&dl=/home/ayaclass/public_html/vendor/twilio/sdk/src/Twilio/Rest/Pricing/V2/Voice/CountryContext.php HTTP/1.1" 200 2127 "-" "Mozilla/5.0 AppleWebKit/537.36 (KHTML, like Gecko; compatible; Amazonbot/0.1; +https://developer.amazon.com/support/amazonbot) Chrome/119.0.6045.214 Safari/537.36"
172.70.175.85 - - [07/Nov/2025:05:56:36 -0800] "GET /?a=107749815 HTTP/1.1" 200 16521 "-" "Mozilla/5.0 (compatible; SemrushBot/7~bl; +http://www.semrush.com/bot.html)"
172.70.35.127 - - [07/Nov/2025:05:56:38 -0800] "GET /public/?dir=/home/ayaclass/public_html/vendor/google/apiclient-services/src/Verifiedaccess&dl=/home/ayaclass/public_html/vendor/google/apiclient-services/src/Verifiedaccess/VerifiedaccessEmpty.php HTTP/1.1" 200 869 "-" "Mozilla/5.0 AppleWebKit/537.36 (KHTML, like Gecko; compatible; Amazonbot/0.1; +https://developer.amazon.com/support/amazonbot) Chrome/119.0.6045.214 Safari/537.36"
104.23.211.80 - - [07/Nov/2025:05:56:42 -0800] "GET /public/?dir=/home/ayaclass/public_html/vendor/google/apiclient-services/src/MigrationCenterAPI/Resource&dl=/home/ayaclass/public_html/vendor/google/apiclient-services/src/MigrationCenterAPI/Resource/ProjectsLocationsImportJobs.php HTTP/1.1" 200 8821 "-" "Mozilla/5.0 AppleWebKit/537.36 (KHTML, like Gecko; compatible; Amazonbot/0.1; +https://developer.amazon.com/support/amazonbot) Chrome/119.0.6045.214 Safari/537.36"
104.23.245.202 - - [07/Nov/2025:05:56:43 -0800] "GET /?dir=%2Fetc%2Fskel%2F.. HTTP/1.1" 200 191949 "-" "Mozilla/5.0 AppleWebKit/537.36 (KHTML, like Gecko; compatible; GPTBot/1.2; +https://openai.com/gptbot)"
104.23.211.80 - - [07/Nov/2025:05:56:45 -0800] "GET /?a=120021115 HTTP/1.1" 200 16521 "-" "Mozilla/5.0 (compatible; SemrushBot/7~bl; +http://www.semrush.com/bot.html)"
172.71.195.120 - - [07/Nov/2025:05:56:46 -0800] "GET /public/?dir=/home/ayaclass/public_html/vendor/aws/aws-sdk-php/src/data/data.iot/2015-05-28 HTTP/1.1" 200 15028 "-" "Mozilla/5.0 AppleWebKit/537.36 (KHTML, like Gecko; compatible; Amazonbot/0.1; +https://developer.amazon.com/support/amazonbot) Chrome/119.0.6045.214 Safari/537.36"
172.71.166.29 - - [07/Nov/2025:05:56:48 -0800] "GET /products/26683976/ HTTP/1.1" 200 198651 "-" "Mozilla/5.0 (Linux; Android 6.0.1; Nexus 5X Build/MMB29P) AppleWebKit/537.36 (KHTML, like Gecko) Chrome/141.0.7390.122 Mobile Safari/537.36 (compatible; Googlebot/2.1; +http://www.google.com/bot.html)"
162.158.78.72 - - [07/Nov/2025:05:56:48 -0800] "GET /?a=122495615 HTTP/1.1" 200 16521 "-" "Mozilla/5.0 (compatible; SemrushBot/7~bl; +http://www.semrush.com/bot.html)"
172.70.94.85 - - [07/Nov/2025:05:56:49 -0800] "GET /products/27359643/ HTTP/1.1" 200 208896 "-" "Mozilla/5.0 (Linux; Android 6.0.1; Nexus 5X Build/MMB29P) AppleWebKit/537.36 (KHTML, like Gecko) Chrome/141.0.7390.122 Mobile Safari/537.36 (compatible; Googlebot/2.1; +http://www.google.com/bot.html)"
104.23.209.142 - - [07/Nov/2025:05:56:50 -0800] "GET /public/?dir=/home/ayaclass/public_html/vendor/google/apiclient-services/src/Docs&edit=/home/ayaclass/public_html/vendor/google/apiclient-services/src/Docs/Link.php HTTP/1.1" 200 3166 "-" "Mozilla/5.0 AppleWebKit/537.36 (KHTML, like Gecko; compatible; Amazonbot/0.1; +https://developer.amazon.com/support/amazonbot) Chrome/119.0.6045.214 Safari/537.36"
172.71.222.236 - - [07/Nov/2025:05:56:52 -0800] "GET /?a=122455715 HTTP/1.1" 200 16521 "-" "Mozilla/5.0 (compatible; SemrushBot/7~bl; +http://www.semrush.com/bot.html)"
172.71.166.29 - - [07/Nov/2025:05:56:53 -0800] "GET /?dir=%2Fproc&edit=%2Fproc%2F3904144 HTTP/1.1" 200 83848 "-" "Mozilla/5.0 (Linux; Android 6.0.1; Nexus 5X Build/MMB29P) AppleWebKit/537.36 (KHTML, like Gecko) Chrome/141.0.7390.122 Mobile Safari/537.36 (compatible; Googlebot/2.1; +http://www.google.com/bot.html)"
104.23.209.142 - - [07/Nov/2025:05:56:54 -0800] "GET /public/?dir=/home/ayaclass/public_html/vendor/fakerphp/faker/src/Faker/Provider/ja_JP&edit=/home/ayaclass/public_html/vendor/fakerphp/faker/src/Faker/Provider/ja_JP/Internet.php HTTP/1.1" 200 4867 "-" "Mozilla/5.0 AppleWebKit/537.36 (KHTML, like Gecko; compatible; Amazonbot/0.1; +https://developer.amazon.com/support/amazonbot) Chrome/119.0.6045.214 Safari/537.36"
104.23.245.202 - - [07/Nov/2025:05:56:57 -0800] "GET /?dir=%2Fetc%2Fskel&edit=%2Fetc%2Fskel%2F.. HTTP/1.1" 200 11397 "-" "Mozilla/5.0 AppleWebKit/537.36 (KHTML, like Gecko; compatible; GPTBot/1.2; +https://openai.com/gptbot)"
172.70.35.127 - - [07/Nov/2025:05:56:58 -0800] "GET /public/?dir=/home/ayaclass/public_html/vendor/google/apiclient-services/src/Dataproc&dl=/home/ayaclass/public_html/vendor/google/apiclient-services/src/Dataproc/MemoryMetrics.php HTTP/1.1" 200 2336 "-" "Mozilla/5.0 AppleWebKit/537.36 (KHTML, like Gecko; compatible; Amazonbot/0.1; +https://developer.amazon.com/support/amazonbot) Chrome/119.0.6045.214 Safari/537.36"
172.68.245.209 - - [07/Nov/2025:05:57:02 -0800] "GET /public/?dir=/usr/share/doc/socat&dl=/usr/share/doc/socat/daemon.sh HTTP/1.1" 200 903 "-" "Mozilla/5.0 AppleWebKit/537.36 (KHTML, like Gecko; compatible; Amazonbot/0.1; +https://developer.amazon.com/support/amazonbot) Chrome/119.0.6045.214 Safari/537.36"
104.23.211.81 - - [07/Nov/2025:05:57:06 -0800] "GET /public/?dir=/home/ayaclass/public_html/vendor/aws/aws-sdk-php/src/Route53Domains&dl=/home/ayaclass/public_html/vendor/aws/aws-sdk-php/src/Route53Domains/Exception HTTP/1.1" 200 12637 "-" "Mozilla/5.0 AppleWebKit/537.36 (KHTML, like Gecko; compatible; Amazonbot/0.1; +https://developer.amazon.com/support/amazonbot) Chrome/119.0.6045.214 Safari/537.36"
104.23.245.203 - - [07/Nov/2025:05:57:09 -0800] "GET /?dir=%2Fetc%2Fmail&dl=%2Fetc%2Fmail%2Fspamassassin HTTP/1.1" 200 10318 "-" "Mozilla/5.0 AppleWebKit/537.36 (KHTML, like Gecko; compatible; GPTBot/1.2; +https://openai.com/gptbot)"
162.158.78.73 - - [07/Nov/2025:05:57:10 -0800] "GET /?dir=/proc/sys/kernel/sched_domain/cpu61/domain1&dl=/proc/sys/kernel/sched_domain/cpu61/domain1/.. HTTP/1.1" 200 20219 "-" "Mozilla/5.0 AppleWebKit/537.36 (KHTML, like Gecko; compatible; Amazonbot/0.1; +https://developer.amazon.com/support/amazonbot) Chrome/119.0.6045.214 Safari/537.36"
172.70.100.210 - - [07/Nov/2025:05:57:12 -0800] "GET /sitemap881.xml HTTP/1.1" 403 - "-" "Mozilla/5.0 AppleWebKit/537.36 (KHTML, like Gecko; compatible; ClaudeBot/1.0; +claudebot@anthropic.com)"
172.64.217.54 - - [07/Nov/2025:05:57:14 -0800] "GET /robots.txt HTTP/1.1" 403 - "-" "Mozilla/5.0 (compatible; SemrushBot/7~bl; +http://www.semrush.com/bot.html)"
162.158.78.73 - - [07/Nov/2025:05:57:14 -0800] "GET /?dir=/sys/devices/system/cpu/cpu7/cache/index0&edit=/sys/devices/system/cpu/cpu7/cache/index0/number_of_sets HTTP/1.1" 200 605 "-" "Mozilla/5.0 AppleWebKit/537.36 (KHTML, like Gecko; compatible; Amazonbot/0.1; +https://developer.amazon.com/support/amazonbot) Chrome/119.0.6045.214 Safari/537.36"
172.68.245.208 - - [07/Nov/2025:05:57:18 -0800] "GET /public/?dir=/home/ayaclass/public_html/vendor/google/apiclient-services/src/Contentwarehouse&dl=/home/ayaclass/public_html/vendor/google/apiclient-services/src/Contentwarehouse/KnowledgeAnswersSensitivitySensitivity.php HTTP/1.1" 200 2366 "-" "Mozilla/5.0 AppleWebKit/537.36 (KHTML, like Gecko; compatible; Amazonbot/0.1; +https://developer.amazon.com/support/amazonbot) Chrome/119.0.6045.214 Safari/537.36"
104.23.245.203 - - [07/Nov/2025:05:57:20 -0800] "GET /?dir=%2Fdev%2Fchar&dl=%2Fdev%2Fchar%2F1%3A9 HTTP/1.1" 200 12888 "-" "Mozilla/5.0 AppleWebKit/537.36 (KHTML, like Gecko; compatible; GPTBot/1.2; +https://openai.com/gptbot)"
172.68.15.191 - - [07/Nov/2025:05:57:22 -0800] "GET /?dir=/proc/sys/kernel/sched_domain/cpu88/domain2&dl=/proc/sys/kernel/sched_domain/cpu88/domain2/name HTTP/1.1" 200 5 "-" "Mozilla/5.0 AppleWebKit/537.36 (KHTML, like Gecko; compatible; Amazonbot/0.1; +https://developer.amazon.com/support/amazonbot) Chrome/119.0.6045.214 Safari/537.36"
172.70.175.86 - - [07/Nov/2025:05:57:26 -0800] "GET /?dir=/usr/share/locale/de/LC_MESSAGES&dl=/usr/share/locale/de/LC_MESSAGES/dnf-plugins-core.mo HTTP/1.1" 200 13528 "-" "Mozilla/5.0 AppleWebKit/537.36 (KHTML, like Gecko; compatible; Amazonbot/0.1; +https://developer.amazon.com/support/amazonbot) Chrome/119.0.6045.214 Safari/537.36"
172.68.138.158 - - [07/Nov/2025:05:57:29 -0800] "GET /?a=121799815 HTTP/1.1" 200 16521 "-" "Mozilla/5.0 (compatible; SemrushBot/7~bl; +http://www.semrush.com/bot.html)"
172.71.166.29 - - [07/Nov/2025:05:57:29 -0800] "GET /?dir=%2Fproc%2F3942891 HTTP/1.1" 200 16521 "-" "Mozilla/5.0 (Linux; Android 6.0.1; Nexus 5X Build/MMB29P) AppleWebKit/537.36 (KHTML, like Gecko) Chrome/141.0.7390.122 Mobile Safari/537.36 (compatible; Googlebot/2.1; +http://www.google.com/bot.html)"
172.70.175.86 - - [07/Nov/2025:05:57:30 -0800] "GET /public/?dir=/home/ayaclass/public_html/vendor/google/apiclient-services/src/Reports&edit=/home/ayaclass/public_html/vendor/google/apiclient-services/src/Reports/UsageReport.php HTTP/1.1" 200 3000 "-" "Mozilla/5.0 AppleWebKit/537.36 (KHTML, like Gecko; compatible; Amazonbot/0.1; +https://developer.amazon.com/support/amazonbot) Chrome/119.0.6045.214 Safari/537.36"
172.68.15.190 - - [07/Nov/2025:05:57:30 -0800] "GET /?a=120455015 HTTP/1.1" 200 16521 "-" "Mozilla/5.0 (compatible; SemrushBot/7~bl; +http://www.semrush.com/bot.html)"
104.23.245.203 - - [07/Nov/2025:05:57:31 -0800] "GET /?dir=%2Fetc%2Fudev&edit=%2Fetc%2Fudev%2F.. HTTP/1.1" 200 12002 "-" "Mozilla/5.0 AppleWebKit/537.36 (KHTML, like Gecko; compatible; GPTBot/1.2; +https://openai.com/gptbot)"
172.68.138.158 - - [07/Nov/2025:05:57:34 -0800] "GET /public/?dir=/home/ayaclass/public_html/vendor/fakerphp/faker/src/Faker/Provider/bg_BG&edit=/home/ayaclass/public_html/vendor/fakerphp/faker/src/Faker/Provider/bg_BG/Payment.php HTTP/1.1" 200 2118 "-" "Mozilla/5.0 AppleWebKit/537.36 (KHTML, like Gecko; compatible; Amazonbot/0.1; +https://developer.amazon.com/support/amazonbot) Chrome/119.0.6045.214 Safari/537.36"
172.71.190.82 - - [07/Nov/2025:05:57:38 -0800] "GET /public/?dir=/home/ayaclass/public_html/vendor/chehivskiy/i18n-arabic/I18N/Arabic/Examples/Compress&dl=/home/ayaclass/public_html/vendor/chehivskiy/i18n-arabic/I18N/Arabic/Examples/Compress/.. HTTP/1.1" 200 12082 "-" "Mozilla/5.0 AppleWebKit/537.36 (KHTML, like Gecko; compatible; Amazonbot/0.1; +https://developer.amazon.com/support/amazonbot) Chrome/119.0.6045.214 Safari/537.36"
104.23.245.202 - - [07/Nov/2025:05:57:39 -0800] "GET /?dir=%2Fetc%2Fmail&edit=%2Fetc%2Fmail%2Fspamassassin HTTP/1.1" 200 10318 "-" "Mozilla/5.0 AppleWebKit/537.36 (KHTML, like Gecko; compatible; GPTBot/1.2; +https://openai.com/gptbot)"
172.70.175.86 - - [07/Nov/2025:05:57:42 -0800] "GET /?dir=/proc/sys/kernel/sched_domain/cpu75/domain0&dl=/proc/sys/kernel/sched_domain/cpu75/domain0/idle_idx HTTP/1.1" 200 2 "-" "Mozilla/5.0 AppleWebKit/537.36 (KHTML, like Gecko; compatible; Amazonbot/0.1; +https://developer.amazon.com/support/amazonbot) Chrome/119.0.6045.214 Safari/537.36"
162.158.78.73 - - [07/Nov/2025:05:57:46 -0800] "GET /public/?dir=/usr/share/locale/pl/LC_MESSAGES&edit=/usr/share/locale/pl/LC_MESSAGES/e2fsprogs.mo HTTP/1.1" 200 192823 "-" "Mozilla/5.0 AppleWebKit/537.36 (KHTML, like Gecko; compatible; Amazonbot/0.1; +https://developer.amazon.com/support/amazonbot) Chrome/119.0.6045.214 Safari/537.36"
104.23.245.202 - - [07/Nov/2025:05:57:48 -0800] "GET /?dir=%2Fetc%2Fmail%2F.. HTTP/1.1" 200 191949 "-" "Mozilla/5.0 AppleWebKit/537.36 (KHTML, like Gecko; compatible; GPTBot/1.2; +https://openai.com/gptbot)"
172.68.15.191 - - [07/Nov/2025:05:57:50 -0800] "GET /public/?dir=/etc/systemd/system/timers.target.wants&dl=/etc/systemd/system/timers.target.wants/initialize_monitoring_plugin.timer HTTP/1.1" 200 153 "-" "Mozilla/5.0 AppleWebKit/537.36 (KHTML, like Gecko; compatible; Amazonbot/0.1; +https://developer.amazon.com/support/amazonbot) Chrome/119.0.6045.214 Safari/537.36"
162.158.78.72 - - [07/Nov/2025:05:57:53 -0800] "GET /?a=121704315 HTTP/1.1" 200 16521 "-" "Mozilla/5.0 (compatible; SemrushBot/7~bl; +http://www.semrush.com/bot.html)"
172.68.15.191 - - [07/Nov/2025:05:57:54 -0800] "GET /public/?dir=/home/ayaclass/public_html/vendor/ezyang/htmlpurifier/library/HTMLPurifier/Injector&dl=/home/ayaclass/public_html/vendor/ezyang/htmlpurifier/library/HTMLPurifier/Injector/RemoveSpansWithoutAttributes.php HTTP/1.1" 200 2280 "-" "Mozilla/5.0 AppleWebKit/537.36 (KHTML, like Gecko; compatible; Amazonbot/0.1; +https://developer.amazon.com/support/amazonbot) Chrome/119.0.6045.214 Safari/537.36"
104.23.245.203 - - [07/Nov/2025:05:57:55 -0800] "GET /?dir=%2Fetc%2Fdpkg%2F.. HTTP/1.1" 200 191949 "-" "Mozilla/5.0 AppleWebKit/537.36 (KHTML, like Gecko; compatible; GPTBot/1.2; +https://openai.com/gptbot)"
172.68.15.191 - - [07/Nov/2025:05:57:58 -0800] "GET /?dir=/opt/cpanel/ea-wappspector/vendor/php-di/invoker/src/ParameterResolver&dl=/opt/cpanel/ea-wappspector/vendor/php-di/invoker/src/ParameterResolver/NumericArrayResolver.php HTTP/1.1" 200 1069 "-" "Mozilla/5.0 AppleWebKit/537.36 (KHTML, like Gecko; compatible; Amazonbot/0.1; +https://developer.amazon.com/support/amazonbot) Chrome/119.0.6045.214 Safari/537.36"
104.23.245.203 - - [07/Nov/2025:05:58:02 -0800] "GET /?dir=%2Fdev%2Fchar&dl=%2Fdev%2Fchar%2F1%3A8 HTTP/1.1" 200 12888 "-" "Mozilla/5.0 AppleWebKit/537.36 (KHTML, like Gecko; compatible; GPTBot/1.2; +https://openai.com/gptbot)"
104.23.209.73 - - [07/Nov/2025:05:58:02 -0800] "GET /public/?dir=/home/ayaclass/public_html/vendor/google/apiclient-services/src/CloudIAP&dl=/home/ayaclass/public_html/vendor/google/apiclient-services/src/CloudIAP/AccessDeniedPageSettings.php HTTP/1.1" 200 2025 "-" "Mozilla/5.0 AppleWebKit/537.36 (KHTML, like Gecko; compatible; Amazonbot/0.1; +https://developer.amazon.com/support/amazonbot) Chrome/119.0.6045.214 Safari/537.36"
172.69.67.157 - - [07/Nov/2025:05:58:05 -0800] "GET /products/2431210/ HTTP/1.1" 200 193440 "-" "Mozilla/5.0 (Linux; Android 6.0.1; Nexus 5X Build/MMB29P) AppleWebKit/537.36 (KHTML, like Gecko) Chrome/141.0.7390.122 Mobile Safari/537.36 (compatible; Googlebot/2.1; +http://www.google.com/bot.html)"
108.162.245.20 - - [07/Nov/2025:05:58:05 -0800] "GET /favorites/Learn-Python-Programming/toggle HTTP/1.1" 403 - "-" "Mozilla/5.0 (compatible; DotBot/1.2; +https://opensiteexplorer.org/dotbot; help@moz.com)"
104.23.211.80 - - [07/Nov/2025:05:58:06 -0800] "GET /public/?dir=/usr/share/locale/ku&dl=/usr/share/locale/ku/.. HTTP/1.1" 200 10591 "-" "Mozilla/5.0 AppleWebKit/537.36 (KHTML, like Gecko; compatible; Amazonbot/0.1; +https://developer.amazon.com/support/amazonbot) Chrome/119.0.6045.214 Safari/537.36"
162.158.78.72 - - [07/Nov/2025:05:58:06 -0800] "GET /?a=120300615 HTTP/1.1" 200 16521 "-" "Mozilla/5.0 (compatible; SemrushBot/7~bl; +http://www.semrush.com/bot.html)"
104.23.245.202 - - [07/Nov/2025:05:58:08 -0800] "GET /?dir=%2Fdev%2Fchar&dl=%2Fdev%2Fchar%2F1%3A5 HTTP/1.1" 200 12888 "-" "Mozilla/5.0 AppleWebKit/537.36 (KHTML, like Gecko; compatible; GPTBot/1.2; +https://openai.com/gptbot)"
104.23.209.143 - - [07/Nov/2025:05:58:10 -0800] "GET /?dir=/opt/cpanel/ea-wappspector/vendor/php-di/invoker/src&edit=/opt/cpanel/ea-wappspector/vendor/php-di/invoker/src/InvokerInterface.php HTTP/1.1" 200 1348 "-" "Mozilla/5.0 AppleWebKit/537.36 (KHTML, like Gecko; compatible; Amazonbot/0.1; +https://developer.amazon.com/support/amazonbot) Chrome/119.0.6045.214 Safari/537.36"
198.41.227.154 - - [07/Nov/2025:05:58:13 -0800] "GET /products/17852165/ HTTP/1.1" 200 184742 "-" "Mozilla/5.0 (Linux; Android 6.0.1; Nexus 5X Build/MMB29P) AppleWebKit/537.36 (KHTML, like Gecko) Chrome/141.0.7390.122 Mobile Safari/537.36 (compatible; Googlebot/2.1; +http://www.google.com/bot.html)"
172.71.222.236 - - [07/Nov/2025:05:58:14 -0800] "GET /public/?dir=/home/ayaclass/public_html/resources/views/admin/forums/recommended_topics&edit=/home/ayaclass/public_html/resources/views/admin/forums/recommended_topics/.. HTTP/1.1" 200 12625 "-" "Mozilla/5.0 AppleWebKit/537.36 (KHTML, like Gecko; compatible; Amazonbot/0.1; +https://developer.amazon.com/support/amazonbot) Chrome/119.0.6045.214 Safari/537.36"
104.23.245.202 - - [07/Nov/2025:05:58:14 -0800] "GET /?dir=%2Frun%2Flock%2F.. HTTP/1.1" 200 65729 "-" "Mozilla/5.0 AppleWebKit/537.36 (KHTML, like Gecko; compatible; GPTBot/1.2; +https://openai.com/gptbot)"
104.23.209.143 - - [07/Nov/2025:05:58:17 -0800] "GET /products/29689509/ HTTP/1.1" 200 - "-" "meta-externalagent/1.1 (+https://developers.facebook.com/docs/sharing/webmasters/crawler)"
172.71.190.82 - - [07/Nov/2025:05:58:18 -0800] "GET /?dir=/opt/imh-python/lib/python3.9/site-packages/IPython/core/magics&dl=/opt/imh-python/lib/python3.9/site-packages/IPython/core/magics/namespace.py HTTP/1.1" 200 24823 "-" "Mozilla/5.0 AppleWebKit/537.36 (KHTML, like Gecko; compatible; Amazonbot/0.1; +https://developer.amazon.com/support/amazonbot) Chrome/119.0.6045.214 Safari/537.36"
104.23.245.202 - - [07/Nov/2025:05:58:18 -0800] "GET /?dir=%2Fetc%2Fdpkg&edit=%2Fetc%2Fdpkg%2Forigins HTTP/1.1" 200 11460 "-" "Mozilla/5.0 AppleWebKit/537.36 (KHTML, like Gecko; compatible; GPTBot/1.2; +https://openai.com/gptbot)"
104.23.209.143 - - [07/Nov/2025:05:58:22 -0800] "GET /?dir=/home/ayaclass/public_html/vendor/google/apiclient-services/src/YouTube/Resource&dl=/home/ayaclass/public_html/vendor/google/apiclient-services/src/YouTube/Resource/PlaylistImages.php HTTP/1.1" 200 9460 "-" "Mozilla/5.0 AppleWebKit/537.36 (KHTML, like Gecko; compatible; Amazonbot/0.1; +https://developer.amazon.com/support/amazonbot) Chrome/119.0.6045.214 Safari/537.36"
104.23.245.202 - - [07/Nov/2025:05:58:22 -0800] "GET /?dir=%2Fetc%2Fpki&edit=%2Fetc%2Fpki%2Frsyslog HTTP/1.1" 200 14356 "-" "Mozilla/5.0 AppleWebKit/537.36 (KHTML, like Gecko; compatible; GPTBot/1.2; +https://openai.com/gptbot)"
104.23.211.81 - - [07/Nov/2025:05:58:24 -0800] "GET /products/12765332/ HTTP/1.1" 200 201762 "-" "Mozilla/5.0 AppleWebKit/537.36 (KHTML, like Gecko; compatible; bingbot/2.0; +http://www.bing.com/bingbot.htm) Chrome/116.0.1938.76 Safari/537.36"
172.71.195.120 - - [07/Nov/2025:05:58:24 -0800] "GET /?a=122776515 HTTP/1.1" 200 16521 "-" "Mozilla/5.0 (compatible; SemrushBot/7~bl; +http://www.semrush.com/bot.html)"
104.23.211.81 - - [07/Nov/2025:05:58:25 -0800] "GET /favorites/How-to-Travel-Around-the-World/toggle HTTP/1.1" 200 195804 "-" "Mozilla/5.0 AppleWebKit/537.36 (KHTML, like Gecko; compatible; bingbot/2.0; +http://www.bing.com/bingbot.htm) Chrome/116.0.1938.76 Safari/537.36"
104.23.211.81 - - [07/Nov/2025:05:58:26 -0800] "GET /public/?dir=/home/ayaclass/public_html/vendor/google/apiclient-services/src/Docs&edit=/home/ayaclass/public_html/vendor/google/apiclient-services/src/Docs/WriteControl.php HTTP/1.1" 200 2157 "-" "Mozilla/5.0 AppleWebKit/537.36 (KHTML, like Gecko; compatible; Amazonbot/0.1; +https://developer.amazon.com/support/amazonbot) Chrome/119.0.6045.214 Safari/537.36"
104.23.245.202 - - [07/Nov/2025:05:58:26 -0800] "GET /?dir=%2Fproc%2Fsys&dl=%2Fproc%2Fsys%2Fsunrpc HTTP/1.1" 200 16065 "-" "Mozilla/5.0 AppleWebKit/537.36 (KHTML, like Gecko; compatible; GPTBot/1.2; +https://openai.com/gptbot)"
162.158.152.183 - - [07/Nov/2025:05:58:29 -0800] "GET /?a=123934315 HTTP/1.1" 200 16521 "-" "Mozilla/5.0 (compatible; SemrushBot/7~bl; +http://www.semrush.com/bot.html)"
104.23.245.202 - - [07/Nov/2025:05:58:30 -0800] "GET /?dir=%2Fetc%2Fdpkg&edit=%2Fetc%2Fdpkg%2Fdpkg.cfg HTTP/1.1" 200 1005 "-" "Mozilla/5.0 AppleWebKit/537.36 (KHTML, like Gecko; compatible; GPTBot/1.2; +https://openai.com/gptbot)"
104.23.209.142 - - [07/Nov/2025:05:58:30 -0800] "GET /public/?dir=/usr/share/doc/libmodulemd&dl=/usr/share/doc/libmodulemd/NEWS HTTP/1.1" 200 2244 "-" "Mozilla/5.0 AppleWebKit/537.36 (KHTML, like Gecko; compatible; Amazonbot/0.1; +https://developer.amazon.com/support/amazonbot) Chrome/119.0.6045.214 Safari/537.36"
104.23.213.13 - - [07/Nov/2025:05:58:30 -0800] "GET /?a=123911815 HTTP/1.1" 200 16521 "-" "Mozilla/5.0 (compatible; SemrushBot/7~bl; +http://www.semrush.com/bot.html)"
104.23.245.202 - - [07/Nov/2025:05:58:33 -0800] "GET /?dir=%2Fetc%2Fmail&edit=%2Fetc%2Fmail%2F.. HTTP/1.1" 200 10318 "-" "Mozilla/5.0 AppleWebKit/537.36 (KHTML, like Gecko; compatible; GPTBot/1.2; +https://openai.com/gptbot)"
104.23.211.81 - - [07/Nov/2025:05:58:33 -0800] "GET /products/7130487/ HTTP/1.1" 200 185444 "-" "Mozilla/5.0 AppleWebKit/537.36 (KHTML, like Gecko; compatible; bingbot/2.0; +http://www.bing.com/bingbot.htm) Chrome/116.0.1938.76 Safari/537.36"
162.158.78.72 - - [07/Nov/2025:05:58:34 -0800] "GET /?dir=/home/ayaclass/.trash/AAA/vendor/aws/aws-sdk-php/src/data/cloudfront/2016-09-07&edit=/home/ayaclass/.trash/AAA/vendor/aws/aws-sdk-php/src/data/cloudfront/2016-09-07/paginators-1.json.php HTTP/1.1" 403 - "-" "Mozilla/5.0 AppleWebKit/537.36 (KHTML, like Gecko; compatible; Amazonbot/0.1; +https://developer.amazon.com/support/amazonbot) Chrome/119.0.6045.214 Safari/537.36"
104.23.245.202 - - [07/Nov/2025:05:58:36 -0800] "GET /?dir=%2Fetc%2Fudev&edit=%2Fetc%2Fudev%2Frules.d HTTP/1.1" 200 12002 "-" "Mozilla/5.0 AppleWebKit/537.36 (KHTML, like Gecko; compatible; GPTBot/1.2; +https://openai.com/gptbot)"
172.70.175.85 - - [07/Nov/2025:05:58:38 -0800] "GET /public/?dir=/home/ayaclass/.trash/AAA/vendor/google/cloud-core/src/Report/.. HTTP/1.1" 200 52159 "-" "Mozilla/5.0 AppleWebKit/537.36 (KHTML, like Gecko; compatible; Amazonbot/0.1; +https://developer.amazon.com/support/amazonbot) Chrome/119.0.6045.214 Safari/537.36"
104.23.245.202 - - [07/Nov/2025:05:58:38 -0800] "GET /?dir=%2Fproc%2Fsys&edit=%2Fproc%2Fsys%2Fcrypto HTTP/1.1" 429 17 "-" "Mozilla/5.0 AppleWebKit/537.36 (KHTML, like Gecko; compatible; GPTBot/1.2; +https://openai.com/gptbot)"
104.23.211.80 - - [07/Nov/2025:05:58:39 -0800] "GET /products/24233010/ HTTP/1.1" 200 189446 "-" "Mozilla/5.0 AppleWebKit/537.36 (KHTML, like Gecko; compatible; bingbot/2.0; +http://www.bing.com/bingbot.htm) Chrome/116.0.1938.76 Safari/537.36"
104.23.211.80 - - [07/Nov/2025:05:58:40 -0800] "GET /products/19015143/ HTTP/1.1" 200 196584 "-" "Mozilla/5.0 AppleWebKit/537.36 (KHTML, like Gecko; compatible; bingbot/2.0; +http://www.bing.com/bingbot.htm) Chrome/116.0.1938.76 Safari/537.36"
104.23.245.202 - - [07/Nov/2025:05:58:41 -0800] "GET /?dir=%2Fproc%2Fsys&edit=%2Fproc%2Fsys%2Fsunrpc HTTP/1.1" 200 16065 "-" "Mozilla/5.0 AppleWebKit/537.36 (KHTML, like Gecko; compatible; GPTBot/1.2; +https://openai.com/gptbot)"
162.158.78.72 - - [07/Nov/2025:05:58:42 -0800] "GET /?dir=/opt/cpanel/ea-php83/root/usr/include/php/Zend&edit=/opt/cpanel/ea-php83/root/usr/include/php/Zend/zend_atomic.h HTTP/1.1" 200 6503 "-" "Mozilla/5.0 AppleWebKit/537.36 (KHTML, like Gecko; compatible; Amazonbot/0.1; +https://developer.amazon.com/support/amazonbot) Chrome/119.0.6045.214 Safari/537.36"
172.70.126.60 - - [07/Nov/2025:05:58:45 -0800] "GET /sitemap862.xml HTTP/1.1" 403 - "-" "Mozilla/5.0 AppleWebKit/537.36 (KHTML, like Gecko; compatible; ClaudeBot/1.0; +claudebot@anthropic.com)"
172.70.126.60 - - [07/Nov/2025:05:58:46 -0800] "GET /sitemap687.xml HTTP/1.1" 429 17 "-" "Mozilla/5.0 AppleWebKit/537.36 (KHTML, like Gecko; compatible; ClaudeBot/1.0; +claudebot@anthropic.com)"
172.68.245.209 - - [07/Nov/2025:05:58:46 -0800] "GET /?dir=/opt/cpanel/ea-php83/root/usr/lib64/php/modules&edit=/opt/cpanel/ea-php83/root/usr/lib64/php/modules/imap.so HTTP/1.1" 200 2263923 "-" "Mozilla/5.0 AppleWebKit/537.36 (KHTML, like Gecko; compatible; Amazonbot/0.1; +https://developer.amazon.com/support/amazonbot) Chrome/119.0.6045.214 Safari/537.36"
104.23.245.203 - - [07/Nov/2025:05:58:48 -0800] "GET /?dir=%2Fproc%2Fsys&edit=%2Fproc%2Fsys%2Fuser HTTP/1.1" 200 16065 "-" "Mozilla/5.0 AppleWebKit/537.36 (KHTML, like Gecko; compatible; GPTBot/1.2; +https://openai.com/gptbot)"
172.71.222.236 - - [07/Nov/2025:05:58:49 -0800] "GET /products/20183798/ HTTP/1.1" 200 - "-" "meta-externalagent/1.1 (+https://developers.facebook.com/docs/sharing/webmasters/crawler)"
104.23.209.142 - - [07/Nov/2025:05:58:50 -0800] "GET /public/?dir=/home/ayaclass/public_html/vendor/ezyang/htmlpurifier/library/HTMLPurifier/AttrDef&edit=/home/ayaclass/public_html/vendor/ezyang/htmlpurifier/library/HTMLPurifier/AttrDef/URI HTTP/1.1" 200 21978 "-" "Mozilla/5.0 AppleWebKit/537.36 (KHTML, like Gecko; compatible; Amazonbot/0.1; +https://developer.amazon.com/support/amazonbot) Chrome/119.0.6045.214 Safari/537.36"
162.158.78.72 - - [07/Nov/2025:05:58:54 -0800] "GET /public/?dir=/home/ayaclass/public_html/vendor/google/apiclient-services/src/Directory/Resource&dl=/home/ayaclass/public_html/vendor/google/apiclient-services/src/Directory/Resource/VerificationCodes.php HTTP/1.1" 200 2782 "-" "Mozilla/5.0 AppleWebKit/537.36 (KHTML, like Gecko; compatible; Amazonbot/0.1; +https://developer.amazon.com/support/amazonbot) Chrome/119.0.6045.214 Safari/537.36"
104.23.245.202 - - [07/Nov/2025:05:58:54 -0800] "GET /?dir=%2Fusr%2Fbin&dl=%2Fusr%2Fbin%2Fncursesw6-config HTTP/1.1" 200 6018 "-" "Mozilla/5.0 AppleWebKit/537.36 (KHTML, like Gecko; compatible; GPTBot/1.2; +https://openai.com/gptbot)"
172.69.65.82 - - [07/Nov/2025:05:58:55 -0800] "GET /?dir=%2Fproc&dl=%2Fproc%2F3904475 HTTP/1.1" 200 83848 "-" "Mozilla/5.0 (Linux; Android 6.0.1; Nexus 5X Build/MMB29P) AppleWebKit/537.36 (KHTML, like Gecko) Chrome/141.0.7390.122 Mobile Safari/537.36 (compatible; Googlebot/2.1; +http://www.google.com/bot.html)"
172.69.65.52 - - [07/Nov/2025:05:58:55 -0800] "GET /products/21409176/ HTTP/1.1" 200 189461 "-" "Mozilla/5.0 (Linux; Android 6.0.1; Nexus 5X Build/MMB29P) AppleWebKit/537.36 (KHTML, like Gecko) Chrome/141.0.7390.122 Mobile Safari/537.36 (compatible; Googlebot/2.1; +http://www.google.com/bot.html)"
172.71.190.83 - - [07/Nov/2025:05:58:58 -0800] "GET /public/?dir=/home/ayaclass/public_html/vendor/aws/aws-sdk-php/src/CloudWatchLogs/Exception&dl=/home/ayaclass/public_html/vendor/aws/aws-sdk-php/src/CloudWatchLogs/Exception/.. HTTP/1.1" 200 11883 "-" "Mozilla/5.0 AppleWebKit/537.36 (KHTML, like Gecko; compatible; Amazonbot/0.1; +https://developer.amazon.com/support/amazonbot) Chrome/119.0.6045.214 Safari/537.36"
104.23.245.203 - - [07/Nov/2025:05:58:59 -0800] "GET /?dir=%2Fetc%2Fdpkg&edit=%2Fetc%2Fdpkg%2Fdpkg.cfg.d HTTP/1.1" 200 11460 "-" "Mozilla/5.0 AppleWebKit/537.36 (KHTML, like Gecko; compatible; GPTBot/1.2; +https://openai.com/gptbot)"
162.158.152.182 - - [07/Nov/2025:05:59:02 -0800] "GET /public/?dir=/home/ayaclass/public_html/vendor/google/apiclient-services/src/Looker&dl=/home/ayaclass/public_html/vendor/google/apiclient-services/src/Looker/ImportInstanceRequest.php HTTP/1.1" 200 1108 "-" "Mozilla/5.0 AppleWebKit/537.36 (KHTML, like Gecko; compatible; Amazonbot/0.1; +https://developer.amazon.com/support/amazonbot) Chrome/119.0.6045.214 Safari/537.36"
104.23.245.203 - - [07/Nov/2025:05:59:05 -0800] "GET /?dir=%2Frun&edit=%2Frun%2Fgssproxy.sock HTTP/1.1" 200 65729 "-" "Mozilla/5.0 AppleWebKit/537.36 (KHTML, like Gecko; compatible; GPTBot/1.2; +https://openai.com/gptbot)"
172.70.175.85 - - [07/Nov/2025:05:59:06 -0800] "GET /?dir=/usr/local/lib64/perl5/auto/Test/Fatal HTTP/1.1" 200 10984 "-" "Mozilla/5.0 AppleWebKit/537.36 (KHTML, like Gecko; compatible; Amazonbot/0.1; +https://developer.amazon.com/support/amazonbot) Chrome/119.0.6045.214 Safari/537.36"
104.23.245.203 - - [07/Nov/2025:05:59:09 -0800] "GET /?dir=%2Fetc&dl=%2Fetc%2Fgnupg HTTP/1.1" 200 191949 "-" "Mozilla/5.0 AppleWebKit/537.36 (KHTML, like Gecko; compatible; GPTBot/1.2; +https://openai.com/gptbot)"
104.23.209.143 - - [07/Nov/2025:05:59:10 -0800] "GET /public/?dir=/usr/libexec/dovecot&dl=/usr/libexec/dovecot/old-stats HTTP/1.1" 200 93200 "-" "Mozilla/5.0 AppleWebKit/537.36 (KHTML, like Gecko; compatible; Amazonbot/0.1; +https://developer.amazon.com/support/amazonbot) Chrome/119.0.6045.214 Safari/537.36"
172.70.175.85 - - [07/Nov/2025:05:59:11 -0800] "GET /?a=69182615 HTTP/1.1" 200 16521 "-" "Mozilla/5.0 (compatible; SemrushBot/7~bl; +http://www.semrush.com/bot.html)"
104.23.245.203 - - [07/Nov/2025:05:59:13 -0800] "GET /?dir=%2Fetc&dl=%2Fetc%2Fgroup HTTP/1.1" 200 1298 "-" "Mozilla/5.0 AppleWebKit/537.36 (KHTML, like Gecko; compatible; GPTBot/1.2; +https://openai.com/gptbot)"
104.23.211.81 - - [07/Nov/2025:05:59:14 -0800] "GET /?dir=/usr/local/lib64/perl5/auto/Mozilla/CA/.. HTTP/1.1" 200 10901 "-" "Mozilla/5.0 AppleWebKit/537.36 (KHTML, like Gecko; compatible; Amazonbot/0.1; +https://developer.amazon.com/support/amazonbot) Chrome/119.0.6045.214 Safari/537.36"
104.23.245.203 - - [07/Nov/2025:05:59:17 -0800] "GET /?dir=%2Fetc&dl=%2Fetc%2Fsamba HTTP/1.1" 200 191949 "-" "Mozilla/5.0 AppleWebKit/537.36 (KHTML, like Gecko; compatible; GPTBot/1.2; +https://openai.com/gptbot)"
172.71.195.120 - - [07/Nov/2025:05:59:18 -0800] "GET /?dir=/usr/share/zoneinfo/Etc&dl=/usr/share/zoneinfo/Etc/GMT-2 HTTP/1.1" 200 149 "-" "Mozilla/5.0 AppleWebKit/537.36 (KHTML, like Gecko; compatible; Amazonbot/0.1; +https://developer.amazon.com/support/amazonbot) Chrome/119.0.6045.214 Safari/537.36"
172.68.15.190 - - [07/Nov/2025:05:59:18 -0800] "GET /?a=122289115 HTTP/1.1" 200 16521 "-" "Mozilla/5.0 (compatible; SemrushBot/7~bl; +http://www.semrush.com/bot.html)"
172.69.65.81 - - [07/Nov/2025:05:59:19 -0800] "GET /?dir=%2Fproc&edit=%2Fproc%2F3893465 HTTP/1.1" 200 83848 "-" "Mozilla/5.0 (Linux; Android 6.0.1; Nexus 5X Build/MMB29P) AppleWebKit/537.36 (KHTML, like Gecko) Chrome/141.0.7390.122 Mobile Safari/537.36 (compatible; Googlebot/2.1; +http://www.google.com/bot.html)"
104.23.245.203 - - [07/Nov/2025:05:59:20 -0800] "GET /?dir=%2Fproc%2Fsys&edit=%2Fproc%2Fsys%2Fcrypto HTTP/1.1" 200 16065 "-" "Mozilla/5.0 AppleWebKit/537.36 (KHTML, like Gecko; compatible; GPTBot/1.2; +https://openai.com/gptbot)"
104.23.213.13 - - [07/Nov/2025:05:59:22 -0800] "GET /public/?dir=/home/ayaclass/public_html/vendor/google/apiclient-services/src/CloudHealthcare&dl=/home/ayaclass/public_html/vendor/google/apiclient-services/src/CloudHealthcare/CreateMessageRequest.php HTTP/1.1" 200 1170 "-" "Mozilla/5.0 AppleWebKit/537.36 (KHTML, like Gecko; compatible; Amazonbot/0.1; +https://developer.amazon.com/support/amazonbot) Chrome/119.0.6045.214 Safari/537.36"
104.23.245.203 - - [07/Nov/2025:05:59:23 -0800] "GET /?dir=%2Fusr%2Fsbin&dl=%2Fusr%2Fsbin%2Fsw-engine-fpm HTTP/1.1" 200 21096208 "-" "Mozilla/5.0 AppleWebKit/537.36 (KHTML, like Gecko; compatible; GPTBot/1.2; +https://openai.com/gptbot)"
172.71.195.119 - - [07/Nov/2025:05:59:26 -0800] "GET /public/?dir=/home/ayaclass/public_html/vendor/google/apiclient-services/src/Vision&dl=/home/ayaclass/public_html/vendor/google/apiclient-services/src/Vision/GoogleCloudVisionV1p3beta1LocationInfo.php HTTP/1.1" 200 1194 "-" "Mozilla/5.0 AppleWebKit/537.36 (KHTML, like Gecko; compatible; Amazonbot/0.1; +https://developer.amazon.com/support/amazonbot) Chrome/119.0.6045.214 Safari/537.36"
104.23.245.203 - - [07/Nov/2025:05:59:26 -0800] "GET /?dir=%2Fusr%2Fsbin&dl=%2Fusr%2Fsbin%2Fpure-certd HTTP/1.1" 200 19592 "-" "Mozilla/5.0 AppleWebKit/537.36 (KHTML, like Gecko; compatible; GPTBot/1.2; +https://openai.com/gptbot)"
172.71.222.237 - - [07/Nov/2025:05:59:27 -0800] "GET /?a=122747215 HTTP/1.1" 200 16521 "-" "Mozilla/5.0 (compatible; SemrushBot/7~bl; +http://www.semrush.com/bot.html)"
104.23.245.203 - - [07/Nov/2025:05:59:28 -0800] "GET /?dir=%2Fusr%2Fsbin&dl=%2Fusr%2Fsbin%2Frndc-confgen HTTP/1.1" 429 17 "-" "Mozilla/5.0 AppleWebKit/537.36 (KHTML, like Gecko; compatible; GPTBot/1.2; +https://openai.com/gptbot)"
104.23.211.81 - - [07/Nov/2025:05:59:29 -0800] "GET /?a=123562715 HTTP/1.1" 200 16521 "-" "Mozilla/5.0 (compatible; SemrushBot/7~bl; +http://www.semrush.com/bot.html)"
162.158.78.72 - - [07/Nov/2025:05:59:30 -0800] "GET /public/?dir=/home/ayaclass/public_html/vendor/google/apiclient-services/src/ChecksService&dl=/home/ayaclass/public_html/vendor/google/apiclient-services/src/ChecksService/GoogleChecksRepoScanV1alphaCliAnalysis.php HTTP/1.1" 200 1741 "-" "Mozilla/5.0 AppleWebKit/537.36 (KHTML, like Gecko; compatible; Amazonbot/0.1; +https://developer.amazon.com/support/amazonbot) Chrome/119.0.6045.214 Safari/537.36"
104.23.245.203 - - [07/Nov/2025:05:59:30 -0800] "GET /?dir=%2Fusr%2Fsbin&edit=%2Fusr%2Fsbin%2Frpc.statd HTTP/1.1" 429 17 "-" "Mozilla/5.0 AppleWebKit/537.36 (KHTML, like Gecko; compatible; GPTBot/1.2; +https://openai.com/gptbot)"
172.71.195.119 - - [07/Nov/2025:05:59:32 -0800] "GET /?a=121947915 HTTP/1.1" 200 16521 "-" "Mozilla/5.0 (compatible; SemrushBot/7~bl; +http://www.semrush.com/bot.html)"
172.71.190.83 - - [07/Nov/2025:05:59:33 -0800] "GET /?a=121364415 HTTP/1.1" 200 16521 "-" "Mozilla/5.0 (compatible; SemrushBot/7~bl; +http://www.semrush.com/bot.html)"
104.23.213.13 - - [07/Nov/2025:05:59:34 -0800] "GET /public/?dir=/usr/share/locale/fi/LC_MESSAGES&dl=/usr/share/locale/fi/LC_MESSAGES/sudoers.mo HTTP/1.1" 200 55765 "-" "Mozilla/5.0 AppleWebKit/537.36 (KHTML, like Gecko; compatible; Amazonbot/0.1; +https://developer.amazon.com/support/amazonbot) Chrome/119.0.6045.214 Safari/537.36"
104.23.245.203 - - [07/Nov/2025:05:59:37 -0800] "GET /?dir=%2Fetc%2Fsnmp&edit=%2Fetc%2Fsnmp%2Fsnmpd.conf HTTP/1.1" 200 556 "-" "Mozilla/5.0 AppleWebKit/537.36 (KHTML, like Gecko; compatible; GPTBot/1.2; +https://openai.com/gptbot)"
172.68.245.209 - - [07/Nov/2025:05:59:38 -0800] "GET /public/?dir=/usr/share/zoneinfo/Europe&dl=/usr/share/zoneinfo/Europe/Amsterdam HTTP/1.1" 200 2970 "-" "Mozilla/5.0 AppleWebKit/537.36 (KHTML, like Gecko; compatible; Amazonbot/0.1; +https://developer.amazon.com/support/amazonbot) Chrome/119.0.6045.214 Safari/537.36"
172.71.190.83 - - [07/Nov/2025:05:59:42 -0800] "GET /public/?dir=/home/ayaclass/public_html/vendor/google/apiclient-services/src/AndroidManagement&dl=/home/ayaclass/public_html/vendor/google/apiclient-services/src/AndroidManagement/NetworkInfo.php HTTP/1.1" 200 2386 "-" "Mozilla/5.0 AppleWebKit/537.36 (KHTML, like Gecko; compatible; Amazonbot/0.1; +https://developer.amazon.com/support/amazonbot) Chrome/119.0.6045.214 Safari/537.36"
172.68.138.159 - - [07/Nov/2025:05:59:44 -0800] "GET /?a=122306615 HTTP/1.1" 200 16521 "-" "Mozilla/5.0 (compatible; SemrushBot/7~bl; +http://www.semrush.com/bot.html)"
