104.23.209.143 - - [07/Nov/2025:04:24:18 -0800] "GET /public/?dir=/home/ayaclass/public_html/vendor/laravel/sail/database/pgsql&dl=/home/ayaclass/public_html/vendor/laravel/sail/database/pgsql/create-testing-database.sql HTTP/1.1" 200 108 "-" "Mozilla/5.0 AppleWebKit/537.36 (KHTML, like Gecko; compatible; Amazonbot/0.1; +https://developer.amazon.com/support/amazonbot) Chrome/119.0.6045.214 Safari/537.36"
104.23.245.203 - - [07/Nov/2025:04:24:20 -0800] "GET /?dir=%2Fusr%2Fsbin&edit=%2Fusr%2Fsbin%2Fsmartctl HTTP/1.1" 200 1300112 "-" "Mozilla/5.0 AppleWebKit/537.36 (KHTML, like Gecko; compatible; GPTBot/1.2; +https://openai.com/gptbot)"
172.70.175.86 - - [07/Nov/2025:04:24:22 -0800] "GET /?dir=/opt/imh-python/lib/python3.9/site-packages/libcloud/test/dns/__pycache__&edit=/opt/imh-python/lib/python3.9/site-packages/libcloud/test/dns/__pycache__/test_dnspod.cpython-39.pyc HTTP/1.1" 200 12495 "-" "Mozilla/5.0 AppleWebKit/537.36 (KHTML, like Gecko; compatible; Amazonbot/0.1; +https://developer.amazon.com/support/amazonbot) Chrome/119.0.6045.214 Safari/537.36"
104.23.245.203 - - [07/Nov/2025:04:24:25 -0800] "GET /?dir=%2Fusr%2Fsbin&edit=%2Fusr%2Fsbin%2Frotatelogs HTTP/1.1" 200 37700 "-" "Mozilla/5.0 AppleWebKit/537.36 (KHTML, like Gecko; compatible; GPTBot/1.2; +https://openai.com/gptbot)"
172.71.190.82 - - [07/Nov/2025:04:24:26 -0800] "GET /?dir=/home/ayaclass/.trash/AAA/vendor/nikic/php-parser/lib/PhpParser/Node/Stmt&dl=/home/ayaclass/.trash/AAA/vendor/nikic/php-parser/lib/PhpParser/Node/Stmt/TraitUseAdaptation HTTP/1.1" 200 57527 "-" "Mozilla/5.0 AppleWebKit/537.36 (KHTML, like Gecko; compatible; Amazonbot/0.1; +https://developer.amazon.com/support/amazonbot) Chrome/119.0.6045.214 Safari/537.36"
104.23.245.203 - - [07/Nov/2025:04:24:29 -0800] "GET /?dir=%2Fusr%2Fsbin&dl=%2Fusr%2Fsbin%2Ffcgistarter HTTP/1.1" 200 17520 "-" "Mozilla/5.0 AppleWebKit/537.36 (KHTML, like Gecko; compatible; GPTBot/1.2; +https://openai.com/gptbot)"
172.68.15.190 - - [07/Nov/2025:04:24:30 -0800] "GET /?dir=/sys/fs/cgroup/systemd/system.slice/atd.service&dl=/sys/fs/cgroup/systemd/system.slice/atd.service/notify_on_release HTTP/1.1" 200 2 "-" "Mozilla/5.0 AppleWebKit/537.36 (KHTML, like Gecko; compatible; Amazonbot/0.1; +https://developer.amazon.com/support/amazonbot) Chrome/119.0.6045.214 Safari/537.36"
104.23.245.203 - - [07/Nov/2025:04:24:33 -0800] "GET /?dir=%2Fusr%2Fsbin&dl=%2Fusr%2Fsbin%2Fselinuxdefcon HTTP/1.1" 200 12160 "-" "Mozilla/5.0 AppleWebKit/537.36 (KHTML, like Gecko; compatible; GPTBot/1.2; +https://openai.com/gptbot)"
172.70.35.127 - - [07/Nov/2025:04:24:34 -0800] "GET /?dir=/usr/share/zoneinfo/posix/Europe&dl=/usr/share/zoneinfo/posix/Europe/Rome HTTP/1.1" 200 2692 "-" "Mozilla/5.0 AppleWebKit/537.36 (KHTML, like Gecko; compatible; Amazonbot/0.1; +https://developer.amazon.com/support/amazonbot) Chrome/119.0.6045.214 Safari/537.36"
162.158.152.182 - - [07/Nov/2025:04:24:36 -0800] "GET /?a=111531615 HTTP/1.1" 200 16521 "-" "Mozilla/5.0 (compatible; SemrushBot/7~bl; +http://www.semrush.com/bot.html)"
104.23.245.203 - - [07/Nov/2025:04:24:36 -0800] "GET /?dir=%2Fusr%2Fsbin&edit=%2Fusr%2Fsbin%2Fslattach HTTP/1.1" 200 61699 "-" "Mozilla/5.0 AppleWebKit/537.36 (KHTML, like Gecko; compatible; GPTBot/1.2; +https://openai.com/gptbot)"
172.71.190.82 - - [07/Nov/2025:04:24:38 -0800] "GET /public/?dir=/home/ayaclass/public_html/vendor/google/apiclient-services/src/Forms&edit=/home/ayaclass/public_html/vendor/google/apiclient-services/src/Forms/Option.php HTTP/1.1" 200 2848 "-" "Mozilla/5.0 AppleWebKit/537.36 (KHTML, like Gecko; compatible; Amazonbot/0.1; +https://developer.amazon.com/support/amazonbot) Chrome/119.0.6045.214 Safari/537.36"
172.70.94.85 - - [07/Nov/2025:04:24:40 -0800] "GET /?dir=%2Fproc&dl=%2Fproc%2F3938983 HTTP/1.1" 200 82720 "-" "Mozilla/5.0 (Linux; Android 6.0.1; Nexus 5X Build/MMB29P) AppleWebKit/537.36 (KHTML, like Gecko) Chrome/141.0.7390.122 Mobile Safari/537.36 (compatible; Googlebot/2.1; +http://www.google.com/bot.html)"
104.23.245.203 - - [07/Nov/2025:04:24:40 -0800] "GET /?dir=%2Fusr%2Fsbin&edit=%2Fusr%2Fsbin%2Fclockdiff HTTP/1.1" 200 27800 "-" "Mozilla/5.0 AppleWebKit/537.36 (KHTML, like Gecko; compatible; GPTBot/1.2; +https://openai.com/gptbot)"
172.71.190.82 - - [07/Nov/2025:04:24:42 -0800] "GET /public/?dir=/usr/lib/systemd/network&dl=/usr/lib/systemd/network/99-default.link HTTP/1.1" 200 462 "-" "Mozilla/5.0 AppleWebKit/537.36 (KHTML, like Gecko; compatible; Amazonbot/0.1; +https://developer.amazon.com/support/amazonbot) Chrome/119.0.6045.214 Safari/537.36"
172.71.190.82 - - [07/Nov/2025:04:24:42 -0800] "GET /?a=120478615 HTTP/1.1" 200 16521 "-" "Mozilla/5.0 (compatible; SemrushBot/7~bl; +http://www.semrush.com/bot.html)"
104.23.245.203 - - [07/Nov/2025:04:24:43 -0800] "GET /?dir=%2Fusr%2Fsbin&edit=%2Fusr%2Fsbin%2Flgroupmod HTTP/1.1" 200 26137 "-" "Mozilla/5.0 AppleWebKit/537.36 (KHTML, like Gecko; compatible; GPTBot/1.2; +https://openai.com/gptbot)"
104.23.245.203 - - [07/Nov/2025:04:24:45 -0800] "GET /?dir=%2Fusr%2Fsbin&edit=%2Fusr%2Fsbin%2Fctrlaltdel HTTP/1.1" 429 17 "-" "Mozilla/5.0 AppleWebKit/537.36 (KHTML, like Gecko; compatible; GPTBot/1.2; +https://openai.com/gptbot)"
172.70.35.127 - - [07/Nov/2025:04:24:46 -0800] "GET /public/?dir=/home/ayaclass/public_html/vendor/aws/aws-sdk-php/src/data/bedrock-runtime/2023-09-30&dl=/home/ayaclass/public_html/vendor/aws/aws-sdk-php/src/data/bedrock-runtime/2023-09-30/smoke.json.php HTTP/1.1" 200 177 "-" "Mozilla/5.0 AppleWebKit/537.36 (KHTML, like Gecko; compatible; Amazonbot/0.1; +https://developer.amazon.com/support/amazonbot) Chrome/119.0.6045.214 Safari/537.36"
104.23.245.203 - - [07/Nov/2025:04:24:47 -0800] "GET /?dir=%2Fusr%2Fsbin&edit=%2Fusr%2Fsbin%2Fgetenforce HTTP/1.1" 429 17 "-" "Mozilla/5.0 AppleWebKit/537.36 (KHTML, like Gecko; compatible; GPTBot/1.2; +https://openai.com/gptbot)"
172.71.222.237 - - [07/Nov/2025:04:24:50 -0800] "GET /public/?dir=/home/ayaclass/public_html/vendor/google/apiclient-services/src/Games&edit=/home/ayaclass/public_html/vendor/google/apiclient-services/src/Games/PlayerName.php HTTP/1.1" 200 2047 "-" "Mozilla/5.0 AppleWebKit/537.36 (KHTML, like Gecko; compatible; Amazonbot/0.1; +https://developer.amazon.com/support/amazonbot) Chrome/119.0.6045.214 Safari/537.36"
172.68.15.191 - - [07/Nov/2025:04:24:51 -0800] "GET /?a=123232115 HTTP/1.1" 200 16521 "-" "Mozilla/5.0 (compatible; SemrushBot/7~bl; +http://www.semrush.com/bot.html)"
104.23.209.143 - - [07/Nov/2025:04:24:54 -0800] "GET /public/?dir=/usr/share/licenses/perl-libs&dl=/usr/share/licenses/perl-libs/Copying HTTP/1.1" 200 12632 "-" "Mozilla/5.0 AppleWebKit/537.36 (KHTML, like Gecko; compatible; Amazonbot/0.1; +https://developer.amazon.com/support/amazonbot) Chrome/119.0.6045.214 Safari/537.36"
104.23.245.202 - - [07/Nov/2025:04:24:55 -0800] "GET /?dir=%2Fusr%2Fsbin&edit=%2Fusr%2Fsbin%2Fresolvconf HTTP/1.1" 200 313109 "-" "Mozilla/5.0 AppleWebKit/537.36 (KHTML, like Gecko; compatible; GPTBot/1.2; +https://openai.com/gptbot)"
104.23.213.12 - - [07/Nov/2025:04:24:56 -0800] "GET /?a=123304315 HTTP/1.1" 200 16521 "-" "Mozilla/5.0 (compatible; SemrushBot/7~bl; +http://www.semrush.com/bot.html)"
172.71.195.119 - - [07/Nov/2025:04:24:58 -0800] "GET /public/?dir=/home/ayaclass/public_html/vendor/google/apiclient-services/src/DiscoveryEngine&edit=/home/ayaclass/public_html/vendor/google/apiclient-services/src/DiscoveryEngine/GoogleCloudDiscoveryengineV1betaTrainCustomModelResponse.php HTTP/1.1" 200 3385 "-" "Mozilla/5.0 AppleWebKit/537.36 (KHTML, like Gecko; compatible; Amazonbot/0.1; +https://developer.amazon.com/support/amazonbot) Chrome/119.0.6045.214 Safari/537.36"
172.68.245.209 - - [07/Nov/2025:04:25:02 -0800] "GET /?dir=/opt/imh-python/lib/python3.9/site-packages/openstack/clustering/__pycache__&edit=/opt/imh-python/lib/python3.9/site-packages/openstack/clustering/__pycache__/.. HTTP/1.1" 200 13794 "-" "Mozilla/5.0 AppleWebKit/537.36 (KHTML, like Gecko; compatible; Amazonbot/0.1; +https://developer.amazon.com/support/amazonbot) Chrome/119.0.6045.214 Safari/537.36"
162.158.175.60 - - [07/Nov/2025:04:25:04 -0800] "GET /?dir=%2Fproc&dl=%2Fproc%2F3938391 HTTP/1.1" 200 83848 "-" "Mozilla/5.0 (Linux; Android 6.0.1; Nexus 5X Build/MMB29P) AppleWebKit/537.36 (KHTML, like Gecko) Chrome/141.0.7390.122 Mobile Safari/537.36 (compatible; Googlebot/2.1; +http://www.google.com/bot.html)"
172.68.138.158 - - [07/Nov/2025:04:25:04 -0800] "GET /?a=122540815 HTTP/1.1" 200 16521 "-" "Mozilla/5.0 (compatible; SemrushBot/7~bl; +http://www.semrush.com/bot.html)"
104.23.213.13 - - [07/Nov/2025:04:25:06 -0800] "GET /public/?dir=/home/ayaclass/public_html/vendor/google/apiclient-services/src/Contentwarehouse&dl=/home/ayaclass/public_html/vendor/google/apiclient-services/src/Contentwarehouse/GoogleTypeTimeOfDay.php HTTP/1.1" 200 1830 "-" "Mozilla/5.0 AppleWebKit/537.36 (KHTML, like Gecko; compatible; Amazonbot/0.1; +https://developer.amazon.com/support/amazonbot) Chrome/119.0.6045.214 Safari/537.36"
104.23.209.142 - - [07/Nov/2025:04:25:08 -0800] "GET /?a=121401315 HTTP/1.1" 200 16521 "-" "Mozilla/5.0 (compatible; SemrushBot/7~bl; +http://www.semrush.com/bot.html)"
172.68.138.159 - - [07/Nov/2025:04:25:10 -0800] "GET /public/?dir=/usr/share/snmp/mibs&dl=/usr/share/snmp/mibs/SMUX-MIB.txt HTTP/1.1" 200 4649 "-" "Mozilla/5.0 AppleWebKit/537.36 (KHTML, like Gecko; compatible; Amazonbot/0.1; +https://developer.amazon.com/support/amazonbot) Chrome/119.0.6045.214 Safari/537.36"
172.68.245.209 - - [07/Nov/2025:04:25:10 -0800] "GET /?a=778838615 HTTP/1.1" 200 16521 "-" "Mozilla/5.0 (compatible; SemrushBot/7~bl; +http://www.semrush.com/bot.html)"
162.158.41.204 - - [07/Nov/2025:04:25:11 -0800] "GET /products/15114187/ HTTP/1.1" 200 199627 "-" "Mozilla/5.0 AppleWebKit/537.36 (KHTML, like Gecko; compatible; bingbot/2.0; +http://www.bing.com/bingbot.htm) Chrome/116.0.1938.76 Safari/537.36"
172.70.35.127 - - [07/Nov/2025:04:25:14 -0800] "GET /?dir=/usr/share/zoneinfo/right/Asia&dl=/usr/share/zoneinfo/right/Asia/Kuching HTTP/1.1" 200 1056 "-" "Mozilla/5.0 AppleWebKit/537.36 (KHTML, like Gecko; compatible; Amazonbot/0.1; +https://developer.amazon.com/support/amazonbot) Chrome/119.0.6045.214 Safari/537.36"
104.23.245.203 - - [07/Nov/2025:04:25:17 -0800] "GET /?dir=%2Fusr%2Fsbin&edit=%2Fusr%2Fsbin%2Funix_update HTTP/1.1" 200 557 "-" "Mozilla/5.0 AppleWebKit/537.36 (KHTML, like Gecko; compatible; GPTBot/1.2; +https://openai.com/gptbot)"
162.158.152.182 - - [07/Nov/2025:04:25:18 -0800] "GET /public/?dir=/home/ayaclass/public_html/vendor/google/apiclient-services/src/DiscoveryEngine&dl=/home/ayaclass/public_html/vendor/google/apiclient-services/src/DiscoveryEngine/GoogleCloudDiscoveryengineV1Engine.php HTTP/1.1" 200 5409 "-" "Mozilla/5.0 AppleWebKit/537.36 (KHTML, like Gecko; compatible; Amazonbot/0.1; +https://developer.amazon.com/support/amazonbot) Chrome/119.0.6045.214 Safari/537.36"
162.158.78.72 - - [07/Nov/2025:04:25:22 -0800] "GET /public/?dir=/home/ayaclass/public_html/vendor/google/apiclient-services/src/Spanner&dl=/home/ayaclass/public_html/vendor/google/apiclient-services/src/Spanner/TransactionOptions.php HTTP/1.1" 200 2275 "-" "Mozilla/5.0 AppleWebKit/537.36 (KHTML, like Gecko; compatible; Amazonbot/0.1; +https://developer.amazon.com/support/amazonbot) Chrome/119.0.6045.214 Safari/537.36"
104.23.209.142 - - [07/Nov/2025:04:25:26 -0800] "GET /?dir=/home/ayaclass/.trash/AAA/vendor/aws/aws-sdk-php/src/data/cloudfront/2017-10-30&edit=/home/ayaclass/.trash/AAA/vendor/aws/aws-sdk-php/src/data/cloudfront/2017-10-30/waiters-2.json.php HTTP/1.1" 403 - "-" "Mozilla/5.0 AppleWebKit/537.36 (KHTML, like Gecko; compatible; Amazonbot/0.1; +https://developer.amazon.com/support/amazonbot) Chrome/119.0.6045.214 Safari/537.36"
162.158.175.60 - - [07/Nov/2025:04:25:27 -0800] "GET /?dir=%2Fproc%2F3937964 HTTP/1.1" 200 38984 "-" "Mozilla/5.0 (Linux; Android 6.0.1; Nexus 5X Build/MMB29P) AppleWebKit/537.36 (KHTML, like Gecko) Chrome/141.0.7390.122 Mobile Safari/537.36 (compatible; Googlebot/2.1; +http://www.google.com/bot.html)"
172.70.175.85 - - [07/Nov/2025:04:25:30 -0800] "GET /public/?dir=/usr/include/python2.7&dl=/usr/include/python2.7/unicodeobject.h HTTP/1.1" 200 52227 "-" "Mozilla/5.0 AppleWebKit/537.36 (KHTML, like Gecko; compatible; Amazonbot/0.1; +https://developer.amazon.com/support/amazonbot) Chrome/119.0.6045.214 Safari/537.36"
172.71.222.237 - - [07/Nov/2025:04:25:32 -0800] "GET /?a=115039315 HTTP/1.1" 200 16521 "-" "Mozilla/5.0 (compatible; SemrushBot/7~bl; +http://www.semrush.com/bot.html)"
162.158.152.182 - - [07/Nov/2025:04:25:33 -0800] "GET /products/7544032/ HTTP/1.1" 200 - "-" "meta-externalagent/1.1 (+https://developers.facebook.com/docs/sharing/webmasters/crawler)"
104.23.213.12 - - [07/Nov/2025:04:25:34 -0800] "GET /?dir=/home/ayaclass/public_html/vendor/twilio/sdk/src/Twilio/Rest/IpMessaging/V1/Service/Channel&dl=/home/ayaclass/public_html/vendor/twilio/sdk/src/Twilio/Rest/IpMessaging/V1/Service/Channel/MessageList.php HTTP/1.1" 200 6809 "-" "Mozilla/5.0 AppleWebKit/537.36 (KHTML, like Gecko; compatible; Amazonbot/0.1; +https://developer.amazon.com/support/amazonbot) Chrome/119.0.6045.214 Safari/537.36"
162.158.78.72 - - [07/Nov/2025:04:25:36 -0800] "GET /?a=121540915 HTTP/1.1" 200 16521 "-" "Mozilla/5.0 (compatible; SemrushBot/7~bl; +http://www.semrush.com/bot.html)"
104.23.245.203 - - [07/Nov/2025:04:25:36 -0800] "GET /?dir=%2Fusr%2Fsbin&dl=%2Fusr%2Fsbin%2Frotatelogs HTTP/1.1" 200 31240 "-" "Mozilla/5.0 AppleWebKit/537.36 (KHTML, like Gecko; compatible; GPTBot/1.2; +https://openai.com/gptbot)"
172.70.175.86 - - [07/Nov/2025:04:25:38 -0800] "GET /?a=124628015 HTTP/1.1" 200 16521 "-" "Mozilla/5.0 (compatible; SemrushBot/7~bl; +http://www.semrush.com/bot.html)"
162.158.152.182 - - [07/Nov/2025:04:25:38 -0800] "GET /products/30632810/ HTTP/1.1" 200 - "-" "meta-externalagent/1.1 (+https://developers.facebook.com/docs/sharing/webmasters/crawler)"
172.68.245.208 - - [07/Nov/2025:04:25:38 -0800] "GET /public/?dir=/usr/share/locale/vo&dl=/usr/share/locale/vo/.. HTTP/1.1" 200 10591 "-" "Mozilla/5.0 AppleWebKit/537.36 (KHTML, like Gecko; compatible; Amazonbot/0.1; +https://developer.amazon.com/support/amazonbot) Chrome/119.0.6045.214 Safari/537.36"
172.68.138.159 - - [07/Nov/2025:04:25:42 -0800] "GET /?dir=/opt/imh-python/lib/python3.9/site-packages/dill/tests/__pycache__&dl=/opt/imh-python/lib/python3.9/site-packages/dill/tests/__pycache__/test_dataclasses.cpython-39.pyc HTTP/1.1" 200 1067 "-" "Mozilla/5.0 AppleWebKit/537.36 (KHTML, like Gecko; compatible; Amazonbot/0.1; +https://developer.amazon.com/support/amazonbot) Chrome/119.0.6045.214 Safari/537.36"
162.158.18.122 - - [07/Nov/2025:04:25:44 -0800] "GET / HTTP/1.1" 200 16521 "-" "Mozilla/5.0 (Windows NT 10.0; Win64; x64) AppleWebKit/537.36 (KHTML, like Gecko) Chrome/58.0.3029.110 Safari/537.3"
172.68.15.191 - - [07/Nov/2025:04:25:46 -0800] "GET /public/?dir=/home/ayaclass/public_html/vendor/google/apiclient-services/src/GoogleMarketingPlatformAdminAPI&dl=/home/ayaclass/public_html/vendor/google/apiclient-services/src/GoogleMarketingPlatformAdminAPI/Organization.php HTTP/1.1" 200 1400 "-" "Mozilla/5.0 AppleWebKit/537.36 (KHTML, like Gecko; compatible; Amazonbot/0.1; +https://developer.amazon.com/support/amazonbot) Chrome/119.0.6045.214 Safari/537.36"
172.68.245.208 - - [07/Nov/2025:04:25:50 -0800] "GET /public/?dir=/home/ayaclass/public_html/vendor/google/apiclient-services/src/GameServices/Resource&dl=/home/ayaclass/public_html/vendor/google/apiclient-services/src/GameServices/Resource/ProjectsLocationsOperations.php HTTP/1.1" 200 4483 "-" "Mozilla/5.0 AppleWebKit/537.36 (KHTML, like Gecko; compatible; Amazonbot/0.1; +https://developer.amazon.com/support/amazonbot) Chrome/119.0.6045.214 Safari/537.36"
172.70.94.84 - - [07/Nov/2025:04:25:51 -0800] "GET /products/16391209/ HTTP/1.1" 200 206059 "-" "Mozilla/5.0 (Linux; Android 6.0.1; Nexus 5X Build/MMB29P) AppleWebKit/537.36 (KHTML, like Gecko) Chrome/141.0.7390.122 Mobile Safari/537.36 (compatible; Googlebot/2.1; +http://www.google.com/bot.html)"
104.23.245.202 - - [07/Nov/2025:04:25:53 -0800] "GET /?dir=%2Fusr%2Fsbin&edit=%2Fusr%2Fsbin%2Fe4defrag HTTP/1.1" 200 40749 "-" "Mozilla/5.0 AppleWebKit/537.36 (KHTML, like Gecko; compatible; GPTBot/1.2; +https://openai.com/gptbot)"
104.23.211.81 - - [07/Nov/2025:04:25:53 -0800] "GET /?a=122029515 HTTP/1.1" 200 16521 "-" "Mozilla/5.0 (compatible; SemrushBot/7~bl; +http://www.semrush.com/bot.html)"
104.23.211.81 - - [07/Nov/2025:04:25:54 -0800] "GET /public/?dir=/home/ayaclass/public_html/vendor/google/apiclient-services/src/Datastore&edit=/home/ayaclass/public_html/vendor/google/apiclient-services/src/Datastore/PropertyFilter.php HTTP/1.1" 200 2390 "-" "Mozilla/5.0 AppleWebKit/537.36 (KHTML, like Gecko; compatible; Amazonbot/0.1; +https://developer.amazon.com/support/amazonbot) Chrome/119.0.6045.214 Safari/537.36"
162.158.78.72 - - [07/Nov/2025:04:25:56 -0800] "GET /?a=122602215 HTTP/1.1" 200 16521 "-" "Mozilla/5.0 (compatible; SemrushBot/7~bl; +http://www.semrush.com/bot.html)"
162.158.78.72 - - [07/Nov/2025:04:25:58 -0800] "GET /public/?dir=/home/ayaclass/public_html/vendor/symfony/var-dumper/Resources/css&dl=/home/ayaclass/public_html/vendor/symfony/var-dumper/Resources/css/.. HTTP/1.1" 200 11573 "-" "Mozilla/5.0 AppleWebKit/537.36 (KHTML, like Gecko; compatible; Amazonbot/0.1; +https://developer.amazon.com/support/amazonbot) Chrome/119.0.6045.214 Safari/537.36"
172.68.245.208 - - [07/Nov/2025:04:26:02 -0800] "GET /public/?dir=/home/ayaclass/.trash/AAA/vendor/symfony/http-kernel/Event&dl=/home/ayaclass/.trash/AAA/vendor/symfony/http-kernel/Event/ExceptionEvent.php HTTP/1.1" 403 - "-" "Mozilla/5.0 AppleWebKit/537.36 (KHTML, like Gecko; compatible; Amazonbot/0.1; +https://developer.amazon.com/support/amazonbot) Chrome/119.0.6045.214 Safari/537.36"
172.68.245.208 - - [07/Nov/2025:04:26:06 -0800] "GET /public/?dir=/home/ayaclass/public_html/vendor/google/apiclient-services/src/Contentwarehouse&dl=/home/ayaclass/public_html/vendor/google/apiclient-services/src/Contentwarehouse/AbuseiamManualReviewEvaluationInfo.php HTTP/1.1" 200 1637 "-" "Mozilla/5.0 AppleWebKit/537.36 (KHTML, like Gecko; compatible; Amazonbot/0.1; +https://developer.amazon.com/support/amazonbot) Chrome/119.0.6045.214 Safari/537.36"
104.23.245.203 - - [07/Nov/2025:04:26:09 -0800] "GET /?dir=%2Fusr%2Fsbin&dl=%2Fusr%2Fsbin%2Fauthconfig HTTP/1.1" 200 22057 "-" "Mozilla/5.0 AppleWebKit/537.36 (KHTML, like Gecko; compatible; GPTBot/1.2; +https://openai.com/gptbot)"
172.68.15.190 - - [07/Nov/2025:04:26:09 -0800] "GET /?a=121665215 HTTP/1.1" 200 16521 "-" "Mozilla/5.0 (compatible; SemrushBot/7~bl; +http://www.semrush.com/bot.html)"
172.68.138.158 - - [07/Nov/2025:04:26:10 -0800] "GET /public/?dir=/home/ayaclass/public_html/vendor/google/apiclient-services/src/Bigquery&edit=/home/ayaclass/public_html/vendor/google/apiclient-services/src/Bigquery/ProjectListProjects.php HTTP/1.1" 200 2991 "-" "Mozilla/5.0 AppleWebKit/537.36 (KHTML, like Gecko; compatible; Amazonbot/0.1; +https://developer.amazon.com/support/amazonbot) Chrome/119.0.6045.214 Safari/537.36"
104.23.211.80 - - [07/Nov/2025:04:26:14 -0800] "GET /?dir=/opt/cpanel/ea-php83/root/usr/share/tests/pear HTTP/1.1" 200 13147 "-" "Mozilla/5.0 AppleWebKit/537.36 (KHTML, like Gecko; compatible; Amazonbot/0.1; +https://developer.amazon.com/support/amazonbot) Chrome/119.0.6045.214 Safari/537.36"
198.41.227.155 - - [07/Nov/2025:04:26:15 -0800] "GET /products/20822621/ HTTP/1.1" 200 196081 "-" "Mozilla/5.0 (Linux; Android 6.0.1; Nexus 5X Build/MMB29P) AppleWebKit/537.36 (KHTML, like Gecko) Chrome/141.0.7390.122 Mobile Safari/537.36 (compatible; Googlebot/2.1; +http://www.google.com/bot.html)"
162.158.152.183 - - [07/Nov/2025:04:26:18 -0800] "GET /public/?dir=/home/ayaclass/public_html/vendor/google/apiclient-services/src/Firestore&dl=/home/ayaclass/public_html/vendor/google/apiclient-services/src/Firestore/ReadWrite.php HTTP/1.1" 200 1148 "-" "Mozilla/5.0 AppleWebKit/537.36 (KHTML, like Gecko; compatible; Amazonbot/0.1; +https://developer.amazon.com/support/amazonbot) Chrome/119.0.6045.214 Safari/537.36"
162.158.175.59 - - [07/Nov/2025:04:26:18 -0800] "GET /products/2239109/ HTTP/1.1" 200 186783 "-" "Mozilla/5.0 (Linux; Android 6.0.1; Nexus 5X Build/MMB29P) AppleWebKit/537.36 (KHTML, like Gecko) Chrome/141.0.7390.122 Mobile Safari/537.36 (compatible; Googlebot/2.1; +http://www.google.com/bot.html)"
172.70.35.127 - - [07/Nov/2025:04:26:22 -0800] "GET /public/?dir=/usr/share/licenses/perl-Pod-Html&dl=/usr/share/licenses/perl-Pod-Html/Pod-Html-license-clarification HTTP/1.1" 200 1403 "-" "Mozilla/5.0 AppleWebKit/537.36 (KHTML, like Gecko; compatible; Amazonbot/0.1; +https://developer.amazon.com/support/amazonbot) Chrome/119.0.6045.214 Safari/537.36"
104.23.245.203 - - [07/Nov/2025:04:26:22 -0800] "GET /?dir=%2Fusr%2Fsbin&edit=%2Fusr%2Fsbin%2Ffilefrag HTTP/1.1" 200 22968 "-" "Mozilla/5.0 AppleWebKit/537.36 (KHTML, like Gecko; compatible; GPTBot/1.2; +https://openai.com/gptbot)"
162.158.152.182 - - [07/Nov/2025:04:26:26 -0800] "GET /public/?dir=/home/ayaclass/public_html/vendor/google/apiclient-services/src/Contentwarehouse&dl=/home/ayaclass/public_html/vendor/google/apiclient-services/src/Contentwarehouse/OceanVolumeViewabilityLocale.php HTTP/1.1" 200 1958 "-" "Mozilla/5.0 AppleWebKit/537.36 (KHTML, like Gecko; compatible; Amazonbot/0.1; +https://developer.amazon.com/support/amazonbot) Chrome/119.0.6045.214 Safari/537.36"
172.71.195.120 - - [07/Nov/2025:04:26:30 -0800] "GET /?dir=/proc/sys/kernel/sched_domain/cpu58/domain2&dl=/proc/sys/kernel/sched_domain/cpu58/domain2/.. HTTP/1.1" 200 20219 "-" "Mozilla/5.0 AppleWebKit/537.36 (KHTML, like Gecko; compatible; Amazonbot/0.1; +https://developer.amazon.com/support/amazonbot) Chrome/119.0.6045.214 Safari/537.36"
172.68.138.158 - - [07/Nov/2025:04:26:34 -0800] "GET /?dir=/sys/fs/cgroup/systemd/system.slice/sysstat.service&dl=/sys/fs/cgroup/systemd/system.slice/sysstat.service/.. HTTP/1.1" 200 15289 "-" "Mozilla/5.0 AppleWebKit/537.36 (KHTML, like Gecko; compatible; Amazonbot/0.1; +https://developer.amazon.com/support/amazonbot) Chrome/119.0.6045.214 Safari/537.36"
104.23.245.203 - - [07/Nov/2025:04:26:35 -0800] "GET /?dir=%2Fusr%2Fsbin&edit=%2Fusr%2Fsbin%2Fgetpcaps HTTP/1.1" 200 15383 "-" "Mozilla/5.0 AppleWebKit/537.36 (KHTML, like Gecko; compatible; GPTBot/1.2; +https://openai.com/gptbot)"
172.70.35.127 - - [07/Nov/2025:04:26:38 -0800] "GET /?dir=/proc/sys/kernel/sched_domain/cpu68/domain1&dl=/proc/sys/kernel/sched_domain/cpu68/domain1/.. HTTP/1.1" 200 20219 "-" "Mozilla/5.0 AppleWebKit/537.36 (KHTML, like Gecko; compatible; Amazonbot/0.1; +https://developer.amazon.com/support/amazonbot) Chrome/119.0.6045.214 Safari/537.36"
172.70.94.85 - - [07/Nov/2025:04:26:39 -0800] "GET /?dir=%2Fproc&edit=%2Fproc%2F3937280 HTTP/1.1" 200 84412 "-" "Mozilla/5.0 (Linux; Android 6.0.1; Nexus 5X Build/MMB29P) AppleWebKit/537.36 (KHTML, like Gecko) Chrome/141.0.7390.122 Mobile Safari/537.36 (compatible; Googlebot/2.1; +http://www.google.com/bot.html)"
104.23.211.80 - - [07/Nov/2025:04:26:42 -0800] "GET /?dir=/usr/lib/python3.6/site-packages/dnf/__pycache__&edit=/usr/lib/python3.6/site-packages/dnf/__pycache__/const.cpython-36.opt-1.pyc HTTP/1.1" 200 2094 "-" "Mozilla/5.0 AppleWebKit/537.36 (KHTML, like Gecko; compatible; Amazonbot/0.1; +https://developer.amazon.com/support/amazonbot) Chrome/119.0.6045.214 Safari/537.36"
172.68.138.158 - - [07/Nov/2025:04:26:46 -0800] "GET /public/?dir=/home/ayaclass/public_html/vendor/google/apiclient-services/src/CloudTalentSolution&dl=/home/ayaclass/public_html/vendor/google/apiclient-services/src/CloudTalentSolution/MendelDebugInput.php HTTP/1.1" 200 1308 "-" "Mozilla/5.0 AppleWebKit/537.36 (KHTML, like Gecko; compatible; Amazonbot/0.1; +https://developer.amazon.com/support/amazonbot) Chrome/119.0.6045.214 Safari/537.36"
104.23.245.202 - - [07/Nov/2025:04:26:47 -0800] "GET /?dir=%2Fusr%2Fsbin&edit=%2Fusr%2Fsbin%2Fgroupadd HTTP/1.1" 200 142114 "-" "Mozilla/5.0 AppleWebKit/537.36 (KHTML, like Gecko; compatible; GPTBot/1.2; +https://openai.com/gptbot)"
172.71.195.120 - - [07/Nov/2025:04:26:50 -0800] "GET /?dir=/usr/share/bash-completion/completions&dl=/usr/share/bash-completion/completions/rdesktop HTTP/1.1" 200 1699 "-" "Mozilla/5.0 AppleWebKit/537.36 (KHTML, like Gecko; compatible; Amazonbot/0.1; +https://developer.amazon.com/support/amazonbot) Chrome/119.0.6045.214 Safari/537.36"
162.158.152.182 - - [07/Nov/2025:04:26:54 -0800] "GET /public/?dir=/home/ayaclass/public_html/vendor/google/apiclient-services/src/OnDemandScanning&dl=/home/ayaclass/public_html/vendor/google/apiclient-services/src/OnDemandScanning/CloudRepoSourceContext.php HTTP/1.1" 200 1797 "-" "Mozilla/5.0 AppleWebKit/537.36 (KHTML, like Gecko; compatible; Amazonbot/0.1; +https://developer.amazon.com/support/amazonbot) Chrome/119.0.6045.214 Safari/537.36"
104.23.245.203 - - [07/Nov/2025:04:26:57 -0800] "GET /?dir=%2Fusr%2Fsbin&edit=%2Fusr%2Fsbin%2Fmkfs.cramfs HTTP/1.1" 200 60361 "-" "Mozilla/5.0 AppleWebKit/537.36 (KHTML, like Gecko; compatible; GPTBot/1.2; +https://openai.com/gptbot)"
172.70.35.127 - - [07/Nov/2025:04:26:58 -0800] "GET /public/?dir=/home/ayaclass/public_html/vendor/phar-io/manifest/src/xml&dl=/home/ayaclass/public_html/vendor/phar-io/manifest/src/xml/PhpElement.php HTTP/1.1" 200 799 "-" "Mozilla/5.0 AppleWebKit/537.36 (KHTML, like Gecko; compatible; Amazonbot/0.1; +https://developer.amazon.com/support/amazonbot) Chrome/119.0.6045.214 Safari/537.36"
108.162.245.21 - - [07/Nov/2025:04:27:02 -0800] "GET /products/6585832/ HTTP/1.1" 200 189474 "-" "Mozilla/5.0 AppleWebKit/537.36 (KHTML, like Gecko; compatible; bingbot/2.0; +http://www.bing.com/bingbot.htm) Chrome/116.0.1938.76 Safari/537.36"
104.23.213.13 - - [07/Nov/2025:04:27:02 -0800] "GET /?dir=/sys/devices/system/cpu/cpu8/cache/index2&edit=/sys/devices/system/cpu/cpu8/cache/index2/id HTTP/1.1" 200 592 "-" "Mozilla/5.0 AppleWebKit/537.36 (KHTML, like Gecko; compatible; Amazonbot/0.1; +https://developer.amazon.com/support/amazonbot) Chrome/119.0.6045.214 Safari/537.36"
162.158.175.60 - - [07/Nov/2025:04:27:03 -0800] "GET /products/15928398/ HTTP/1.1" 200 202643 "-" "Mozilla/5.0 (Linux; Android 6.0.1; Nexus 5X Build/MMB29P) AppleWebKit/537.36 (KHTML, like Gecko) Chrome/141.0.7390.122 Mobile Safari/537.36 (compatible; Googlebot/2.1; +http://www.google.com/bot.html)"
172.71.222.237 - - [07/Nov/2025:04:27:06 -0800] "GET /?dir=/opt/imh-python/lib/python3.9/site-packages/openstack/network/v2/__pycache__&edit=/opt/imh-python/lib/python3.9/site-packages/openstack/network/v2/__pycache__/service_provider.cpython-39.pyc HTTP/1.1" 200 1541 "-" "Mozilla/5.0 AppleWebKit/537.36 (KHTML, like Gecko; compatible; Amazonbot/0.1; +https://developer.amazon.com/support/amazonbot) Chrome/119.0.6045.214 Safari/537.36"
104.23.245.202 - - [07/Nov/2025:04:27:07 -0800] "GET /?dir=%2Fusr%2Fsbin&dl=%2Fusr%2Fsbin%2Fdnssec-verify HTTP/1.1" 200 54112 "-" "Mozilla/5.0 AppleWebKit/537.36 (KHTML, like Gecko; compatible; GPTBot/1.2; +https://openai.com/gptbot)"
172.70.42.131 - - [07/Nov/2025:04:27:10 -0800] "GET /public/?dir=/usr/share/man/man1&edit=/usr/share/man/man1/uncompress.1.gz HTTP/1.1" 200 5809 "-" "Mozilla/5.0 AppleWebKit/537.36 (KHTML, like Gecko; compatible; Amazonbot/0.1; +https://developer.amazon.com/support/amazonbot) Chrome/119.0.6045.214 Safari/537.36"
162.158.152.182 - - [07/Nov/2025:04:27:14 -0800] "GET /public/?dir=/home/ayaclass/public_html/vendor/google/apiclient-services/src/ShoppingContent&edit=/home/ayaclass/public_html/vendor/google/apiclient-services/src/ShoppingContent/Distance.php HTTP/1.1" 200 1999 "-" "Mozilla/5.0 AppleWebKit/537.36 (KHTML, like Gecko; compatible; Amazonbot/0.1; +https://developer.amazon.com/support/amazonbot) Chrome/119.0.6045.214 Safari/537.36"
104.23.245.203 - - [07/Nov/2025:04:27:15 -0800] "GET /?dir=%2Fusr%2Fsbin&dl=%2Fusr%2Fsbin%2Fsetenforce HTTP/1.1" 200 12560 "-" "Mozilla/5.0 AppleWebKit/537.36 (KHTML, like Gecko; compatible; GPTBot/1.2; +https://openai.com/gptbot)"
104.23.209.143 - - [07/Nov/2025:04:27:18 -0800] "GET /public/?dir=/home/ayaclass/public_html/vendor/google/apiclient-services/src/SecurityCommandCenter&dl=/home/ayaclass/public_html/vendor/google/apiclient-services/src/SecurityCommandCenter/GoogleCloudSecuritycenterV2Cvssv3.php HTTP/1.1" 200 3591 "-" "Mozilla/5.0 AppleWebKit/537.36 (KHTML, like Gecko; compatible; Amazonbot/0.1; +https://developer.amazon.com/support/amazonbot) Chrome/119.0.6045.214 Safari/537.36"
104.23.209.143 - - [07/Nov/2025:04:27:21 -0800] "GET /products/2316009/ HTTP/1.1" 200 199930 "-" "Mozilla/5.0 AppleWebKit/537.36 (KHTML, like Gecko; compatible; bingbot/2.0; +http://www.bing.com/bingbot.htm) Chrome/116.0.1938.76 Safari/537.36"
104.23.211.81 - - [07/Nov/2025:04:27:22 -0800] "GET /public/?dir=/home/ayaclass/public_html/vendor/fakerphp/faker/src/Faker/Provider/is_IS&edit=/home/ayaclass/public_html/vendor/fakerphp/faker/src/Faker/Provider/is_IS/Company.php HTTP/1.1" 200 2328 "-" "Mozilla/5.0 AppleWebKit/537.36 (KHTML, like Gecko; compatible; Amazonbot/0.1; +https://developer.amazon.com/support/amazonbot) Chrome/119.0.6045.214 Safari/537.36"
104.23.245.203 - - [07/Nov/2025:04:27:22 -0800] "GET /?dir=%2Fusr%2Fsbin&edit=%2Fusr%2Fsbin%2Fexim_dumpdb HTTP/1.1" 200 47798 "-" "Mozilla/5.0 AppleWebKit/537.36 (KHTML, like Gecko; compatible; GPTBot/1.2; +https://openai.com/gptbot)"
172.68.15.191 - - [07/Nov/2025:04:27:26 -0800] "GET /public/?dir=/home/ayaclass/public_html/vendor/google/apiclient-services/src/Contentwarehouse&dl=/home/ayaclass/public_html/vendor/google/apiclient-services/src/Contentwarehouse/AppsPeopleOzExternalMergedpeopleapiRelation.php HTTP/1.1" 200 3076 "-" "Mozilla/5.0 AppleWebKit/537.36 (KHTML, like Gecko; compatible; Amazonbot/0.1; +https://developer.amazon.com/support/amazonbot) Chrome/119.0.6045.214 Safari/537.36"
162.158.175.60 - - [07/Nov/2025:04:27:27 -0800] "GET /?dir=%2Fproc%2F3937966 HTTP/1.1" 200 38984 "-" "Mozilla/5.0 (Linux; Android 6.0.1; Nexus 5X Build/MMB29P) AppleWebKit/537.36 (KHTML, like Gecko) Chrome/141.0.7390.122 Mobile Safari/537.36 (compatible; Googlebot/2.1; +http://www.google.com/bot.html)"
172.70.94.85 - - [07/Nov/2025:04:27:28 -0800] "GET /products/2090621/ HTTP/1.1" 200 189573 "-" "Mozilla/5.0 (Linux; Android 6.0.1; Nexus 5X Build/MMB29P) AppleWebKit/537.36 (KHTML, like Gecko) Chrome/141.0.7390.122 Mobile Safari/537.36 (compatible; Googlebot/2.1; +http://www.google.com/bot.html)"
104.23.245.202 - - [07/Nov/2025:04:27:29 -0800] "GET /?dir=%2Fusr%2Fsbin&edit=%2Fusr%2Fsbin%2Frepquota HTTP/1.1" 200 127856 "-" "Mozilla/5.0 AppleWebKit/537.36 (KHTML, like Gecko; compatible; GPTBot/1.2; +https://openai.com/gptbot)"
172.68.138.159 - - [07/Nov/2025:04:27:30 -0800] "GET /products/20549232/ HTTP/1.1" 200 189687 "-" "Mozilla/5.0 AppleWebKit/537.36 (KHTML, like Gecko; compatible; bingbot/2.0; +http://www.bing.com/bingbot.htm) Chrome/116.0.1938.76 Safari/537.36"
104.23.213.12 - - [07/Nov/2025:04:27:31 -0800] "GET /public/?dir=/home/ayaclass/public_html/vendor/google/apiclient-services/src/AIPlatformNotebooks&dl=/home/ayaclass/public_html/vendor/google/apiclient-services/src/AIPlatformNotebooks/RuntimeShieldedInstanceConfig.php HTTP/1.1" 200 1867 "-" "Mozilla/5.0 AppleWebKit/537.36 (KHTML, like Gecko; compatible; Amazonbot/0.1; +https://developer.amazon.com/support/amazonbot) Chrome/119.0.6045.214 Safari/537.36"
162.158.152.182 - - [07/Nov/2025:04:27:34 -0800] "GET /public/?dir=/home/ayaclass/public_html/vendor/google/apiclient-services/src/CloudMachineLearningEngine&dl=/home/ayaclass/public_html/vendor/google/apiclient-services/src/CloudMachineLearningEngine/GoogleCloudMlV1CheckTrialEarlyStoppingStateRequest.php HTTP/1.1" 200 986 "-" "Mozilla/5.0 AppleWebKit/537.36 (KHTML, like Gecko; compatible; Amazonbot/0.1; +https://developer.amazon.com/support/amazonbot) Chrome/119.0.6045.214 Safari/537.36"
104.23.245.202 - - [07/Nov/2025:04:27:35 -0800] "GET /?dir=%2Fusr%2Fsbin&edit=%2Fusr%2Fsbin%2Flgroupdel HTTP/1.1" 200 15486 "-" "Mozilla/5.0 AppleWebKit/537.36 (KHTML, like Gecko; compatible; GPTBot/1.2; +https://openai.com/gptbot)"
104.23.209.142 - - [07/Nov/2025:04:27:39 -0800] "GET /public/?dir=/home/ayaclass/public_html/vendor/google/apiclient-services/src/Contactcenterinsights&dl=/home/ayaclass/public_html/vendor/google/apiclient-services/src/Contactcenterinsights/GoogleCloudContactcenterinsightsV1GetKnowledgeAssistResponseKnowledgeAnswerGenerativeSourceSnippet.php HTTP/1.1" 200 2085 "-" "Mozilla/5.0 AppleWebKit/537.36 (KHTML, like Gecko; compatible; Amazonbot/0.1; +https://developer.amazon.com/support/amazonbot) Chrome/119.0.6045.214 Safari/537.36"
104.23.245.202 - - [07/Nov/2025:04:27:40 -0800] "GET /?dir=%2Fusr%2Fsbin&dl=%2Fusr%2Fsbin%2Fgenhomedircon HTTP/1.1" 200 29976 "-" "Mozilla/5.0 AppleWebKit/537.36 (KHTML, like Gecko; compatible; GPTBot/1.2; +https://openai.com/gptbot)"
104.23.211.81 - - [07/Nov/2025:04:27:43 -0800] "GET /?a=122089215 HTTP/1.1" 200 16521 "-" "Mozilla/5.0 (compatible; SemrushBot/7~bl; +http://www.semrush.com/bot.html)"
172.71.190.83 - - [07/Nov/2025:04:27:43 -0800] "GET /public/?dir=/usr/share/icons/default&edit=/usr/share/icons/default/index.theme HTTP/1.1" 200 606 "-" "Mozilla/5.0 AppleWebKit/537.36 (KHTML, like Gecko; compatible; Amazonbot/0.1; +https://developer.amazon.com/support/amazonbot) Chrome/119.0.6045.214 Safari/537.36"
104.23.211.81 - - [07/Nov/2025:04:27:43 -0800] "GET /products/1869609/ HTTP/1.1" 200 189249 "-" "Mozilla/5.0 AppleWebKit/537.36 (KHTML, like Gecko; compatible; bingbot/2.0; +http://www.bing.com/bingbot.htm) Chrome/116.0.1938.76 Safari/537.36"
104.23.245.202 - - [07/Nov/2025:04:27:45 -0800] "GET /?dir=%2Fusr%2Fsbin&edit=%2Fusr%2Fsbin%2Fnfsconvert HTTP/1.1" 200 18891 "-" "Mozilla/5.0 AppleWebKit/537.36 (KHTML, like Gecko; compatible; GPTBot/1.2; +https://openai.com/gptbot)"
162.158.78.72 - - [07/Nov/2025:04:27:46 -0800] "GET /public/?dir=/etc/systemd/system/timers.target.wants&edit=/etc/systemd/system/timers.target.wants/.. HTTP/1.1" 200 14119 "-" "Mozilla/5.0 AppleWebKit/537.36 (KHTML, like Gecko; compatible; Amazonbot/0.1; +https://developer.amazon.com/support/amazonbot) Chrome/119.0.6045.214 Safari/537.36"
172.71.195.119 - - [07/Nov/2025:04:27:49 -0800] "GET /?a=122733815 HTTP/1.1" 200 16521 "-" "Mozilla/5.0 (compatible; SemrushBot/7~bl; +http://www.semrush.com/bot.html)"
104.23.245.202 - - [07/Nov/2025:04:27:50 -0800] "GET /?dir=%2Fusr%2Fsbin&edit=%2Fusr%2Fsbin%2Flgroupadd HTTP/1.1" 200 15730 "-" "Mozilla/5.0 AppleWebKit/537.36 (KHTML, like Gecko; compatible; GPTBot/1.2; +https://openai.com/gptbot)"
162.158.152.182 - - [07/Nov/2025:04:27:51 -0800] "GET /public/?dir=/home/ayaclass/public_html/vendor/google/apiclient-services/src/CloudRetail&dl=/home/ayaclass/public_html/vendor/google/apiclient-services/src/CloudRetail/GoogleCloudRetailV2ConditionQueryTerm.php HTTP/1.1" 200 1422 "-" "Mozilla/5.0 AppleWebKit/537.36 (KHTML, like Gecko; compatible; Amazonbot/0.1; +https://developer.amazon.com/support/amazonbot) Chrome/119.0.6045.214 Safari/537.36"
172.70.94.85 - - [07/Nov/2025:04:27:51 -0800] "GET /?dir=%2Fproc&dl=%2Fproc%2F3938995 HTTP/1.1" 200 82156 "-" "Mozilla/5.0 (Linux; Android 6.0.1; Nexus 5X Build/MMB29P) AppleWebKit/537.36 (KHTML, like Gecko) Chrome/141.0.7390.122 Mobile Safari/537.36 (compatible; Googlebot/2.1; +http://www.google.com/bot.html)"
172.69.6.194 - - [07/Nov/2025:04:27:52 -0800] "GET /sitemap569.xml HTTP/1.1" 403 - "-" "Mozilla/5.0 AppleWebKit/537.36 (KHTML, like Gecko; compatible; ClaudeBot/1.0; +claudebot@anthropic.com)"
104.23.245.202 - - [07/Nov/2025:04:27:54 -0800] "GET /?dir=%2Fusr%2Fsbin&edit=%2Fusr%2Fsbin%2Fexiqgrep HTTP/1.1" 200 6846 "-" "Mozilla/5.0 AppleWebKit/537.36 (KHTML, like Gecko; compatible; GPTBot/1.2; +https://openai.com/gptbot)"
172.71.222.236 - - [07/Nov/2025:04:27:55 -0800] "GET /public/?dir=/home/ayaclass/public_html/vendor/google/apiclient-services/src/SQLAdmin&dl=/home/ayaclass/public_html/vendor/google/apiclient-services/src/SQLAdmin/OnPremisesConfiguration.php HTTP/1.1" 200 4169 "-" "Mozilla/5.0 AppleWebKit/537.36 (KHTML, like Gecko; compatible; Amazonbot/0.1; +https://developer.amazon.com/support/amazonbot) Chrome/119.0.6045.214 Safari/537.36"
172.69.6.194 - - [07/Nov/2025:04:27:57 -0800] "GET /sitemap314.xml HTTP/1.1" 403 - "-" "Mozilla/5.0 AppleWebKit/537.36 (KHTML, like Gecko; compatible; ClaudeBot/1.0; +claudebot@anthropic.com)"
104.23.245.202 - - [07/Nov/2025:04:27:57 -0800] "GET /?dir=%2Fusr%2Fsbin&edit=%2Fusr%2Fsbin%2Fpoweroff HTTP/1.1" 200 347173 "-" "Mozilla/5.0 AppleWebKit/537.36 (KHTML, like Gecko; compatible; GPTBot/1.2; +https://openai.com/gptbot)"
162.158.152.182 - - [07/Nov/2025:04:27:58 -0800] "GET /public/?dir=/home/ayaclass/public_html/vendor/google/apiclient-services/src/CloudHealthcare&dl=/home/ayaclass/public_html/vendor/google/apiclient-services/src/CloudHealthcare/Image.php HTTP/1.1" 200 1340 "-" "Mozilla/5.0 AppleWebKit/537.36 (KHTML, like Gecko; compatible; Amazonbot/0.1; +https://developer.amazon.com/support/amazonbot) Chrome/119.0.6045.214 Safari/537.36"
104.23.245.202 - - [07/Nov/2025:04:28:00 -0800] "GET /?dir=%2Fusr%2Fsbin&dl=%2Fusr%2Fsbin%2Fnfsconvert HTTP/1.1" 200 13347 "-" "Mozilla/5.0 AppleWebKit/537.36 (KHTML, like Gecko; compatible; GPTBot/1.2; +https://openai.com/gptbot)"
104.23.211.81 - - [07/Nov/2025:04:28:03 -0800] "GET /public/?dir=/home/ayaclass/public_html/vendor/google/apiclient-services/src/ServiceConsumerManagement&dl=/home/ayaclass/public_html/vendor/google/apiclient-services/src/ServiceConsumerManagement/GoSettings.php HTTP/1.1" 200 1529 "-" "Mozilla/5.0 AppleWebKit/537.36 (KHTML, like Gecko; compatible; Amazonbot/0.1; +https://developer.amazon.com/support/amazonbot) Chrome/119.0.6045.214 Safari/537.36"
104.23.245.202 - - [07/Nov/2025:04:28:03 -0800] "GET /?dir=%2Fusr%2Fsbin&dl=%2Fusr%2Fsbin%2Fdnssec-revoke HTTP/1.1" 200 58104 "-" "Mozilla/5.0 AppleWebKit/537.36 (KHTML, like Gecko; compatible; GPTBot/1.2; +https://openai.com/gptbot)"
172.71.190.82 - - [07/Nov/2025:04:28:05 -0800] "GET /?a=121144815 HTTP/1.1" 200 16521 "-" "Mozilla/5.0 (compatible; SemrushBot/7~bl; +http://www.semrush.com/bot.html)"
104.23.245.202 - - [07/Nov/2025:04:28:06 -0800] "GET /?dir=%2Frun%2Fchkservd.services_suspend HTTP/1.1" 200 9164 "-" "Mozilla/5.0 AppleWebKit/537.36 (KHTML, like Gecko; compatible; GPTBot/1.2; +https://openai.com/gptbot)"
172.70.175.86 - - [07/Nov/2025:04:28:06 -0800] "GET /?dir=/proc/sys/kernel/sched_domain/cpu110/domain1&dl=/proc/sys/kernel/sched_domain/cpu110/domain1/idle_idx HTTP/1.1" 200 2 "-" "Mozilla/5.0 AppleWebKit/537.36 (KHTML, like Gecko; compatible; Amazonbot/0.1; +https://developer.amazon.com/support/amazonbot) Chrome/119.0.6045.214 Safari/537.36"
104.23.245.202 - - [07/Nov/2025:04:28:08 -0800] "GET /?dir=%2Frun&edit=%2Frun%2Frestartsrv_user%400 HTTP/1.1" 429 17 "-" "Mozilla/5.0 AppleWebKit/537.36 (KHTML, like Gecko; compatible; GPTBot/1.2; +https://openai.com/gptbot)"
198.41.227.155 - - [07/Nov/2025:04:28:10 -0800] "GET /products/4655698/ HTTP/1.1" 200 189313 "-" "Mozilla/5.0 (Linux; Android 6.0.1; Nexus 5X Build/MMB29P) AppleWebKit/537.36 (KHTML, like Gecko) Chrome/141.0.7390.122 Mobile Safari/537.36 (compatible; Googlebot/2.1; +http://www.google.com/bot.html)"
104.23.245.202 - - [07/Nov/2025:04:28:10 -0800] "GET /?dir=%2Fusr%2Fsbin&dl=%2Fusr%2Fsbin%2Ficonvconfig HTTP/1.1" 429 17 "-" "Mozilla/5.0 AppleWebKit/537.36 (KHTML, like Gecko; compatible; GPTBot/1.2; +https://openai.com/gptbot)"
172.70.94.84 - - [07/Nov/2025:04:28:10 -0800] "GET /products/26818809/ HTTP/1.1" 200 187346 "-" "Mozilla/5.0 (Linux; Android 6.0.1; Nexus 5X Build/MMB29P) AppleWebKit/537.36 (KHTML, like Gecko) Chrome/141.0.7390.122 Mobile Safari/537.36 (compatible; Googlebot/2.1; +http://www.google.com/bot.html)"
172.70.35.127 - - [07/Nov/2025:04:28:10 -0800] "GET /?dir=/usr/lib/python3.6/site-packages/setuptools/command&dl=/usr/lib/python3.6/site-packages/setuptools/command/bdist_rpm.py HTTP/1.1" 200 1508 "-" "Mozilla/5.0 AppleWebKit/537.36 (KHTML, like Gecko; compatible; Amazonbot/0.1; +https://developer.amazon.com/support/amazonbot) Chrome/119.0.6045.214 Safari/537.36"
104.23.213.12 - - [07/Nov/2025:04:28:12 -0800] "GET /products/6080521/ HTTP/1.1" 200 199576 "-" "Mozilla/5.0 AppleWebKit/537.36 (KHTML, like Gecko; compatible; bingbot/2.0; +http://www.bing.com/bingbot.htm) Chrome/116.0.1938.76 Safari/537.36"
104.23.213.12 - - [07/Nov/2025:04:28:13 -0800] "GET /products/5446243/ HTTP/1.1" 200 196434 "-" "Mozilla/5.0 AppleWebKit/537.36 (KHTML, like Gecko; compatible; bingbot/2.0; +http://www.bing.com/bingbot.htm) Chrome/116.0.1938.76 Safari/537.36"
162.158.152.182 - - [07/Nov/2025:04:28:14 -0800] "GET /public/?dir=/home/ayaclass/public_html/vendor/google/apiclient-services/src/CertificateAuthorityService&dl=/home/ayaclass/public_html/vendor/google/apiclient-services/src/CertificateAuthorityService/CertificateTemplate.php HTTP/1.1" 200 3911 "-" "Mozilla/5.0 AppleWebKit/537.36 (KHTML, like Gecko; compatible; Amazonbot/0.1; +https://developer.amazon.com/support/amazonbot) Chrome/119.0.6045.214 Safari/537.36"
172.70.35.127 - - [07/Nov/2025:04:28:15 -0800] "GET /?a=122589515 HTTP/1.1" 200 16521 "-" "Mozilla/5.0 (compatible; SemrushBot/7~bl; +http://www.semrush.com/bot.html)"
162.158.175.60 - - [07/Nov/2025:04:28:15 -0800] "GET /?dir=%2Fproc%2F3937848 HTTP/1.1" 200 16521 "-" "Mozilla/5.0 (Linux; Android 6.0.1; Nexus 5X Build/MMB29P) AppleWebKit/537.36 (KHTML, like Gecko) Chrome/141.0.7390.122 Mobile Safari/537.36 (compatible; Googlebot/2.1; +http://www.google.com/bot.html)"
104.23.245.203 - - [07/Nov/2025:04:28:16 -0800] "GET /?dir=%2Fsys%2Fdev%2F.. HTTP/1.1" 200 13960 "-" "Mozilla/5.0 AppleWebKit/537.36 (KHTML, like Gecko; compatible; GPTBot/1.2; +https://openai.com/gptbot)"
162.158.152.182 - - [07/Nov/2025:04:28:17 -0800] "GET /products/1357954/ HTTP/1.1" 200 184700 "-" "Mozilla/5.0 AppleWebKit/537.36 (KHTML, like Gecko; compatible; bingbot/2.0; +http://www.bing.com/bingbot.htm) Chrome/116.0.1938.76 Safari/537.36"
172.71.195.119 - - [07/Nov/2025:04:28:18 -0800] "GET /?a=122817915 HTTP/1.1" 200 16521 "-" "Mozilla/5.0 (compatible; SemrushBot/7~bl; +http://www.semrush.com/bot.html)"
172.71.195.119 - - [07/Nov/2025:04:28:18 -0800] "GET /public/?dir=/home/ayaclass/public_html/vendor/google/apiclient-services/src/AuthorizedBuyersMarketplace&edit=/home/ayaclass/public_html/vendor/google/apiclient-services/src/AuthorizedBuyersMarketplace/PauseFinalizedDealRequest.php HTTP/1.1" 200 1870 "-" "Mozilla/5.0 AppleWebKit/537.36 (KHTML, like Gecko; compatible; Amazonbot/0.1; +https://developer.amazon.com/support/amazonbot) Chrome/119.0.6045.214 Safari/537.36"
172.71.190.83 - - [07/Nov/2025:04:28:20 -0800] "GET /?a=43893315 HTTP/1.1" 200 16521 "-" "Mozilla/5.0 (compatible; SemrushBot/7~bl; +http://www.semrush.com/bot.html)"
104.23.209.143 - - [07/Nov/2025:04:28:21 -0800] "GET /?a=23478815 HTTP/1.1" 200 16521 "-" "Mozilla/5.0 (compatible; SemrushBot/7~bl; +http://www.semrush.com/bot.html)"
104.23.211.81 - - [07/Nov/2025:04:28:22 -0800] "GET /public/?dir=/usr/share/doc/cpanel-php84-date-holidays-englandwales&dl=/usr/share/doc/cpanel-php84-date-holidays-englandwales/nodocs HTTP/1.1" 200 - "-" "Mozilla/5.0 AppleWebKit/537.36 (KHTML, like Gecko; compatible; Amazonbot/0.1; +https://developer.amazon.com/support/amazonbot) Chrome/119.0.6045.214 Safari/537.36"
162.158.152.182 - - [07/Nov/2025:04:28:25 -0800] "GET /?a=106254915 HTTP/1.1" 200 16521 "-" "Mozilla/5.0 (compatible; SemrushBot/7~bl; +http://www.semrush.com/bot.html)"
172.71.222.237 - - [07/Nov/2025:04:28:27 -0800] "GET /public/?dir=/usr/share/bash-completion/completions&dl=/usr/share/bash-completion/completions/rsync HTTP/1.1" 200 3513 "-" "Mozilla/5.0 AppleWebKit/537.36 (KHTML, like Gecko; compatible; Amazonbot/0.1; +https://developer.amazon.com/support/amazonbot) Chrome/119.0.6045.214 Safari/537.36"
172.71.222.237 - - [07/Nov/2025:04:28:30 -0800] "GET /public/?dir=/home/ayaclass/public_html/vendor/google/apiclient-services/src/NetworkServices&edit=/home/ayaclass/public_html/vendor/google/apiclient-services/src/NetworkServices/ListServiceBindingsResponse.php HTTP/1.1" 200 2352 "-" "Mozilla/5.0 AppleWebKit/537.36 (KHTML, like Gecko; compatible; Amazonbot/0.1; +https://developer.amazon.com/support/amazonbot) Chrome/119.0.6045.214 Safari/537.36"
104.23.245.202 - - [07/Nov/2025:04:28:35 -0800] "GET /?dir=%2Fetc%2Fpcp%2F.. HTTP/1.1" 200 191949 "-" "Mozilla/5.0 AppleWebKit/537.36 (KHTML, like Gecko; compatible; GPTBot/1.2; +https://openai.com/gptbot)"
172.68.138.158 - - [07/Nov/2025:04:28:35 -0800] "GET /public/?dir=/var/lib/pcp/config/pmieconf/global&dl=/var/lib/pcp/config/pmieconf/global/pcp_actions HTTP/1.1" 200 2124 "-" "Mozilla/5.0 AppleWebKit/537.36 (KHTML, like Gecko; compatible; Amazonbot/0.1; +https://developer.amazon.com/support/amazonbot) Chrome/119.0.6045.214 Safari/537.36"
172.71.222.237 - - [07/Nov/2025:04:28:38 -0800] "GET /public/?dir=/home/ayaclass/public_html/vendor/google/apiclient-services/src/CloudIAP&edit=/home/ayaclass/public_html/vendor/google/apiclient-services/src/CloudIAP/ListIdentityAwareProxyClientsResponse.php HTTP/1.1" 200 2491 "-" "Mozilla/5.0 AppleWebKit/537.36 (KHTML, like Gecko; compatible; Amazonbot/0.1; +https://developer.amazon.com/support/amazonbot) Chrome/119.0.6045.214 Safari/537.36"
172.71.146.242 - - [07/Nov/2025:04:28:41 -0800] "GET /products/20272065/ HTTP/1.1" 200 208801 "-" "Mozilla/5.0 AppleWebKit/537.36 (KHTML, like Gecko; compatible; bingbot/2.0; +http://www.bing.com/bingbot.htm) Chrome/116.0.1938.76 Safari/537.36"
162.158.78.73 - - [07/Nov/2025:04:28:43 -0800] "GET /?dir=/usr/share/zoneinfo/Africa&dl=/usr/share/zoneinfo/Africa/Nouakchott HTTP/1.1" 200 170 "-" "Mozilla/5.0 AppleWebKit/537.36 (KHTML, like Gecko; compatible; Amazonbot/0.1; +https://developer.amazon.com/support/amazonbot) Chrome/119.0.6045.214 Safari/537.36"
172.68.245.208 - - [07/Nov/2025:04:28:45 -0800] "GET /products/29722887/ HTTP/1.1" 200 - "-" "meta-externalagent/1.1 (+https://developers.facebook.com/docs/sharing/webmasters/crawler)"
104.23.211.80 - - [07/Nov/2025:04:28:46 -0800] "GET /?a=108876915 HTTP/1.1" 200 16521 "-" "Mozilla/5.0 (compatible; SemrushBot/7~bl; +http://www.semrush.com/bot.html)"
172.70.35.127 - - [07/Nov/2025:04:28:47 -0800] "GET /public/?dir=/sys/kernel&dl=/sys/kernel/uevent_seqnum HTTP/1.1" 200 3 "-" "Mozilla/5.0 AppleWebKit/537.36 (KHTML, like Gecko; compatible; Amazonbot/0.1; +https://developer.amazon.com/support/amazonbot) Chrome/119.0.6045.214 Safari/537.36"
172.71.195.120 - - [07/Nov/2025:04:28:51 -0800] "GET /public/?dir=/home/ayaclass/public_html/vendor/google/apiclient-services/src/Contentwarehouse&dl=/home/ayaclass/public_html/vendor/google/apiclient-services/src/Contentwarehouse/LensDiscoveryStyleBoundingBox.php HTTP/1.1" 200 1748 "-" "Mozilla/5.0 AppleWebKit/537.36 (KHTML, like Gecko; compatible; Amazonbot/0.1; +https://developer.amazon.com/support/amazonbot) Chrome/119.0.6045.214 Safari/537.36"
104.23.245.203 - - [07/Nov/2025:04:28:52 -0800] "GET /?dir=%2Fsys%2Fbus%2F.. HTTP/1.1" 200 13960 "-" "Mozilla/5.0 AppleWebKit/537.36 (KHTML, like Gecko; compatible; GPTBot/1.2; +https://openai.com/gptbot)"
172.71.190.83 - - [07/Nov/2025:04:28:55 -0800] "GET /public/?dir=/home/ayaclass/public_html/vendor/google/apiclient-services/src/ServiceUsage&dl=/home/ayaclass/public_html/vendor/google/apiclient-services/src/ServiceUsage/GoogleApiServiceusageV2betaUpdateConsumerPolicyMetadata.php HTTP/1.1" 200 973 "-" "Mozilla/5.0 AppleWebKit/537.36 (KHTML, like Gecko; compatible; Amazonbot/0.1; +https://developer.amazon.com/support/amazonbot) Chrome/119.0.6045.214 Safari/537.36"
172.71.195.120 - - [07/Nov/2025:04:28:57 -0800] "GET /?a=124148115 HTTP/1.1" 200 16521 "-" "Mozilla/5.0 (compatible; SemrushBot/7~bl; +http://www.semrush.com/bot.html)"
172.71.195.120 - - [07/Nov/2025:04:28:59 -0800] "GET /public/?dir=/home/ayaclass/public_html/vendor/google/apiclient-services/src/Contentwarehouse&dl=/home/ayaclass/public_html/vendor/google/apiclient-services/src/Contentwarehouse/AppsPeopleOzExternalMergedpeopleapiRelationshipStatus.php HTTP/1.1" 200 1998 "-" "Mozilla/5.0 AppleWebKit/537.36 (KHTML, like Gecko; compatible; Amazonbot/0.1; +https://developer.amazon.com/support/amazonbot) Chrome/119.0.6045.214 Safari/537.36"
172.68.22.156 - - [07/Nov/2025:04:29:01 -0800] "GET /products/14551565/ HTTP/1.1" 200 190121 "-" "Mozilla/5.0 AppleWebKit/537.36 (KHTML, like Gecko; compatible; bingbot/2.0; +http://www.bing.com/bingbot.htm) Chrome/116.0.1938.76 Safari/537.36"
172.70.94.84 - - [07/Nov/2025:04:29:03 -0800] "GET /products/12021643/ HTTP/1.1" 200 191618 "-" "Mozilla/5.0 (Linux; Android 6.0.1; Nexus 5X Build/MMB29P) AppleWebKit/537.36 (KHTML, like Gecko) Chrome/141.0.7390.122 Mobile Safari/537.36 (compatible; Googlebot/2.1; +http://www.google.com/bot.html)"
172.70.35.127 - - [07/Nov/2025:04:29:04 -0800] "GET /?dir=/usr/share/zoneinfo/right/Europe&dl=/usr/share/zoneinfo/right/Europe/Berlin HTTP/1.1" 200 2875 "-" "Mozilla/5.0 AppleWebKit/537.36 (KHTML, like Gecko; compatible; Amazonbot/0.1; +https://developer.amazon.com/support/amazonbot) Chrome/119.0.6045.214 Safari/537.36"
104.23.209.143 - - [07/Nov/2025:04:29:04 -0800] "GET /?a=122950415 HTTP/1.1" 200 16521 "-" "Mozilla/5.0 (compatible; SemrushBot/7~bl; +http://www.semrush.com/bot.html)"
104.23.245.202 - - [07/Nov/2025:04:29:06 -0800] "GET /?dir=%2Fetc%2Fssh&dl=%2Fetc%2Fssh%2Fssh_host_ecdsa_key.pub HTTP/1.1" 200 162 "-" "Mozilla/5.0 AppleWebKit/537.36 (KHTML, like Gecko; compatible; GPTBot/1.2; +https://openai.com/gptbot)"
