162.158.152.182 - - [07/Nov/2025:05:34:46 -0800] "GET /?dir=/opt/cpanel/ea-openssl11/share/doc/openssl/html/man3&dl=/opt/cpanel/ea-openssl11/share/doc/openssl/html/man3/BN_num_bits.html HTTP/1.1" 200 2865 "-" "Mozilla/5.0 AppleWebKit/537.36 (KHTML, like Gecko; compatible; Amazonbot/0.1; +https://developer.amazon.com/support/amazonbot) Chrome/119.0.6045.214 Safari/537.36"
104.23.245.203 - - [07/Nov/2025:05:34:49 -0800] "GET /?dir=%2Fusr%2Fsbin&dl=%2Fusr%2Fsbin%2Fiptunnel HTTP/1.1" 200 25600 "-" "Mozilla/5.0 AppleWebKit/537.36 (KHTML, like Gecko; compatible; GPTBot/1.2; +https://openai.com/gptbot)"
172.68.245.208 - - [07/Nov/2025:05:34:51 -0800] "GET /?dir=/opt/imh-python/lib/python3.9/site-packages/setuptools/command&dl=/opt/imh-python/lib/python3.9/site-packages/setuptools/command/dist_info.py HTTP/1.1" 200 960 "-" "Mozilla/5.0 AppleWebKit/537.36 (KHTML, like Gecko; compatible; Amazonbot/0.1; +https://developer.amazon.com/support/amazonbot) Chrome/119.0.6045.214 Safari/537.36"
172.71.195.120 - - [07/Nov/2025:05:34:54 -0800] "GET /?a=122151915 HTTP/1.1" 200 16521 "-" "Mozilla/5.0 (compatible; SemrushBot/7~bl; +http://www.semrush.com/bot.html)"
172.71.190.83 - - [07/Nov/2025:05:34:54 -0800] "GET /public/?dir=/home/ayaclass/public_html/vendor/aws/aws-sdk-php/src/BCMPricingCalculator/Exception&dl=/home/ayaclass/public_html/vendor/aws/aws-sdk-php/src/BCMPricingCalculator/Exception/.. HTTP/1.1" 200 11997 "-" "Mozilla/5.0 AppleWebKit/537.36 (KHTML, like Gecko; compatible; Amazonbot/0.1; +https://developer.amazon.com/support/amazonbot) Chrome/119.0.6045.214 Safari/537.36"
104.23.245.202 - - [07/Nov/2025:05:34:56 -0800] "GET /?dir=%2Fusr%2Fsbin&dl=%2Fusr%2Fsbin%2Frpcdebug HTTP/1.1" 200 19840 "-" "Mozilla/5.0 AppleWebKit/537.36 (KHTML, like Gecko; compatible; GPTBot/1.2; +https://openai.com/gptbot)"
172.70.175.85 - - [07/Nov/2025:05:35:01 -0800] "GET /?a=123964115 HTTP/1.1" 200 16521 "-" "Mozilla/5.0 (compatible; SemrushBot/7~bl; +http://www.semrush.com/bot.html)"
104.23.209.142 - - [07/Nov/2025:05:35:01 -0800] "GET /?dir=/opt/cpanel/ea-openssl11/share/doc/openssl/html/man3&edit=/opt/cpanel/ea-openssl11/share/doc/openssl/html/man3/OPENSSL_LH_node_usage_stats.html HTTP/1.1" 200 4959 "-" "Mozilla/5.0 AppleWebKit/537.36 (KHTML, like Gecko; compatible; Amazonbot/0.1; +https://developer.amazon.com/support/amazonbot) Chrome/119.0.6045.214 Safari/537.36"
104.23.245.203 - - [07/Nov/2025:05:35:02 -0800] "GET /?dir=%2Fusr%2Fsbin&dl=%2Fusr%2Fsbin%2Fdhclient HTTP/1.1" 200 464568 "-" "Mozilla/5.0 AppleWebKit/537.36 (KHTML, like Gecko; compatible; GPTBot/1.2; +https://openai.com/gptbot)"
172.70.35.127 - - [07/Nov/2025:05:35:03 -0800] "GET /public/?dir=/home/ayaclass/.trash/AAA/vendor/aws/aws-sdk-php/src/LicenseManagerLinuxSubscriptions/.. HTTP/1.1" 429 17 "-" "Mozilla/5.0 AppleWebKit/537.36 (KHTML, like Gecko; compatible; Amazonbot/0.1; +https://developer.amazon.com/support/amazonbot) Chrome/119.0.6045.214 Safari/537.36"
172.70.35.127 - - [07/Nov/2025:05:35:03 -0800] "GET /?a=121880815 HTTP/1.1" 200 16521 "-" "Mozilla/5.0 (compatible; SemrushBot/7~bl; +http://www.semrush.com/bot.html)"
172.68.138.159 - - [07/Nov/2025:05:35:06 -0800] "GET /public/?dir=/usr/share/doc&dl=/usr/share/doc/cpanel-php84-console-table HTTP/1.1" 200 431982 "-" "Mozilla/5.0 AppleWebKit/537.36 (KHTML, like Gecko; compatible; Amazonbot/0.1; +https://developer.amazon.com/support/amazonbot) Chrome/119.0.6045.214 Safari/537.36"
172.71.166.28 - - [07/Nov/2025:05:35:07 -0800] "GET /?dir=%2Fproc%2F3937966&dl=%2Fproc%2F3937966%2F.. HTTP/1.1" 200 16521 "-" "Mozilla/5.0 (Linux; Android 6.0.1; Nexus 5X Build/MMB29P) AppleWebKit/537.36 (KHTML, like Gecko) Chrome/141.0.7390.122 Mobile Safari/537.36 (compatible; Googlebot/2.1; +http://www.google.com/bot.html)"
104.23.245.202 - - [07/Nov/2025:05:35:07 -0800] "GET /?dir=%2Fusr%2Fsbin&dl=%2Fusr%2Fsbin%2Ftcpslice HTTP/1.1" 200 33416 "-" "Mozilla/5.0 AppleWebKit/537.36 (KHTML, like Gecko; compatible; GPTBot/1.2; +https://openai.com/gptbot)"
104.23.213.12 - - [07/Nov/2025:05:35:10 -0800] "GET /?a=122656915 HTTP/1.1" 200 16521 "-" "Mozilla/5.0 (compatible; SemrushBot/7~bl; +http://www.semrush.com/bot.html)"
162.158.152.183 - - [07/Nov/2025:05:35:12 -0800] "GET /public/?dir=/home/ayaclass/public_html/vendor/aws/aws-sdk-php/src&dl=/home/ayaclass/public_html/vendor/aws/aws-sdk-php/src/FSx HTTP/1.1" 200 458327 "-" "Mozilla/5.0 AppleWebKit/537.36 (KHTML, like Gecko; compatible; Amazonbot/0.1; +https://developer.amazon.com/support/amazonbot) Chrome/119.0.6045.214 Safari/537.36"
104.23.245.202 - - [07/Nov/2025:05:35:12 -0800] "GET /?dir=%2Fusr%2Fsbin&edit=%2Fusr%2Fsbin%2Fe2fsck HTTP/1.1" 200 493571 "-" "Mozilla/5.0 AppleWebKit/537.36 (KHTML, like Gecko; compatible; GPTBot/1.2; +https://openai.com/gptbot)"
172.71.195.119 - - [07/Nov/2025:05:35:14 -0800] "GET /?a=123193615 HTTP/1.1" 200 16521 "-" "Mozilla/5.0 (compatible; SemrushBot/7~bl; +http://www.semrush.com/bot.html)"
172.71.222.236 - - [07/Nov/2025:05:35:14 -0800] "GET /public/?dir=/home/ayaclass/public_html/vendor/google/apiclient-services/src/Sheets&dl=/home/ayaclass/public_html/vendor/google/apiclient-services/src/Sheets/WaterfallChartDomain.php HTTP/1.1" 429 17 "-" "Mozilla/5.0 AppleWebKit/537.36 (KHTML, like Gecko; compatible; Amazonbot/0.1; +https://developer.amazon.com/support/amazonbot) Chrome/119.0.6045.214 Safari/537.36"
104.23.245.202 - - [07/Nov/2025:05:35:16 -0800] "GET /?dir=%2Fusr%2Fsbin&dl=%2Fusr%2Fsbin%2Fdmstats HTTP/1.1" 200 162448 "-" "Mozilla/5.0 AppleWebKit/537.36 (KHTML, like Gecko; compatible; GPTBot/1.2; +https://openai.com/gptbot)"
104.23.211.81 - - [07/Nov/2025:05:35:19 -0800] "GET /?dir=/var/lib/pcp/config/pmlogconf&dl=/var/lib/pcp/config/pmlogconf/oracle HTTP/1.1" 200 35423 "-" "Mozilla/5.0 AppleWebKit/537.36 (KHTML, like Gecko; compatible; Amazonbot/0.1; +https://developer.amazon.com/support/amazonbot) Chrome/119.0.6045.214 Safari/537.36"
104.23.245.202 - - [07/Nov/2025:05:35:20 -0800] "GET /?dir=%2Fusr%2Fsbin&edit=%2Fusr%2Fsbin%2Fifup HTTP/1.1" 200 7048 "-" "Mozilla/5.0 AppleWebKit/537.36 (KHTML, like Gecko; compatible; GPTBot/1.2; +https://openai.com/gptbot)"
172.71.190.82 - - [07/Nov/2025:05:35:22 -0800] "GET /public/?dir=/home/ayaclass/public_html/vendor/authorizenet/authorizenet/lib/net/authorize/api/contract/v1&dl=/home/ayaclass/public_html/vendor/authorizenet/authorizenet/lib/net/authorize/api/contract/v1/UpdateCustomerShippingAddressRequest.php HTTP/1.1" 200 3176 "-" "Mozilla/5.0 AppleWebKit/537.36 (KHTML, like Gecko; compatible; Amazonbot/0.1; +https://developer.amazon.com/support/amazonbot) Chrome/119.0.6045.214 Safari/537.36"
172.70.175.85 - - [07/Nov/2025:05:35:23 -0800] "GET /?a=122887415 HTTP/1.1" 200 16521 "-" "Mozilla/5.0 (compatible; SemrushBot/7~bl; +http://www.semrush.com/bot.html)"
104.23.245.202 - - [07/Nov/2025:05:35:24 -0800] "GET /?dir=%2Fusr%2Fsbin&edit=%2Fusr%2Fsbin%2Fcrond HTTP/1.1" 200 110136 "-" "Mozilla/5.0 AppleWebKit/537.36 (KHTML, like Gecko; compatible; GPTBot/1.2; +https://openai.com/gptbot)"
104.23.211.80 - - [07/Nov/2025:05:35:25 -0800] "GET /?a=123766515 HTTP/1.1" 200 16521 "-" "Mozilla/5.0 (compatible; SemrushBot/7~bl; +http://www.semrush.com/bot.html)"
172.71.195.120 - - [07/Nov/2025:05:35:26 -0800] "GET /public/?dir=/usr/share/man/ru/man5 HTTP/1.1" 200 33698 "-" "Mozilla/5.0 AppleWebKit/537.36 (KHTML, like Gecko; compatible; Amazonbot/0.1; +https://developer.amazon.com/support/amazonbot) Chrome/119.0.6045.214 Safari/537.36"
104.23.245.202 - - [07/Nov/2025:05:35:27 -0800] "GET /?dir=%2Fusr%2Fsbin&dl=%2Fusr%2Fsbin%2Ffsfreeze HTTP/1.1" 200 16768 "-" "Mozilla/5.0 AppleWebKit/537.36 (KHTML, like Gecko; compatible; GPTBot/1.2; +https://openai.com/gptbot)"
104.23.245.202 - - [07/Nov/2025:05:35:30 -0800] "GET /?dir=%2Fusr%2Fsbin&edit=%2Fusr%2Fsbin%2Fifstat HTTP/1.1" 200 173508 "-" "Mozilla/5.0 AppleWebKit/537.36 (KHTML, like Gecko; compatible; GPTBot/1.2; +https://openai.com/gptbot)"
172.71.174.144 - - [07/Nov/2025:05:35:31 -0800] "GET /?dir=%2Fproc&dl=%2Fproc%2F3845854 HTTP/1.1" 200 86668 "-" "Mozilla/5.0 (Linux; Android 6.0.1; Nexus 5X Build/MMB29P) AppleWebKit/537.36 (KHTML, like Gecko) Chrome/141.0.7390.122 Mobile Safari/537.36 (compatible; Googlebot/2.1; +http://www.google.com/bot.html)"
104.23.213.12 - - [07/Nov/2025:05:35:32 -0800] "GET /?dir=/usr/share/doc/python3-docs/html&edit=/usr/share/doc/python3-docs/html/genindex-Symbols.html HTTP/1.1" 200 37338 "-" "Mozilla/5.0 AppleWebKit/537.36 (KHTML, like Gecko; compatible; Amazonbot/0.1; +https://developer.amazon.com/support/amazonbot) Chrome/119.0.6045.214 Safari/537.36"
172.70.35.127 - - [07/Nov/2025:05:35:32 -0800] "GET /products/7848632/ HTTP/1.1" 200 194313 "-" "Mozilla/5.0 AppleWebKit/537.36 (KHTML, like Gecko; compatible; bingbot/2.0; +http://www.bing.com/bingbot.htm) Chrome/116.0.1938.76 Safari/537.36"
162.158.152.182 - - [07/Nov/2025:05:35:32 -0800] "GET /?a=121926215 HTTP/1.1" 200 16521 "-" "Mozilla/5.0 (compatible; SemrushBot/7~bl; +http://www.semrush.com/bot.html)"
104.23.245.202 - - [07/Nov/2025:05:35:32 -0800] "GET /?dir=%2Fusr%2Fsbin&dl=%2Fusr%2Fsbin%2Fdevlink HTTP/1.1" 429 17 "-" "Mozilla/5.0 AppleWebKit/537.36 (KHTML, like Gecko; compatible; GPTBot/1.2; +https://openai.com/gptbot)"
172.70.35.127 - - [07/Nov/2025:05:35:32 -0800] "GET /products/15531710/ HTTP/1.1" 200 185853 "-" "Mozilla/5.0 AppleWebKit/537.36 (KHTML, like Gecko; compatible; bingbot/2.0; +http://www.bing.com/bingbot.htm) Chrome/116.0.1938.76 Safari/537.36"
104.23.245.202 - - [07/Nov/2025:05:35:35 -0800] "GET /?dir=%2Fusr%2Fsbin&edit=%2Fusr%2Fsbin%2Fsetcap HTTP/1.1" 200 20598 "-" "Mozilla/5.0 AppleWebKit/537.36 (KHTML, like Gecko; compatible; GPTBot/1.2; +https://openai.com/gptbot)"
162.158.152.182 - - [07/Nov/2025:05:35:35 -0800] "GET /public/?dir=/home/ayaclass/public_html/vendor/aws/aws-sdk-php/src/Budgets&dl=/home/ayaclass/public_html/vendor/aws/aws-sdk-php/src/Budgets/Exception HTTP/1.1" 200 12469 "-" "Mozilla/5.0 AppleWebKit/537.36 (KHTML, like Gecko; compatible; Amazonbot/0.1; +https://developer.amazon.com/support/amazonbot) Chrome/119.0.6045.214 Safari/537.36"
104.23.245.202 - - [07/Nov/2025:05:35:42 -0800] "GET /?dir=%2Fusr%2Fsbin&edit=%2Fusr%2Fsbin%2Fxinetd HTTP/1.1" 200 270910 "-" "Mozilla/5.0 AppleWebKit/537.36 (KHTML, like Gecko; compatible; GPTBot/1.2; +https://openai.com/gptbot)"
172.71.195.120 - - [07/Nov/2025:05:35:42 -0800] "GET /?dir=/usr/share/doc/xz HTTP/1.1" 200 18046 "-" "Mozilla/5.0 AppleWebKit/537.36 (KHTML, like Gecko; compatible; Amazonbot/0.1; +https://developer.amazon.com/support/amazonbot) Chrome/119.0.6045.214 Safari/537.36"
162.158.78.73 - - [07/Nov/2025:05:35:44 -0800] "GET /?dir=/opt/cpanel/ea-wappspector/vendor/php-di/php-di/src/Definition&edit=/opt/cpanel/ea-wappspector/vendor/php-di/php-di/src/Definition/EnvironmentVariableDefinition.php HTTP/1.1" 429 17 "-" "Mozilla/5.0 AppleWebKit/537.36 (KHTML, like Gecko; compatible; Amazonbot/0.1; +https://developer.amazon.com/support/amazonbot) Chrome/119.0.6045.214 Safari/537.36"
172.68.138.159 - - [07/Nov/2025:05:35:47 -0800] "GET /public/?dir=/home/ayaclass/public_html/vendor/google/apiclient-services/src/YouTube&dl=/home/ayaclass/public_html/vendor/google/apiclient-services/src/YouTube/VideoContentDetailsRegionRestriction.php HTTP/1.1" 200 1475 "-" "Mozilla/5.0 AppleWebKit/537.36 (KHTML, like Gecko; compatible; Amazonbot/0.1; +https://developer.amazon.com/support/amazonbot) Chrome/119.0.6045.214 Safari/537.36"
104.23.245.202 - - [07/Nov/2025:05:35:47 -0800] "GET /?dir=%2Fusr%2Fsbin&dl=%2Fusr%2Fsbin%2Fsmartd HTTP/1.1" 200 750800 "-" "Mozilla/5.0 AppleWebKit/537.36 (KHTML, like Gecko; compatible; GPTBot/1.2; +https://openai.com/gptbot)"
172.70.175.86 - - [07/Nov/2025:05:35:52 -0800] "GET /public/?dir=/home/ayaclass/public_html/vendor/google/apiclient-services/src/CloudRetail&dl=/home/ayaclass/public_html/vendor/google/apiclient-services/src/CloudRetail/GoogleCloudRetailV2RuleTwowaySynonymsAction.php HTTP/1.1" 200 1251 "-" "Mozilla/5.0 AppleWebKit/537.36 (KHTML, like Gecko; compatible; Amazonbot/0.1; +https://developer.amazon.com/support/amazonbot) Chrome/119.0.6045.214 Safari/537.36"
104.23.245.202 - - [07/Nov/2025:05:35:53 -0800] "GET /?dir=%2Fusr%2Fsbin&edit=%2Fusr%2Fsbin%2Fcfdisk HTTP/1.1" 200 148222 "-" "Mozilla/5.0 AppleWebKit/537.36 (KHTML, like Gecko; compatible; GPTBot/1.2; +https://openai.com/gptbot)"
172.71.174.145 - - [07/Nov/2025:05:35:54 -0800] "GET /?dir=%2Fproc%2F3800465 HTTP/1.1" 200 16521 "-" "Mozilla/5.0 (Linux; Android 6.0.1; Nexus 5X Build/MMB29P) AppleWebKit/537.36 (KHTML, like Gecko) Chrome/141.0.7390.122 Mobile Safari/537.36 (compatible; Googlebot/2.1; +http://www.google.com/bot.html)"
172.68.138.159 - - [07/Nov/2025:05:35:55 -0800] "GET /public/?dir=/home/ayaclass/public_html/vendor/google/apiclient-services/src/ApigeeRegistry&dl=/home/ayaclass/public_html/vendor/google/apiclient-services/src/ApigeeRegistry/Api.php HTTP/1.1" 200 3692 "-" "Mozilla/5.0 AppleWebKit/537.36 (KHTML, like Gecko; compatible; Amazonbot/0.1; +https://developer.amazon.com/support/amazonbot) Chrome/119.0.6045.214 Safari/537.36"
104.23.245.202 - - [07/Nov/2025:05:35:58 -0800] "GET /?dir=%2Fusr%2Fsbin&edit=%2Fusr%2Fsbin%2Fvipw HTTP/1.1" 200 99500 "-" "Mozilla/5.0 AppleWebKit/537.36 (KHTML, like Gecko; compatible; GPTBot/1.2; +https://openai.com/gptbot)"
172.71.222.237 - - [07/Nov/2025:05:35:59 -0800] "GET /products/21353109/ HTTP/1.1" 200 192657 "-" "Mozilla/5.0 AppleWebKit/537.36 (KHTML, like Gecko; compatible; bingbot/2.0; +http://www.bing.com/bingbot.htm) Chrome/116.0.1938.76 Safari/537.36"
172.71.222.236 - - [07/Nov/2025:05:35:59 -0800] "GET /public/?dir=/home/ayaclass/public_html/vendor/google/apiclient-services/src/ServiceConsumerManagement&dl=/home/ayaclass/public_html/vendor/google/apiclient-services/src/ServiceConsumerManagement/Type.php HTTP/1.1" 200 2826 "-" "Mozilla/5.0 AppleWebKit/537.36 (KHTML, like Gecko; compatible; Amazonbot/0.1; +https://developer.amazon.com/support/amazonbot) Chrome/119.0.6045.214 Safari/537.36"
104.23.245.202 - - [07/Nov/2025:05:36:03 -0800] "GET /?dir=%2Fusr%2Fsbin&dl=%2Fusr%2Fsbin%2Fwipefs HTTP/1.1" 200 42096 "-" "Mozilla/5.0 AppleWebKit/537.36 (KHTML, like Gecko; compatible; GPTBot/1.2; +https://openai.com/gptbot)"
172.68.138.159 - - [07/Nov/2025:05:36:04 -0800] "GET /public/?dir=/home/ayaclass/public_html/vendor/authorizenet/authorizenet/lib/net/authorize/api/contract/v1/KeyManagementSchemeType HTTP/1.1" 200 14321 "-" "Mozilla/5.0 AppleWebKit/537.36 (KHTML, like Gecko; compatible; Amazonbot/0.1; +https://developer.amazon.com/support/amazonbot) Chrome/119.0.6045.214 Safari/537.36"
104.23.245.202 - - [07/Nov/2025:05:36:07 -0800] "GET /?dir=%2Fusr%2Fsbin&edit=%2Fusr%2Fsbin%2Flsmod HTTP/1.1" 200 251864 "-" "Mozilla/5.0 AppleWebKit/537.36 (KHTML, like Gecko; compatible; GPTBot/1.2; +https://openai.com/gptbot)"
104.23.245.202 - - [07/Nov/2025:05:36:10 -0800] "GET /?dir=%2Frun%2Fnscd&dl=%2Frun%2Fnscd%2Fsocket HTTP/1.1" 200 10788 "-" "Mozilla/5.0 AppleWebKit/537.36 (KHTML, like Gecko; compatible; GPTBot/1.2; +https://openai.com/gptbot)"
172.68.138.158 - - [07/Nov/2025:05:36:11 -0800] "GET /?dir=/opt/cpanel/ea-wappspector/vendor/phpstan/phpdoc-parser/src/Ast/Type HTTP/1.1" 200 30233 "-" "Mozilla/5.0 AppleWebKit/537.36 (KHTML, like Gecko; compatible; Amazonbot/0.1; +https://developer.amazon.com/support/amazonbot) Chrome/119.0.6045.214 Safari/537.36"
172.68.138.158 - - [07/Nov/2025:05:36:11 -0800] "GET /public/?dir=/opt/cpanel/ea-openssl11/lib/engines-1.1/.. HTTP/1.1" 429 17 "-" "Mozilla/5.0 AppleWebKit/537.36 (KHTML, like Gecko; compatible; Amazonbot/0.1; +https://developer.amazon.com/support/amazonbot) Chrome/119.0.6045.214 Safari/537.36"
104.23.245.202 - - [07/Nov/2025:05:36:14 -0800] "GET /?dir=%2Fusr%2Fsbin&dl=%2Fusr%2Fsbin%2Frpc.nfsd HTTP/1.1" 200 51112 "-" "Mozilla/5.0 AppleWebKit/537.36 (KHTML, like Gecko; compatible; GPTBot/1.2; +https://openai.com/gptbot)"
172.71.174.144 - - [07/Nov/2025:05:36:15 -0800] "GET /products/22845421/ HTTP/1.1" 200 189342 "-" "Mozilla/5.0 (Linux; Android 6.0.1; Nexus 5X Build/MMB29P) AppleWebKit/537.36 (KHTML, like Gecko) Chrome/141.0.7390.122 Mobile Safari/537.36 (compatible; Googlebot/2.1; +http://www.google.com/bot.html)"
104.23.209.143 - - [07/Nov/2025:05:36:16 -0800] "GET /?dir=/opt/cpanel/ea-wappspector/vendor/doctrine/inflector/docs HTTP/1.1" 200 11354 "-" "Mozilla/5.0 AppleWebKit/537.36 (KHTML, like Gecko; compatible; Amazonbot/0.1; +https://developer.amazon.com/support/amazonbot) Chrome/119.0.6045.214 Safari/537.36"
104.23.245.202 - - [07/Nov/2025:05:36:17 -0800] "GET /?dir=%2Fusr%2Fsbin&dl=%2Fusr%2Fsbin%2Faccessdb HTTP/1.1" 200 12888 "-" "Mozilla/5.0 AppleWebKit/537.36 (KHTML, like Gecko; compatible; GPTBot/1.2; +https://openai.com/gptbot)"
172.68.138.158 - - [07/Nov/2025:05:36:19 -0800] "GET /public/?dir=/opt/imh-python/lib/python3.9/site-packages/click-8.1.8.dist-info/.. HTTP/1.1" 200 348475 "-" "Mozilla/5.0 AppleWebKit/537.36 (KHTML, like Gecko; compatible; Amazonbot/0.1; +https://developer.amazon.com/support/amazonbot) Chrome/119.0.6045.214 Safari/537.36"
104.23.245.202 - - [07/Nov/2025:05:36:19 -0800] "GET /?dir=%2Fusr%2Fsbin&edit=%2Fusr%2Fsbin%2Fgenl HTTP/1.1" 429 17 "-" "Mozilla/5.0 AppleWebKit/537.36 (KHTML, like Gecko; compatible; GPTBot/1.2; +https://openai.com/gptbot)"
104.23.245.202 - - [07/Nov/2025:05:36:22 -0800] "GET /?dir=%2Fusr%2Fsbin&edit=%2Fusr%2Fsbin%2Fmke2fs HTTP/1.1" 200 208866 "-" "Mozilla/5.0 AppleWebKit/537.36 (KHTML, like Gecko; compatible; GPTBot/1.2; +https://openai.com/gptbot)"
172.70.175.85 - - [07/Nov/2025:05:36:23 -0800] "GET /public/?dir=/home/ayaclass/public_html/vendor/phar-io/version/src/exceptions/.. HTTP/1.1" 200 17532 "-" "Mozilla/5.0 AppleWebKit/537.36 (KHTML, like Gecko; compatible; Amazonbot/0.1; +https://developer.amazon.com/support/amazonbot) Chrome/119.0.6045.214 Safari/537.36"
172.71.195.120 - - [07/Nov/2025:05:36:25 -0800] "GET /?a=123394915 HTTP/1.1" 200 16521 "-" "Mozilla/5.0 (compatible; SemrushBot/7~bl; +http://www.semrush.com/bot.html)"
104.23.211.81 - - [07/Nov/2025:05:36:27 -0800] "GET /public/?dir=/etc/dnf/universal-hooks/pkgs/glibc/transaction HTTP/1.1" 200 11123 "-" "Mozilla/5.0 AppleWebKit/537.36 (KHTML, like Gecko; compatible; Amazonbot/0.1; +https://developer.amazon.com/support/amazonbot) Chrome/119.0.6045.214 Safari/537.36"
104.23.245.203 - - [07/Nov/2025:05:36:29 -0800] "GET /?dir=%2Fusr%2Fsbin&dl=%2Fusr%2Fsbin%2Fswapon HTTP/1.1" 200 50584 "-" "Mozilla/5.0 AppleWebKit/537.36 (KHTML, like Gecko; compatible; GPTBot/1.2; +https://openai.com/gptbot)"
172.70.175.86 - - [07/Nov/2025:05:36:30 -0800] "GET /public/?dir=/opt/cpanel/ea-php83/root/etc/php.d&dl=/opt/cpanel/ea-php83/root/etc/php.d/20-imap.ini HTTP/1.1" 200 49 "-" "Mozilla/5.0 AppleWebKit/537.36 (KHTML, like Gecko; compatible; Amazonbot/0.1; +https://developer.amazon.com/support/amazonbot) Chrome/119.0.6045.214 Safari/537.36"
104.23.213.13 - - [07/Nov/2025:05:36:35 -0800] "GET /public/?dir=/usr/share/doc/python3-docs/html/library&edit=/usr/share/doc/python3-docs/html/library/asyncio-queue.html HTTP/1.1" 200 35366 "-" "Mozilla/5.0 AppleWebKit/537.36 (KHTML, like Gecko; compatible; Amazonbot/0.1; +https://developer.amazon.com/support/amazonbot) Chrome/119.0.6045.214 Safari/537.36"
104.23.245.203 - - [07/Nov/2025:05:36:35 -0800] "GET /?dir=%2Fusr%2Fsbin&edit=%2Fusr%2Fsbin%2Fagetty HTTP/1.1" 200 93177 "-" "Mozilla/5.0 AppleWebKit/537.36 (KHTML, like Gecko; compatible; GPTBot/1.2; +https://openai.com/gptbot)"
104.23.211.80 - - [07/Nov/2025:05:36:38 -0800] "GET /public/?dir=/opt/imh-python/lib/python3.9/site-packages/numpy/__pycache__ HTTP/1.1" 200 20794 "-" "Mozilla/5.0 AppleWebKit/537.36 (KHTML, like Gecko; compatible; Amazonbot/0.1; +https://developer.amazon.com/support/amazonbot) Chrome/119.0.6045.214 Safari/537.36"
104.23.245.203 - - [07/Nov/2025:05:36:41 -0800] "GET /?dir=%2Fusr%2Fsbin&dl=%2Fusr%2Fsbin%2Farping HTTP/1.1" 200 29432 "-" "Mozilla/5.0 AppleWebKit/537.36 (KHTML, like Gecko; compatible; GPTBot/1.2; +https://openai.com/gptbot)"
172.70.35.127 - - [07/Nov/2025:05:36:41 -0800] "GET /?a=121772915 HTTP/1.1" 200 16521 "-" "Mozilla/5.0 (compatible; SemrushBot/7~bl; +http://www.semrush.com/bot.html)"
172.71.166.29 - - [07/Nov/2025:05:36:42 -0800] "GET /?dir=%2Fproc&dl=%2Fproc%2F3875097 HTTP/1.1" 200 85540 "-" "Mozilla/5.0 (Linux; Android 6.0.1; Nexus 5X Build/MMB29P) AppleWebKit/537.36 (KHTML, like Gecko) Chrome/141.0.7390.122 Mobile Safari/537.36 (compatible; Googlebot/2.1; +http://www.google.com/bot.html)"
172.71.166.29 - - [07/Nov/2025:05:36:42 -0800] "GET /products/21029276/ HTTP/1.1" 200 213391 "-" "Mozilla/5.0 (Linux; Android 6.0.1; Nexus 5X Build/MMB29P) AppleWebKit/537.36 (KHTML, like Gecko) Chrome/141.0.7390.122 Mobile Safari/537.36 (compatible; Googlebot/2.1; +http://www.google.com/bot.html)"
172.71.146.243 - - [07/Nov/2025:05:36:43 -0800] "GET /products/18781143/ HTTP/1.1" 200 191281 "-" "Mozilla/5.0 AppleWebKit/537.36 (KHTML, like Gecko; compatible; bingbot/2.0; +http://www.bing.com/bingbot.htm) Chrome/116.0.1938.76 Safari/537.36"
104.23.211.80 - - [07/Nov/2025:05:36:44 -0800] "GET /public/?dir=/opt/cpanel/ea-php82/root/etc/php.d&dl=/opt/cpanel/ea-php82/root/etc/php.d/20-imap.ini HTTP/1.1" 200 49 "-" "Mozilla/5.0 AppleWebKit/537.36 (KHTML, like Gecko; compatible; Amazonbot/0.1; +https://developer.amazon.com/support/amazonbot) Chrome/119.0.6045.214 Safari/537.36"
104.23.245.203 - - [07/Nov/2025:05:36:46 -0800] "GET /?dir=%2Fusr%2Fsbin&edit=%2Fusr%2Fsbin%2Fwipefs HTTP/1.1" 200 58592 "-" "Mozilla/5.0 AppleWebKit/537.36 (KHTML, like Gecko; compatible; GPTBot/1.2; +https://openai.com/gptbot)"
104.23.211.80 - - [07/Nov/2025:05:36:47 -0800] "GET /?dir=/proc/sys/net/ipv6/conf/all&dl=/proc/sys/net/ipv6/conf/all/keep_addr_on_down HTTP/1.1" 200 2 "-" "Mozilla/5.0 AppleWebKit/537.36 (KHTML, like Gecko; compatible; Amazonbot/0.1; +https://developer.amazon.com/support/amazonbot) Chrome/119.0.6045.214 Safari/537.36"
104.23.213.13 - - [07/Nov/2025:05:36:48 -0800] "GET /?a=122279215 HTTP/1.1" 200 16521 "-" "Mozilla/5.0 (compatible; SemrushBot/7~bl; +http://www.semrush.com/bot.html)"
104.23.245.203 - - [07/Nov/2025:05:36:51 -0800] "GET /?dir=%2Fusr%2Fsbin&edit=%2Fusr%2Fsbin%2Fiotop HTTP/1.1" 200 1088 "-" "Mozilla/5.0 AppleWebKit/537.36 (KHTML, like Gecko; compatible; GPTBot/1.2; +https://openai.com/gptbot)"
162.158.78.73 - - [07/Nov/2025:05:36:52 -0800] "GET /?dir=/sys/devices/system/cpu/cpu3/cache/index1&dl=/sys/devices/system/cpu/cpu3/cache/index1/id HTTP/1.1" 200 2 "-" "Mozilla/5.0 AppleWebKit/537.36 (KHTML, like Gecko; compatible; Amazonbot/0.1; +https://developer.amazon.com/support/amazonbot) Chrome/119.0.6045.214 Safari/537.36"
172.70.35.127 - - [07/Nov/2025:05:36:55 -0800] "GET /public/?dir=/usr/lib64/python3.6/collections HTTP/1.1" 200 12142 "-" "Mozilla/5.0 AppleWebKit/537.36 (KHTML, like Gecko; compatible; Amazonbot/0.1; +https://developer.amazon.com/support/amazonbot) Chrome/119.0.6045.214 Safari/537.36"
104.23.245.203 - - [07/Nov/2025:05:36:55 -0800] "GET /?dir=%2Fusr%2Fsbin&edit=%2Fusr%2Fsbin%2Fnginx HTTP/1.1" 200 10939050 "-" "Mozilla/5.0 AppleWebKit/537.36 (KHTML, like Gecko; compatible; GPTBot/1.2; +https://openai.com/gptbot)"
172.71.195.120 - - [07/Nov/2025:05:36:59 -0800] "GET /public/?dir=/home/ayaclass/.trash/AAA/resources/views/web/default/includes/.. HTTP/1.1" 200 30898 "-" "Mozilla/5.0 AppleWebKit/537.36 (KHTML, like Gecko; compatible; Amazonbot/0.1; +https://developer.amazon.com/support/amazonbot) Chrome/119.0.6045.214 Safari/537.36"
104.23.245.203 - - [07/Nov/2025:05:36:59 -0800] "GET /?dir=%2Fusr%2Fsbin&edit=%2Fusr%2Fsbin%2Fchroot HTTP/1.1" 200 61677 "-" "Mozilla/5.0 AppleWebKit/537.36 (KHTML, like Gecko; compatible; GPTBot/1.2; +https://openai.com/gptbot)"
104.23.245.203 - - [07/Nov/2025:05:37:03 -0800] "GET /?dir=%2Fusr%2Fsbin&dl=%2Fusr%2Fsbin%2Fslattach HTTP/1.1" 200 44808 "-" "Mozilla/5.0 AppleWebKit/537.36 (KHTML, like Gecko; compatible; GPTBot/1.2; +https://openai.com/gptbot)"
104.23.209.143 - - [07/Nov/2025:05:37:03 -0800] "GET /?dir=/opt/cpanel/ea-openssl11/share/doc/openssl/html/man3&edit=/opt/cpanel/ea-openssl11/share/doc/openssl/html/man3/ISSUING_DIST_POINT_free.html HTTP/1.1" 200 9110 "-" "Mozilla/5.0 AppleWebKit/537.36 (KHTML, like Gecko; compatible; Amazonbot/0.1; +https://developer.amazon.com/support/amazonbot) Chrome/119.0.6045.214 Safari/537.36"
104.23.245.203 - - [07/Nov/2025:05:37:06 -0800] "GET /?dir=%2Fusr%2Fsbin&dl=%2Fusr%2Fsbin%2Fgroupdel HTTP/1.1" 200 93280 "-" "Mozilla/5.0 AppleWebKit/537.36 (KHTML, like Gecko; compatible; GPTBot/1.2; +https://openai.com/gptbot)"
172.71.166.28 - - [07/Nov/2025:05:37:06 -0800] "GET /?dir=%2Fproc%2F3901073&edit=%2Fproc%2F3901073%2Foom_adj HTTP/1.1" 200 559 "-" "Mozilla/5.0 (Linux; Android 6.0.1; Nexus 5X Build/MMB29P) AppleWebKit/537.36 (KHTML, like Gecko) Chrome/141.0.7390.122 Mobile Safari/537.36 (compatible; Googlebot/2.1; +http://www.google.com/bot.html)"
172.71.190.83 - - [07/Nov/2025:05:37:06 -0800] "GET /public/?dir=/opt/imh-python/lib/python3.9/site-packages/platformdirs/__pycache__ HTTP/1.1" 200 18197 "-" "Mozilla/5.0 AppleWebKit/537.36 (KHTML, like Gecko; compatible; Amazonbot/0.1; +https://developer.amazon.com/support/amazonbot) Chrome/119.0.6045.214 Safari/537.36"
104.23.245.203 - - [07/Nov/2025:05:37:08 -0800] "GET /?dir=%2Fusr%2Fsbin&dl=%2Fusr%2Fsbin%2Fexigrep HTTP/1.1" 429 17 "-" "Mozilla/5.0 AppleWebKit/537.36 (KHTML, like Gecko; compatible; GPTBot/1.2; +https://openai.com/gptbot)"
104.23.245.203 - - [07/Nov/2025:05:37:11 -0800] "GET /?dir=%2Fusr%2Fsbin&edit=%2Fusr%2Fsbin%2Fzdump HTTP/1.1" 200 29370 "-" "Mozilla/5.0 AppleWebKit/537.36 (KHTML, like Gecko; compatible; GPTBot/1.2; +https://openai.com/gptbot)"
104.23.209.143 - - [07/Nov/2025:05:37:11 -0800] "GET /?a=106711115 HTTP/1.1" 200 16521 "-" "Mozilla/5.0 (compatible; SemrushBot/7~bl; +http://www.semrush.com/bot.html)"
162.158.78.72 - - [07/Nov/2025:05:37:11 -0800] "GET /public/?dir=/usr/lib/python3.6/site-packages/chardet/__pycache__&dl=/usr/lib/python3.6/site-packages/chardet/__pycache__/version.cpython-36.pyc HTTP/1.1" 200 360 "-" "Mozilla/5.0 AppleWebKit/537.36 (KHTML, like Gecko; compatible; Amazonbot/0.1; +https://developer.amazon.com/support/amazonbot) Chrome/119.0.6045.214 Safari/537.36"
172.71.146.243 - - [07/Nov/2025:05:37:13 -0800] "GET /products/5477387/ HTTP/1.1" 200 192976 "-" "Mozilla/5.0 AppleWebKit/537.36 (KHTML, like Gecko; compatible; bingbot/2.0; +http://www.bing.com/bingbot.htm) Chrome/116.0.1938.76 Safari/537.36"
172.68.15.190 - - [07/Nov/2025:05:37:17 -0800] "GET /public/?dir=/opt/imh-python/lib/python3.9/site-packages/more_itertools/__pycache__ HTTP/1.1" 200 13460 "-" "Mozilla/5.0 AppleWebKit/537.36 (KHTML, like Gecko; compatible; Amazonbot/0.1; +https://developer.amazon.com/support/amazonbot) Chrome/119.0.6045.214 Safari/537.36"
104.23.211.81 - - [07/Nov/2025:05:37:18 -0800] "GET /?a=123759915 HTTP/1.1" 200 16521 "-" "Mozilla/5.0 (compatible; SemrushBot/7~bl; +http://www.semrush.com/bot.html)"
172.68.138.158 - - [07/Nov/2025:05:37:18 -0800] "GET /?dir=/opt/cpanel/ea-openssl11/share/doc/openssl/html/man3&dl=/opt/cpanel/ea-openssl11/share/doc/openssl/html/man3/ENGINE_unregister_DH.html HTTP/1.1" 429 17 "-" "Mozilla/5.0 AppleWebKit/537.36 (KHTML, like Gecko; compatible; Amazonbot/0.1; +https://developer.amazon.com/support/amazonbot) Chrome/119.0.6045.214 Safari/537.36"
104.23.245.203 - - [07/Nov/2025:05:37:18 -0800] "GET /?dir=%2Frun%2Fnscd&edit=%2Frun%2Fnscd%2Fsocket HTTP/1.1" 200 10788 "-" "Mozilla/5.0 AppleWebKit/537.36 (KHTML, like Gecko; compatible; GPTBot/1.2; +https://openai.com/gptbot)"
104.23.245.202 - - [07/Nov/2025:05:37:25 -0800] "GET /?dir=%2Fusr%2Fsbin&dl=%2Fusr%2Fsbin%2Fgroupmod HTTP/1.1" 200 101752 "-" "Mozilla/5.0 AppleWebKit/537.36 (KHTML, like Gecko; compatible; GPTBot/1.2; +https://openai.com/gptbot)"
172.70.35.127 - - [07/Nov/2025:05:37:25 -0800] "GET /?dir=/opt/cpanel/ea-openssl11/share/doc/openssl/html/man3&dl=/opt/cpanel/ea-openssl11/share/doc/openssl/html/man3/DH_check_params.html HTTP/1.1" 200 6314 "-" "Mozilla/5.0 AppleWebKit/537.36 (KHTML, like Gecko; compatible; Amazonbot/0.1; +https://developer.amazon.com/support/amazonbot) Chrome/119.0.6045.214 Safari/537.36"
172.68.15.190 - - [07/Nov/2025:05:37:28 -0800] "GET /public/?dir=/opt/imh-python/lib/python3.9/site-packages/keystoneauth1/exceptions HTTP/1.1" 200 21530 "-" "Mozilla/5.0 AppleWebKit/537.36 (KHTML, like Gecko; compatible; Amazonbot/0.1; +https://developer.amazon.com/support/amazonbot) Chrome/119.0.6045.214 Safari/537.36"
172.71.190.83 - - [07/Nov/2025:05:37:30 -0800] "GET /public/genindex-V.html HTTP/1.1" 429 17 "-" "Mozilla/5.0 AppleWebKit/537.36 (KHTML, like Gecko; compatible; Amazonbot/0.1; +https://developer.amazon.com/support/amazonbot) Chrome/119.0.6045.214 Safari/537.36"
172.71.166.28 - - [07/Nov/2025:05:37:30 -0800] "GET /products/10419587/ HTTP/1.1" 200 187209 "-" "Mozilla/5.0 (Linux; Android 6.0.1; Nexus 5X Build/MMB29P) AppleWebKit/537.36 (KHTML, like Gecko) Chrome/141.0.7390.122 Mobile Safari/537.36 (compatible; Googlebot/2.1; +http://www.google.com/bot.html)"
104.23.245.202 - - [07/Nov/2025:05:37:31 -0800] "GET /?dir=%2Fusr%2Fsbin&dl=%2Fusr%2Fsbin%2Fhardlink HTTP/1.1" 200 17496 "-" "Mozilla/5.0 AppleWebKit/537.36 (KHTML, like Gecko; compatible; GPTBot/1.2; +https://openai.com/gptbot)"
162.158.152.183 - - [07/Nov/2025:05:37:36 -0800] "GET /public/setupscript.html HTTP/1.1" 403 - "-" "Mozilla/5.0 AppleWebKit/537.36 (KHTML, like Gecko; compatible; Amazonbot/0.1; +https://developer.amazon.com/support/amazonbot) Chrome/119.0.6045.214 Safari/537.36"
104.23.245.203 - - [07/Nov/2025:05:37:36 -0800] "GET /?dir=%2Fusr%2Fsbin&dl=%2Fusr%2Fsbin%2Fnologin HTTP/1.1" 200 12152 "-" "Mozilla/5.0 AppleWebKit/537.36 (KHTML, like Gecko; compatible; GPTBot/1.2; +https://openai.com/gptbot)"
172.70.35.127 - - [07/Nov/2025:05:37:39 -0800] "GET /public/?dir=/sys/devices/system/cpu/cpu12/cache/index2 HTTP/1.1" 200 18107 "-" "Mozilla/5.0 AppleWebKit/537.36 (KHTML, like Gecko; compatible; Amazonbot/0.1; +https://developer.amazon.com/support/amazonbot) Chrome/119.0.6045.214 Safari/537.36"
172.71.166.29 - - [07/Nov/2025:05:37:41 -0800] "GET /?dir=%2Fproc&dl=%2Fproc%2F3845786 HTTP/1.1" 200 85540 "-" "Mozilla/5.0 (Linux; Android 6.0.1; Nexus 5X Build/MMB29P) AppleWebKit/537.36 (KHTML, like Gecko) Chrome/141.0.7390.122 Mobile Safari/537.36 (compatible; Googlebot/2.1; +http://www.google.com/bot.html)"
104.23.245.203 - - [07/Nov/2025:05:37:41 -0800] "GET /?dir=%2Fusr%2Fsbin&edit=%2Fusr%2Fsbin%2Fifdown HTTP/1.1" 200 3099 "-" "Mozilla/5.0 AppleWebKit/537.36 (KHTML, like Gecko; compatible; GPTBot/1.2; +https://openai.com/gptbot)"
172.68.245.208 - - [07/Nov/2025:05:37:43 -0800] "GET /public/?dir=/home/ayaclass/public_html/vendor/aws/aws-sdk-php/src/data/cloudfront/2016-11-25&edit=/home/ayaclass/public_html/vendor/aws/aws-sdk-php/src/data/cloudfront/2016-11-25/waiters-1.json.php HTTP/1.1" 200 1873 "-" "Mozilla/5.0 AppleWebKit/537.36 (KHTML, like Gecko; compatible; Amazonbot/0.1; +https://developer.amazon.com/support/amazonbot) Chrome/119.0.6045.214 Safari/537.36"
172.71.146.242 - - [07/Nov/2025:05:37:44 -0800] "GET /products/5324521/ HTTP/1.1" 200 191779 "-" "Mozilla/5.0 AppleWebKit/537.36 (KHTML, like Gecko; compatible; bingbot/2.0; +http://www.bing.com/bingbot.htm) Chrome/116.0.1938.76 Safari/537.36"
104.23.245.203 - - [07/Nov/2025:05:37:46 -0800] "GET /?dir=%2Fusr%2Fsbin&dl=%2Fusr%2Fsbin%2Fudevadm HTTP/1.1" 200 434776 "-" "Mozilla/5.0 AppleWebKit/537.36 (KHTML, like Gecko; compatible; GPTBot/1.2; +https://openai.com/gptbot)"
172.70.35.127 - - [07/Nov/2025:05:37:47 -0800] "GET /public/?dir=/home/ayaclass/public_html/vendor/kreait/firebase-php/src/Firebase/Exception/Auth&dl=/home/ayaclass/public_html/vendor/kreait/firebase-php/src/Firebase/Exception/Auth/FailedToVerifyToken.php HTTP/1.1" 200 256 "-" "Mozilla/5.0 AppleWebKit/537.36 (KHTML, like Gecko; compatible; Amazonbot/0.1; +https://developer.amazon.com/support/amazonbot) Chrome/119.0.6045.214 Safari/537.36"
104.23.245.203 - - [07/Nov/2025:05:37:49 -0800] "GET /?dir=%2Fusr%2Fsbin&dl=%2Fusr%2Fsbin%2Frcmysql HTTP/1.1" 200 238004 "-" "Mozilla/5.0 AppleWebKit/537.36 (KHTML, like Gecko; compatible; GPTBot/1.2; +https://openai.com/gptbot)"
172.68.138.159 - - [07/Nov/2025:05:37:51 -0800] "GET /?a=122870815 HTTP/1.1" 200 16521 "-" "Mozilla/5.0 (compatible; SemrushBot/7~bl; +http://www.semrush.com/bot.html)"
172.68.15.191 - - [07/Nov/2025:05:37:51 -0800] "GET /?dir=/opt/cpanel/ea-openssl11/share/doc/openssl/html/man3&dl=/opt/cpanel/ea-openssl11/share/doc/openssl/html/man3/OCSP_set_max_response_length.html HTTP/1.1" 200 6743 "-" "Mozilla/5.0 AppleWebKit/537.36 (KHTML, like Gecko; compatible; Amazonbot/0.1; +https://developer.amazon.com/support/amazonbot) Chrome/119.0.6045.214 Safari/537.36"
104.23.245.203 - - [07/Nov/2025:05:37:53 -0800] "GET /?dir=%2Fusr%2Fsbin&dl=%2Fusr%2Fsbin%2Ffixfiles HTTP/1.1" 200 10727 "-" "Mozilla/5.0 AppleWebKit/537.36 (KHTML, like Gecko; compatible; GPTBot/1.2; +https://openai.com/gptbot)"
172.71.190.82 - - [07/Nov/2025:05:37:55 -0800] "GET /?a=123838415 HTTP/1.1" 200 16521 "-" "Mozilla/5.0 (compatible; SemrushBot/7~bl; +http://www.semrush.com/bot.html)"
104.23.245.203 - - [07/Nov/2025:05:37:56 -0800] "GET /?dir=%2Fusr%2Fsbin&dl=%2Fusr%2Fsbin%2Flusermod HTTP/1.1" 200 20360 "-" "Mozilla/5.0 AppleWebKit/537.36 (KHTML, like Gecko; compatible; GPTBot/1.2; +https://openai.com/gptbot)"
162.158.78.72 - - [07/Nov/2025:05:37:56 -0800] "GET /?dir=/proc/sys/net/ipv6/conf/lo/.. HTTP/1.1" 200 12751 "-" "Mozilla/5.0 AppleWebKit/537.36 (KHTML, like Gecko; compatible; Amazonbot/0.1; +https://developer.amazon.com/support/amazonbot) Chrome/119.0.6045.214 Safari/537.36"
104.23.209.143 - - [07/Nov/2025:05:37:58 -0800] "GET /products/22463432/ HTTP/1.1" 200 - "-" "meta-externalagent/1.1 (+https://developers.facebook.com/docs/sharing/webmasters/crawler)"
104.23.245.203 - - [07/Nov/2025:05:37:59 -0800] "GET /?dir=%2Fusr%2Fsbin&edit=%2Fusr%2Fsbin%2Fexim HTTP/1.1" 200 2321886 "-" "Mozilla/5.0 AppleWebKit/537.36 (KHTML, like Gecko; compatible; GPTBot/1.2; +https://openai.com/gptbot)"
104.23.245.203 - - [07/Nov/2025:05:38:02 -0800] "GET /?dir=%2Fusr%2Fsbin&dl=%2Fusr%2Fsbin%2Fe2freefrag HTTP/1.1" 200 16816 "-" "Mozilla/5.0 AppleWebKit/537.36 (KHTML, like Gecko; compatible; GPTBot/1.2; +https://openai.com/gptbot)"
104.23.211.81 - - [07/Nov/2025:05:38:01 -0800] "GET /public/?dir=/home/ayaclass/public_html/vendor/aws/aws-sdk-php/src/data/elasticbeanstalk/2010-12-01&edit=/home/ayaclass/public_html/vendor/aws/aws-sdk-php/src/data/elasticbeanstalk/2010-12-01/api-2.json.php HTTP/1.1" 200 117390 "-" "Mozilla/5.0 AppleWebKit/537.36 (KHTML, like Gecko; compatible; Amazonbot/0.1; +https://developer.amazon.com/support/amazonbot) Chrome/119.0.6045.214 Safari/537.36"
162.158.152.182 - - [07/Nov/2025:05:38:03 -0800] "GET /public/?dir=/opt/cpanel/ea-php82/root/etc/pear/.. HTTP/1.1" 429 17 "-" "Mozilla/5.0 AppleWebKit/537.36 (KHTML, like Gecko; compatible; Amazonbot/0.1; +https://developer.amazon.com/support/amazonbot) Chrome/119.0.6045.214 Safari/537.36"
104.23.245.203 - - [07/Nov/2025:05:38:04 -0800] "GET /?dir=%2Fusr%2Fsbin&edit=%2Fusr%2Fsbin%2Frestorecon HTTP/1.1" 200 27091 "-" "Mozilla/5.0 AppleWebKit/537.36 (KHTML, like Gecko; compatible; GPTBot/1.2; +https://openai.com/gptbot)"
104.23.245.203 - - [07/Nov/2025:05:38:06 -0800] "GET /?dir=%2Fusr%2Fsbin&dl=%2Fusr%2Fsbin%2Fsetfiles HTTP/1.1" 429 17 "-" "Mozilla/5.0 AppleWebKit/537.36 (KHTML, like Gecko; compatible; GPTBot/1.2; +https://openai.com/gptbot)"
104.23.245.203 - - [07/Nov/2025:05:38:08 -0800] "GET /?dir=%2Fusr%2Fsbin&edit=%2Fusr%2Fsbin%2Fiptunnel HTTP/1.1" 429 17 "-" "Mozilla/5.0 AppleWebKit/537.36 (KHTML, like Gecko; compatible; GPTBot/1.2; +https://openai.com/gptbot)"
172.68.138.159 - - [07/Nov/2025:05:38:08 -0800] "GET /?a=121039815 HTTP/1.1" 200 16521 "-" "Mozilla/5.0 (compatible; SemrushBot/7~bl; +http://www.semrush.com/bot.html)"
172.71.190.82 - - [07/Nov/2025:05:38:10 -0800] "GET /products/29371909/ HTTP/1.1" 200 - "-" "meta-externalagent/1.1 (+https://developers.facebook.com/docs/sharing/webmasters/crawler)"
172.68.245.209 - - [07/Nov/2025:05:38:10 -0800] "GET /?a=120038515 HTTP/1.1" 200 16521 "-" "Mozilla/5.0 (compatible; SemrushBot/7~bl; +http://www.semrush.com/bot.html)"
162.158.78.73 - - [07/Nov/2025:05:38:10 -0800] "GET /public/?dir=/opt/imh-python/lib/python3.9/site-packages/pycparser/ply HTTP/1.1" 200 16423 "-" "Mozilla/5.0 AppleWebKit/537.36 (KHTML, like Gecko; compatible; Amazonbot/0.1; +https://developer.amazon.com/support/amazonbot) Chrome/119.0.6045.214 Safari/537.36"
172.71.195.119 - - [07/Nov/2025:05:38:11 -0800] "GET /?dir=/opt/cpanel/ea-php83/root/usr/include/php/sapi/cli/.. HTTP/1.1" 429 17 "-" "Mozilla/5.0 AppleWebKit/537.36 (KHTML, like Gecko; compatible; Amazonbot/0.1; +https://developer.amazon.com/support/amazonbot) Chrome/119.0.6045.214 Safari/537.36"
172.70.35.127 - - [07/Nov/2025:05:38:12 -0800] "GET /products/26873754/ HTTP/1.1" 200 - "-" "meta-externalagent/1.1 (+https://developers.facebook.com/docs/sharing/webmasters/crawler)"
162.158.78.73 - - [07/Nov/2025:05:38:13 -0800] "GET /?a=123253715 HTTP/1.1" 200 16521 "-" "Mozilla/5.0 (compatible; SemrushBot/7~bl; +http://www.semrush.com/bot.html)"
104.23.245.203 - - [07/Nov/2025:05:38:14 -0800] "GET /?dir=%2Fusr%2Fsbin&edit=%2Fusr%2Fsbin%2Fsaslpasswd2 HTTP/1.1" 200 21390 "-" "Mozilla/5.0 AppleWebKit/537.36 (KHTML, like Gecko; compatible; GPTBot/1.2; +https://openai.com/gptbot)"
104.23.211.81 - - [07/Nov/2025:05:38:16 -0800] "GET /public/?dir=/usr/lib/python3.6/site-packages/procfs/__pycache__&dl=/usr/lib/python3.6/site-packages/procfs/__pycache__/utilist.cpython-36.pyc HTTP/1.1" 200 783 "-" "Mozilla/5.0 AppleWebKit/537.36 (KHTML, like Gecko; compatible; Amazonbot/0.1; +https://developer.amazon.com/support/amazonbot) Chrome/119.0.6045.214 Safari/537.36"
172.68.15.191 - - [07/Nov/2025:05:38:18 -0800] "GET /?dir=/opt/cpanel/ea-php83/root/usr/include/php/ext/standard&edit=/opt/cpanel/ea-php83/root/usr/include/php/ext/standard/php_rand.h HTTP/1.1" 429 17 "-" "Mozilla/5.0 AppleWebKit/537.36 (KHTML, like Gecko; compatible; Amazonbot/0.1; +https://developer.amazon.com/support/amazonbot) Chrome/119.0.6045.214 Safari/537.36"
162.158.152.183 - - [07/Nov/2025:05:38:21 -0800] "GET /products/28991743/ HTTP/1.1" 200 189783 "-" "Mozilla/5.0 AppleWebKit/537.36 (KHTML, like Gecko; compatible; bingbot/2.0; +http://www.bing.com/bingbot.htm) Chrome/116.0.1938.76 Safari/537.36"
172.71.195.119 - - [07/Nov/2025:05:38:25 -0800] "GET /public/?dir=/home/ayaclass/public_html/vendor/aws/aws-sdk-php/src/data/kinesisanalytics/.. HTTP/1.1" 200 421504 "-" "Mozilla/5.0 AppleWebKit/537.36 (KHTML, like Gecko; compatible; Amazonbot/0.1; +https://developer.amazon.com/support/amazonbot) Chrome/119.0.6045.214 Safari/537.36"
172.71.190.83 - - [07/Nov/2025:05:38:28 -0800] "GET /public/?dir=/opt/imh-python/lib/python3.9/ensurepip/__pycache__&edit=/opt/imh-python/lib/python3.9/ensurepip/__pycache__/.. HTTP/1.1" 200 18362 "-" "Mozilla/5.0 AppleWebKit/537.36 (KHTML, like Gecko; compatible; Amazonbot/0.1; +https://developer.amazon.com/support/amazonbot) Chrome/119.0.6045.214 Safari/537.36"
172.71.170.9 - - [07/Nov/2025:05:38:28 -0800] "GET /products/13398132/ HTTP/1.1" 200 189427 "-" "Mozilla/5.0 (Linux; Android 6.0.1; Nexus 5X Build/MMB29P) AppleWebKit/537.36 (KHTML, like Gecko) Chrome/141.0.7390.122 Mobile Safari/537.36 (compatible; Googlebot/2.1; +http://www.google.com/bot.html)"
104.23.245.203 - - [07/Nov/2025:05:38:31 -0800] "GET /?dir=%2Fusr%2Fsbin&edit=%2Fusr%2Fsbin%2Fsemodule HTTP/1.1" 200 37871 "-" "Mozilla/5.0 AppleWebKit/537.36 (KHTML, like Gecko; compatible; GPTBot/1.2; +https://openai.com/gptbot)"
172.71.190.83 - - [07/Nov/2025:05:38:31 -0800] "GET /public/?dir=/usr/lib/python3.6/site-packages/setuptools/extern/__pycache__&edit=/usr/lib/python3.6/site-packages/setuptools/extern/__pycache__/__init__.cpython-36.opt-1.pyc HTTP/1.1" 200 3181 "-" "Mozilla/5.0 AppleWebKit/537.36 (KHTML, like Gecko; compatible; Amazonbot/0.1; +https://developer.amazon.com/support/amazonbot) Chrome/119.0.6045.214 Safari/537.36"
162.158.78.72 - - [07/Nov/2025:05:38:33 -0800] "GET /?a=122681515 HTTP/1.1" 200 16521 "-" "Mozilla/5.0 (compatible; SemrushBot/7~bl; +http://www.semrush.com/bot.html)"
172.68.15.191 - - [07/Nov/2025:05:38:37 -0800] "GET /products/28744376/ HTTP/1.1" 200 - "-" "meta-externalagent/1.1 (+https://developers.facebook.com/docs/sharing/webmasters/crawler)"
162.158.78.73 - - [07/Nov/2025:05:38:39 -0800] "GET /public/?dir=/usr/share/doc/libxml2-devel/examples HTTP/1.1" 200 35471 "-" "Mozilla/5.0 AppleWebKit/537.36 (KHTML, like Gecko; compatible; Amazonbot/0.1; +https://developer.amazon.com/support/amazonbot) Chrome/119.0.6045.214 Safari/537.36"
172.70.175.85 - - [07/Nov/2025:05:38:39 -0800] "GET /?dir=/opt/dedrads/perl/Log/Message/Message&dl=/opt/dedrads/perl/Log/Message/Message/Simple.pm HTTP/1.1" 429 17 "-" "Mozilla/5.0 AppleWebKit/537.36 (KHTML, like Gecko; compatible; Amazonbot/0.1; +https://developer.amazon.com/support/amazonbot) Chrome/119.0.6045.214 Safari/537.36"
162.158.152.182 - - [07/Nov/2025:05:38:40 -0800] "GET /?a=107121115 HTTP/1.1" 200 16521 "-" "Mozilla/5.0 (compatible; SemrushBot/7~bl; +http://www.semrush.com/bot.html)"
172.70.35.127 - - [07/Nov/2025:05:38:43 -0800] "GET /public/?dir=/sys/fs/cgroup/systemd/system.slice&dl=/sys/fs/cgroup/systemd/system.slice/tasks HTTP/1.1" 200 - "-" "Mozilla/5.0 AppleWebKit/537.36 (KHTML, like Gecko; compatible; Amazonbot/0.1; +https://developer.amazon.com/support/amazonbot) Chrome/119.0.6045.214 Safari/537.36"
104.23.245.203 - - [07/Nov/2025:05:38:46 -0800] "GET /?dir=%2Fusr%2Fsbin&edit=%2Fusr%2Fsbin%2Fsetsebool HTTP/1.1" 200 21462 "-" "Mozilla/5.0 AppleWebKit/537.36 (KHTML, like Gecko; compatible; GPTBot/1.2; +https://openai.com/gptbot)"
172.68.15.191 - - [07/Nov/2025:05:38:49 -0800] "GET /?dir=/opt/cpanel/ea-wappspector/vendor/phpunit/phpunit/src/Metadata&dl=/opt/cpanel/ea-wappspector/vendor/phpunit/phpunit/src/Metadata/RequiresMethod.php HTTP/1.1" 200 1427 "-" "Mozilla/5.0 AppleWebKit/537.36 (KHTML, like Gecko; compatible; Amazonbot/0.1; +https://developer.amazon.com/support/amazonbot) Chrome/119.0.6045.214 Safari/537.36"
172.71.190.82 - - [07/Nov/2025:05:38:51 -0800] "GET /?dir=/opt/cpanel/ea-openssl11/share/doc/openssl/html/man3&dl=/opt/cpanel/ea-openssl11/share/doc/openssl/html/man3/ASYNC_start_job.html HTTP/1.1" 429 17 "-" "Mozilla/5.0 AppleWebKit/537.36 (KHTML, like Gecko; compatible; Amazonbot/0.1; +https://developer.amazon.com/support/amazonbot) Chrome/119.0.6045.214 Safari/537.36"
162.158.152.182 - - [07/Nov/2025:05:38:55 -0800] "GET /?a=122728615 HTTP/1.1" 200 16521 "-" "Mozilla/5.0 (compatible; SemrushBot/7~bl; +http://www.semrush.com/bot.html)"
104.23.211.81 - - [07/Nov/2025:05:38:56 -0800] "GET /?dir=/home/ayaclass/.trash/AAA/vendor/phpunit/php-code-coverage/src/Report/Html/Renderer/Template&dl=/home/ayaclass/.trash/AAA/vendor/phpunit/php-code-coverage/src/Report/Html/Renderer/Template/directory_branch.html.dist HTTP/1.1" 200 2196 "-" "Mozilla/5.0 AppleWebKit/537.36 (KHTML, like Gecko; compatible; Amazonbot/0.1; +https://developer.amazon.com/support/amazonbot) Chrome/119.0.6045.214 Safari/537.36"
172.68.245.209 - - [07/Nov/2025:05:38:56 -0800] "GET /?a=777551015 HTTP/1.1" 200 16521 "-" "Mozilla/5.0 (compatible; SemrushBot/7~bl; +http://www.semrush.com/bot.html)"
172.71.195.119 - - [07/Nov/2025:05:38:58 -0800] "GET /public/?dir=/usr/lib/python3.6/site-packages/chardet/__pycache__&edit=/usr/lib/python3.6/site-packages/chardet/__pycache__/jisfreq.cpython-36.opt-1.pyc HTTP/1.1" 429 17 "-" "Mozilla/5.0 AppleWebKit/537.36 (KHTML, like Gecko; compatible; Amazonbot/0.1; +https://developer.amazon.com/support/amazonbot) Chrome/119.0.6045.214 Safari/537.36"
104.23.245.203 - - [07/Nov/2025:05:38:59 -0800] "GET /?dir=%2Fusr%2Fsbin&edit=%2Fusr%2Fsbin%2Fvigr HTTP/1.1" 200 99500 "-" "Mozilla/5.0 AppleWebKit/537.36 (KHTML, like Gecko; compatible; GPTBot/1.2; +https://openai.com/gptbot)"
104.23.211.81 - - [07/Nov/2025:05:39:01 -0800] "GET /products/7559265/ HTTP/1.1" 200 186901 "-" "Mozilla/5.0 AppleWebKit/537.36 (KHTML, like Gecko; compatible; bingbot/2.0; +http://www.bing.com/bingbot.htm) Chrome/116.0.1938.76 Safari/537.36"
108.162.245.4 - - [07/Nov/2025:05:39:04 -0800] "GET /products/7961009/ HTTP/1.1" 200 200030 "-" "Mozilla/5.0 AppleWebKit/537.36 (KHTML, like Gecko; compatible; bingbot/2.0; +http://www.bing.com/bingbot.htm) Chrome/116.0.1938.76 Safari/537.36"
172.71.190.83 - - [07/Nov/2025:05:39:04 -0800] "GET /?dir=/opt/cpanel/ea-openssl11/share/doc/openssl/html/man3&dl=/opt/cpanel/ea-openssl11/share/doc/openssl/html/man3/EVP_MD_CTX_size.html HTTP/1.1" 200 18652 "-" "Mozilla/5.0 AppleWebKit/537.36 (KHTML, like Gecko; compatible; Amazonbot/0.1; +https://developer.amazon.com/support/amazonbot) Chrome/119.0.6045.214 Safari/537.36"
172.70.175.86 - - [07/Nov/2025:05:39:05 -0800] "GET /products/18777665/ HTTP/1.1" 200 187833 "-" "Mozilla/5.0 AppleWebKit/537.36 (KHTML, like Gecko; compatible; bingbot/2.0; +http://www.bing.com/bingbot.htm) Chrome/116.0.1938.76 Safari/537.36"
172.70.175.86 - - [07/Nov/2025:05:39:06 -0800] "GET /products/10341509/ HTTP/1.1" 200 186341 "-" "Mozilla/5.0 AppleWebKit/537.36 (KHTML, like Gecko; compatible; bingbot/2.0; +http://www.bing.com/bingbot.htm) Chrome/116.0.1938.76 Safari/537.36"
172.70.175.86 - - [07/Nov/2025:05:39:07 -0800] "GET /products/17953209/ HTTP/1.1" 200 201313 "-" "Mozilla/5.0 AppleWebKit/537.36 (KHTML, like Gecko; compatible; bingbot/2.0; +http://www.bing.com/bingbot.htm) Chrome/116.0.1938.76 Safari/537.36"
104.23.209.143 - - [07/Nov/2025:05:39:09 -0800] "GET /public/?dir=/usr/share/fontconfig/conf.avail HTTP/1.1" 200 45836 "-" "Mozilla/5.0 AppleWebKit/537.36 (KHTML, like Gecko; compatible; Amazonbot/0.1; +https://developer.amazon.com/support/amazonbot) Chrome/119.0.6045.214 Safari/537.36"
172.68.15.190 - - [07/Nov/2025:05:39:10 -0800] "GET /?a=121186315 HTTP/1.1" 200 16521 "-" "Mozilla/5.0 (compatible; SemrushBot/7~bl; +http://www.semrush.com/bot.html)"
104.23.211.80 - - [07/Nov/2025:05:39:11 -0800] "GET /?a=124358815 HTTP/1.1" 200 16521 "-" "Mozilla/5.0 (compatible; SemrushBot/7~bl; +http://www.semrush.com/bot.html)"
104.23.245.203 - - [07/Nov/2025:05:39:12 -0800] "GET /?dir=%2Fusr%2Fsbin&edit=%2Fusr%2Fsbin%2Fplipconfig HTTP/1.1" 200 16675 "-" "Mozilla/5.0 AppleWebKit/537.36 (KHTML, like Gecko; compatible; GPTBot/1.2; +https://openai.com/gptbot)"
172.71.222.236 - - [07/Nov/2025:05:39:12 -0800] "GET /public/?dir=/home/ayaclass/public_html/vendor/kreait/firebase-php/src/Firebase/Exception/RemoteConfig&dl=/home/ayaclass/public_html/vendor/kreait/firebase-php/src/Firebase/Exception/RemoteConfig/ApiConnectionFailed.php HTTP/1.1" 200 280 "-" "Mozilla/5.0 AppleWebKit/537.36 (KHTML, like Gecko; compatible; Amazonbot/0.1; +https://developer.amazon.com/support/amazonbot) Chrome/119.0.6045.214 Safari/537.36"
104.23.213.12 - - [07/Nov/2025:05:39:13 -0800] "GET /?a=123061015 HTTP/1.1" 200 16521 "-" "Mozilla/5.0 (compatible; SemrushBot/7~bl; +http://www.semrush.com/bot.html)"
172.68.15.191 - - [07/Nov/2025:05:39:16 -0800] "GET /?dir=/sys/devices/system HTTP/1.1" 200 10464 "-" "Mozilla/5.0 AppleWebKit/537.36 (KHTML, like Gecko; compatible; Amazonbot/0.1; +https://developer.amazon.com/support/amazonbot) Chrome/119.0.6045.214 Safari/537.36"
172.71.166.28 - - [07/Nov/2025:05:39:16 -0800] "GET /products/1600521/ HTTP/1.1" 200 190252 "-" "Mozilla/5.0 (Linux; Android 6.0.1; Nexus 5X Build/MMB29P) AppleWebKit/537.36 (KHTML, like Gecko) Chrome/141.0.7390.122 Mobile Safari/537.36 (compatible; Googlebot/2.1; +http://www.google.com/bot.html)"
172.71.166.28 - - [07/Nov/2025:05:39:16 -0800] "GET /?dir=%2Fproc%2F3901073&edit=%2Fproc%2F3901073%2Fschedstat HTTP/1.1" 200 586 "-" "Mozilla/5.0 (Linux; Android 6.0.1; Nexus 5X Build/MMB29P) AppleWebKit/537.36 (KHTML, like Gecko) Chrome/141.0.7390.122 Mobile Safari/537.36 (compatible; Googlebot/2.1; +http://www.google.com/bot.html)"
172.71.190.82 - - [07/Nov/2025:05:39:19 -0800] "GET /?dir=/etc/pure-ftpd HTTP/1.1" 200 12428 "-" "Mozilla/5.0 AppleWebKit/537.36 (KHTML, like Gecko; compatible; Amazonbot/0.1; +https://developer.amazon.com/support/amazonbot) Chrome/119.0.6045.214 Safari/537.36"
104.23.213.13 - - [07/Nov/2025:05:39:19 -0800] "GET /?a=120464115 HTTP/1.1" 200 16521 "-" "Mozilla/5.0 (compatible; SemrushBot/7~bl; +http://www.semrush.com/bot.html)"
104.23.245.202 - - [07/Nov/2025:05:39:23 -0800] "GET /?dir=%2Fusr%2Fsbin&edit=%2Fusr%2Fsbin%2Fctrlaltdel HTTP/1.1" 200 33696 "-" "Mozilla/5.0 AppleWebKit/537.36 (KHTML, like Gecko; compatible; GPTBot/1.2; +https://openai.com/gptbot)"
172.71.195.119 - - [07/Nov/2025:05:39:23 -0800] "GET /?dir=/sys/module/scsi_tgt HTTP/1.1" 200 10501 "-" "Mozilla/5.0 AppleWebKit/537.36 (KHTML, like Gecko; compatible; Amazonbot/0.1; +https://developer.amazon.com/support/amazonbot) Chrome/119.0.6045.214 Safari/537.36"
172.68.245.208 - - [07/Nov/2025:05:39:28 -0800] "GET /?dir=/usr/include/pcp HTTP/1.1" 200 11012 "-" "Mozilla/5.0 AppleWebKit/537.36 (KHTML, like Gecko; compatible; Amazonbot/0.1; +https://developer.amazon.com/support/amazonbot) Chrome/119.0.6045.214 Safari/537.36"
162.158.152.183 - - [07/Nov/2025:05:39:32 -0800] "GET /?dir=/usr/src HTTP/1.1" 200 12588 "-" "Mozilla/5.0 AppleWebKit/537.36 (KHTML, like Gecko; compatible; Amazonbot/0.1; +https://developer.amazon.com/support/amazonbot) Chrome/119.0.6045.214 Safari/537.36"
104.23.245.203 - - [07/Nov/2025:05:39:33 -0800] "GET /?dir=%2Fusr%2Fsbin&dl=%2Fusr%2Fsbin%2Ficonvconfig HTTP/1.1" 200 33840 "-" "Mozilla/5.0 AppleWebKit/537.36 (KHTML, like Gecko; compatible; GPTBot/1.2; +https://openai.com/gptbot)"
172.68.245.209 - - [07/Nov/2025:05:39:35 -0800] "GET /?dir=/etc&dl=/etc/wgetrc HTTP/1.1" 200 4925 "-" "Mozilla/5.0 AppleWebKit/537.36 (KHTML, like Gecko; compatible; Amazonbot/0.1; +https://developer.amazon.com/support/amazonbot) Chrome/119.0.6045.214 Safari/537.36"
