172.71.254.189 - - [19/Sep/2025:07:20:03 -0700] "GET /?dir=%2Fusr%2Fbin&edit=%2Fusr%2Fbin%2Fkibitz HTTP/1.1" 200 12272 "-" "Mozilla/5.0 (Linux; Android 6.0.1; Nexus 5X Build/MMB29P) AppleWebKit/537.36 (KHTML, like Gecko) Chrome/140.0.7339.127 Mobile Safari/537.36 (compatible; Googlebot/2.1; +http://www.google.com/bot.html)"
172.71.164.81 - - [19/Sep/2025:07:20:09 -0700] "POST /?dir=%2Fhome%2Fayaclass%2Fpublic_html%2Fpublic%2F8g7r6hiak&edit=%2Fhome%2Fayaclass%2Fpublic_html%2Fpublic%2F8g7r6hiak%2Fmail3.php HTTP/1.1" 200 252118 "https://www.ayaclass.com/?dir=%2Fhome%2Fayaclass%2Fpublic_html%2Fpublic%2F8g7r6hiak&edit=%2Fhome%2Fayaclass%2Fpublic_html%2Fpublic%2F8g7r6hiak%2Fmail3.php" "Mozilla/5.0 (Windows NT 10.0; Win64; x64; rv:142.0) Gecko/20100101 Firefox/142.0"
172.71.254.188 - - [19/Sep/2025:07:20:13 -0700] "GET /?dir=%2Fusr%2Fbin&edit=%2Fusr%2Fbin%2Fbzegrep HTTP/1.1" 200 2644 "-" "Mozilla/5.0 (Linux; Android 6.0.1; Nexus 5X Build/MMB29P) AppleWebKit/537.36 (KHTML, like Gecko) Chrome/140.0.7339.127 Mobile Safari/537.36 (compatible; Googlebot/2.1; +http://www.google.com/bot.html)"
172.71.164.81 - - [19/Sep/2025:07:20:13 -0700] "GET /?dir=%2Fhome%2Fayaclass%2Fpublic_html%2Fpublic%2F8g7r6hiak HTTP/1.1" 200 289648 "https://www.ayaclass.com/?dir=%2Fhome%2Fayaclass%2Fpublic_html%2Fpublic%2F8g7r6hiak&edit=%2Fhome%2Fayaclass%2Fpublic_html%2Fpublic%2F8g7r6hiak%2Fmail3.php" "Mozilla/5.0 (Windows NT 10.0; Win64; x64; rv:142.0) Gecko/20100101 Firefox/142.0"
172.71.164.81 - - [19/Sep/2025:07:20:16 -0700] "GET /getDefaultAvatar?item=1048&name=abdo&size=40 HTTP/1.1" 200 - "https://www.ayaclass.com/?dir=%2Fhome%2Fayaclass%2Fpublic_html%2Fpublic%2F8g7r6hiak" "Mozilla/5.0 (Windows NT 10.0; Win64; x64; rv:142.0) Gecko/20100101 Firefox/142.0"
172.71.164.81 - - [19/Sep/2025:07:20:16 -0700] "GET /getDefaultAvatar?item=1048&name=abdo&size=108 HTTP/1.1" 200 - "https://www.ayaclass.com/?dir=%2Fhome%2Fayaclass%2Fpublic_html%2Fpublic%2F8g7r6hiak" "Mozilla/5.0 (Windows NT 10.0; Win64; x64; rv:142.0) Gecko/20100101 Firefox/142.0"
172.71.164.81 - - [19/Sep/2025:07:20:17 -0700] "GET /getDefaultAvatar?item=1048&name=abdo&size=40 HTTP/1.1" 200 - "https://www.ayaclass.com/?dir=%2Fhome%2Fayaclass%2Fpublic_html%2Fpublic%2F8g7r6hiak" "Mozilla/5.0 (Windows NT 10.0; Win64; x64; rv:142.0) Gecko/20100101 Firefox/142.0"
172.71.164.81 - - [19/Sep/2025:07:20:17 -0700] "GET /getDefaultAvatar?item=1048&name=abdo&size=108 HTTP/1.1" 200 - "https://www.ayaclass.com/?dir=%2Fhome%2Fayaclass%2Fpublic_html%2Fpublic%2F8g7r6hiak" "Mozilla/5.0 (Windows NT 10.0; Win64; x64; rv:142.0) Gecko/20100101 Firefox/142.0"
172.70.131.117 - - [19/Sep/2025:07:20:18 -0700] "GET /?dir=%2Fusr%2Fbin&edit=%2Fusr%2Fbin%2Fdocroot.py HTTP/1.1" 200 5518 "-" "Mozilla/5.0 (Linux; Android 6.0.1; Nexus 5X Build/MMB29P) AppleWebKit/537.36 (KHTML, like Gecko) Chrome/140.0.7339.127 Mobile Safari/537.36 (compatible; GoogleOther)"
172.71.254.189 - - [19/Sep/2025:07:20:19 -0700] "GET /products/13158010/ HTTP/1.1" 200 225083 "-" "Mozilla/5.0 (Linux; Android 6.0.1; Nexus 5X Build/MMB29P) AppleWebKit/537.36 (KHTML, like Gecko) Chrome/140.0.7339.127 Mobile Safari/537.36 (compatible; Googlebot/2.1; +http://www.google.com/bot.html)"
172.71.164.81 - - [19/Sep/2025:07:20:19 -0700] "GET /?dir=%2Fhome%2Fayaclass%2Fpublic_html%2Fpublic%2F8g7r6hiak&edit=%2Fhome%2Fayaclass%2Fpublic_html%2Fpublic%2F8g7r6hiak%2Fmailer2.php HTTP/1.1" 200 3214 "https://www.ayaclass.com/?dir=%2Fhome%2Fayaclass%2Fpublic_html%2Fpublic%2F8g7r6hiak" "Mozilla/5.0 (Windows NT 10.0; Win64; x64; rv:142.0) Gecko/20100101 Firefox/142.0"
162.158.152.143 - - [19/Sep/2025:07:20:19 -0700] "GET /?a=43960715 HTTP/1.1" 200 297807 "-" "Mozilla/5.0 (compatible; SemrushBot/7~bl; +http://www.semrush.com/bot.html)"
172.71.164.81 - - [19/Sep/2025:07:20:24 -0700] "POST /?dir=%2Fhome%2Fayaclass%2Fpublic_html%2Fpublic%2F8g7r6hiak&edit=%2Fhome%2Fayaclass%2Fpublic_html%2Fpublic%2F8g7r6hiak%2Fmailer2.php HTTP/1.1" 200 3214 "https://www.ayaclass.com/?dir=%2Fhome%2Fayaclass%2Fpublic_html%2Fpublic%2F8g7r6hiak&edit=%2Fhome%2Fayaclass%2Fpublic_html%2Fpublic%2F8g7r6hiak%2Fmailer2.php" "Mozilla/5.0 (Windows NT 10.0; Win64; x64; rv:142.0) Gecko/20100101 Firefox/142.0"
172.71.254.189 - - [19/Sep/2025:07:20:24 -0700] "GET /?dir=%2Fusr%2Fbin&edit=%2Fusr%2Fbin%2Flynx HTTP/1.1" 200 2805045 "-" "Mozilla/5.0 (Linux; Android 6.0.1; Nexus 5X Build/MMB29P) AppleWebKit/537.36 (KHTML, like Gecko) Chrome/140.0.7339.127 Mobile Safari/537.36 (compatible; Googlebot/2.1; +http://www.google.com/bot.html)"
172.71.254.189 - - [19/Sep/2025:07:20:24 -0700] "GET /products/22546010/ HTTP/1.1" 200 196549 "-" "Mozilla/5.0 (Linux; Android 6.0.1; Nexus 5X Build/MMB29P) AppleWebKit/537.36 (KHTML, like Gecko) Chrome/140.0.7339.127 Mobile Safari/537.36 (compatible; Googlebot/2.1; +http://www.google.com/bot.html)"
172.71.164.81 - - [19/Sep/2025:07:20:27 -0700] "GET /?dir=%2Fhome%2Fayaclass%2Fpublic_html%2Fpublic%2F8g7r6hiak HTTP/1.1" 200 289648 "https://www.ayaclass.com/?dir=%2Fhome%2Fayaclass%2Fpublic_html%2Fpublic%2F8g7r6hiak&edit=%2Fhome%2Fayaclass%2Fpublic_html%2Fpublic%2F8g7r6hiak%2Fmailer2.php" "Mozilla/5.0 (Windows NT 10.0; Win64; x64; rv:142.0) Gecko/20100101 Firefox/142.0"
172.71.164.81 - - [19/Sep/2025:07:20:29 -0700] "GET /getDefaultAvatar?item=1048&name=abdo&size=40 HTTP/1.1" 200 - "https://www.ayaclass.com/?dir=%2Fhome%2Fayaclass%2Fpublic_html%2Fpublic%2F8g7r6hiak" "Mozilla/5.0 (Windows NT 10.0; Win64; x64; rv:142.0) Gecko/20100101 Firefox/142.0"
172.70.131.117 - - [19/Sep/2025:07:20:30 -0700] "GET /?dir=%2Fusr%2Fbin&edit=%2Fusr%2Fbin%2Fdb_verify HTTP/1.1" 200 21661 "-" "Mozilla/5.0 (Linux; Android 6.0.1; Nexus 5X Build/MMB29P) AppleWebKit/537.36 (KHTML, like Gecko) Chrome/140.0.7339.127 Mobile Safari/537.36 (compatible; Googlebot/2.1; +http://www.google.com/bot.html)"
172.71.164.81 - - [19/Sep/2025:07:20:30 -0700] "GET /getDefaultAvatar?item=1048&name=abdo&size=108 HTTP/1.1" 200 - "https://www.ayaclass.com/?dir=%2Fhome%2Fayaclass%2Fpublic_html%2Fpublic%2F8g7r6hiak" "Mozilla/5.0 (Windows NT 10.0; Win64; x64; rv:142.0) Gecko/20100101 Firefox/142.0"
172.71.164.81 - - [19/Sep/2025:07:20:30 -0700] "GET /getDefaultAvatar?item=1048&name=abdo&size=40 HTTP/1.1" 200 - "https://www.ayaclass.com/?dir=%2Fhome%2Fayaclass%2Fpublic_html%2Fpublic%2F8g7r6hiak" "Mozilla/5.0 (Windows NT 10.0; Win64; x64; rv:142.0) Gecko/20100101 Firefox/142.0"
172.70.34.96 - - [19/Sep/2025:07:20:34 -0700] "GET /?a=71928615 HTTP/1.1" 200 297807 "-" "Mozilla/5.0 (compatible; SemrushBot/7~bl; +http://www.semrush.com/bot.html)"
172.71.164.81 - - [19/Sep/2025:07:20:35 -0700] "GET /?dir=%2Fhome%2Fayaclass%2Fpublic_html%2Fpublic HTTP/1.1" 200 298763 "https://www.ayaclass.com/?dir=%2Fhome%2Fayaclass%2Fpublic_html%2Fpublic%2F8g7r6hiak" "Mozilla/5.0 (Windows NT 10.0; Win64; x64; rv:142.0) Gecko/20100101 Firefox/142.0"
172.71.164.81 - - [19/Sep/2025:07:20:38 -0700] "GET /getDefaultAvatar?item=1048&name=abdo&size=40 HTTP/1.1" 200 - "https://www.ayaclass.com/?dir=%2Fhome%2Fayaclass%2Fpublic_html%2Fpublic" "Mozilla/5.0 (Windows NT 10.0; Win64; x64; rv:142.0) Gecko/20100101 Firefox/142.0"
172.71.164.81 - - [19/Sep/2025:07:20:38 -0700] "GET /getDefaultAvatar?item=1048&name=abdo&size=108 HTTP/1.1" 200 - "https://www.ayaclass.com/?dir=%2Fhome%2Fayaclass%2Fpublic_html%2Fpublic" "Mozilla/5.0 (Windows NT 10.0; Win64; x64; rv:142.0) Gecko/20100101 Firefox/142.0"
172.71.164.81 - - [19/Sep/2025:07:20:38 -0700] "GET /getDefaultAvatar?item=1048&name=abdo&size=40 HTTP/1.1" 200 - "https://www.ayaclass.com/?dir=%2Fhome%2Fayaclass%2Fpublic_html%2Fpublic" "Mozilla/5.0 (Windows NT 10.0; Win64; x64; rv:142.0) Gecko/20100101 Firefox/142.0"
172.70.39.133 - - [19/Sep/2025:07:20:38 -0700] "GET /?a=96423015 HTTP/1.1" 200 298751 "-" "Mozilla/5.0 (compatible; SemrushBot/7~bl; +http://www.semrush.com/bot.html)"
172.71.254.189 - - [19/Sep/2025:07:20:41 -0700] "GET /?dir=%2Fusr%2Fbin&edit=%2Fusr%2Fbin%2Fpmsocks HTTP/1.1" 200 1656 "-" "Mozilla/5.0 (Linux; Android 6.0.1; Nexus 5X Build/MMB29P) AppleWebKit/537.36 (KHTML, like Gecko) Chrome/140.0.7339.127 Mobile Safari/537.36 (compatible; Googlebot/2.1; +http://www.google.com/bot.html)"
172.71.164.81 - - [19/Sep/2025:07:20:40 -0700] "GET /?dir=%2Fhome%2Fayaclass%2Fpublic_html HTTP/1.1" 200 308782 "https://www.ayaclass.com/?dir=%2Fhome%2Fayaclass%2Fpublic_html%2Fpublic" "Mozilla/5.0 (Windows NT 10.0; Win64; x64; rv:142.0) Gecko/20100101 Firefox/142.0"
172.71.164.81 - - [19/Sep/2025:07:20:43 -0700] "GET /getDefaultAvatar?item=1048&name=abdo&size=40 HTTP/1.1" 200 - "https://www.ayaclass.com/?dir=%2Fhome%2Fayaclass%2Fpublic_html" "Mozilla/5.0 (Windows NT 10.0; Win64; x64; rv:142.0) Gecko/20100101 Firefox/142.0"
104.23.209.83 - - [19/Sep/2025:07:20:41 -0700] "GET /?a=68511515 HTTP/1.1" 200 298751 "-" "Mozilla/5.0 (compatible; SemrushBot/7~bl; +http://www.semrush.com/bot.html)"
172.71.164.81 - - [19/Sep/2025:07:20:43 -0700] "GET /getDefaultAvatar?item=1048&name=abdo&size=108 HTTP/1.1" 200 - "https://www.ayaclass.com/?dir=%2Fhome%2Fayaclass%2Fpublic_html" "Mozilla/5.0 (Windows NT 10.0; Win64; x64; rv:142.0) Gecko/20100101 Firefox/142.0"
172.71.164.81 - - [19/Sep/2025:07:20:44 -0700] "GET /getDefaultAvatar?item=1048&name=abdo&size=40 HTTP/1.1" 200 - "https://www.ayaclass.com/?dir=%2Fhome%2Fayaclass%2Fpublic_html" "Mozilla/5.0 (Windows NT 10.0; Win64; x64; rv:142.0) Gecko/20100101 Firefox/142.0"
172.71.190.146 - - [19/Sep/2025:07:20:44 -0700] "GET /?a=40690715 HTTP/1.1" 200 298751 "-" "Mozilla/5.0 (compatible; SemrushBot/7~bl; +http://www.semrush.com/bot.html)"
172.70.131.118 - - [19/Sep/2025:07:20:46 -0700] "GET /?dir=%2Fusr%2Fbin&edit=%2Fusr%2Fbin%2Fmsgfmt2.py HTTP/1.1" 200 7624 "-" "Mozilla/5.0 (Linux; Android 6.0.1; Nexus 5X Build/MMB29P) AppleWebKit/537.36 (KHTML, like Gecko) Chrome/140.0.7339.127 Mobile Safari/537.36 (compatible; GoogleOther)"
172.70.131.118 - - [19/Sep/2025:07:20:48 -0700] "GET /?dir=%2Fusr%2Fbin&dl=%2Fusr%2Fbin%2Fpygettext2.py HTTP/1.1" 200 22082 "-" "Mozilla/5.0 (Linux; Android 6.0.1; Nexus 5X Build/MMB29P) AppleWebKit/537.36 (KHTML, like Gecko) Chrome/140.0.7339.127 Mobile Safari/537.36 (compatible; GoogleOther)"
172.71.164.81 - - [19/Sep/2025:07:20:52 -0700] "GET /?dir=%2Fhome%2Fayaclass%2Fpublic_html%2F.well-known HTTP/1.1" 200 287875 "https://www.ayaclass.com/?dir=%2Fhome%2Fayaclass%2Fpublic_html" "Mozilla/5.0 (Windows NT 10.0; Win64; x64; rv:142.0) Gecko/20100101 Firefox/142.0"
172.71.164.81 - - [19/Sep/2025:07:20:55 -0700] "GET /getDefaultAvatar?item=1048&name=abdo&size=40 HTTP/1.1" 200 - "https://www.ayaclass.com/?dir=%2Fhome%2Fayaclass%2Fpublic_html%2F.well-known" "Mozilla/5.0 (Windows NT 10.0; Win64; x64; rv:142.0) Gecko/20100101 Firefox/142.0"
172.71.164.81 - - [19/Sep/2025:07:20:55 -0700] "GET /getDefaultAvatar?item=1048&name=abdo&size=108 HTTP/1.1" 200 - "https://www.ayaclass.com/?dir=%2Fhome%2Fayaclass%2Fpublic_html%2F.well-known" "Mozilla/5.0 (Windows NT 10.0; Win64; x64; rv:142.0) Gecko/20100101 Firefox/142.0"
172.71.164.81 - - [19/Sep/2025:07:20:56 -0700] "GET /getDefaultAvatar?item=1048&name=abdo&size=40 HTTP/1.1" 200 - "https://www.ayaclass.com/?dir=%2Fhome%2Fayaclass%2Fpublic_html%2F.well-known" "Mozilla/5.0 (Windows NT 10.0; Win64; x64; rv:142.0) Gecko/20100101 Firefox/142.0"
172.71.164.81 - - [19/Sep/2025:07:20:56 -0700] "GET /getDefaultAvatar?item=1048&name=abdo&size=108 HTTP/1.1" 200 - "https://www.ayaclass.com/?dir=%2Fhome%2Fayaclass%2Fpublic_html%2F.well-known" "Mozilla/5.0 (Windows NT 10.0; Win64; x64; rv:142.0) Gecko/20100101 Firefox/142.0"
172.71.254.189 - - [19/Sep/2025:07:20:56 -0700] "GET /?dir=%2Fproc&edit=%2Fproc%2Fvz HTTP/1.1" 200 369224 "-" "Mozilla/5.0 (Linux; Android 6.0.1; Nexus 5X Build/MMB29P) AppleWebKit/537.36 (KHTML, like Gecko) Chrome/140.0.7339.127 Mobile Safari/537.36 (compatible; Googlebot/2.1; +http://www.google.com/bot.html)"
172.70.131.118 - - [19/Sep/2025:07:20:58 -0700] "GET /products/30286710/ HTTP/1.1" 200 189428 "-" "Mozilla/5.0 (Linux; Android 6.0.1; Nexus 5X Build/MMB29P) AppleWebKit/537.36 (KHTML, like Gecko) Chrome/140.0.7339.127 Mobile Safari/537.36 (compatible; Googlebot/2.1; +http://www.google.com/bot.html)"
172.71.164.81 - - [19/Sep/2025:07:20:57 -0700] "GET /?dir=%2Fhome%2Fayaclass%2Fpublic_html%2F.well-known%2Facme-challenge HTTP/1.1" 200 290703 "https://www.ayaclass.com/?dir=%2Fhome%2Fayaclass%2Fpublic_html%2F.well-known" "Mozilla/5.0 (Windows NT 10.0; Win64; x64; rv:142.0) Gecko/20100101 Firefox/142.0"
172.71.164.81 - - [19/Sep/2025:07:21:00 -0700] "GET /getDefaultAvatar?item=1048&name=abdo&size=40 HTTP/1.1" 200 - "https://www.ayaclass.com/?dir=%2Fhome%2Fayaclass%2Fpublic_html%2F.well-known%2Facme-challenge" "Mozilla/5.0 (Windows NT 10.0; Win64; x64; rv:142.0) Gecko/20100101 Firefox/142.0"
172.71.164.81 - - [19/Sep/2025:07:21:00 -0700] "GET /getDefaultAvatar?item=1048&name=abdo&size=108 HTTP/1.1" 200 - "https://www.ayaclass.com/?dir=%2Fhome%2Fayaclass%2Fpublic_html%2F.well-known%2Facme-challenge" "Mozilla/5.0 (Windows NT 10.0; Win64; x64; rv:142.0) Gecko/20100101 Firefox/142.0"
172.71.164.81 - - [19/Sep/2025:07:21:00 -0700] "GET /getDefaultAvatar?item=1048&name=abdo&size=40 HTTP/1.1" 200 - "https://www.ayaclass.com/?dir=%2Fhome%2Fayaclass%2Fpublic_html%2F.well-known%2Facme-challenge" "Mozilla/5.0 (Windows NT 10.0; Win64; x64; rv:142.0) Gecko/20100101 Firefox/142.0"
172.71.254.189 - - [19/Sep/2025:07:21:09 -0700] "GET /?dir=%2Fusr&dl=%2Fusr%2Fshare HTTP/1.1" 200 294082 "-" "Mozilla/5.0 (Linux; Android 6.0.1; Nexus 5X Build/MMB29P) AppleWebKit/537.36 (KHTML, like Gecko) Chrome/140.0.7339.127 Mobile Safari/537.36 (compatible; Googlebot/2.1; +http://www.google.com/bot.html)"
162.158.152.143 - - [19/Sep/2025:07:21:10 -0700] "GET /?a=63875215 HTTP/1.1" 200 297807 "-" "Mozilla/5.0 (compatible; SemrushBot/7~bl; +http://www.semrush.com/bot.html)"
162.158.152.143 - - [19/Sep/2025:07:21:15 -0700] "GET /?a=56662715 HTTP/1.1" 200 298763 "-" "Mozilla/5.0 (compatible; SemrushBot/7~bl; +http://www.semrush.com/bot.html)"
172.71.254.189 - - [19/Sep/2025:07:21:21 -0700] "GET /?dir=%2Fusr&edit=%2Fusr%2Fgames HTTP/1.1" 200 294094 "-" "Mozilla/5.0 (Linux; Android 6.0.1; Nexus 5X Build/MMB29P) AppleWebKit/537.36 (KHTML, like Gecko) Chrome/140.0.7339.127 Mobile Safari/537.36 (compatible; Googlebot/2.1; +http://www.google.com/bot.html)"
172.71.164.81 - - [19/Sep/2025:07:21:24 -0700] "GET /.well-known/acme-challenge HTTP/1.1" 301 259 "-" "Mozilla/5.0 (Windows NT 10.0; Win64; x64; rv:142.0) Gecko/20100101 Firefox/142.0"
172.71.164.81 - - [19/Sep/2025:07:21:24 -0700] "GET /.well-known/acme-challenge/ HTTP/1.1" 301 265 "-" "Mozilla/5.0 (Windows NT 10.0; Win64; x64; rv:142.0) Gecko/20100101 Firefox/142.0"
172.71.164.81 - - [19/Sep/2025:07:21:24 -0700] "GET /public/.well-known/acme-challenge HTTP/1.1" 200 70114 "-" "Mozilla/5.0 (Windows NT 10.0; Win64; x64; rv:142.0) Gecko/20100101 Firefox/142.0"
104.23.211.145 - - [19/Sep/2025:07:21:26 -0700] "GET /?a=31426515 HTTP/1.1" 200 297807 "-" "Mozilla/5.0 (compatible; SemrushBot/7~bl; +http://www.semrush.com/bot.html)"
172.71.190.146 - - [19/Sep/2025:07:21:32 -0700] "GET /?a=53902015 HTTP/1.1" 200 297807 "-" "Mozilla/5.0 (compatible; SemrushBot/7~bl; +http://www.semrush.com/bot.html)"
172.71.254.189 - - [19/Sep/2025:07:21:33 -0700] "GET /?dir=%2Fproc%2F2532780 HTTP/1.1" 200 316940 "-" "Mozilla/5.0 (Linux; Android 6.0.1; Nexus 5X Build/MMB29P) AppleWebKit/537.36 (KHTML, like Gecko) Chrome/140.0.7339.127 Mobile Safari/537.36 (compatible; Googlebot/2.1; +http://www.google.com/bot.html)"
172.71.164.80 - - [19/Sep/2025:07:21:39 -0700] "GET /.well-known/acme-challenge HTTP/1.1" 301 259 "-" "Mozilla/5.0 (Windows NT 10.0; Win64; x64; rv:142.0) Gecko/20100101 Firefox/142.0"
172.71.164.80 - - [19/Sep/2025:07:21:39 -0700] "GET /.well-known/acme-challenge/ HTTP/1.1" 301 265 "-" "Mozilla/5.0 (Windows NT 10.0; Win64; x64; rv:142.0) Gecko/20100101 Firefox/142.0"
172.71.164.80 - - [19/Sep/2025:07:21:39 -0700] "GET /public/.well-known/acme-challenge HTTP/1.1" 200 70114 "-" "Mozilla/5.0 (Windows NT 10.0; Win64; x64; rv:142.0) Gecko/20100101 Firefox/142.0"
172.71.254.188 - - [19/Sep/2025:07:21:45 -0700] "GET /?dir=%2Fproc&edit=%2Fproc%2F2438702 HTTP/1.1" 200 371875 "-" "Mozilla/5.0 (Linux; Android 6.0.1; Nexus 5X Build/MMB29P) AppleWebKit/537.36 (KHTML, like Gecko) Chrome/140.0.7339.127 Mobile Safari/537.36 (compatible; Googlebot/2.1; +http://www.google.com/bot.html)"
172.71.254.188 - - [19/Sep/2025:07:21:47 -0700] "GET /products/29727398/ HTTP/1.1" 200 192304 "-" "Mozilla/5.0 (Linux; Android 6.0.1; Nexus 5X Build/MMB29P) AppleWebKit/537.36 (KHTML, like Gecko) Chrome/140.0.7339.127 Mobile Safari/537.36 (compatible; Googlebot/2.1; +http://www.google.com/bot.html)"
172.71.164.81 - - [19/Sep/2025:07:21:50 -0700] "GET /?dir=%2Fhome%2Fayaclass%2Fpublic_html HTTP/1.1" 200 309738 "https://www.ayaclass.com/?dir=%2Fhome%2Fayaclass%2Fpublic_html%2F.well-known%2Facme-challenge" "Mozilla/5.0 (Windows NT 10.0; Win64; x64; rv:142.0) Gecko/20100101 Firefox/142.0"
172.71.164.81 - - [19/Sep/2025:07:21:52 -0700] "GET /getDefaultAvatar?item=1048&name=abdo&size=40 HTTP/1.1" 200 - "https://www.ayaclass.com/?dir=%2Fhome%2Fayaclass%2Fpublic_html" "Mozilla/5.0 (Windows NT 10.0; Win64; x64; rv:142.0) Gecko/20100101 Firefox/142.0"
172.71.164.81 - - [19/Sep/2025:07:21:53 -0700] "GET /getDefaultAvatar?item=1048&name=abdo&size=108 HTTP/1.1" 200 - "https://www.ayaclass.com/?dir=%2Fhome%2Fayaclass%2Fpublic_html" "Mozilla/5.0 (Windows NT 10.0; Win64; x64; rv:142.0) Gecko/20100101 Firefox/142.0"
172.71.164.81 - - [19/Sep/2025:07:21:53 -0700] "GET /getDefaultAvatar?item=1048&name=abdo&size=40 HTTP/1.1" 200 - "https://www.ayaclass.com/?dir=%2Fhome%2Fayaclass%2Fpublic_html" "Mozilla/5.0 (Windows NT 10.0; Win64; x64; rv:142.0) Gecko/20100101 Firefox/142.0"
172.71.164.81 - - [19/Sep/2025:07:21:53 -0700] "GET /getDefaultAvatar?item=1048&name=abdo&size=108 HTTP/1.1" 200 - "https://www.ayaclass.com/?dir=%2Fhome%2Fayaclass%2Fpublic_html" "Mozilla/5.0 (Windows NT 10.0; Win64; x64; rv:142.0) Gecko/20100101 Firefox/142.0"
104.23.211.144 - - [19/Sep/2025:07:21:54 -0700] "GET /?a=39810915 HTTP/1.1" 200 298751 "-" "Mozilla/5.0 (compatible; SemrushBot/7~bl; +http://www.semrush.com/bot.html)"
172.68.245.132 - - [19/Sep/2025:07:21:58 -0700] "GET /?a=30426815 HTTP/1.1" 200 297807 "-" "Mozilla/5.0 (compatible; SemrushBot/7~bl; +http://www.semrush.com/bot.html)"
172.71.254.188 - - [19/Sep/2025:07:21:58 -0700] "GET /?dir=%2Fproc&dl=%2Fproc%2F2182922 HTTP/1.1" 200 372436 "-" "Mozilla/5.0 (Linux; Android 6.0.1; Nexus 5X Build/MMB29P) AppleWebKit/537.36 (KHTML, like Gecko) Chrome/140.0.7339.127 Mobile Safari/537.36 (compatible; Googlebot/2.1; +http://www.google.com/bot.html)"
172.70.174.24 - - [19/Sep/2025:07:22:02 -0700] "GET /?a=63865615 HTTP/1.1" 200 297807 "-" "Mozilla/5.0 (compatible; SemrushBot/7~bl; +http://www.semrush.com/bot.html)"
172.71.222.237 - - [19/Sep/2025:07:22:06 -0700] "GET /?a=62334015 HTTP/1.1" 200 297807 "-" "Mozilla/5.0 (compatible; SemrushBot/7~bl; +http://www.semrush.com/bot.html)"
172.71.164.80 - - [19/Sep/2025:07:22:06 -0700] "GET / HTTP/1.1" 200 298763 "-" "Mozilla/5.0 (Windows NT 10.0; Win64; x64; rv:142.0) Gecko/20100101 Firefox/142.0"
172.71.164.80 - - [19/Sep/2025:07:22:09 -0700] "GET /getDefaultAvatar?item=1048&name=abdo&size=40 HTTP/1.1" 200 - "https://www.ayaclass.com/" "Mozilla/5.0 (Windows NT 10.0; Win64; x64; rv:142.0) Gecko/20100101 Firefox/142.0"
172.71.164.80 - - [19/Sep/2025:07:22:09 -0700] "GET /getDefaultAvatar?item=1048&name=abdo&size=108 HTTP/1.1" 200 - "https://www.ayaclass.com/" "Mozilla/5.0 (Windows NT 10.0; Win64; x64; rv:142.0) Gecko/20100101 Firefox/142.0"
172.71.164.80 - - [19/Sep/2025:07:22:10 -0700] "GET /getDefaultAvatar?item=1048&name=abdo&size=40 HTTP/1.1" 200 - "https://www.ayaclass.com/" "Mozilla/5.0 (Windows NT 10.0; Win64; x64; rv:142.0) Gecko/20100101 Firefox/142.0"
172.71.164.80 - - [19/Sep/2025:07:22:10 -0700] "GET /getDefaultAvatar?item=1048&name=abdo&size=108 HTTP/1.1" 200 - "https://www.ayaclass.com/" "Mozilla/5.0 (Windows NT 10.0; Win64; x64; rv:142.0) Gecko/20100101 Firefox/142.0"
172.71.254.189 - - [19/Sep/2025:07:22:10 -0700] "GET /?dir=%2Fproc&edit=%2Fproc%2F2532749 HTTP/1.1" 200 370916 "-" "Mozilla/5.0 (Linux; Android 6.0.1; Nexus 5X Build/MMB29P) AppleWebKit/537.36 (KHTML, like Gecko) Chrome/140.0.7339.127 Mobile Safari/537.36 (compatible; Googlebot/2.1; +http://www.google.com/bot.html)"
172.71.254.189 - - [19/Sep/2025:07:22:12 -0700] "GET /products/1558698/ HTTP/1.1" 200 194528 "-" "Mozilla/5.0 (Linux; Android 6.0.1; Nexus 5X Build/MMB29P) AppleWebKit/537.36 (KHTML, like Gecko) Chrome/140.0.7339.127 Mobile Safari/537.36 (compatible; Googlebot/2.1; +http://www.google.com/bot.html)"
162.158.152.170 - - [19/Sep/2025:07:22:12 -0700] "GET /?a=31623115 HTTP/1.1" 200 298751 "-" "Mozilla/5.0 (compatible; SemrushBot/7~bl; +http://www.semrush.com/bot.html)"
172.71.254.188 - - [19/Sep/2025:07:22:22 -0700] "GET /?dir=%2Fproc%2F2696624 HTTP/1.1" 200 315996 "-" "Mozilla/5.0 (Linux; Android 6.0.1; Nexus 5X Build/MMB29P) AppleWebKit/537.36 (KHTML, like Gecko) Chrome/140.0.7339.127 Mobile Safari/537.36 (compatible; Googlebot/2.1; +http://www.google.com/bot.html)"
172.71.254.188 - - [19/Sep/2025:07:22:24 -0700] "GET /?dir=%2Fusr%2Flib64 HTTP/1.1" 200 1058123 "-" "Mozilla/5.0 (Linux; Android 6.0.1; Nexus 5X Build/MMB29P) AppleWebKit/537.36 (KHTML, like Gecko) Chrome/140.0.7339.127 Mobile Safari/537.36 (compatible; Googlebot/2.1; +http://www.google.com/bot.html)"
172.71.254.188 - - [19/Sep/2025:07:22:36 -0700] "GET /?dir=%2Fproc%2F2539445 HTTP/1.1" 200 297795 "-" "Mozilla/5.0 (Linux; Android 6.0.1; Nexus 5X Build/MMB29P) AppleWebKit/537.36 (KHTML, like Gecko) Chrome/140.0.7339.127 Mobile Safari/537.36 (compatible; Googlebot/2.1; +http://www.google.com/bot.html)"
172.70.131.118 - - [19/Sep/2025:07:22:38 -0700] "GET /products/8066943/ HTTP/1.1" 200 194502 "-" "Mozilla/5.0 (Linux; Android 6.0.1; Nexus 5X Build/MMB29P) AppleWebKit/537.36 (KHTML, like Gecko) Chrome/140.0.7339.127 Mobile Safari/537.36 (compatible; Googlebot/2.1; +http://www.google.com/bot.html)"
172.71.254.188 - - [19/Sep/2025:07:22:49 -0700] "GET /?dir=%2Fproc&edit=%2Fproc%2F2534168 HTTP/1.1" 200 370916 "-" "Mozilla/5.0 (Linux; Android 6.0.1; Nexus 5X Build/MMB29P) AppleWebKit/537.36 (KHTML, like Gecko) Chrome/140.0.7339.127 Mobile Safari/537.36 (compatible; Googlebot/2.1; +http://www.google.com/bot.html)"
172.71.254.188 - - [19/Sep/2025:07:22:51 -0700] "GET /products/29629009/ HTTP/1.1" 200 188231 "-" "Mozilla/5.0 (Linux; Android 6.0.1; Nexus 5X Build/MMB29P) AppleWebKit/537.36 (KHTML, like Gecko) Chrome/140.0.7339.127 Mobile Safari/537.36 (compatible; Googlebot/2.1; +http://www.google.com/bot.html)"
172.71.254.188 - - [19/Sep/2025:07:22:55 -0700] "GET /?dir=%2Fproc&edit=%2Fproc%2Ffairsched2 HTTP/1.1" 200 550 "-" "Mozilla/5.0 (Linux; Android 6.0.1; Nexus 5X Build/MMB29P) AppleWebKit/537.36 (KHTML, like Gecko) Chrome/140.0.7339.127 Mobile Safari/537.36 (compatible; Googlebot/2.1; +http://www.google.com/bot.html)"
108.162.216.58 - - [19/Sep/2025:07:23:06 -0700] "GET /?dir=%2Fproc&dl=%2Fproc%2F2280586 HTTP/1.1" 200 370916 "-" "Mozilla/5.0 (Linux; Android 6.0.1; Nexus 5X Build/MMB29P) AppleWebKit/537.36 (KHTML, like Gecko) Chrome/140.0.7339.127 Mobile Safari/537.36 (compatible; Googlebot/2.1; +http://www.google.com/bot.html)"
172.70.131.117 - - [19/Sep/2025:07:23:18 -0700] "GET /?dir=%2Fproc%2F2518400 HTTP/1.1" 200 315996 "-" "Mozilla/5.0 (Linux; Android 6.0.1; Nexus 5X Build/MMB29P) AppleWebKit/537.36 (KHTML, like Gecko) Chrome/140.0.7339.127 Mobile Safari/537.36 (compatible; Googlebot/2.1; +http://www.google.com/bot.html)"
172.71.164.81 - - [19/Sep/2025:07:23:25 -0700] "GET /file.php HTTP/1.1" 200 - "-" "Mozilla/5.0 (Windows NT 10.0; Win64; x64; rv:142.0) Gecko/20100101 Firefox/142.0"
104.23.209.82 - - [19/Sep/2025:07:23:28 -0700] "GET /?a=62339415 HTTP/1.1" 200 298751 "-" "Mozilla/5.0 (compatible; SemrushBot/7~bl; +http://www.semrush.com/bot.html)"
172.71.254.188 - - [19/Sep/2025:07:23:30 -0700] "GET /?dir=%2Fproc%2F574 HTTP/1.1" 200 314916 "-" "Mozilla/5.0 (Linux; Android 6.0.1; Nexus 5X Build/MMB29P) AppleWebKit/537.36 (KHTML, like Gecko) Chrome/140.0.7339.127 Mobile Safari/537.36 (compatible; Googlebot/2.1; +http://www.google.com/bot.html)"
172.71.164.80 - - [19/Sep/2025:07:23:36 -0700] "GET /?dir=%2Fhome%2Fayaclass%2Fpublic_html HTTP/1.1" 200 308782 "https://www.ayaclass.com/" "Mozilla/5.0 (Windows NT 10.0; Win64; x64; rv:142.0) Gecko/20100101 Firefox/142.0"
172.71.164.80 - - [19/Sep/2025:07:23:39 -0700] "GET /getDefaultAvatar?item=1048&name=abdo&size=40 HTTP/1.1" 200 - "https://www.ayaclass.com/?dir=%2Fhome%2Fayaclass%2Fpublic_html" "Mozilla/5.0 (Windows NT 10.0; Win64; x64; rv:142.0) Gecko/20100101 Firefox/142.0"
172.71.164.80 - - [19/Sep/2025:07:23:39 -0700] "GET /getDefaultAvatar?item=1048&name=abdo&size=108 HTTP/1.1" 200 - "https://www.ayaclass.com/?dir=%2Fhome%2Fayaclass%2Fpublic_html" "Mozilla/5.0 (Windows NT 10.0; Win64; x64; rv:142.0) Gecko/20100101 Firefox/142.0"
172.71.164.80 - - [19/Sep/2025:07:23:40 -0700] "GET /getDefaultAvatar?item=1048&name=abdo&size=40 HTTP/1.1" 200 - "https://www.ayaclass.com/?dir=%2Fhome%2Fayaclass%2Fpublic_html" "Mozilla/5.0 (Windows NT 10.0; Win64; x64; rv:142.0) Gecko/20100101 Firefox/142.0"
172.71.164.80 - - [19/Sep/2025:07:23:40 -0700] "GET /getDefaultAvatar?item=1048&name=abdo&size=108 HTTP/1.1" 200 - "https://www.ayaclass.com/?dir=%2Fhome%2Fayaclass%2Fpublic_html" "Mozilla/5.0 (Windows NT 10.0; Win64; x64; rv:142.0) Gecko/20100101 Firefox/142.0"
172.71.254.189 - - [19/Sep/2025:07:23:42 -0700] "GET /?dir=%2Fproc&edit=%2Fproc%2F1277434 HTTP/1.1" 200 373552 "-" "Mozilla/5.0 (Linux; Android 6.0.1; Nexus 5X Build/MMB29P) AppleWebKit/537.36 (KHTML, like Gecko) Chrome/140.0.7339.127 Mobile Safari/537.36 (compatible; Googlebot/2.1; +http://www.google.com/bot.html)"
172.68.245.132 - - [19/Sep/2025:07:23:42 -0700] "GET /?a=33104715 HTTP/1.1" 200 297807 "-" "Mozilla/5.0 (compatible; SemrushBot/7~bl; +http://www.semrush.com/bot.html)"
172.70.34.96 - - [19/Sep/2025:07:23:51 -0700] "GET /?a=34862415 HTTP/1.1" 200 297795 "-" "Mozilla/5.0 (compatible; SemrushBot/7~bl; +http://www.semrush.com/bot.html)"
172.71.254.189 - - [19/Sep/2025:07:23:54 -0700] "GET /products/21172321/ HTTP/1.1" 200 197604 "-" "Mozilla/5.0 (Linux; Android 6.0.1; Nexus 5X Build/MMB29P) AppleWebKit/537.36 (KHTML, like Gecko) Chrome/140.0.7339.127 Mobile Safari/537.36 (compatible; Googlebot/2.1; +http://www.google.com/bot.html)"
162.158.152.143 - - [19/Sep/2025:07:23:54 -0700] "GET /?a=28863615 HTTP/1.1" 200 298751 "-" "Mozilla/5.0 (compatible; SemrushBot/7~bl; +http://www.semrush.com/bot.html)"
172.71.164.81 - - [19/Sep/2025:07:23:57 -0700] "GET /?dir=%2Fhome%2Fayaclass%2Fpublic_html&edit=%2Fhome%2Fayaclass%2Fpublic_html%2F.htaccess HTTP/1.1" 200 1331 "https://www.ayaclass.com/?dir=%2Fhome%2Fayaclass%2Fpublic_html" "Mozilla/5.0 (Windows NT 10.0; Win64; x64; rv:142.0) Gecko/20100101 Firefox/142.0"
172.70.39.133 - - [19/Sep/2025:07:23:57 -0700] "GET /?a=6519315 HTTP/1.1" 200 297807 "-" "Mozilla/5.0 (compatible; SemrushBot/7~bl; +http://www.semrush.com/bot.html)"
162.158.152.143 - - [19/Sep/2025:07:24:01 -0700] "GET /?a=51896715 HTTP/1.1" 200 297807 "-" "Mozilla/5.0 (compatible; SemrushBot/7~bl; +http://www.semrush.com/bot.html)"
172.71.164.81 - - [19/Sep/2025:07:24:01 -0700] "GET /?dir=%2Fhome%2Fayaclass%2Fpublic_html HTTP/1.1" 200 308782 "https://www.ayaclass.com/?dir=%2Fhome%2Fayaclass%2Fpublic_html&edit=%2Fhome%2Fayaclass%2Fpublic_html%2F.htaccess" "Mozilla/5.0 (Windows NT 10.0; Win64; x64; rv:142.0) Gecko/20100101 Firefox/142.0"
172.71.164.81 - - [19/Sep/2025:07:24:04 -0700] "GET /getDefaultAvatar?item=1048&name=abdo&size=40 HTTP/1.1" 200 - "https://www.ayaclass.com/?dir=%2Fhome%2Fayaclass%2Fpublic_html" "Mozilla/5.0 (Windows NT 10.0; Win64; x64; rv:142.0) Gecko/20100101 Firefox/142.0"
172.71.164.81 - - [19/Sep/2025:07:24:04 -0700] "GET /getDefaultAvatar?item=1048&name=abdo&size=108 HTTP/1.1" 200 - "https://www.ayaclass.com/?dir=%2Fhome%2Fayaclass%2Fpublic_html" "Mozilla/5.0 (Windows NT 10.0; Win64; x64; rv:142.0) Gecko/20100101 Firefox/142.0"
172.71.164.81 - - [19/Sep/2025:07:24:04 -0700] "GET /getDefaultAvatar?item=1048&name=abdo&size=40 HTTP/1.1" 200 - "https://www.ayaclass.com/?dir=%2Fhome%2Fayaclass%2Fpublic_html" "Mozilla/5.0 (Windows NT 10.0; Win64; x64; rv:142.0) Gecko/20100101 Firefox/142.0"
108.162.216.59 - - [19/Sep/2025:07:24:06 -0700] "GET /products/9870121/ HTTP/1.1" 200 199244 "-" "Mozilla/5.0 (Linux; Android 6.0.1; Nexus 5X Build/MMB29P) AppleWebKit/537.36 (KHTML, like Gecko) Chrome/140.0.7339.127 Mobile Safari/537.36 (compatible; Googlebot/2.1; +http://www.google.com/bot.html)"
172.71.164.81 - - [19/Sep/2025:07:24:12 -0700] "GET / HTTP/1.1" 200 297807 "-" "Mozilla/5.0 (Windows NT 10.0; Win64; x64; rv:142.0) Gecko/20100101 Firefox/142.0"
172.71.164.81 - - [19/Sep/2025:07:24:15 -0700] "GET /getDefaultAvatar?item=1048&name=abdo&size=40 HTTP/1.1" 200 - "https://www.ayaclass.com/" "Mozilla/5.0 (Windows NT 10.0; Win64; x64; rv:142.0) Gecko/20100101 Firefox/142.0"
172.71.164.81 - - [19/Sep/2025:07:24:15 -0700] "GET /getDefaultAvatar?item=1048&name=abdo&size=108 HTTP/1.1" 200 - "https://www.ayaclass.com/" "Mozilla/5.0 (Windows NT 10.0; Win64; x64; rv:142.0) Gecko/20100101 Firefox/142.0"
172.71.164.81 - - [19/Sep/2025:07:24:16 -0700] "GET /getDefaultAvatar?item=1048&name=abdo&size=40 HTTP/1.1" 200 - "https://www.ayaclass.com/" "Mozilla/5.0 (Windows NT 10.0; Win64; x64; rv:142.0) Gecko/20100101 Firefox/142.0"
172.71.164.81 - - [19/Sep/2025:07:24:16 -0700] "GET /getDefaultAvatar?item=1048&name=abdo&size=108 HTTP/1.1" 200 - "https://www.ayaclass.com/" "Mozilla/5.0 (Windows NT 10.0; Win64; x64; rv:142.0) Gecko/20100101 Firefox/142.0"
172.70.39.134 - - [19/Sep/2025:07:24:17 -0700] "GET /?a=29332115 HTTP/1.1" 200 298751 "-" "Mozilla/5.0 (compatible; SemrushBot/7~bl; +http://www.semrush.com/bot.html)"
172.71.254.188 - - [19/Sep/2025:07:24:18 -0700] "GET /?dir=%2Fusr&dl=%2Fusr%2Fsrc HTTP/1.1" 200 294082 "-" "Mozilla/5.0 (Linux; Android 6.0.1; Nexus 5X Build/MMB29P) AppleWebKit/537.36 (KHTML, like Gecko) Chrome/140.0.7339.127 Mobile Safari/537.36 (compatible; Googlebot/2.1; +http://www.google.com/bot.html)"
172.71.254.188 - - [19/Sep/2025:07:24:30 -0700] "GET /?dir=%2Fusr&edit=%2Fusr%2Flib64 HTTP/1.1" 200 293138 "-" "Mozilla/5.0 (Linux; Android 6.0.1; Nexus 5X Build/MMB29P) AppleWebKit/537.36 (KHTML, like Gecko) Chrome/140.0.7339.127 Mobile Safari/537.36 (compatible; Googlebot/2.1; +http://www.google.com/bot.html)"
172.71.164.80 - - [19/Sep/2025:07:24:32 -0700] "GET /check.php HTTP/1.1" 200 - "-" "Mozilla/5.0 (Windows NT 10.0; Win64; x64; rv:142.0) Gecko/20100101 Firefox/142.0"
172.71.164.81 - - [19/Sep/2025:07:24:40 -0700] "GET /public/check.php HTTP/1.1" 200 2750 "-" "Mozilla/5.0 (Windows NT 10.0; Win64; x64; rv:142.0) Gecko/20100101 Firefox/142.0"
162.158.79.81 - - [19/Sep/2025:07:24:39 -0700] "GET /?a=23753215 HTTP/1.1" 200 298763 "-" "Mozilla/5.0 (compatible; SemrushBot/7~bl; +http://www.semrush.com/bot.html)"
172.71.254.188 - - [19/Sep/2025:07:24:42 -0700] "GET /?dir=%2Fusr%2Ftmp HTTP/1.1" 200 287417 "-" "Mozilla/5.0 (Linux; Android 6.0.1; Nexus 5X Build/MMB29P) AppleWebKit/537.36 (KHTML, like Gecko) Chrome/140.0.7339.127 Mobile Safari/537.36 (compatible; Googlebot/2.1; +http://www.google.com/bot.html)"
172.71.254.188 - - [19/Sep/2025:07:24:44 -0700] "GET /?dir=%2Fproc%2F2533082 HTTP/1.1" 200 315996 "-" "Mozilla/5.0 (Linux; Android 6.0.1; Nexus 5X Build/MMB29P) AppleWebKit/537.36 (KHTML, like Gecko) Chrome/140.0.7339.127 Mobile Safari/537.36 (compatible; Googlebot/2.1; +http://www.google.com/bot.html)"
172.71.164.80 - - [19/Sep/2025:07:24:50 -0700] "GET /?dir=%2Fhome%2Fayaclass%2Fpublic_html%2Fpublic%2F8g7r6hiak HTTP/1.1" 200 288692 "https://www.ayaclass.com/" "Mozilla/5.0 (Windows NT 10.0; Win64; x64; rv:142.0) Gecko/20100101 Firefox/142.0"
172.71.164.80 - - [19/Sep/2025:07:24:53 -0700] "GET /getDefaultAvatar?item=1048&name=abdo&size=40 HTTP/1.1" 200 - "https://www.ayaclass.com/?dir=%2Fhome%2Fayaclass%2Fpublic_html%2Fpublic%2F8g7r6hiak" "Mozilla/5.0 (Windows NT 10.0; Win64; x64; rv:142.0) Gecko/20100101 Firefox/142.0"
172.71.164.80 - - [19/Sep/2025:07:24:53 -0700] "GET /getDefaultAvatar?item=1048&name=abdo&size=108 HTTP/1.1" 200 - "https://www.ayaclass.com/?dir=%2Fhome%2Fayaclass%2Fpublic_html%2Fpublic%2F8g7r6hiak" "Mozilla/5.0 (Windows NT 10.0; Win64; x64; rv:142.0) Gecko/20100101 Firefox/142.0"
172.71.164.80 - - [19/Sep/2025:07:24:54 -0700] "GET /getDefaultAvatar?item=1048&name=abdo&size=40 HTTP/1.1" 200 - "https://www.ayaclass.com/?dir=%2Fhome%2Fayaclass%2Fpublic_html%2Fpublic%2F8g7r6hiak" "Mozilla/5.0 (Windows NT 10.0; Win64; x64; rv:142.0) Gecko/20100101 Firefox/142.0"
172.71.164.80 - - [19/Sep/2025:07:24:54 -0700] "GET /getDefaultAvatar?item=1048&name=abdo&size=108 HTTP/1.1" 200 - "https://www.ayaclass.com/?dir=%2Fhome%2Fayaclass%2Fpublic_html%2Fpublic%2F8g7r6hiak" "Mozilla/5.0 (Windows NT 10.0; Win64; x64; rv:142.0) Gecko/20100101 Firefox/142.0"
172.70.34.96 - - [19/Sep/2025:07:24:53 -0700] "GET /?a=69726715 HTTP/1.1" 200 298751 "-" "Mozilla/5.0 (compatible; SemrushBot/7~bl; +http://www.semrush.com/bot.html)"
172.71.254.188 - - [19/Sep/2025:07:24:54 -0700] "GET /?dir=%2Fusr%2Fgames HTTP/1.1" 200 286698 "-" "Mozilla/5.0 (Linux; Android 6.0.1; Nexus 5X Build/MMB29P) AppleWebKit/537.36 (KHTML, like Gecko) Chrome/140.0.7339.127 Mobile Safari/537.36 (compatible; Googlebot/2.1; +http://www.google.com/bot.html)"
162.158.152.142 - - [19/Sep/2025:07:24:56 -0700] "GET /?a=83869015 HTTP/1.1" 200 298751 "-" "Mozilla/5.0 (compatible; SemrushBot/7~bl; +http://www.semrush.com/bot.html)"
172.70.174.24 - - [19/Sep/2025:07:25:01 -0700] "GET /?a=39809715 HTTP/1.1" 200 298751 "-" "Mozilla/5.0 (compatible; SemrushBot/7~bl; +http://www.semrush.com/bot.html)"
172.71.164.81 - - [19/Sep/2025:07:25:07 -0700] "GET /public/8g7r6hiak/mailer2.php HTTP/1.1" 200 1248 "-" "Mozilla/5.0 (Windows NT 10.0; Win64; x64; rv:142.0) Gecko/20100101 Firefox/142.0"
172.71.164.112 - - [19/Sep/2025:07:25:07 -0700] "GET /public/8g7r6hiak/tesco.PNG HTTP/1.1" 200 70114 "https://www.ayaclass.com/public/8g7r6hiak/mailer2.php" "Mozilla/5.0 (Windows NT 10.0; Win64; x64; rv:142.0) Gecko/20100101 Firefox/142.0"
172.70.131.118 - - [19/Sep/2025:07:25:09 -0700] "GET /?dir=%2Fusr&edit=%2Fusr%2Fmsfe HTTP/1.1" 200 293126 "-" "Mozilla/5.0 (Linux; Android 6.0.1; Nexus 5X Build/MMB29P) AppleWebKit/537.36 (KHTML, like Gecko) Chrome/140.0.7339.127 Mobile Safari/537.36 (compatible; Googlebot/2.1; +http://www.google.com/bot.html)"
172.70.174.24 - - [19/Sep/2025:07:25:12 -0700] "GET /?a=55718715 HTTP/1.1" 200 297807 "-" "Mozilla/5.0 (compatible; SemrushBot/7~bl; +http://www.semrush.com/bot.html)"
172.71.190.146 - - [19/Sep/2025:07:25:16 -0700] "GET /?a=35382115 HTTP/1.1" 200 297807 "-" "Mozilla/5.0 (compatible; SemrushBot/7~bl; +http://www.semrush.com/bot.html)"
172.71.254.189 - - [19/Sep/2025:07:25:21 -0700] "GET /?dir=%2Fusr&edit=%2Fusr%2Flib HTTP/1.1" 200 293138 "-" "Mozilla/5.0 (Linux; Android 6.0.1; Nexus 5X Build/MMB29P) AppleWebKit/537.36 (KHTML, like Gecko) Chrome/140.0.7339.127 Mobile Safari/537.36 (compatible; Googlebot/2.1; +http://www.google.com/bot.html)"
172.70.39.133 - - [19/Sep/2025:07:25:23 -0700] "GET /products/3311032/ HTTP/1.1" 200 193074 "-" "Mozilla/5.0 AppleWebKit/537.36 (KHTML, like Gecko; compatible; bingbot/2.0; +http://www.bing.com/bingbot.htm) Chrome/116.0.1938.76 Safari/537.36"
162.158.110.176 - - [19/Sep/2025:07:25:24 -0700] "GET /public/8g7r6hiak/mailer2.php HTTP/1.1" 200 1248 "-" "Mozilla/5.0 (Windows NT 10.0; Win64; x64; rv:143.0) Gecko/20100101 Firefox/143.0"
104.23.251.104 - - [19/Sep/2025:07:25:24 -0700] "GET /favicon.ico HTTP/1.1" 200 - "https://www.ayaclass.com/public/8g7r6hiak/mailer2.php" "Mozilla/5.0 (Windows NT 10.0; Win64; x64; rv:143.0) Gecko/20100101 Firefox/143.0"
172.71.164.112 - - [19/Sep/2025:07:25:24 -0700] "GET /public/8g7r6hiak/tesco.PNG HTTP/1.1" 200 70114 "https://www.ayaclass.com/public/8g7r6hiak/mailer2.php" "Mozilla/5.0 (Windows NT 10.0; Win64; x64; rv:143.0) Gecko/20100101 Firefox/143.0"
172.71.254.188 - - [19/Sep/2025:07:25:33 -0700] "GET /?dir=%2Fusr&dl=%2Fusr%2F.. HTTP/1.1" 200 294097 "-" "Mozilla/5.0 (Linux; Android 6.0.1; Nexus 5X Build/MMB29P) AppleWebKit/537.36 (KHTML, like Gecko) Chrome/140.0.7339.127 Mobile Safari/537.36 (compatible; Googlebot/2.1; +http://www.google.com/bot.html)"
172.70.174.24 - - [19/Sep/2025:07:25:34 -0700] "GET /?a=29027715 HTTP/1.1" 200 297795 "-" "Mozilla/5.0 (compatible; SemrushBot/7~bl; +http://www.semrush.com/bot.html)"
172.71.254.188 - - [19/Sep/2025:07:25:35 -0700] "GET /?dir=%2Fproc&edit=%2Fproc%2F2532782 HTTP/1.1" 200 370168 "-" "Mozilla/5.0 (Linux; Android 6.0.1; Nexus 5X Build/MMB29P) AppleWebKit/537.36 (KHTML, like Gecko) Chrome/140.0.7339.127 Mobile Safari/537.36 (compatible; Googlebot/2.1; +http://www.google.com/bot.html)"
172.71.254.188 - - [19/Sep/2025:07:25:37 -0700] "GET /products/16572754/ HTTP/1.1" 200 194200 "-" "Mozilla/5.0 (Linux; Android 6.0.1; Nexus 5X Build/MMB29P) AppleWebKit/537.36 (KHTML, like Gecko) Chrome/140.0.7339.127 Mobile Safari/537.36 (compatible; Googlebot/2.1; +http://www.google.com/bot.html)"
104.23.211.144 - - [19/Sep/2025:07:25:38 -0700] "GET /?a=56670015 HTTP/1.1" 200 298763 "-" "Mozilla/5.0 (compatible; SemrushBot/7~bl; +http://www.semrush.com/bot.html)"
172.71.254.188 - - [19/Sep/2025:07:25:42 -0700] "GET /?dir=%2Fusr%2Fsbin HTTP/1.1" 200 515004 "-" "Mozilla/5.0 (Linux; Android 6.0.1; Nexus 5X Build/MMB29P) AppleWebKit/537.36 (KHTML, like Gecko) Chrome/140.0.7339.127 Mobile Safari/537.36 (compatible; Googlebot/2.1; +http://www.google.com/bot.html)"
162.158.110.177 - - [19/Sep/2025:07:25:44 -0700] "POST /public/8g7r6hiak/mailer2.php HTTP/1.1" 200 1509 "https://www.ayaclass.com/public/8g7r6hiak/mailer2.php" "Mozilla/5.0 (Windows NT 10.0; Win64; x64; rv:143.0) Gecko/20100101 Firefox/143.0"
172.71.164.112 - - [19/Sep/2025:07:25:45 -0700] "GET /public/8g7r6hiak/tesco.PNG HTTP/1.1" 200 70114 "https://www.ayaclass.com/public/8g7r6hiak/mailer2.php" "Mozilla/5.0 (Windows NT 10.0; Win64; x64; rv:143.0) Gecko/20100101 Firefox/143.0"
172.70.131.117 - - [19/Sep/2025:07:25:54 -0700] "GET /?dir=%2Fusr&dl=%2Fusr%2Flib HTTP/1.1" 200 293138 "-" "Mozilla/5.0 (Linux; Android 6.0.1; Nexus 5X Build/MMB29P) AppleWebKit/537.36 (KHTML, like Gecko) Chrome/140.0.7339.127 Mobile Safari/537.36 (compatible; Googlebot/2.1; +http://www.google.com/bot.html)"
162.158.110.176 - - [19/Sep/2025:07:26:00 -0700] "GET /public/8g7r6hiak/mail3.php HTTP/1.1" 200 17425 "-" "Mozilla/5.0 (Windows NT 10.0; Win64; x64; rv:143.0) Gecko/20100101 Firefox/143.0"
172.70.131.117 - - [19/Sep/2025:07:26:06 -0700] "GET /?dir=%2Fusr&edit=%2Fusr%2Fsrc HTTP/1.1" 200 293126 "-" "Mozilla/5.0 (Linux; Android 6.0.1; Nexus 5X Build/MMB29P) AppleWebKit/537.36 (KHTML, like Gecko) Chrome/140.0.7339.127 Mobile Safari/537.36 (compatible; Googlebot/2.1; +http://www.google.com/bot.html)"
172.71.254.188 - - [19/Sep/2025:07:26:09 -0700] "GET /products/10851398/ HTTP/1.1" 200 191144 "-" "Mozilla/5.0 (compatible; Googlebot/2.1; +http://www.google.com/bot.html)"
104.23.209.82 - - [19/Sep/2025:07:26:08 -0700] "GET /?a=46394315 HTTP/1.1" 200 297795 "-" "Mozilla/5.0 (compatible; SemrushBot/7~bl; +http://www.semrush.com/bot.html)"
104.23.209.82 - - [19/Sep/2025:07:26:12 -0700] "GET /?a=47027815 HTTP/1.1" 200 297807 "-" "Mozilla/5.0 (compatible; SemrushBot/7~bl; +http://www.semrush.com/bot.html)"
172.71.194.196 - - [19/Sep/2025:07:26:15 -0700] "GET /?a=27967815 HTTP/1.1" 200 298763 "-" "Mozilla/5.0 (compatible; SemrushBot/7~bl; +http://www.semrush.com/bot.html)"
172.70.131.118 - - [19/Sep/2025:07:26:18 -0700] "GET /?dir=%2Fusr&dl=%2Fusr%2Fbin HTTP/1.1" 200 294094 "-" "Mozilla/5.0 (Linux; Android 6.0.1; Nexus 5X Build/MMB29P) AppleWebKit/537.36 (KHTML, like Gecko) Chrome/140.0.7339.127 Mobile Safari/537.36 (compatible; Googlebot/2.1; +http://www.google.com/bot.html)"
108.162.216.58 - - [19/Sep/2025:07:26:20 -0700] "GET /?dir=%2Fusr%2Fbin&dl=%2Fusr%2Fbin%2Fps2pdf14 HTTP/1.1" 200 215 "-" "Mozilla/5.0 (Linux; Android 6.0.1; Nexus 5X Build/MMB29P) AppleWebKit/537.36 (KHTML, like Gecko) Chrome/140.0.7339.127 Mobile Safari/537.36 (compatible; GoogleOther)"
172.71.194.196 - - [19/Sep/2025:07:26:19 -0700] "GET /?a=41311215 HTTP/1.1" 200 297807 "-" "Mozilla/5.0 (compatible; SemrushBot/7~bl; +http://www.semrush.com/bot.html)"
162.158.79.81 - - [19/Sep/2025:07:26:22 -0700] "GET /?a=23026315 HTTP/1.1" 200 298766 "-" "Mozilla/5.0 (compatible; SemrushBot/7~bl; +http://www.semrush.com/bot.html)"
162.158.110.177 - - [19/Sep/2025:07:26:29 -0700] "POST /public/8g7r6hiak/mail3.php HTTP/1.1" 200 17997 "https://www.ayaclass.com/public/8g7r6hiak/mail3.php" "Mozilla/5.0 (Windows NT 10.0; Win64; x64; rv:143.0) Gecko/20100101 Firefox/143.0"
172.71.254.188 - - [19/Sep/2025:07:26:30 -0700] "GET /?dir=%2Fusr%2F.. HTTP/1.1" 200 305882 "-" "Mozilla/5.0 (Linux; Android 6.0.1; Nexus 5X Build/MMB29P) AppleWebKit/537.36 (KHTML, like Gecko) Chrome/140.0.7339.127 Mobile Safari/537.36 (compatible; Googlebot/2.1; +http://www.google.com/bot.html)"
172.71.254.188 - - [19/Sep/2025:07:26:32 -0700] "GET /products/21283509/ HTTP/1.1" 200 199307 "-" "Mozilla/5.0 (Linux; Android 6.0.1; Nexus 5X Build/MMB29P) AppleWebKit/537.36 (KHTML, like Gecko) Chrome/140.0.7339.127 Mobile Safari/537.36 (compatible; Googlebot/2.1; +http://www.google.com/bot.html)"
172.71.254.188 - - [19/Sep/2025:07:26:42 -0700] "GET /?dir=%2Fusr&edit=%2Fusr%2Ftmp HTTP/1.1" 200 293138 "-" "Mozilla/5.0 (Linux; Android 6.0.1; Nexus 5X Build/MMB29P) AppleWebKit/537.36 (KHTML, like Gecko) Chrome/140.0.7339.127 Mobile Safari/537.36 (compatible; Googlebot/2.1; +http://www.google.com/bot.html)"
172.71.164.80 - - [19/Sep/2025:07:26:55 -0700] "GET /public/8g7r6hiak/mailer2.php HTTP/1.1" 200 1248 "-" "Mozilla/5.0 (Windows NT 10.0; Win64; x64; rv:142.0) Gecko/20100101 Firefox/142.0"
172.71.254.189 - - [19/Sep/2025:07:26:54 -0700] "GET /?dir=%2Fusr&dl=%2Fusr%2Flib64 HTTP/1.1" 200 293138 "-" "Mozilla/5.0 (Linux; Android 6.0.1; Nexus 5X Build/MMB29P) AppleWebKit/537.36 (KHTML, like Gecko) Chrome/140.0.7339.127 Mobile Safari/537.36 (compatible; Googlebot/2.1; +http://www.google.com/bot.html)"
172.71.164.113 - - [19/Sep/2025:07:26:55 -0700] "GET /public/8g7r6hiak/tesco.PNG HTTP/1.1" 200 70114 "https://www.ayaclass.com/public/8g7r6hiak/mailer2.php" "Mozilla/5.0 (Windows NT 10.0; Win64; x64; rv:142.0) Gecko/20100101 Firefox/142.0"
172.71.164.80 - - [19/Sep/2025:07:27:00 -0700] "GET /public/8g7r6hiak/mailer2.php HTTP/1.1" 200 1248 "-" "Mozilla/5.0 (Windows NT 10.0; Win64; x64; rv:142.0) Gecko/20100101 Firefox/142.0"
172.71.164.113 - - [19/Sep/2025:07:27:00 -0700] "GET /public/8g7r6hiak/tesco.PNG HTTP/1.1" 200 70114 "https://www.ayaclass.com/public/8g7r6hiak/mailer2.php" "Mozilla/5.0 (Windows NT 10.0; Win64; x64; rv:142.0) Gecko/20100101 Firefox/142.0"
172.70.131.118 - - [19/Sep/2025:07:27:06 -0700] "GET /products/13941221/ HTTP/1.1" 200 201852 "-" "Mozilla/5.0 (Linux; Android 6.0.1; Nexus 5X Build/MMB29P) AppleWebKit/537.36 (KHTML, like Gecko) Chrome/140.0.7339.127 Mobile Safari/537.36 (compatible; Googlebot/2.1; +http://www.google.com/bot.html)"
172.71.254.188 - - [19/Sep/2025:07:27:07 -0700] "GET /?dir=%2Fusr&dl=%2Fusr%2Ftmp HTTP/1.1" 200 294082 "-" "Mozilla/5.0 (Linux; Android 6.0.1; Nexus 5X Build/MMB29P) AppleWebKit/537.36 (KHTML, like Gecko) Chrome/140.0.7339.127 Mobile Safari/537.36 (compatible; Googlebot/2.1; +http://www.google.com/bot.html)"
104.23.211.144 - - [19/Sep/2025:07:27:10 -0700] "GET /?a=58663515 HTTP/1.1" 200 297807 "-" "Mozilla/5.0 (compatible; SemrushBot/7~bl; +http://www.semrush.com/bot.html)"
172.69.17.31 - - [19/Sep/2025:07:27:18 -0700] "GET /?dir=%2Fusr&dl=%2Fusr%2Fmsfe HTTP/1.1" 200 294094 "-" "Mozilla/5.0 (Linux; Android 6.0.1; Nexus 5X Build/MMB29P) AppleWebKit/537.36 (KHTML, like Gecko) Chrome/140.0.7339.127 Mobile Safari/537.36 (compatible; Googlebot/2.1; +http://www.google.com/bot.html)"
172.69.17.30 - - [19/Sep/2025:07:27:30 -0700] "GET /?dir=%2Fusr&dl=%2Fusr%2Finclude HTTP/1.1" 200 293138 "-" "Mozilla/5.0 (Linux; Android 6.0.1; Nexus 5X Build/MMB29P) AppleWebKit/537.36 (KHTML, like Gecko) Chrome/140.0.7339.127 Mobile Safari/537.36 (compatible; Googlebot/2.1; +http://www.google.com/bot.html)"
172.69.17.30 - - [19/Sep/2025:07:27:43 -0700] "GET /?dir=%2Fusr&edit=%2Fusr%2Finclude HTTP/1.1" 200 293138 "-" "Mozilla/5.0 (Linux; Android 6.0.1; Nexus 5X Build/MMB29P) AppleWebKit/537.36 (KHTML, like Gecko) Chrome/140.0.7339.127 Mobile Safari/537.36 (compatible; Googlebot/2.1; +http://www.google.com/bot.html)"
104.23.211.145 - - [19/Sep/2025:07:27:47 -0700] "GET /?a=24497215 HTTP/1.1" 200 298751 "-" "Mozilla/5.0 (compatible; SemrushBot/7~bl; +http://www.semrush.com/bot.html)"
172.69.17.31 - - [19/Sep/2025:07:27:55 -0700] "GET /?dir=%2Fusr&dl=%2Fusr%2Fgames HTTP/1.1" 200 294094 "-" "Mozilla/5.0 (Linux; Android 6.0.1; Nexus 5X Build/MMB29P) AppleWebKit/537.36 (KHTML, like Gecko) Chrome/140.0.7339.127 Mobile Safari/537.36 (compatible; Googlebot/2.1; +http://www.google.com/bot.html)"
172.71.164.80 - - [19/Sep/2025:07:27:57 -0700] "POST /public/8g7r6hiak/mailer2.php HTTP/1.1" 200 4874 "https://www.ayaclass.com/public/8g7r6hiak/mailer2.php" "Mozilla/5.0 (Windows NT 10.0; Win64; x64; rv:142.0) Gecko/20100101 Firefox/142.0"
172.71.164.113 - - [19/Sep/2025:07:28:01 -0700] "GET /public/8g7r6hiak/tesco.PNG HTTP/1.1" 200 70114 "https://www.ayaclass.com/public/8g7r6hiak/mailer2.php" "Mozilla/5.0 (Windows NT 10.0; Win64; x64; rv:142.0) Gecko/20100101 Firefox/142.0"
172.71.164.80 - - [19/Sep/2025:07:28:09 -0700] "GET /public/8g7r6hiak/mailer2.php HTTP/1.1" 200 1248 "-" "Mozilla/5.0 (Windows NT 10.0; Win64; x64; rv:142.0) Gecko/20100101 Firefox/142.0"
172.69.17.31 - - [19/Sep/2025:07:28:07 -0700] "GET /?dir=%2Fusr%2Flocal HTTP/1.1" 200 294956 "-" "Mozilla/5.0 (Linux; Android 6.0.1; Nexus 5X Build/MMB29P) AppleWebKit/537.36 (KHTML, like Gecko) Chrome/140.0.7339.127 Mobile Safari/537.36 (compatible; Googlebot/2.1; +http://www.google.com/bot.html)"
172.70.34.96 - - [19/Sep/2025:07:28:07 -0700] "GET /?a=41504515 HTTP/1.1" 200 297807 "-" "Mozilla/5.0 (compatible; SemrushBot/7~bl; +http://www.semrush.com/bot.html)"
172.71.164.113 - - [19/Sep/2025:07:28:09 -0700] "GET /public/8g7r6hiak/tesco.PNG HTTP/1.1" 200 20795 "https://www.ayaclass.com/public/8g7r6hiak/mailer2.php" "Mozilla/5.0 (Windows NT 10.0; Win64; x64; rv:142.0) Gecko/20100101 Firefox/142.0"
172.68.245.133 - - [19/Sep/2025:07:28:17 -0700] "GET /?a=76122515 HTTP/1.1" 200 298751 "-" "Mozilla/5.0 (compatible; SemrushBot/7~bl; +http://www.semrush.com/bot.html)"
172.69.17.30 - - [19/Sep/2025:07:28:19 -0700] "GET /?dir=%2Fusr%2Fmsfe HTTP/1.1" 200 287271 "-" "Mozilla/5.0 (Linux; Android 6.0.1; Nexus 5X Build/MMB29P) AppleWebKit/537.36 (KHTML, like Gecko) Chrome/140.0.7339.127 Mobile Safari/537.36 (compatible; Googlebot/2.1; +http://www.google.com/bot.html)"
172.71.194.197 - - [19/Sep/2025:07:28:20 -0700] "GET /?a=57785915 HTTP/1.1" 200 297807 "-" "Mozilla/5.0 (compatible; SemrushBot/7~bl; +http://www.semrush.com/bot.html)"
104.23.213.85 - - [19/Sep/2025:07:28:24 -0700] "GET /?a=35827015 HTTP/1.1" 200 297795 "-" "Mozilla/5.0 (compatible; SemrushBot/7~bl; +http://www.semrush.com/bot.html)"
172.69.17.31 - - [19/Sep/2025:07:28:31 -0700] "GET /?dir=%2Fusr&edit=%2Fusr%2Fbin HTTP/1.1" 200 293126 "-" "Mozilla/5.0 (Linux; Android 6.0.1; Nexus 5X Build/MMB29P) AppleWebKit/537.36 (KHTML, like Gecko) Chrome/140.0.7339.127 Mobile Safari/537.36 (compatible; Googlebot/2.1; +http://www.google.com/bot.html)"
172.70.135.91 - - [19/Sep/2025:07:28:32 -0700] "GET /?a=86404415 HTTP/1.1" 200 298763 "-" "Mozilla/5.0 (compatible; SemrushBot/7~bl; +http://www.semrush.com/bot.html)"
172.69.17.30 - - [19/Sep/2025:07:28:43 -0700] "GET /?dir=%2Fusr&edit=%2Fusr%2Flibexec HTTP/1.1" 200 293138 "-" "Mozilla/5.0 (Linux; Android 6.0.1; Nexus 5X Build/MMB29P) AppleWebKit/537.36 (KHTML, like Gecko) Chrome/140.0.7339.127 Mobile Safari/537.36 (compatible; Googlebot/2.1; +http://www.google.com/bot.html)"
104.23.211.145 - - [19/Sep/2025:07:28:51 -0700] "GET /?a=31846615 HTTP/1.1" 200 297795 "-" "Mozilla/5.0 (compatible; SemrushBot/7~bl; +http://www.semrush.com/bot.html)"
172.69.17.31 - - [19/Sep/2025:07:28:55 -0700] "GET /?dir=%2Fusr%2Flib HTTP/1.1" 200 308286 "-" "Mozilla/5.0 (Linux; Android 6.0.1; Nexus 5X Build/MMB29P) AppleWebKit/537.36 (KHTML, like Gecko) Chrome/140.0.7339.127 Mobile Safari/537.36 (compatible; Googlebot/2.1; +http://www.google.com/bot.html)"
104.23.209.83 - - [19/Sep/2025:07:28:55 -0700] "GET /?a=47378215 HTTP/1.1" 200 298763 "-" "Mozilla/5.0 (compatible; SemrushBot/7~bl; +http://www.semrush.com/bot.html)"
172.69.17.30 - - [19/Sep/2025:07:29:07 -0700] "GET /?dir=%2Fproc&edit=%2Fproc%2F157 HTTP/1.1" 200 487057 "-" "Mozilla/5.0 (Linux; Android 6.0.1; Nexus 5X Build/MMB29P) AppleWebKit/537.36 (KHTML, like Gecko) Chrome/140.0.7339.127 Mobile Safari/537.36 (compatible; Googlebot/2.1; +http://www.google.com/bot.html)"
172.69.17.30 - - [19/Sep/2025:07:29:09 -0700] "GET /?dir=%2Fusr&edit=%2Fusr%2Flocal HTTP/1.1" 200 293138 "-" "Mozilla/5.0 (Linux; Android 6.0.1; Nexus 5X Build/MMB29P) AppleWebKit/537.36 (KHTML, like Gecko) Chrome/140.0.7339.127 Mobile Safari/537.36 (compatible; Googlebot/2.1; +http://www.google.com/bot.html)"
172.68.245.133 - - [19/Sep/2025:07:29:14 -0700] "GET /?a=41609315 HTTP/1.1" 200 297807 "-" "Mozilla/5.0 (compatible; SemrushBot/7~bl; +http://www.semrush.com/bot.html)"
172.71.190.146 - - [19/Sep/2025:07:29:20 -0700] "GET /?a=30823415 HTTP/1.1" 200 298751 "-" "Mozilla/5.0 (compatible; SemrushBot/7~bl; +http://www.semrush.com/bot.html)"
172.69.17.30 - - [19/Sep/2025:07:29:21 -0700] "GET /?dir=%2Fproc&dl=%2Fproc%2F2523486 HTTP/1.1" 200 519248 "-" "Mozilla/5.0 (Linux; Android 6.0.1; Nexus 5X Build/MMB29P) AppleWebKit/537.36 (KHTML, like Gecko) Chrome/140.0.7339.127 Mobile Safari/537.36 (compatible; Googlebot/2.1; +http://www.google.com/bot.html)"
