172.70.206.123 - - [19/Sep/2025:05:41:54 -0700] "GET /?dir=%2Fproc&edit=%2Fproc%2F2529631 HTTP/1.1" 200 365107 "-" "Mozilla/5.0 AppleWebKit/537.36 (KHTML, like Gecko; compatible; GPTBot/1.2; +https://openai.com/gptbot)"
172.70.206.123 - - [19/Sep/2025:05:42:13 -0700] "GET /?dir=%2Fproc&dl=%2Fproc%2F2529633 HTTP/1.1" 200 364136 "-" "Mozilla/5.0 AppleWebKit/537.36 (KHTML, like Gecko; compatible; GPTBot/1.2; +https://openai.com/gptbot)"
172.71.194.196 - - [19/Sep/2025:05:42:23 -0700] "GET /?a=36283815 HTTP/1.1" 200 298751 "-" "Mozilla/5.0 (compatible; SemrushBot/7~bl; +http://www.semrush.com/bot.html)"
172.70.206.123 - - [19/Sep/2025:05:42:31 -0700] "GET /?dir=%2Fproc&dl=%2Fproc%2F2529636 HTTP/1.1" 200 364148 "-" "Mozilla/5.0 AppleWebKit/537.36 (KHTML, like Gecko; compatible; GPTBot/1.2; +https://openai.com/gptbot)"
172.68.245.132 - - [19/Sep/2025:05:42:34 -0700] "GET /?a=94198415 HTTP/1.1" 200 297807 "-" "Mozilla/5.0 (compatible; SemrushBot/7~bl; +http://www.semrush.com/bot.html)"
172.71.254.189 - - [19/Sep/2025:05:42:36 -0700] "GET /products/28201687/ HTTP/1.1" 200 198260 "-" "Mozilla/5.0 (compatible; Googlebot/2.1; +http://www.google.com/bot.html)"
104.23.209.82 - - [19/Sep/2025:05:42:45 -0700] "GET /?a=49652715 HTTP/1.1" 200 298751 "-" "Mozilla/5.0 (compatible; SemrushBot/7~bl; +http://www.semrush.com/bot.html)"
172.70.206.123 - - [19/Sep/2025:05:42:47 -0700] "GET /?dir=%2Fproc&dl=%2Fproc%2F2529564 HTTP/1.1" 200 364148 "-" "Mozilla/5.0 AppleWebKit/537.36 (KHTML, like Gecko; compatible; GPTBot/1.2; +https://openai.com/gptbot)"
172.70.206.122 - - [19/Sep/2025:05:43:01 -0700] "GET /?dir=%2Fproc&dl=%2Fproc%2F2527537 HTTP/1.1" 200 366220 "-" "Mozilla/5.0 AppleWebKit/537.36 (KHTML, like Gecko; compatible; GPTBot/1.2; +https://openai.com/gptbot)"
172.70.206.122 - - [19/Sep/2025:05:43:14 -0700] "GET /?dir=%2Fproc&dl=%2Fproc%2F2529070 HTTP/1.1" 200 368476 "-" "Mozilla/5.0 AppleWebKit/537.36 (KHTML, like Gecko; compatible; GPTBot/1.2; +https://openai.com/gptbot)"
172.68.245.132 - - [19/Sep/2025:05:43:24 -0700] "GET /?a=38729615 HTTP/1.1" 200 298751 "-" "Mozilla/5.0 (compatible; SemrushBot/7~bl; +http://www.semrush.com/bot.html)"
172.70.206.123 - - [19/Sep/2025:05:43:25 -0700] "GET /?dir=%2Fproc&dl=%2Fproc%2F2529672 HTTP/1.1" 200 365840 "-" "Mozilla/5.0 AppleWebKit/537.36 (KHTML, like Gecko; compatible; GPTBot/1.2; +https://openai.com/gptbot)"
172.71.190.146 - - [19/Sep/2025:05:43:28 -0700] "GET /?a=44591015 HTTP/1.1" 200 298763 "-" "Mozilla/5.0 (compatible; SemrushBot/7~bl; +http://www.semrush.com/bot.html)"
172.70.39.134 - - [19/Sep/2025:05:43:32 -0700] "GET /?a=99829815 HTTP/1.1" 200 297807 "-" "Mozilla/5.0 (compatible; SemrushBot/7~bl; +http://www.semrush.com/bot.html)"
172.70.206.122 - - [19/Sep/2025:05:43:36 -0700] "GET /?dir=%2Fproc&dl=%2Fproc%2F2529646 HTTP/1.1" 200 367912 "-" "Mozilla/5.0 AppleWebKit/537.36 (KHTML, like Gecko; compatible; GPTBot/1.2; +https://openai.com/gptbot)"
172.71.254.188 - - [19/Sep/2025:05:43:43 -0700] "GET /?dir=%2Fusr%2Fbin&edit=%2Fusr%2Fbin%2Fgpg-connect-agent HTTP/1.1" 200 264612 "-" "Mozilla/5.0 (Linux; Android 6.0.1; Nexus 5X Build/MMB29P) AppleWebKit/537.36 (KHTML, like Gecko) Chrome/140.0.7339.127 Mobile Safari/537.36 (compatible; Googlebot/2.1; +http://www.google.com/bot.html)"
172.70.39.133 - - [19/Sep/2025:05:43:44 -0700] "GET /?a=71236715 HTTP/1.1" 200 298763 "-" "Mozilla/5.0 (compatible; SemrushBot/7~bl; +http://www.semrush.com/bot.html)"
172.70.206.123 - - [19/Sep/2025:05:43:46 -0700] "GET /?dir=%2Fproc&dl=%2Fproc%2F2528113 HTTP/1.1" 200 366968 "-" "Mozilla/5.0 AppleWebKit/537.36 (KHTML, like Gecko; compatible; GPTBot/1.2; +https://openai.com/gptbot)"
172.70.39.133 - - [19/Sep/2025:05:43:52 -0700] "GET /?a=55360115 HTTP/1.1" 200 297807 "-" "Mozilla/5.0 (compatible; SemrushBot/7~bl; +http://www.semrush.com/bot.html)"
172.70.206.122 - - [19/Sep/2025:05:43:54 -0700] "GET /?dir=%2Fproc&dl=%2Fproc%2F2529579 HTTP/1.1" 200 367912 "-" "Mozilla/5.0 AppleWebKit/537.36 (KHTML, like Gecko; compatible; GPTBot/1.2; +https://openai.com/gptbot)"
172.70.206.123 - - [19/Sep/2025:05:44:02 -0700] "GET /?dir=%2Fproc&dl=%2Fproc%2F2527939 HTTP/1.1" 200 368476 "-" "Mozilla/5.0 AppleWebKit/537.36 (KHTML, like Gecko; compatible; GPTBot/1.2; +https://openai.com/gptbot)"
162.158.42.25 - - [19/Sep/2025:05:44:06 -0700] "GET //wp-includes/wlwmanifest.xml HTTP/1.1" 200 142552 "-" "Mozilla/5.0 (Windows NT 10.0; Win64; x64) AppleWebKit/537.36 (KHTML, like Gecko) Chrome/88.0.4240.193 Safari/537.36"
172.70.206.123 - - [19/Sep/2025:05:44:09 -0700] "GET /?dir=%2Fproc&dl=%2Fproc%2F2528533 HTTP/1.1" 200 367912 "-" "Mozilla/5.0 AppleWebKit/537.36 (KHTML, like Gecko; compatible; GPTBot/1.2; +https://openai.com/gptbot)"
162.158.42.25 - - [19/Sep/2025:05:44:12 -0700] "GET //xmlrpc.php?rsd HTTP/1.1" 200 - "-" "Mozilla/5.0 (Windows NT 10.0; Win64; x64) AppleWebKit/537.36 (KHTML, like Gecko) Chrome/88.0.4240.193 Safari/537.36"
162.158.41.26 - - [19/Sep/2025:05:44:12 -0700] "GET / HTTP/1.1" 200 297807 "-" "Mozilla/5.0 (Windows NT 10.0; Win64; x64) AppleWebKit/537.36 (KHTML, like Gecko) Chrome/88.0.4240.193 Safari/537.36"
172.70.206.123 - - [19/Sep/2025:05:44:15 -0700] "GET /?dir=%2Fproc&dl=%2Fproc%2F2529651 HTTP/1.1" 200 368096 "-" "Mozilla/5.0 AppleWebKit/537.36 (KHTML, like Gecko; compatible; GPTBot/1.2; +https://openai.com/gptbot)"
162.158.41.26 - - [19/Sep/2025:05:44:17 -0700] "GET //blog/wp-includes/wlwmanifest.xml HTTP/1.1" 200 142407 "-" "Mozilla/5.0 (Windows NT 10.0; Win64; x64) AppleWebKit/537.36 (KHTML, like Gecko) Chrome/88.0.4240.193 Safari/537.36"
162.158.41.26 - - [19/Sep/2025:05:44:18 -0700] "GET //web/wp-includes/wlwmanifest.xml HTTP/1.1" 200 142402 "-" "Mozilla/5.0 (Windows NT 10.0; Win64; x64) AppleWebKit/537.36 (KHTML, like Gecko) Chrome/88.0.4240.193 Safari/537.36"
162.158.41.26 - - [19/Sep/2025:05:44:19 -0700] "GET //wordpress/wp-includes/wlwmanifest.xml HTTP/1.1" 200 142631 "-" "Mozilla/5.0 (Windows NT 10.0; Win64; x64) AppleWebKit/537.36 (KHTML, like Gecko) Chrome/88.0.4240.193 Safari/537.36"
162.158.41.26 - - [19/Sep/2025:05:44:20 -0700] "GET //website/wp-includes/wlwmanifest.xml HTTP/1.1" 200 142161 "-" "Mozilla/5.0 (Windows NT 10.0; Win64; x64) AppleWebKit/537.36 (KHTML, like Gecko) Chrome/88.0.4240.193 Safari/537.36"
162.158.41.26 - - [19/Sep/2025:05:44:20 -0700] "GET //wp/wp-includes/wlwmanifest.xml HTTP/1.1" 200 142255 "-" "Mozilla/5.0 (Windows NT 10.0; Win64; x64) AppleWebKit/537.36 (KHTML, like Gecko) Chrome/88.0.4240.193 Safari/537.36"
162.158.41.26 - - [19/Sep/2025:05:44:21 -0700] "GET //news/wp-includes/wlwmanifest.xml HTTP/1.1" 200 142631 "-" "Mozilla/5.0 (Windows NT 10.0; Win64; x64) AppleWebKit/537.36 (KHTML, like Gecko) Chrome/88.0.4240.193 Safari/537.36"
162.158.41.26 - - [19/Sep/2025:05:44:22 -0700] "GET //2020/wp-includes/wlwmanifest.xml HTTP/1.1" 200 142505 "-" "Mozilla/5.0 (Windows NT 10.0; Win64; x64) AppleWebKit/537.36 (KHTML, like Gecko) Chrome/88.0.4240.193 Safari/537.36"
172.70.206.123 - - [19/Sep/2025:05:44:20 -0700] "GET /?dir=%2Fproc&dl=%2Fproc%2F2529699 HTTP/1.1" 200 367532 "-" "Mozilla/5.0 AppleWebKit/537.36 (KHTML, like Gecko; compatible; GPTBot/1.2; +https://openai.com/gptbot)"
162.158.41.26 - - [19/Sep/2025:05:44:23 -0700] "GET //2019/wp-includes/wlwmanifest.xml HTTP/1.1" 200 142583 "-" "Mozilla/5.0 (Windows NT 10.0; Win64; x64) AppleWebKit/537.36 (KHTML, like Gecko) Chrome/88.0.4240.193 Safari/537.36"
162.158.41.26 - - [19/Sep/2025:05:44:24 -0700] "GET //shop/wp-includes/wlwmanifest.xml HTTP/1.1" 200 142388 "-" "Mozilla/5.0 (Windows NT 10.0; Win64; x64) AppleWebKit/537.36 (KHTML, like Gecko) Chrome/88.0.4240.193 Safari/537.36"
162.158.41.26 - - [19/Sep/2025:05:44:25 -0700] "GET //wp1/wp-includes/wlwmanifest.xml HTTP/1.1" 200 142139 "-" "Mozilla/5.0 (Windows NT 10.0; Win64; x64) AppleWebKit/537.36 (KHTML, like Gecko) Chrome/88.0.4240.193 Safari/537.36"
162.158.41.26 - - [19/Sep/2025:05:44:26 -0700] "GET //test/wp-includes/wlwmanifest.xml HTTP/1.1" 200 142547 "-" "Mozilla/5.0 (Windows NT 10.0; Win64; x64) AppleWebKit/537.36 (KHTML, like Gecko) Chrome/88.0.4240.193 Safari/537.36"
162.158.41.26 - - [19/Sep/2025:05:44:27 -0700] "GET //wp2/wp-includes/wlwmanifest.xml HTTP/1.1" 200 142248 "-" "Mozilla/5.0 (Windows NT 10.0; Win64; x64) AppleWebKit/537.36 (KHTML, like Gecko) Chrome/88.0.4240.193 Safari/537.36"
172.70.206.123 - - [19/Sep/2025:05:44:25 -0700] "GET /?dir=%2Fproc&dl=%2Fproc%2F2529623 HTTP/1.1" 200 368476 "-" "Mozilla/5.0 AppleWebKit/537.36 (KHTML, like Gecko; compatible; GPTBot/1.2; +https://openai.com/gptbot)"
162.158.41.26 - - [19/Sep/2025:05:44:27 -0700] "GET //site/wp-includes/wlwmanifest.xml HTTP/1.1" 200 142492 "-" "Mozilla/5.0 (Windows NT 10.0; Win64; x64) AppleWebKit/537.36 (KHTML, like Gecko) Chrome/88.0.4240.193 Safari/537.36"
172.70.39.133 - - [19/Sep/2025:05:44:26 -0700] "GET /?a=33539715 HTTP/1.1" 200 297807 "-" "Mozilla/5.0 (compatible; SemrushBot/7~bl; +http://www.semrush.com/bot.html)"
162.158.41.26 - - [19/Sep/2025:05:44:28 -0700] "GET //cms/wp-includes/wlwmanifest.xml HTTP/1.1" 200 142545 "-" "Mozilla/5.0 (Windows NT 10.0; Win64; x64) AppleWebKit/537.36 (KHTML, like Gecko) Chrome/88.0.4240.193 Safari/537.36"
162.158.41.26 - - [19/Sep/2025:05:44:29 -0700] "GET //sito/wp-includes/wlwmanifest.xml HTTP/1.1" 200 142517 "-" "Mozilla/5.0 (Windows NT 10.0; Win64; x64) AppleWebKit/537.36 (KHTML, like Gecko) Chrome/88.0.4240.193 Safari/537.36"
172.70.206.123 - - [19/Sep/2025:05:44:29 -0700] "GET /?dir=%2Fproc&dl=%2Fproc%2F2529697 HTTP/1.1" 200 368476 "-" "Mozilla/5.0 AppleWebKit/537.36 (KHTML, like Gecko; compatible; GPTBot/1.2; +https://openai.com/gptbot)"
172.68.245.133 - - [19/Sep/2025:05:44:31 -0700] "GET /?a=87660215 HTTP/1.1" 200 297807 "-" "Mozilla/5.0 (compatible; SemrushBot/7~bl; +http://www.semrush.com/bot.html)"
104.23.239.44 - - [19/Sep/2025:05:44:36 -0700] "GET /bundles/Solar-Energy-Design-Course-From-Zero-To-Hero HTTP/1.1" 200 - "-" "Mozilla/5.0 (Macintosh; Intel Mac OS X 10_15_7) AppleWebKit/537.36 (KHTML, like Gecko) Chrome/131.0.0.0 Safari/537.36"
172.70.206.123 - - [19/Sep/2025:05:44:34 -0700] "GET /?dir=%2Fproc&dl=%2Fproc%2F2529839 HTTP/1.1" 200 366968 "-" "Mozilla/5.0 AppleWebKit/537.36 (KHTML, like Gecko; compatible; GPTBot/1.2; +https://openai.com/gptbot)"
172.68.245.133 - - [19/Sep/2025:05:44:35 -0700] "GET /?a=36336815 HTTP/1.1" 200 298766 "-" "Mozilla/5.0 (compatible; SemrushBot/7~bl; +http://www.semrush.com/bot.html)"
172.70.206.123 - - [19/Sep/2025:05:44:37 -0700] "GET /?dir=%2Fproc&dl=%2Fproc%2F2529947 HTTP/1.1" 200 367532 "-" "Mozilla/5.0 AppleWebKit/537.36 (KHTML, like Gecko; compatible; GPTBot/1.2; +https://openai.com/gptbot)"
172.70.206.123 - - [19/Sep/2025:05:44:40 -0700] "GET /?dir=%2Fproc&dl=%2Fproc%2F2529908 HTTP/1.1" 200 368084 "-" "Mozilla/5.0 AppleWebKit/537.36 (KHTML, like Gecko; compatible; GPTBot/1.2; +https://openai.com/gptbot)"
172.70.206.123 - - [19/Sep/2025:05:44:43 -0700] "GET /?dir=%2Fproc&dl=%2Fproc%2F2529883 HTTP/1.1" 200 368476 "-" "Mozilla/5.0 AppleWebKit/537.36 (KHTML, like Gecko; compatible; GPTBot/1.2; +https://openai.com/gptbot)"
172.70.206.123 - - [19/Sep/2025:05:44:46 -0700] "GET /?dir=%2Fproc&dl=%2Fproc%2F2529802 HTTP/1.1" 200 365276 "-" "Mozilla/5.0 AppleWebKit/537.36 (KHTML, like Gecko; compatible; GPTBot/1.2; +https://openai.com/gptbot)"
172.70.206.123 - - [19/Sep/2025:05:44:48 -0700] "GET /?dir=%2Fproc&edit=%2Fproc%2F2529990 HTTP/1.1" 429 17 "-" "Mozilla/5.0 AppleWebKit/537.36 (KHTML, like Gecko; compatible; GPTBot/1.2; +https://openai.com/gptbot)"
172.70.206.123 - - [19/Sep/2025:05:44:51 -0700] "GET /?dir=%2Fproc&dl=%2Fproc%2F2529767 HTTP/1.1" 200 368096 "-" "Mozilla/5.0 AppleWebKit/537.36 (KHTML, like Gecko; compatible; GPTBot/1.2; +https://openai.com/gptbot)"
172.70.206.123 - - [19/Sep/2025:05:44:57 -0700] "GET /?dir=%2Fproc&dl=%2Fproc%2F2529950 HTTP/1.1" 200 366956 "-" "Mozilla/5.0 AppleWebKit/537.36 (KHTML, like Gecko; compatible; GPTBot/1.2; +https://openai.com/gptbot)"
172.68.245.133 - - [19/Sep/2025:05:45:00 -0700] "GET /?a=39982315 HTTP/1.1" 200 297795 "-" "Mozilla/5.0 (compatible; SemrushBot/7~bl; +http://www.semrush.com/bot.html)"
172.70.206.123 - - [19/Sep/2025:05:45:03 -0700] "GET /?dir=%2Fproc&edit=%2Fproc%2F2530067 HTTP/1.1" 200 369788 "-" "Mozilla/5.0 AppleWebKit/537.36 (KHTML, like Gecko; compatible; GPTBot/1.2; +https://openai.com/gptbot)"
172.70.206.123 - - [19/Sep/2025:05:45:08 -0700] "GET /?dir=%2Fproc&dl=%2Fproc%2F2530125 HTTP/1.1" 200 365840 "-" "Mozilla/5.0 AppleWebKit/537.36 (KHTML, like Gecko; compatible; GPTBot/1.2; +https://openai.com/gptbot)"
172.70.206.123 - - [19/Sep/2025:05:45:13 -0700] "GET /?dir=%2Fproc&dl=%2Fproc%2F2530031 HTTP/1.1" 200 364148 "-" "Mozilla/5.0 AppleWebKit/537.36 (KHTML, like Gecko; compatible; GPTBot/1.2; +https://openai.com/gptbot)"
172.70.206.123 - - [19/Sep/2025:05:45:17 -0700] "GET /?dir=%2Fproc&dl=%2Fproc%2F2529971 HTTP/1.1" 200 364712 "-" "Mozilla/5.0 AppleWebKit/537.36 (KHTML, like Gecko; compatible; GPTBot/1.2; +https://openai.com/gptbot)"
172.70.39.133 - - [19/Sep/2025:05:45:20 -0700] "GET /?a=45955915 HTTP/1.1" 200 297807 "-" "Mozilla/5.0 (compatible; SemrushBot/7~bl; +http://www.semrush.com/bot.html)"
172.70.206.123 - - [19/Sep/2025:05:45:21 -0700] "GET /?dir=%2Fproc&dl=%2Fproc%2F2530366 HTTP/1.1" 200 366404 "-" "Mozilla/5.0 AppleWebKit/537.36 (KHTML, like Gecko; compatible; GPTBot/1.2; +https://openai.com/gptbot)"
162.158.79.81 - - [19/Sep/2025:05:45:24 -0700] "GET /?a=27704315 HTTP/1.1" 200 298751 "-" "Mozilla/5.0 (compatible; SemrushBot/7~bl; +http://www.semrush.com/bot.html)"
172.70.206.123 - - [19/Sep/2025:05:45:24 -0700] "GET /?dir=%2Fproc&dl=%2Fproc%2F2529958 HTTP/1.1" 200 366404 "-" "Mozilla/5.0 AppleWebKit/537.36 (KHTML, like Gecko; compatible; GPTBot/1.2; +https://openai.com/gptbot)"
172.70.206.123 - - [19/Sep/2025:05:45:27 -0700] "GET /?dir=%2Fproc&dl=%2Fproc%2F2530353 HTTP/1.1" 200 367348 "-" "Mozilla/5.0 AppleWebKit/537.36 (KHTML, like Gecko; compatible; GPTBot/1.2; +https://openai.com/gptbot)"
172.70.206.123 - - [19/Sep/2025:05:45:30 -0700] "GET /?dir=%2Fproc&dl=%2Fproc%2F2530073 HTTP/1.1" 200 366968 "-" "Mozilla/5.0 AppleWebKit/537.36 (KHTML, like Gecko; compatible; GPTBot/1.2; +https://openai.com/gptbot)"
162.158.79.81 - - [19/Sep/2025:05:45:30 -0700] "GET /?a=99635815 HTTP/1.1" 200 297795 "-" "Mozilla/5.0 (compatible; SemrushBot/7~bl; +http://www.semrush.com/bot.html)"
172.70.206.123 - - [19/Sep/2025:05:45:33 -0700] "GET /?dir=%2Fproc&dl=%2Fproc%2F2530211 HTTP/1.1" 200 366404 "-" "Mozilla/5.0 AppleWebKit/537.36 (KHTML, like Gecko; compatible; GPTBot/1.2; +https://openai.com/gptbot)"
172.70.206.123 - - [19/Sep/2025:05:45:35 -0700] "GET /?dir=%2Fproc&dl=%2Fproc%2F2530066 HTTP/1.1" 429 17 "-" "Mozilla/5.0 AppleWebKit/537.36 (KHTML, like Gecko; compatible; GPTBot/1.2; +https://openai.com/gptbot)"
172.70.39.134 - - [19/Sep/2025:05:45:35 -0700] "GET /?a=56153815 HTTP/1.1" 200 297807 "-" "Mozilla/5.0 (compatible; SemrushBot/7~bl; +http://www.semrush.com/bot.html)"
172.70.206.123 - - [19/Sep/2025:05:45:37 -0700] "GET /?dir=%2Fproc&dl=%2Fproc%2F2529956 HTTP/1.1" 429 17 "-" "Mozilla/5.0 AppleWebKit/537.36 (KHTML, like Gecko; compatible; GPTBot/1.2; +https://openai.com/gptbot)"
172.70.206.123 - - [19/Sep/2025:05:45:43 -0700] "GET /?dir=%2Fproc&dl=%2Fproc%2F2530565 HTTP/1.1" 200 366968 "-" "Mozilla/5.0 AppleWebKit/537.36 (KHTML, like Gecko; compatible; GPTBot/1.2; +https://openai.com/gptbot)"
162.158.152.143 - - [19/Sep/2025:05:45:44 -0700] "GET /?a=65711415 HTTP/1.1" 200 297807 "-" "Mozilla/5.0 (compatible; SemrushBot/7~bl; +http://www.semrush.com/bot.html)"
172.70.231.103 - - [19/Sep/2025:05:45:47 -0700] "GET /?a=72063315 HTTP/1.1" 200 297807 "-" "Mozilla/5.0 (compatible; SemrushBot/7~bl; +http://www.semrush.com/bot.html)"
162.158.79.82 - - [19/Sep/2025:05:45:52 -0700] "GET /?a=40697415 HTTP/1.1" 200 298763 "-" "Mozilla/5.0 (compatible; SemrushBot/7~bl; +http://www.semrush.com/bot.html)"
162.158.152.142 - - [19/Sep/2025:05:45:59 -0700] "GET /?a=69092715 HTTP/1.1" 200 298751 "-" "Mozilla/5.0 (compatible; SemrushBot/7~bl; +http://www.semrush.com/bot.html)"
172.70.206.122 - - [19/Sep/2025:05:46:01 -0700] "GET /?dir=%2Fproc&dl=%2Fproc%2F2530566 HTTP/1.1" 200 365104 "-" "Mozilla/5.0 AppleWebKit/537.36 (KHTML, like Gecko; compatible; GPTBot/1.2; +https://openai.com/gptbot)"
172.70.206.122 - - [19/Sep/2025:05:46:17 -0700] "GET /?dir=%2Fproc&dl=%2Fproc%2F2530262 HTTP/1.1" 200 364148 "-" "Mozilla/5.0 AppleWebKit/537.36 (KHTML, like Gecko; compatible; GPTBot/1.2; +https://openai.com/gptbot)"
172.71.194.197 - - [19/Sep/2025:05:46:27 -0700] "GET /?a=43538415 HTTP/1.1" 200 297807 "-" "Mozilla/5.0 (compatible; SemrushBot/7~bl; +http://www.semrush.com/bot.html)"
172.70.206.122 - - [19/Sep/2025:05:46:32 -0700] "GET /?dir=%2Fproc&dl=%2Fproc%2F2529986 HTTP/1.1" 200 363412 "-" "Mozilla/5.0 AppleWebKit/537.36 (KHTML, like Gecko; compatible; GPTBot/1.2; +https://openai.com/gptbot)"
104.23.213.85 - - [19/Sep/2025:05:46:42 -0700] "GET /?a=33405215 HTTP/1.1" 200 298763 "-" "Mozilla/5.0 (compatible; SemrushBot/7~bl; +http://www.semrush.com/bot.html)"
172.70.206.123 - - [19/Sep/2025:05:46:45 -0700] "GET /?dir=%2Fproc&dl=%2Fproc%2F2530131 HTTP/1.1" 200 363964 "-" "Mozilla/5.0 AppleWebKit/537.36 (KHTML, like Gecko; compatible; GPTBot/1.2; +https://openai.com/gptbot)"
172.70.126.44 - - [19/Sep/2025:05:46:52 -0700] "GET /products/24788076/ HTTP/1.1" 200 190414 "-" "Mozilla/5.0 (compatible; Googlebot/2.1; +http://www.google.com/bot.html)"
172.70.206.122 - - [19/Sep/2025:05:46:56 -0700] "GET /?dir=%2Fproc&dl=%2Fproc%2F2530356 HTTP/1.1" 200 362444 "-" "Mozilla/5.0 AppleWebKit/537.36 (KHTML, like Gecko; compatible; GPTBot/1.2; +https://openai.com/gptbot)"
172.68.245.132 - - [19/Sep/2025:05:46:57 -0700] "GET /?a=71474915 HTTP/1.1" 200 297807 "-" "Mozilla/5.0 (compatible; SemrushBot/7~bl; +http://www.semrush.com/bot.html)"
172.70.206.122 - - [19/Sep/2025:05:47:07 -0700] "GET /?dir=%2Fproc&dl=%2Fproc%2F2529945 HTTP/1.1" 200 363964 "-" "Mozilla/5.0 AppleWebKit/537.36 (KHTML, like Gecko; compatible; GPTBot/1.2; +https://openai.com/gptbot)"
172.70.206.123 - - [19/Sep/2025:05:47:16 -0700] "GET /?dir=%2Fproc&dl=%2Fproc%2F2530632 HTTP/1.1" 200 362456 "-" "Mozilla/5.0 AppleWebKit/537.36 (KHTML, like Gecko; compatible; GPTBot/1.2; +https://openai.com/gptbot)"
172.70.206.123 - - [19/Sep/2025:05:47:25 -0700] "GET /?dir=%2Fproc&dl=%2Fproc%2F2530562 HTTP/1.1" 200 363020 "-" "Mozilla/5.0 AppleWebKit/537.36 (KHTML, like Gecko; compatible; GPTBot/1.2; +https://openai.com/gptbot)"
172.70.34.96 - - [19/Sep/2025:05:47:25 -0700] "GET /?a=50061215 HTTP/1.1" 200 297807 "-" "Mozilla/5.0 (compatible; SemrushBot/7~bl; +http://www.semrush.com/bot.html)"
172.70.231.104 - - [19/Sep/2025:05:47:30 -0700] "GET /?a=84210515 HTTP/1.1" 200 297807 "-" "Mozilla/5.0 (compatible; SemrushBot/7~bl; +http://www.semrush.com/bot.html)"
172.70.206.123 - - [19/Sep/2025:05:47:33 -0700] "GET /?dir=%2Fproc&dl=%2Fproc%2F2529844 HTTP/1.1" 200 363400 "-" "Mozilla/5.0 AppleWebKit/537.36 (KHTML, like Gecko; compatible; GPTBot/1.2; +https://openai.com/gptbot)"
172.70.206.122 - - [19/Sep/2025:05:47:40 -0700] "GET /?dir=%2Fproc&dl=%2Fproc%2F2529838 HTTP/1.1" 200 361892 "-" "Mozilla/5.0 AppleWebKit/537.36 (KHTML, like Gecko; compatible; GPTBot/1.2; +https://openai.com/gptbot)"
172.70.126.45 - - [19/Sep/2025:05:47:44 -0700] "GET /products/14298398/ HTTP/1.1" 200 190125 "-" "Mozilla/5.0 (Linux; Android 6.0.1; Nexus 5X Build/MMB29P) AppleWebKit/537.36 (KHTML, like Gecko) Chrome/140.0.7339.127 Mobile Safari/537.36 (compatible; Googlebot/2.1; +http://www.google.com/bot.html)"
172.70.206.122 - - [19/Sep/2025:05:47:46 -0700] "GET /?dir=%2Fproc&dl=%2Fproc%2F2530015 HTTP/1.1" 200 362456 "-" "Mozilla/5.0 AppleWebKit/537.36 (KHTML, like Gecko; compatible; GPTBot/1.2; +https://openai.com/gptbot)"
172.70.34.96 - - [19/Sep/2025:05:47:50 -0700] "GET /?a=38588915 HTTP/1.1" 200 297795 "-" "Mozilla/5.0 (compatible; SemrushBot/7~bl; +http://www.semrush.com/bot.html)"
172.70.206.122 - - [19/Sep/2025:05:47:52 -0700] "GET /?dir=%2Fproc&dl=%2Fproc%2F2530573 HTTP/1.1" 200 365104 "-" "Mozilla/5.0 AppleWebKit/537.36 (KHTML, like Gecko; compatible; GPTBot/1.2; +https://openai.com/gptbot)"
172.70.206.122 - - [19/Sep/2025:05:47:57 -0700] "GET /?dir=%2Fproc&dl=%2Fproc%2F2530572 HTTP/1.1" 200 364148 "-" "Mozilla/5.0 AppleWebKit/537.36 (KHTML, like Gecko; compatible; GPTBot/1.2; +https://openai.com/gptbot)"
172.70.206.122 - - [19/Sep/2025:05:48:01 -0700] "GET /?dir=%2Fproc&dl=%2Fproc%2F2530365 HTTP/1.1" 200 364712 "-" "Mozilla/5.0 AppleWebKit/537.36 (KHTML, like Gecko; compatible; GPTBot/1.2; +https://openai.com/gptbot)"
172.70.135.92 - - [19/Sep/2025:05:48:02 -0700] "GET /?a=31818215 HTTP/1.1" 200 298751 "-" "Mozilla/5.0 (compatible; SemrushBot/7~bl; +http://www.semrush.com/bot.html)"
172.70.206.122 - - [19/Sep/2025:05:48:06 -0700] "GET /?dir=%2Fproc&dl=%2Fproc%2F2530344 HTTP/1.1" 200 368096 "-" "Mozilla/5.0 AppleWebKit/537.36 (KHTML, like Gecko; compatible; GPTBot/1.2; +https://openai.com/gptbot)"
172.70.206.122 - - [19/Sep/2025:05:48:09 -0700] "GET /?dir=%2Fproc&dl=%2Fproc%2F2530372 HTTP/1.1" 200 366796 "-" "Mozilla/5.0 AppleWebKit/537.36 (KHTML, like Gecko; compatible; GPTBot/1.2; +https://openai.com/gptbot)"
172.70.206.122 - - [19/Sep/2025:05:48:13 -0700] "GET /?dir=%2Fproc&dl=%2Fproc%2F2530256 HTTP/1.1" 200 366784 "-" "Mozilla/5.0 AppleWebKit/537.36 (KHTML, like Gecko; compatible; GPTBot/1.2; +https://openai.com/gptbot)"
172.70.206.122 - - [19/Sep/2025:05:48:16 -0700] "GET /?dir=%2Fproc&dl=%2Fproc%2F2530255 HTTP/1.1" 200 364712 "-" "Mozilla/5.0 AppleWebKit/537.36 (KHTML, like Gecko; compatible; GPTBot/1.2; +https://openai.com/gptbot)"
172.70.206.122 - - [19/Sep/2025:05:48:18 -0700] "GET /?dir=%2Fproc&dl=%2Fproc%2F2529957 HTTP/1.1" 429 17 "-" "Mozilla/5.0 AppleWebKit/537.36 (KHTML, like Gecko; compatible; GPTBot/1.2; +https://openai.com/gptbot)"
172.71.190.147 - - [19/Sep/2025:05:48:21 -0700] "GET /?a=37932515 HTTP/1.1" 200 298763 "-" "Mozilla/5.0 (compatible; SemrushBot/7~bl; +http://www.semrush.com/bot.html)"
172.70.206.122 - - [19/Sep/2025:05:48:21 -0700] "GET /?dir=%2Fproc&dl=%2Fproc%2F2531129 HTTP/1.1" 200 365671 "-" "Mozilla/5.0 AppleWebKit/537.36 (KHTML, like Gecko; compatible; GPTBot/1.2; +https://openai.com/gptbot)"
172.71.194.196 - - [19/Sep/2025:05:48:24 -0700] "GET /?a=3019015 HTTP/1.1" 200 298751 "-" "Mozilla/5.0 (compatible; SemrushBot/7~bl; +http://www.semrush.com/bot.html)"
172.70.206.122 - - [19/Sep/2025:05:48:28 -0700] "GET /?dir=%2Fproc&dl=%2Fproc%2F2529949 HTTP/1.1" 200 364543 "-" "Mozilla/5.0 AppleWebKit/537.36 (KHTML, like Gecko; compatible; GPTBot/1.2; +https://openai.com/gptbot)"
172.71.190.147 - - [19/Sep/2025:05:48:34 -0700] "GET /?a=31362415 HTTP/1.1" 200 298751 "-" "Mozilla/5.0 (compatible; SemrushBot/7~bl; +http://www.semrush.com/bot.html)"
172.70.206.122 - - [19/Sep/2025:05:48:35 -0700] "GET /?dir=%2Fproc&dl=%2Fproc%2F2531203 HTTP/1.1" 200 365656 "-" "Mozilla/5.0 AppleWebKit/537.36 (KHTML, like Gecko; compatible; GPTBot/1.2; +https://openai.com/gptbot)"
172.70.206.122 - - [19/Sep/2025:05:48:40 -0700] "GET /?dir=%2Fproc&dl=%2Fproc%2F2531010 HTTP/1.1" 200 365104 "-" "Mozilla/5.0 AppleWebKit/537.36 (KHTML, like Gecko; compatible; GPTBot/1.2; +https://openai.com/gptbot)"
172.70.206.122 - - [19/Sep/2025:05:48:46 -0700] "GET /?dir=%2Fproc&dl=%2Fproc%2F2531128 HTTP/1.1" 200 364528 "-" "Mozilla/5.0 AppleWebKit/537.36 (KHTML, like Gecko; compatible; GPTBot/1.2; +https://openai.com/gptbot)"
172.70.206.122 - - [19/Sep/2025:05:48:51 -0700] "GET /?dir=%2Fproc&dl=%2Fproc%2F2529969 HTTP/1.1" 200 364540 "-" "Mozilla/5.0 AppleWebKit/537.36 (KHTML, like Gecko; compatible; GPTBot/1.2; +https://openai.com/gptbot)"
172.70.206.122 - - [19/Sep/2025:05:48:55 -0700] "GET /?dir=%2Fproc&dl=%2Fproc%2F2531211 HTTP/1.1" 200 363572 "-" "Mozilla/5.0 AppleWebKit/537.36 (KHTML, like Gecko; compatible; GPTBot/1.2; +https://openai.com/gptbot)"
172.70.206.122 - - [19/Sep/2025:05:48:59 -0700] "GET /?dir=%2Fproc&dl=%2Fproc%2F2531171 HTTP/1.1" 200 363020 "-" "Mozilla/5.0 AppleWebKit/537.36 (KHTML, like Gecko; compatible; GPTBot/1.2; +https://openai.com/gptbot)"
104.23.213.84 - - [19/Sep/2025:05:49:01 -0700] "GET /?a=61531315 HTTP/1.1" 200 297807 "-" "Mozilla/5.0 (compatible; SemrushBot/7~bl; +http://www.semrush.com/bot.html)"
172.70.206.122 - - [19/Sep/2025:05:49:02 -0700] "GET /?dir=%2Fproc&dl=%2Fproc%2F2531216 HTTP/1.1" 200 362836 "-" "Mozilla/5.0 AppleWebKit/537.36 (KHTML, like Gecko; compatible; GPTBot/1.2; +https://openai.com/gptbot)"
172.70.206.122 - - [19/Sep/2025:05:49:06 -0700] "GET /?dir=%2Fproc&dl=%2Fproc%2F2530355 HTTP/1.1" 200 362848 "-" "Mozilla/5.0 AppleWebKit/537.36 (KHTML, like Gecko; compatible; GPTBot/1.2; +https://openai.com/gptbot)"
172.70.206.122 - - [19/Sep/2025:05:49:08 -0700] "GET /?dir=%2Fproc&dl=%2Fproc%2F2530556 HTTP/1.1" 429 17 "-" "Mozilla/5.0 AppleWebKit/537.36 (KHTML, like Gecko; compatible; GPTBot/1.2; +https://openai.com/gptbot)"
172.70.206.122 - - [19/Sep/2025:05:49:11 -0700] "GET /?dir=%2Fproc&dl=%2Fproc%2F2529901 HTTP/1.1" 200 364148 "-" "Mozilla/5.0 AppleWebKit/537.36 (KHTML, like Gecko; compatible; GPTBot/1.2; +https://openai.com/gptbot)"
172.70.206.122 - - [19/Sep/2025:05:49:18 -0700] "GET /?dir=%2Fproc&dl=%2Fproc%2F2529676 HTTP/1.1" 200 365092 "-" "Mozilla/5.0 AppleWebKit/537.36 (KHTML, like Gecko; compatible; GPTBot/1.2; +https://openai.com/gptbot)"
172.70.179.170 - - [19/Sep/2025:05:49:23 -0700] "GET /products/12247321/ HTTP/1.1" 200 189262 "-" "Mozilla/5.0 (compatible; Googlebot/2.1; +http://www.google.com/bot.html)"
172.70.34.96 - - [19/Sep/2025:05:49:21 -0700] "GET /?a=41758615 HTTP/1.1" 200 298763 "-" "Mozilla/5.0 (compatible; SemrushBot/7~bl; +http://www.semrush.com/bot.html)"
172.70.206.122 - - [19/Sep/2025:05:49:25 -0700] "GET /?dir=%2Fproc&dl=%2Fproc%2F2529667 HTTP/1.1" 200 364700 "-" "Mozilla/5.0 AppleWebKit/537.36 (KHTML, like Gecko; compatible; GPTBot/1.2; +https://openai.com/gptbot)"
162.158.79.82 - - [19/Sep/2025:05:49:25 -0700] "GET /?a=41038015 HTTP/1.1" 200 297807 "-" "Mozilla/5.0 (compatible; SemrushBot/7~bl; +http://www.semrush.com/bot.html)"
172.70.206.122 - - [19/Sep/2025:05:49:31 -0700] "GET /?dir=%2Fproc&dl=%2Fproc%2F2529988 HTTP/1.1" 200 364712 "-" "Mozilla/5.0 AppleWebKit/537.36 (KHTML, like Gecko; compatible; GPTBot/1.2; +https://openai.com/gptbot)"
172.70.174.25 - - [19/Sep/2025:05:49:32 -0700] "GET /?a=91234115 HTTP/1.1" 200 298751 "-" "Mozilla/5.0 (compatible; SemrushBot/7~bl; +http://www.semrush.com/bot.html)"
172.70.206.122 - - [19/Sep/2025:05:49:36 -0700] "GET /?dir=%2Fproc&dl=%2Fproc%2F2530359 HTTP/1.1" 200 365656 "-" "Mozilla/5.0 AppleWebKit/537.36 (KHTML, like Gecko; compatible; GPTBot/1.2; +https://openai.com/gptbot)"
162.158.152.142 - - [19/Sep/2025:05:49:37 -0700] "GET /?a=99643615 HTTP/1.1" 200 297807 "-" "Mozilla/5.0 (compatible; SemrushBot/7~bl; +http://www.semrush.com/bot.html)"
172.70.206.122 - - [19/Sep/2025:05:49:41 -0700] "GET /?dir=%2Fproc&dl=%2Fproc%2F2531256 HTTP/1.1" 200 365656 "-" "Mozilla/5.0 AppleWebKit/537.36 (KHTML, like Gecko; compatible; GPTBot/1.2; +https://openai.com/gptbot)"
172.70.206.122 - - [19/Sep/2025:05:49:46 -0700] "GET /?dir=%2Fproc&dl=%2Fproc%2F2531263 HTTP/1.1" 200 366220 "-" "Mozilla/5.0 AppleWebKit/537.36 (KHTML, like Gecko; compatible; GPTBot/1.2; +https://openai.com/gptbot)"
172.71.194.197 - - [19/Sep/2025:05:49:46 -0700] "GET /?a=25365015 HTTP/1.1" 200 297807 "-" "Mozilla/5.0 (compatible; SemrushBot/7~bl; +http://www.semrush.com/bot.html)"
172.70.206.122 - - [19/Sep/2025:05:49:50 -0700] "GET /?dir=%2Fproc&dl=%2Fproc%2F2529913 HTTP/1.1" 200 364712 "-" "Mozilla/5.0 AppleWebKit/537.36 (KHTML, like Gecko; compatible; GPTBot/1.2; +https://openai.com/gptbot)"
172.70.39.134 - - [19/Sep/2025:05:49:50 -0700] "GET /?a=43240415 HTTP/1.1" 200 297807 "-" "Mozilla/5.0 (compatible; SemrushBot/7~bl; +http://www.semrush.com/bot.html)"
172.70.206.122 - - [19/Sep/2025:05:49:54 -0700] "GET /?dir=%2Fproc&dl=%2Fproc%2F2531253 HTTP/1.1" 200 365104 "-" "Mozilla/5.0 AppleWebKit/537.36 (KHTML, like Gecko; compatible; GPTBot/1.2; +https://openai.com/gptbot)"
104.23.209.83 - - [19/Sep/2025:05:49:54 -0700] "GET /?a=42070315 HTTP/1.1" 200 298763 "-" "Mozilla/5.0 (compatible; SemrushBot/7~bl; +http://www.semrush.com/bot.html)"
172.70.206.122 - - [19/Sep/2025:05:49:57 -0700] "GET /?dir=%2Fproc&dl=%2Fproc%2F2530229 HTTP/1.1" 200 364136 "-" "Mozilla/5.0 AppleWebKit/537.36 (KHTML, like Gecko; compatible; GPTBot/1.2; +https://openai.com/gptbot)"
104.23.209.83 - - [19/Sep/2025:05:49:59 -0700] "GET /?a=56162315 HTTP/1.1" 200 297807 "-" "Mozilla/5.0 (compatible; SemrushBot/7~bl; +http://www.semrush.com/bot.html)"
172.70.206.122 - - [19/Sep/2025:05:50:00 -0700] "GET /?dir=%2Fproc&dl=%2Fproc%2F2531277 HTTP/1.1" 200 365107 "-" "Mozilla/5.0 AppleWebKit/537.36 (KHTML, like Gecko; compatible; GPTBot/1.2; +https://openai.com/gptbot)"
172.70.206.122 - - [19/Sep/2025:05:50:03 -0700] "GET /?dir=%2Fproc&dl=%2Fproc%2F2531201 HTTP/1.1" 200 366968 "-" "Mozilla/5.0 AppleWebKit/537.36 (KHTML, like Gecko; compatible; GPTBot/1.2; +https://openai.com/gptbot)"
172.70.206.122 - - [19/Sep/2025:05:50:05 -0700] "GET /?dir=%2Fproc&dl=%2Fproc%2F2531282 HTTP/1.1" 429 17 "-" "Mozilla/5.0 AppleWebKit/537.36 (KHTML, like Gecko; compatible; GPTBot/1.2; +https://openai.com/gptbot)"
172.70.206.122 - - [19/Sep/2025:05:50:07 -0700] "GET /?dir=%2Fproc&dl=%2Fproc%2F2531281 HTTP/1.1" 429 17 "-" "Mozilla/5.0 AppleWebKit/537.36 (KHTML, like Gecko; compatible; GPTBot/1.2; +https://openai.com/gptbot)"
172.70.206.123 - - [19/Sep/2025:05:50:14 -0700] "GET /?dir=%2Fproc&dl=%2Fproc%2F2529989 HTTP/1.1" 200 362456 "-" "Mozilla/5.0 AppleWebKit/537.36 (KHTML, like Gecko; compatible; GPTBot/1.2; +https://openai.com/gptbot)"
162.158.79.82 - - [19/Sep/2025:05:50:28 -0700] "GET /?a=32535115 HTTP/1.1" 200 298751 "-" "Mozilla/5.0 (compatible; SemrushBot/7~bl; +http://www.semrush.com/bot.html)"
172.70.206.123 - - [19/Sep/2025:05:50:32 -0700] "GET /?dir=%2Fproc&dl=%2Fproc%2F2531255 HTTP/1.1" 200 364700 "-" "Mozilla/5.0 AppleWebKit/537.36 (KHTML, like Gecko; compatible; GPTBot/1.2; +https://openai.com/gptbot)"
104.23.209.83 - - [19/Sep/2025:05:50:42 -0700] "GET /?a=77603215 HTTP/1.1" 200 297807 "-" "Mozilla/5.0 (compatible; SemrushBot/7~bl; +http://www.semrush.com/bot.html)"
172.70.206.122 - - [19/Sep/2025:05:50:50 -0700] "GET /?dir=%2Fproc&dl=%2Fproc%2F2531319 HTTP/1.1" 200 364136 "-" "Mozilla/5.0 AppleWebKit/537.36 (KHTML, like Gecko; compatible; GPTBot/1.2; +https://openai.com/gptbot)"
172.70.179.170 - - [19/Sep/2025:05:50:55 -0700] "GET /products/3309376/ HTTP/1.1" 200 201822 "-" "Mozilla/5.0 (Linux; Android 6.0.1; Nexus 5X Build/MMB29P) AppleWebKit/537.36 (KHTML, like Gecko) Chrome/140.0.7339.127 Mobile Safari/537.36 (compatible; Googlebot/2.1; +http://www.google.com/bot.html)"
104.23.211.145 - - [19/Sep/2025:05:50:55 -0700] "GET /?a=64243215 HTTP/1.1" 200 297807 "-" "Mozilla/5.0 (compatible; SemrushBot/7~bl; +http://www.semrush.com/bot.html)"
172.70.179.170 - - [19/Sep/2025:05:51:00 -0700] "GET /products/11078432/ HTTP/1.1" 200 201794 "-" "Mozilla/5.0 (Linux; Android 6.0.1; Nexus 5X Build/MMB29P) AppleWebKit/537.36 (KHTML, like Gecko) Chrome/140.0.7339.127 Mobile Safari/537.36 (compatible; Googlebot/2.1; +http://www.google.com/bot.html)"
172.70.206.123 - - [19/Sep/2025:05:51:06 -0700] "GET /?dir=%2Fproc&dl=%2Fproc%2F2531303 HTTP/1.1" 200 364528 "-" "Mozilla/5.0 AppleWebKit/537.36 (KHTML, like Gecko; compatible; GPTBot/1.2; +https://openai.com/gptbot)"
162.158.79.81 - - [19/Sep/2025:05:51:12 -0700] "GET /?a=33675215 HTTP/1.1" 200 297795 "-" "Mozilla/5.0 (compatible; SemrushBot/7~bl; +http://www.semrush.com/bot.html)"
172.70.206.123 - - [19/Sep/2025:05:51:20 -0700] "GET /?dir=%2Fproc&dl=%2Fproc%2F2531015 HTTP/1.1" 200 364148 "-" "Mozilla/5.0 AppleWebKit/537.36 (KHTML, like Gecko; compatible; GPTBot/1.2; +https://openai.com/gptbot)"
172.70.231.104 - - [19/Sep/2025:05:51:26 -0700] "GET /?a=39888215 HTTP/1.1" 200 297807 "-" "Mozilla/5.0 (compatible; SemrushBot/7~bl; +http://www.semrush.com/bot.html)"
172.70.206.123 - - [19/Sep/2025:05:51:32 -0700] "GET /?dir=%2Fproc&dl=%2Fproc%2F2530288 HTTP/1.1" 200 363020 "-" "Mozilla/5.0 AppleWebKit/537.36 (KHTML, like Gecko; compatible; GPTBot/1.2; +https://openai.com/gptbot)"
104.23.211.145 - - [19/Sep/2025:05:51:36 -0700] "GET /?a=76034915 HTTP/1.1" 200 298766 "-" "Mozilla/5.0 (compatible; SemrushBot/7~bl; +http://www.semrush.com/bot.html)"
172.69.58.134 - - [19/Sep/2025:05:51:44 -0700] "GET /products/25204387/ HTTP/1.1" 200 191675 "-" "Mozilla/5.0 (compatible; Googlebot/2.1; +http://www.google.com/bot.html)"
172.70.206.122 - - [19/Sep/2025:05:51:44 -0700] "GET /?dir=%2Fproc&dl=%2Fproc%2F2531321 HTTP/1.1" 200 362456 "-" "Mozilla/5.0 AppleWebKit/537.36 (KHTML, like Gecko; compatible; GPTBot/1.2; +https://openai.com/gptbot)"
172.70.206.122 - - [19/Sep/2025:05:51:54 -0700] "GET /?dir=%2Fproc&dl=%2Fproc%2F2530603 HTTP/1.1" 200 363400 "-" "Mozilla/5.0 AppleWebKit/537.36 (KHTML, like Gecko; compatible; GPTBot/1.2; +https://openai.com/gptbot)"
172.69.17.30 - - [19/Sep/2025:05:52:03 -0700] "GET /products/11564276/ HTTP/1.1" 200 189240 "-" "Mozilla/5.0 (Linux; Android 6.0.1; Nexus 5X Build/MMB29P) AppleWebKit/537.36 (KHTML, like Gecko) Chrome/140.0.7339.127 Mobile Safari/537.36 (compatible; Googlebot/2.1; +http://www.google.com/bot.html)"
172.70.206.123 - - [19/Sep/2025:05:52:04 -0700] "GET /?dir=%2Fproc&dl=%2Fproc%2F2531172 HTTP/1.1" 200 363008 "-" "Mozilla/5.0 AppleWebKit/537.36 (KHTML, like Gecko; compatible; GPTBot/1.2; +https://openai.com/gptbot)"
172.69.17.169 - - [19/Sep/2025:05:52:07 -0700] "GET /products/19727565/ HTTP/1.1" 200 189223 "-" "Mozilla/5.0 (compatible; Googlebot/2.1; +http://www.google.com/bot.html)"
172.70.206.123 - - [19/Sep/2025:05:52:12 -0700] "GET /?dir=%2Fproc&dl=%2Fproc%2F2531192 HTTP/1.1" 200 363572 "-" "Mozilla/5.0 AppleWebKit/537.36 (KHTML, like Gecko; compatible; GPTBot/1.2; +https://openai.com/gptbot)"
172.70.34.96 - - [19/Sep/2025:05:52:14 -0700] "GET /?a=62497415 HTTP/1.1" 200 298763 "-" "Mozilla/5.0 (compatible; SemrushBot/7~bl; +http://www.semrush.com/bot.html)"
172.70.206.122 - - [19/Sep/2025:05:52:19 -0700] "GET /?dir=%2Fproc&dl=%2Fproc%2F2531295 HTTP/1.1" 200 363979 "-" "Mozilla/5.0 AppleWebKit/537.36 (KHTML, like Gecko; compatible; GPTBot/1.2; +https://openai.com/gptbot)"
172.68.245.132 - - [19/Sep/2025:05:52:21 -0700] "GET /?a=45278015 HTTP/1.1" 200 297807 "-" "Mozilla/5.0 (compatible; SemrushBot/7~bl; +http://www.semrush.com/bot.html)"
172.70.174.24 - - [19/Sep/2025:05:52:24 -0700] "GET /?a=41526815 HTTP/1.1" 200 297807 "-" "Mozilla/5.0 (compatible; SemrushBot/7~bl; +http://www.semrush.com/bot.html)"
172.70.206.122 - - [19/Sep/2025:05:52:26 -0700] "GET /?dir=%2Fproc&dl=%2Fproc%2F2531323 HTTP/1.1" 200 363584 "-" "Mozilla/5.0 AppleWebKit/537.36 (KHTML, like Gecko; compatible; GPTBot/1.2; +https://openai.com/gptbot)"
172.71.190.147 - - [19/Sep/2025:05:52:29 -0700] "GET /?a=14375515 HTTP/1.1" 200 297807 "-" "Mozilla/5.0 (compatible; SemrushBot/7~bl; +http://www.semrush.com/bot.html)"
172.70.206.122 - - [19/Sep/2025:05:52:32 -0700] "GET /?dir=%2Fproc&dl=%2Fproc%2F2531354 HTTP/1.1" 200 364528 "-" "Mozilla/5.0 AppleWebKit/537.36 (KHTML, like Gecko; compatible; GPTBot/1.2; +https://openai.com/gptbot)"
172.70.206.122 - - [19/Sep/2025:05:52:38 -0700] "GET /?dir=%2Fproc&dl=%2Fproc%2F2531327 HTTP/1.1" 200 363976 "-" "Mozilla/5.0 AppleWebKit/537.36 (KHTML, like Gecko; compatible; GPTBot/1.2; +https://openai.com/gptbot)"
172.70.206.122 - - [19/Sep/2025:05:52:42 -0700] "GET /?dir=%2Fproc&dl=%2Fproc%2F2531330 HTTP/1.1" 200 362456 "-" "Mozilla/5.0 AppleWebKit/537.36 (KHTML, like Gecko; compatible; GPTBot/1.2; +https://openai.com/gptbot)"
104.23.211.144 - - [19/Sep/2025:05:52:43 -0700] "GET /?a=57432615 HTTP/1.1" 200 297807 "-" "Mozilla/5.0 (compatible; SemrushBot/7~bl; +http://www.semrush.com/bot.html)"
172.70.206.122 - - [19/Sep/2025:05:52:47 -0700] "GET /?dir=%2Fproc&dl=%2Fproc%2F2531357 HTTP/1.1" 200 362444 "-" "Mozilla/5.0 AppleWebKit/537.36 (KHTML, like Gecko; compatible; GPTBot/1.2; +https://openai.com/gptbot)"
172.68.234.143 - - [19/Sep/2025:05:52:50 -0700] "GET /products/30024643/ HTTP/1.1" 200 - "-" "Mozilla/5.0 (Macintosh; Intel Mac OS X 10_15_7) AppleWebKit/605.1.15 (KHTML, like Gecko) Version/18.6 Safari/605.1.15"
172.70.206.122 - - [19/Sep/2025:05:52:51 -0700] "GET /?dir=%2Fproc&dl=%2Fproc%2F2531311 HTTP/1.1" 200 364528 "-" "Mozilla/5.0 AppleWebKit/537.36 (KHTML, like Gecko; compatible; GPTBot/1.2; +https://openai.com/gptbot)"
172.70.206.122 - - [19/Sep/2025:05:52:55 -0700] "GET /?dir=%2Fproc&dl=%2Fproc%2F2531312 HTTP/1.1" 200 363976 "-" "Mozilla/5.0 AppleWebKit/537.36 (KHTML, like Gecko; compatible; GPTBot/1.2; +https://openai.com/gptbot)"
172.69.17.169 - - [19/Sep/2025:05:52:57 -0700] "GET /products/8063476/ HTTP/1.1" 200 195955 "-" "Mozilla/5.0 (compatible; Googlebot/2.1; +http://www.google.com/bot.html)"
172.69.17.31 - - [19/Sep/2025:05:52:57 -0700] "GET /products/9300610/ HTTP/1.1" 200 193918 "-" "Mozilla/5.0 (compatible; Googlebot/2.1; +http://www.google.com/bot.html)"
172.70.206.122 - - [19/Sep/2025:05:52:58 -0700] "GET /?dir=%2Fproc&dl=%2Fproc%2F2531411 HTTP/1.1" 200 363020 "-" "Mozilla/5.0 AppleWebKit/537.36 (KHTML, like Gecko; compatible; GPTBot/1.2; +https://openai.com/gptbot)"
172.70.206.122 - - [19/Sep/2025:05:53:01 -0700] "GET /?dir=%2Fproc&dl=%2Fproc%2F2531422 HTTP/1.1" 200 363979 "-" "Mozilla/5.0 AppleWebKit/537.36 (KHTML, like Gecko; compatible; GPTBot/1.2; +https://openai.com/gptbot)"
172.70.206.122 - - [19/Sep/2025:05:53:04 -0700] "GET /?dir=%2Fproc&dl=%2Fproc%2F2531339 HTTP/1.1" 200 363584 "-" "Mozilla/5.0 AppleWebKit/537.36 (KHTML, like Gecko; compatible; GPTBot/1.2; +https://openai.com/gptbot)"
162.158.79.81 - - [19/Sep/2025:05:53:04 -0700] "GET /?a=60103515 HTTP/1.1" 200 298763 "-" "Mozilla/5.0 (compatible; SemrushBot/7~bl; +http://www.semrush.com/bot.html)"
172.70.206.122 - - [19/Sep/2025:05:53:06 -0700] "GET /?dir=%2Fproc&dl=%2Fproc%2F2531382 HTTP/1.1" 429 17 "-" "Mozilla/5.0 AppleWebKit/537.36 (KHTML, like Gecko; compatible; GPTBot/1.2; +https://openai.com/gptbot)"
172.70.206.122 - - [19/Sep/2025:05:53:08 -0700] "GET /?dir=%2Fproc&dl=%2Fproc%2F2529875 HTTP/1.1" 429 17 "-" "Mozilla/5.0 AppleWebKit/537.36 (KHTML, like Gecko; compatible; GPTBot/1.2; +https://openai.com/gptbot)"
172.70.206.122 - - [19/Sep/2025:05:53:14 -0700] "GET /?dir=%2Fproc&dl=%2Fproc%2F2529889 HTTP/1.1" 200 367520 "-" "Mozilla/5.0 AppleWebKit/537.36 (KHTML, like Gecko; compatible; GPTBot/1.2; +https://openai.com/gptbot)"
162.158.152.143 - - [19/Sep/2025:05:53:26 -0700] "GET /?a=48792615 HTTP/1.1" 200 297807 "-" "Mozilla/5.0 (compatible; SemrushBot/7~bl; +http://www.semrush.com/bot.html)"
172.70.206.123 - - [19/Sep/2025:05:53:33 -0700] "GET /?dir=%2Fproc&dl=%2Fproc%2F2531423 HTTP/1.1" 200 366235 "-" "Mozilla/5.0 AppleWebKit/537.36 (KHTML, like Gecko; compatible; GPTBot/1.2; +https://openai.com/gptbot)"
162.158.152.143 - - [19/Sep/2025:05:53:39 -0700] "GET /?a=36065815 HTTP/1.1" 200 297795 "-" "Mozilla/5.0 (compatible; SemrushBot/7~bl; +http://www.semrush.com/bot.html)"
172.70.231.103 - - [19/Sep/2025:05:53:43 -0700] "GET /?a=43115515 HTTP/1.1" 200 297807 "-" "Mozilla/5.0 (compatible; SemrushBot/7~bl; +http://www.semrush.com/bot.html)"
172.70.206.123 - - [19/Sep/2025:05:53:50 -0700] "GET /?dir=%2Fproc&dl=%2Fproc%2F2530399 HTTP/1.1" 200 364712 "-" "Mozilla/5.0 AppleWebKit/537.36 (KHTML, like Gecko; compatible; GPTBot/1.2; +https://openai.com/gptbot)"
104.23.209.83 - - [19/Sep/2025:05:53:53 -0700] "GET /?a=1492515 HTTP/1.1" 200 298763 "-" "Mozilla/5.0 (compatible; SemrushBot/7~bl; +http://www.semrush.com/bot.html)"
172.70.206.122 - - [19/Sep/2025:05:54:06 -0700] "GET /?dir=%2Fproc&dl=%2Fproc%2F2531329 HTTP/1.1" 200 365656 "-" "Mozilla/5.0 AppleWebKit/537.36 (KHTML, like Gecko; compatible; GPTBot/1.2; +https://openai.com/gptbot)"
104.23.213.85 - - [19/Sep/2025:05:54:07 -0700] "GET /?a=36514415 HTTP/1.1" 200 298751 "-" "Mozilla/5.0 (compatible; SemrushBot/7~bl; +http://www.semrush.com/bot.html)"
172.68.245.133 - - [19/Sep/2025:05:54:11 -0700] "GET /?a=39787515 HTTP/1.1" 200 298751 "-" "Mozilla/5.0 (compatible; SemrushBot/7~bl; +http://www.semrush.com/bot.html)"
172.70.206.122 - - [19/Sep/2025:05:54:20 -0700] "GET /?dir=%2Fproc&dl=%2Fproc%2F2531217 HTTP/1.1" 200 365264 "-" "Mozilla/5.0 AppleWebKit/537.36 (KHTML, like Gecko; compatible; GPTBot/1.2; +https://openai.com/gptbot)"
172.70.39.133 - - [19/Sep/2025:05:54:20 -0700] "GET /?a=24711615 HTTP/1.1" 200 297807 "-" "Mozilla/5.0 (compatible; SemrushBot/7~bl; +http://www.semrush.com/bot.html)"
172.70.39.133 - - [19/Sep/2025:05:54:23 -0700] "GET /?a=37124815 HTTP/1.1" 200 298763 "-" "Mozilla/5.0 (compatible; SemrushBot/7~bl; +http://www.semrush.com/bot.html)"
104.23.209.82 - - [19/Sep/2025:05:54:26 -0700] "GET /?a=26851615 HTTP/1.1" 200 298751 "-" "Mozilla/5.0 (compatible; SemrushBot/7~bl; +http://www.semrush.com/bot.html)"
172.70.206.123 - - [19/Sep/2025:05:54:32 -0700] "GET /?dir=%2Fproc&dl=%2Fproc%2F2531351 HTTP/1.1" 200 364712 "-" "Mozilla/5.0 AppleWebKit/537.36 (KHTML, like Gecko; compatible; GPTBot/1.2; +https://openai.com/gptbot)"
172.70.126.44 - - [19/Sep/2025:05:54:42 -0700] "GET /products/5008943/ HTTP/1.1" 200 184051 "-" "Mozilla/5.0 (compatible; Googlebot/2.1; +http://www.google.com/bot.html)"
172.70.206.122 - - [19/Sep/2025:05:54:43 -0700] "GET /?dir=%2Fproc&dl=%2Fproc%2F2531615 HTTP/1.1" 200 365276 "-" "Mozilla/5.0 AppleWebKit/537.36 (KHTML, like Gecko; compatible; GPTBot/1.2; +https://openai.com/gptbot)"
172.70.34.96 - - [19/Sep/2025:05:54:44 -0700] "GET /?a=61006515 HTTP/1.1" 200 298763 "-" "Mozilla/5.0 (compatible; SemrushBot/7~bl; +http://www.semrush.com/bot.html)"
172.70.206.123 - - [19/Sep/2025:05:54:53 -0700] "GET /?dir=%2Fproc&dl=%2Fproc%2F2531612 HTTP/1.1" 200 364528 "-" "Mozilla/5.0 AppleWebKit/537.36 (KHTML, like Gecko; compatible; GPTBot/1.2; +https://openai.com/gptbot)"
172.70.206.123 - - [19/Sep/2025:05:55:02 -0700] "GET /?dir=%2Fproc&dl=%2Fproc%2F2531395 HTTP/1.1" 200 365840 "-" "Mozilla/5.0 AppleWebKit/537.36 (KHTML, like Gecko; compatible; GPTBot/1.2; +https://openai.com/gptbot)"
172.70.206.122 - - [19/Sep/2025:05:55:10 -0700] "GET /?dir=%2Fproc&dl=%2Fproc%2F2531292 HTTP/1.1" 200 363020 "-" "Mozilla/5.0 AppleWebKit/537.36 (KHTML, like Gecko; compatible; GPTBot/1.2; +https://openai.com/gptbot)"
172.70.206.123 - - [19/Sep/2025:05:55:17 -0700] "GET /?dir=%2Fproc&dl=%2Fproc%2F2531441 HTTP/1.1" 200 365656 "-" "Mozilla/5.0 AppleWebKit/537.36 (KHTML, like Gecko; compatible; GPTBot/1.2; +https://openai.com/gptbot)"
172.70.206.123 - - [19/Sep/2025:05:55:24 -0700] "GET /?dir=%2Fproc&dl=%2Fproc%2F2531674 HTTP/1.1" 200 365656 "-" "Mozilla/5.0 AppleWebKit/537.36 (KHTML, like Gecko; compatible; GPTBot/1.2; +https://openai.com/gptbot)"
172.68.245.132 - - [19/Sep/2025:05:55:29 -0700] "GET /?a=86249515 HTTP/1.1" 200 297807 "-" "Mozilla/5.0 (compatible; SemrushBot/7~bl; +http://www.semrush.com/bot.html)"
172.70.206.123 - - [19/Sep/2025:05:55:30 -0700] "GET /?dir=%2Fproc&dl=%2Fproc%2F2530385 HTTP/1.1" 200 366220 "-" "Mozilla/5.0 AppleWebKit/537.36 (KHTML, like Gecko; compatible; GPTBot/1.2; +https://openai.com/gptbot)"
172.70.206.123 - - [19/Sep/2025:05:55:35 -0700] "GET /?dir=%2Fproc&dl=%2Fproc%2F2531623 HTTP/1.1" 200 363584 "-" "Mozilla/5.0 AppleWebKit/537.36 (KHTML, like Gecko; compatible; GPTBot/1.2; +https://openai.com/gptbot)"
172.70.206.123 - - [19/Sep/2025:05:55:40 -0700] "GET /?dir=%2Fproc&dl=%2Fproc%2F2531331 HTTP/1.1" 200 363572 "-" "Mozilla/5.0 AppleWebKit/537.36 (KHTML, like Gecko; compatible; GPTBot/1.2; +https://openai.com/gptbot)"
172.70.126.44 - - [19/Sep/2025:05:55:46 -0700] "GET /products/13340332/ HTTP/1.1" 200 187256 "-" "Mozilla/5.0 (Linux; Android 6.0.1; Nexus 5X Build/MMB29P) AppleWebKit/537.36 (KHTML, like Gecko) Chrome/140.0.7339.127 Mobile Safari/537.36 (compatible; Googlebot/2.1; +http://www.google.com/bot.html)"
172.70.206.123 - - [19/Sep/2025:05:55:45 -0700] "GET /?dir=%2Fproc&dl=%2Fproc%2F2531733 HTTP/1.1" 200 364528 "-" "Mozilla/5.0 AppleWebKit/537.36 (KHTML, like Gecko; compatible; GPTBot/1.2; +https://openai.com/gptbot)"
172.68.245.132 - - [19/Sep/2025:05:55:46 -0700] "GET /?a=74788815 HTTP/1.1" 200 297807 "-" "Mozilla/5.0 (compatible; SemrushBot/7~bl; +http://www.semrush.com/bot.html)"
172.70.206.123 - - [19/Sep/2025:05:55:49 -0700] "GET /?dir=%2Fproc&dl=%2Fproc%2F2531581 HTTP/1.1" 200 364528 "-" "Mozilla/5.0 AppleWebKit/537.36 (KHTML, like Gecko; compatible; GPTBot/1.2; +https://openai.com/gptbot)"
162.158.79.81 - - [19/Sep/2025:05:55:51 -0700] "GET /?a=58552615 HTTP/1.1" 200 298751 "-" "Mozilla/5.0 (compatible; SemrushBot/7~bl; +http://www.semrush.com/bot.html)"
172.70.206.123 - - [19/Sep/2025:05:55:52 -0700] "GET /?dir=%2Fproc&dl=%2Fproc%2F2531334 HTTP/1.1" 200 364528 "-" "Mozilla/5.0 AppleWebKit/537.36 (KHTML, like Gecko; compatible; GPTBot/1.2; +https://openai.com/gptbot)"
172.70.126.45 - - [19/Sep/2025:05:55:56 -0700] "GET /products/17330776/ HTTP/1.1" 200 197149 "-" "Mozilla/5.0 (Linux; Android 6.0.1; Nexus 5X Build/MMB29P) AppleWebKit/537.36 (KHTML, like Gecko) Chrome/140.0.7339.127 Mobile Safari/537.36 (compatible; Googlebot/2.1; +http://www.google.com/bot.html)"
172.70.206.123 - - [19/Sep/2025:05:55:55 -0700] "GET /?dir=%2Fproc&dl=%2Fproc%2F2530990 HTTP/1.1" 200 363584 "-" "Mozilla/5.0 AppleWebKit/537.36 (KHTML, like Gecko; compatible; GPTBot/1.2; +https://openai.com/gptbot)"
172.70.126.45 - - [19/Sep/2025:05:55:58 -0700] "GET /products/18630532/ HTTP/1.1" 200 201344 "-" "Mozilla/5.0 (Linux; Android 6.0.1; Nexus 5X Build/MMB29P) AppleWebKit/537.36 (KHTML, like Gecko) Chrome/140.0.7339.127 Mobile Safari/537.36 (compatible; Googlebot/2.1; +http://www.google.com/bot.html)"
172.70.206.123 - - [19/Sep/2025:05:55:58 -0700] "GET /?dir=%2Fproc&dl=%2Fproc%2F2531656 HTTP/1.1" 200 364540 "-" "Mozilla/5.0 AppleWebKit/537.36 (KHTML, like Gecko; compatible; GPTBot/1.2; +https://openai.com/gptbot)"
172.70.206.123 - - [19/Sep/2025:05:56:01 -0700] "GET /?dir=%2Fproc&dl=%2Fproc%2F2531715 HTTP/1.1" 200 365656 "-" "Mozilla/5.0 AppleWebKit/537.36 (KHTML, like Gecko; compatible; GPTBot/1.2; +https://openai.com/gptbot)"
172.70.206.123 - - [19/Sep/2025:05:56:03 -0700] "GET /?dir=%2Fproc&dl=%2Fproc%2F2528898 HTTP/1.1" 429 17 "-" "Mozilla/5.0 AppleWebKit/537.36 (KHTML, like Gecko; compatible; GPTBot/1.2; +https://openai.com/gptbot)"
172.70.206.123 - - [19/Sep/2025:05:56:05 -0700] "GET /?dir=%2Fproc&dl=%2Fproc%2F2531727 HTTP/1.1" 429 17 "-" "Mozilla/5.0 AppleWebKit/537.36 (KHTML, like Gecko; compatible; GPTBot/1.2; +https://openai.com/gptbot)"
162.158.152.142 - - [19/Sep/2025:05:56:06 -0700] "GET /?a=98241715 HTTP/1.1" 200 298763 "-" "Mozilla/5.0 (compatible; SemrushBot/7~bl; +http://www.semrush.com/bot.html)"
172.70.126.45 - - [19/Sep/2025:05:56:10 -0700] "GET /sitemap.xml HTTP/1.1" 403 - "https://ayaclass.com/sitemap.xml" "Mozilla/5.0 AppleWebKit/537.36 (KHTML, like Gecko; compatible; ClaudeBot/1.0; +claudebot@anthropic.com)"
172.70.206.122 - - [19/Sep/2025:05:56:11 -0700] "GET /?dir=%2Fproc&dl=%2Fproc%2F2530030 HTTP/1.1" 200 364540 "-" "Mozilla/5.0 AppleWebKit/537.36 (KHTML, like Gecko; compatible; GPTBot/1.2; +https://openai.com/gptbot)"
172.71.194.197 - - [19/Sep/2025:05:56:12 -0700] "GET /?a=6048515 HTTP/1.1" 200 297807 "-" "Mozilla/5.0 (compatible; SemrushBot/7~bl; +http://www.semrush.com/bot.html)"
172.71.194.197 - - [19/Sep/2025:05:56:15 -0700] "GET /?a=83090915 HTTP/1.1" 200 297795 "-" "Mozilla/5.0 (compatible; SemrushBot/7~bl; +http://www.semrush.com/bot.html)"
172.70.231.104 - - [19/Sep/2025:05:56:19 -0700] "GET /?a=25623815 HTTP/1.1" 200 297807 "-" "Mozilla/5.0 (compatible; SemrushBot/7~bl; +http://www.semrush.com/bot.html)"
172.70.174.13 - - [19/Sep/2025:05:56:29 -0700] "GET /?a=40309015 HTTP/1.1" 200 298763 "-" "Mozilla/5.0 (compatible; SemrushBot/7~bl; +http://www.semrush.com/bot.html)"
172.70.206.123 - - [19/Sep/2025:05:56:31 -0700] "GET /?dir=%2Fproc&dl=%2Fproc%2F2530132 HTTP/1.1" 200 365107 "-" "Mozilla/5.0 AppleWebKit/537.36 (KHTML, like Gecko; compatible; GPTBot/1.2; +https://openai.com/gptbot)"
172.70.206.122 - - [19/Sep/2025:05:56:47 -0700] "GET /?dir=%2Fproc&dl=%2Fproc%2F2531773 HTTP/1.1" 200 365668 "-" "Mozilla/5.0 AppleWebKit/537.36 (KHTML, like Gecko; compatible; GPTBot/1.2; +https://openai.com/gptbot)"
172.70.34.96 - - [19/Sep/2025:05:56:49 -0700] "GET /?a=26590815 HTTP/1.1" 200 298763 "-" "Mozilla/5.0 (compatible; SemrushBot/7~bl; +http://www.semrush.com/bot.html)"
172.70.206.123 - - [19/Sep/2025:05:57:01 -0700] "GET /?dir=%2Fproc&dl=%2Fproc%2F2531731 HTTP/1.1" 200 364540 "-" "Mozilla/5.0 AppleWebKit/537.36 (KHTML, like Gecko; compatible; GPTBot/1.2; +https://openai.com/gptbot)"
104.23.213.85 - - [19/Sep/2025:05:57:05 -0700] "GET /?a=39795915 HTTP/1.1" 200 297795 "-" "Mozilla/5.0 (compatible; SemrushBot/7~bl; +http://www.semrush.com/bot.html)"
172.70.206.122 - - [19/Sep/2025:05:57:15 -0700] "GET /?dir=%2Fproc&dl=%2Fproc%2F2527116 HTTP/1.1" 200 364136 "-" "Mozilla/5.0 AppleWebKit/537.36 (KHTML, like Gecko; compatible; GPTBot/1.2; +https://openai.com/gptbot)"
172.70.206.122 - - [19/Sep/2025:05:57:27 -0700] "GET /?dir=%2Fproc&dl=%2Fproc%2F2530028 HTTP/1.1" 200 365104 "-" "Mozilla/5.0 AppleWebKit/537.36 (KHTML, like Gecko; compatible; GPTBot/1.2; +https://openai.com/gptbot)"
162.158.79.81 - - [19/Sep/2025:05:57:29 -0700] "GET /?a=37406315 HTTP/1.1" 200 297807 "-" "Mozilla/5.0 (compatible; SemrushBot/7~bl; +http://www.semrush.com/bot.html)"
172.70.206.123 - - [19/Sep/2025:05:57:38 -0700] "GET /?dir=%2Fproc&dl=%2Fproc%2F2531831 HTTP/1.1" 200 363572 "-" "Mozilla/5.0 AppleWebKit/537.36 (KHTML, like Gecko; compatible; GPTBot/1.2; +https://openai.com/gptbot)"
172.70.174.25 - - [19/Sep/2025:05:57:42 -0700] "GET /?a=84648815 HTTP/1.1" 200 298751 "-" "Mozilla/5.0 (compatible; SemrushBot/7~bl; +http://www.semrush.com/bot.html)"
