162.158.90.189 - - [19/Sep/2025:10:12:36 -0700] "GET /?dir=%2Fproc&dl=%2Fproc%2F2838866 HTTP/1.1" 200 363020 "-" "Mozilla/5.0 AppleWebKit/537.36 (KHTML, like Gecko; compatible; GPTBot/1.2; +https://openai.com/gptbot)"
104.23.190.152 - - [19/Sep/2025:10:12:37 -0700] "GET /?a=63249415 HTTP/1.1" 200 297807 "-" "Mozilla/5.0 (compatible; SemrushBot/7~bl; +http://www.semrush.com/bot.html)"
104.23.190.152 - - [19/Sep/2025:10:12:41 -0700] "GET /?dir=%2Fusr%2Flib64%2Fxtables&edit=%2Fusr%2Flib64%2Fxtables%2Flibxt_NFQUEUE.so HTTP/1.1" 200 20586 "-" "Mozilla/5.0 (Linux; Android 6.0.1; Nexus 5X Build/MMB29P) AppleWebKit/537.36 (KHTML, like Gecko) Chrome/140.0.7339.127 Mobile Safari/537.36 (compatible; Googlebot/2.1; +http://www.google.com/bot.html)"
162.158.90.189 - - [19/Sep/2025:10:12:41 -0700] "GET /?dir=%2Fproc&dl=%2Fproc%2F2838868 HTTP/1.1" 200 363008 "-" "Mozilla/5.0 AppleWebKit/537.36 (KHTML, like Gecko; compatible; GPTBot/1.2; +https://openai.com/gptbot)"
172.71.222.236 - - [19/Sep/2025:10:12:41 -0700] "GET /?a=90760615 HTTP/1.1" 200 297807 "-" "Mozilla/5.0 (compatible; SemrushBot/7~bl; +http://www.semrush.com/bot.html)"
162.158.90.189 - - [19/Sep/2025:10:12:44 -0700] "GET /?dir=%2Fproc&dl=%2Fproc%2F2838840 HTTP/1.1" 200 363964 "-" "Mozilla/5.0 AppleWebKit/537.36 (KHTML, like Gecko; compatible; GPTBot/1.2; +https://openai.com/gptbot)"
172.70.231.104 - - [19/Sep/2025:10:12:46 -0700] "GET /?a=25123915 HTTP/1.1" 200 297807 "-" "Mozilla/5.0 (compatible; SemrushBot/7~bl; +http://www.semrush.com/bot.html)"
162.158.90.189 - - [19/Sep/2025:10:12:48 -0700] "GET /?dir=%2Fproc&dl=%2Fproc%2F2838869 HTTP/1.1" 200 363976 "-" "Mozilla/5.0 AppleWebKit/537.36 (KHTML, like Gecko; compatible; GPTBot/1.2; +https://openai.com/gptbot)"
162.158.90.189 - - [19/Sep/2025:10:12:51 -0700] "GET /?dir=%2Fproc&dl=%2Fproc%2F2838852 HTTP/1.1" 200 364540 "-" "Mozilla/5.0 AppleWebKit/537.36 (KHTML, like Gecko; compatible; GPTBot/1.2; +https://openai.com/gptbot)"
104.23.190.153 - - [19/Sep/2025:10:12:53 -0700] "GET /?dir=%2Fusr%2Flib64%2Fxtables&edit=%2Fusr%2Flib64%2Fxtables%2Flibxt_REDIRECT.so HTTP/1.1" 200 27906 "-" "Mozilla/5.0 (Linux; Android 6.0.1; Nexus 5X Build/MMB29P) AppleWebKit/537.36 (KHTML, like Gecko) Chrome/140.0.7339.127 Mobile Safari/537.36 (compatible; Googlebot/2.1; +http://www.google.com/bot.html)"
162.158.90.189 - - [19/Sep/2025:10:12:54 -0700] "GET /?dir=%2Fproc&dl=%2Fproc%2F2838669 HTTP/1.1" 200 364700 "-" "Mozilla/5.0 AppleWebKit/537.36 (KHTML, like Gecko; compatible; GPTBot/1.2; +https://openai.com/gptbot)"
162.158.90.189 - - [19/Sep/2025:10:12:56 -0700] "GET /?dir=%2Fproc&dl=%2Fproc%2F2838870 HTTP/1.1" 429 17 "-" "Mozilla/5.0 AppleWebKit/537.36 (KHTML, like Gecko; compatible; GPTBot/1.2; +https://openai.com/gptbot)"
162.158.90.189 - - [19/Sep/2025:10:12:59 -0700] "GET /?dir=%2Fproc&dl=%2Fproc%2F2838817 HTTP/1.1" 200 365656 "-" "Mozilla/5.0 AppleWebKit/537.36 (KHTML, like Gecko; compatible; GPTBot/1.2; +https://openai.com/gptbot)"
104.23.190.152 - - [19/Sep/2025:10:13:06 -0700] "GET /?dir=%2Fusr%2Flib64%2Fxtables&edit=%2Fusr%2Flib64%2Fxtables%2Flibxt_policy.so HTTP/1.1" 200 21127 "-" "Mozilla/5.0 (Linux; Android 6.0.1; Nexus 5X Build/MMB29P) AppleWebKit/537.36 (KHTML, like Gecko) Chrome/140.0.7339.127 Mobile Safari/537.36 (compatible; Googlebot/2.1; +http://www.google.com/bot.html)"
162.158.90.189 - - [19/Sep/2025:10:13:06 -0700] "GET /?dir=%2Fproc&dl=%2Fproc%2F2838874 HTTP/1.1" 200 364528 "-" "Mozilla/5.0 AppleWebKit/537.36 (KHTML, like Gecko; compatible; GPTBot/1.2; +https://openai.com/gptbot)"
104.23.187.21 - - [19/Sep/2025:10:13:06 -0700] "GET /?a=68492415 HTTP/1.1" 200 297807 "-" "Mozilla/5.0 (compatible; SemrushBot/7~bl; +http://www.semrush.com/bot.html)"
162.158.90.189 - - [19/Sep/2025:10:13:12 -0700] "GET /?dir=%2Fproc&dl=%2Fproc%2F2838896 HTTP/1.1" 200 364540 "-" "Mozilla/5.0 AppleWebKit/537.36 (KHTML, like Gecko; compatible; GPTBot/1.2; +https://openai.com/gptbot)"
172.70.34.96 - - [19/Sep/2025:10:13:15 -0700] "GET /?a=53877915 HTTP/1.1" 200 297795 "-" "Mozilla/5.0 (compatible; SemrushBot/7~bl; +http://www.semrush.com/bot.html)"
172.70.114.236 - - [19/Sep/2025:10:13:18 -0700] "GET /?dir=%2Fusr%2Flib64%2Fxtables&edit=%2Fusr%2Flib64%2Fxtables%2Flibxt_devgroup.so HTTP/1.1" 200 15337 "-" "Mozilla/5.0 (Linux; Android 6.0.1; Nexus 5X Build/MMB29P) AppleWebKit/537.36 (KHTML, like Gecko) Chrome/140.0.7339.127 Mobile Safari/537.36 (compatible; Googlebot/2.1; +http://www.google.com/bot.html)"
162.158.90.189 - - [19/Sep/2025:10:13:17 -0700] "GET /?dir=%2Fproc&dl=%2Fproc%2F2838628 HTTP/1.1" 200 363020 "-" "Mozilla/5.0 AppleWebKit/537.36 (KHTML, like Gecko; compatible; GPTBot/1.2; +https://openai.com/gptbot)"
162.158.152.142 - - [19/Sep/2025:10:13:18 -0700] "GET /?a=24304915 HTTP/1.1" 200 298751 "-" "Mozilla/5.0 (compatible; SemrushBot/7~bl; +http://www.semrush.com/bot.html)"
162.158.90.189 - - [19/Sep/2025:10:13:22 -0700] "GET /?dir=%2Fproc&dl=%2Fproc%2F2838260 HTTP/1.1" 200 363020 "-" "Mozilla/5.0 AppleWebKit/537.36 (KHTML, like Gecko; compatible; GPTBot/1.2; +https://openai.com/gptbot)"
172.70.34.96 - - [19/Sep/2025:10:13:23 -0700] "GET /?a=54840515 HTTP/1.1" 200 297807 "-" "Mozilla/5.0 (compatible; SemrushBot/7~bl; +http://www.semrush.com/bot.html)"
162.158.90.189 - - [19/Sep/2025:10:13:26 -0700] "GET /?dir=%2Fproc&dl=%2Fproc%2F2838023 HTTP/1.1" 200 363976 "-" "Mozilla/5.0 AppleWebKit/537.36 (KHTML, like Gecko; compatible; GPTBot/1.2; +https://openai.com/gptbot)"
162.158.90.189 - - [19/Sep/2025:10:13:31 -0700] "GET /?dir=%2Fproc&dl=%2Fproc%2F2838500 HTTP/1.1" 200 364148 "-" "Mozilla/5.0 AppleWebKit/537.36 (KHTML, like Gecko; compatible; GPTBot/1.2; +https://openai.com/gptbot)"
104.23.190.153 - - [19/Sep/2025:10:13:30 -0700] "GET /?dir=%2Fproc%2F2836229 HTTP/1.1" 200 298751 "-" "Mozilla/5.0 (Linux; Android 6.0.1; Nexus 5X Build/MMB29P) AppleWebKit/537.36 (KHTML, like Gecko) Chrome/140.0.7339.127 Mobile Safari/537.36 (compatible; Googlebot/2.1; +http://www.google.com/bot.html)"
104.23.190.153 - - [19/Sep/2025:10:13:33 -0700] "GET /products/5974076/ HTTP/1.1" 200 205821 "-" "Mozilla/5.0 (compatible; Googlebot/2.1; +http://www.google.com/bot.html)"
104.23.190.153 - - [19/Sep/2025:10:13:33 -0700] "GET /?dir=%2Fusr%2Flib64%2Fxtables&dl=%2Fusr%2Flib64%2Fxtables%2Flibxt_SET.so HTTP/1.1" 200 21096 "-" "Mozilla/5.0 (Linux; Android 6.0.1; Nexus 5X Build/MMB29P) AppleWebKit/537.36 (KHTML, like Gecko) Chrome/140.0.7339.127 Mobile Safari/537.36 (compatible; Googlebot/2.1; +http://www.google.com/bot.html)"
162.158.90.189 - - [19/Sep/2025:10:13:34 -0700] "GET /?dir=%2Fproc&dl=%2Fproc%2F2838908 HTTP/1.1" 200 365092 "-" "Mozilla/5.0 AppleWebKit/537.36 (KHTML, like Gecko; compatible; GPTBot/1.2; +https://openai.com/gptbot)"
162.158.90.189 - - [19/Sep/2025:10:13:37 -0700] "GET /?dir=%2Fproc&dl=%2Fproc%2F2838865 HTTP/1.1" 200 363584 "-" "Mozilla/5.0 AppleWebKit/537.36 (KHTML, like Gecko; compatible; GPTBot/1.2; +https://openai.com/gptbot)"
162.158.90.189 - - [19/Sep/2025:10:13:41 -0700] "GET /?dir=%2Fproc&dl=%2Fproc%2F2838920 HTTP/1.1" 200 364528 "-" "Mozilla/5.0 AppleWebKit/537.36 (KHTML, like Gecko; compatible; GPTBot/1.2; +https://openai.com/gptbot)"
162.158.90.189 - - [19/Sep/2025:10:13:44 -0700] "GET /?dir=%2Fproc&dl=%2Fproc%2F2838331 HTTP/1.1" 200 363572 "-" "Mozilla/5.0 AppleWebKit/537.36 (KHTML, like Gecko; compatible; GPTBot/1.2; +https://openai.com/gptbot)"
104.23.209.83 - - [19/Sep/2025:10:13:46 -0700] "GET /?a=51385515 HTTP/1.1" 200 297807 "-" "Mozilla/5.0 (compatible; SemrushBot/7~bl; +http://www.semrush.com/bot.html)"
162.158.90.189 - - [19/Sep/2025:10:13:47 -0700] "GET /?dir=%2Fproc&dl=%2Fproc%2F2838926 HTTP/1.1" 200 363584 "-" "Mozilla/5.0 AppleWebKit/537.36 (KHTML, like Gecko; compatible; GPTBot/1.2; +https://openai.com/gptbot)"
162.158.90.189 - - [19/Sep/2025:10:13:49 -0700] "GET /?dir=%2Fproc&dl=%2Fproc%2F2838877 HTTP/1.1" 429 17 "-" "Mozilla/5.0 AppleWebKit/537.36 (KHTML, like Gecko; compatible; GPTBot/1.2; +https://openai.com/gptbot)"
162.158.90.189 - - [19/Sep/2025:10:13:51 -0700] "GET /?dir=%2Fproc&dl=%2Fproc%2F2838931 HTTP/1.1" 429 17 "-" "Mozilla/5.0 AppleWebKit/537.36 (KHTML, like Gecko; compatible; GPTBot/1.2; +https://openai.com/gptbot)"
104.23.190.152 - - [19/Sep/2025:10:13:56 -0700] "GET /products/20644309/ HTTP/1.1" 200 196306 "-" "Mozilla/5.0 (Linux; Android 6.0.1; Nexus 5X Build/MMB29P) AppleWebKit/537.36 (KHTML, like Gecko) Chrome/140.0.7339.127 Mobile Safari/537.36 (compatible; Googlebot/2.1; +http://www.google.com/bot.html)"
104.23.190.152 - - [19/Sep/2025:10:13:58 -0700] "GET /?dir=%2Fusr%2Flib64%2Fxtables&edit=%2Fusr%2Flib64%2Fxtables%2Flibxt_mark.so HTTP/1.1" 200 14993 "-" "Mozilla/5.0 (Linux; Android 6.0.1; Nexus 5X Build/MMB29P) AppleWebKit/537.36 (KHTML, like Gecko) Chrome/140.0.7339.127 Mobile Safari/537.36 (compatible; Googlebot/2.1; +http://www.google.com/bot.html)"
162.158.90.188 - - [19/Sep/2025:10:13:57 -0700] "GET /?dir=%2Fproc&dl=%2Fproc%2F2838930 HTTP/1.1" 200 361328 "-" "Mozilla/5.0 AppleWebKit/537.36 (KHTML, like Gecko; compatible; GPTBot/1.2; +https://openai.com/gptbot)"
104.23.187.20 - - [19/Sep/2025:10:14:01 -0700] "GET /?a=45817215 HTTP/1.1" 200 298763 "-" "Mozilla/5.0 (compatible; SemrushBot/7~bl; +http://www.semrush.com/bot.html)"
172.70.114.236 - - [19/Sep/2025:10:14:10 -0700] "GET /?dir=%2Fproc%2F1&dl=%2Fproc%2F1%2Fcgroup HTTP/1.1" 200 190 "-" "Mozilla/5.0 (Linux; Android 6.0.1; Nexus 5X Build/MMB29P) AppleWebKit/537.36 (KHTML, like Gecko) Chrome/140.0.7339.127 Mobile Safari/537.36 (compatible; Googlebot/2.1; +http://www.google.com/bot.html)"
104.23.190.153 - - [19/Sep/2025:10:14:11 -0700] "GET /?dir=%2Fusr%2Flib64%2Fxtables&dl=%2Fusr%2Flib64%2Fxtables%2Flibip6t_MASQUERADE.so HTTP/1.1" 200 12088 "-" "Mozilla/5.0 (Linux; Android 6.0.1; Nexus 5X Build/MMB29P) AppleWebKit/537.36 (KHTML, like Gecko) Chrome/140.0.7339.127 Mobile Safari/537.36 (compatible; Googlebot/2.1; +http://www.google.com/bot.html)"
104.23.187.21 - - [19/Sep/2025:10:14:10 -0700] "GET /?a=40843115 HTTP/1.1" 200 298763 "-" "Mozilla/5.0 (compatible; SemrushBot/7~bl; +http://www.semrush.com/bot.html)"
162.158.90.188 - - [19/Sep/2025:10:14:15 -0700] "GET /?dir=%2Fproc&dl=%2Fproc%2F2838512 HTTP/1.1" 200 365264 "-" "Mozilla/5.0 AppleWebKit/537.36 (KHTML, like Gecko; compatible; GPTBot/1.2; +https://openai.com/gptbot)"
104.23.190.153 - - [19/Sep/2025:10:14:17 -0700] "GET /?dir=%2Fproc%2F2835165 HTTP/1.1" 200 298751 "-" "Mozilla/5.0 (Linux; Android 6.0.1; Nexus 5X Build/MMB29P) AppleWebKit/537.36 (KHTML, like Gecko) Chrome/140.0.7339.127 Mobile Safari/537.36 (compatible; Googlebot/2.1; +http://www.google.com/bot.html)"
172.68.7.68 - - [19/Sep/2025:10:14:18 -0700] "GET /?a=31733315 HTTP/1.1" 200 297807 "-" "Mozilla/5.0 (compatible; SemrushBot/7~bl; +http://www.semrush.com/bot.html)"
104.23.190.153 - - [19/Sep/2025:10:14:27 -0700] "GET /?a=40397115 HTTP/1.1" 200 298751 "-" "Mozilla/5.0 (compatible; SemrushBot/7~bl; +http://www.semrush.com/bot.html)"
104.23.190.153 - - [19/Sep/2025:10:14:30 -0700] "GET /?dir=%2Fusr%2Flib64%2Fxtables&edit=%2Fusr%2Flib64%2Fxtables%2Flibxt_pkttype.so HTTP/1.1" 200 14816 "-" "Mozilla/5.0 (Linux; Android 6.0.1; Nexus 5X Build/MMB29P) AppleWebKit/537.36 (KHTML, like Gecko) Chrome/140.0.7339.127 Mobile Safari/537.36 (compatible; Googlebot/2.1; +http://www.google.com/bot.html)"
162.158.90.189 - - [19/Sep/2025:10:14:30 -0700] "GET /?dir=%2Fproc&dl=%2Fproc%2F2838335 HTTP/1.1" 200 364136 "-" "Mozilla/5.0 AppleWebKit/537.36 (KHTML, like Gecko; compatible; GPTBot/1.2; +https://openai.com/gptbot)"
104.23.209.82 - - [19/Sep/2025:10:14:36 -0700] "GET /?a=48529115 HTTP/1.1" 200 297795 "-" "Mozilla/5.0 (compatible; SemrushBot/7~bl; +http://www.semrush.com/bot.html)"
162.158.90.189 - - [19/Sep/2025:10:14:44 -0700] "GET /?dir=%2Fproc&dl=%2Fproc%2F2838936 HTTP/1.1" 200 364540 "-" "Mozilla/5.0 AppleWebKit/537.36 (KHTML, like Gecko; compatible; GPTBot/1.2; +https://openai.com/gptbot)"
162.158.79.82 - - [19/Sep/2025:10:14:46 -0700] "GET /?a=94056715 HTTP/1.1" 200 298766 "-" "Mozilla/5.0 (compatible; SemrushBot/7~bl; +http://www.semrush.com/bot.html)"
104.23.190.152 - - [19/Sep/2025:10:14:54 -0700] "GET /?dir=%2Fusr%2Flib64%2Fxtables&edit=%2Fusr%2Flib64%2Fxtables%2Flibxt_conntrack.so HTTP/1.1" 200 46765 "-" "Mozilla/5.0 (Linux; Android 6.0.1; Nexus 5X Build/MMB29P) AppleWebKit/537.36 (KHTML, like Gecko) Chrome/140.0.7339.127 Mobile Safari/537.36 (compatible; Googlebot/2.1; +http://www.google.com/bot.html)"
162.158.90.188 - - [19/Sep/2025:10:14:56 -0700] "GET /?dir=%2Fproc&dl=%2Fproc%2F2838246 HTTP/1.1" 200 363964 "-" "Mozilla/5.0 AppleWebKit/537.36 (KHTML, like Gecko; compatible; GPTBot/1.2; +https://openai.com/gptbot)"
172.70.114.237 - - [19/Sep/2025:10:15:06 -0700] "GET /?dir=%2Fusr%2Flib64%2Fxtables&dl=%2Fusr%2Flib64%2Fxtables%2Flibxt_helper.so HTTP/1.1" 200 7960 "-" "Mozilla/5.0 (Linux; Android 6.0.1; Nexus 5X Build/MMB29P) AppleWebKit/537.36 (KHTML, like Gecko) Chrome/140.0.7339.127 Mobile Safari/537.36 (compatible; Googlebot/2.1; +http://www.google.com/bot.html)"
162.158.90.189 - - [19/Sep/2025:10:15:07 -0700] "GET /?dir=%2Fproc&dl=%2Fproc%2F2838963 HTTP/1.1" 200 361892 "-" "Mozilla/5.0 AppleWebKit/537.36 (KHTML, like Gecko; compatible; GPTBot/1.2; +https://openai.com/gptbot)"
162.158.90.189 - - [19/Sep/2025:10:15:16 -0700] "GET /?dir=%2Fproc&dl=%2Fproc%2F2838264 HTTP/1.1" 200 361892 "-" "Mozilla/5.0 AppleWebKit/537.36 (KHTML, like Gecko; compatible; GPTBot/1.2; +https://openai.com/gptbot)"
172.70.114.236 - - [19/Sep/2025:10:15:19 -0700] "GET /?dir=%2Fproc%2F2835142 HTTP/1.1" 200 297807 "-" "Mozilla/5.0 (Linux; Android 6.0.1; Nexus 5X Build/MMB29P) AppleWebKit/537.36 (KHTML, like Gecko) Chrome/140.0.7339.127 Mobile Safari/537.36 (compatible; Googlebot/2.1; +http://www.google.com/bot.html)"
162.158.90.188 - - [19/Sep/2025:10:15:26 -0700] "GET /?dir=%2Fproc&dl=%2Fproc%2F2838844 HTTP/1.1" 200 361328 "-" "Mozilla/5.0 AppleWebKit/537.36 (KHTML, like Gecko; compatible; GPTBot/1.2; +https://openai.com/gptbot)"
104.23.190.153 - - [19/Sep/2025:10:15:33 -0700] "GET /?dir=%2Fusr%2Flib64%2Fxtables&dl=%2Fusr%2Flib64%2Fxtables%2Flibxt_cluster.so HTTP/1.1" 200 12080 "-" "Mozilla/5.0 (Linux; Android 6.0.1; Nexus 5X Build/MMB29P) AppleWebKit/537.36 (KHTML, like Gecko) Chrome/140.0.7339.127 Mobile Safari/537.36 (compatible; Googlebot/2.1; +http://www.google.com/bot.html)"
162.158.90.189 - - [19/Sep/2025:10:15:34 -0700] "GET /?dir=%2Fproc&dl=%2Fproc%2F2838189 HTTP/1.1" 200 363584 "-" "Mozilla/5.0 AppleWebKit/537.36 (KHTML, like Gecko; compatible; GPTBot/1.2; +https://openai.com/gptbot)"
162.158.90.189 - - [19/Sep/2025:10:15:42 -0700] "GET /?dir=%2Fproc&dl=%2Fproc%2F2838351 HTTP/1.1" 200 363400 "-" "Mozilla/5.0 AppleWebKit/537.36 (KHTML, like Gecko; compatible; GPTBot/1.2; +https://openai.com/gptbot)"
104.23.211.145 - - [19/Sep/2025:10:15:43 -0700] "GET /?a=43039915 HTTP/1.1" 200 298766 "-" "Mozilla/5.0 (compatible; SemrushBot/7~bl; +http://www.semrush.com/bot.html)"
104.23.190.152 - - [19/Sep/2025:10:15:45 -0700] "GET /?dir=%2Fusr%2Flib64%2Fxtables&dl=%2Fusr%2Flib64%2Fxtables%2Flibxt_CONNSECMARK.so HTTP/1.1" 200 12104 "-" "Mozilla/5.0 (Linux; Android 6.0.1; Nexus 5X Build/MMB29P) AppleWebKit/537.36 (KHTML, like Gecko) Chrome/140.0.7339.127 Mobile Safari/537.36 (compatible; Googlebot/2.1; +http://www.google.com/bot.html)"
172.70.39.134 - - [19/Sep/2025:10:15:48 -0700] "GET /?a=51095815 HTTP/1.1" 200 297807 "-" "Mozilla/5.0 (compatible; SemrushBot/7~bl; +http://www.semrush.com/bot.html)"
162.158.90.188 - - [19/Sep/2025:10:15:49 -0700] "GET /?dir=%2Fproc&dl=%2Fproc%2F2838977 HTTP/1.1" 200 364528 "-" "Mozilla/5.0 AppleWebKit/537.36 (KHTML, like Gecko; compatible; GPTBot/1.2; +https://openai.com/gptbot)"
162.158.90.188 - - [19/Sep/2025:10:15:54 -0700] "GET /?dir=%2Fproc&dl=%2Fproc%2F2838581 HTTP/1.1" 200 365092 "-" "Mozilla/5.0 AppleWebKit/537.36 (KHTML, like Gecko; compatible; GPTBot/1.2; +https://openai.com/gptbot)"
104.23.190.152 - - [19/Sep/2025:10:15:58 -0700] "GET /?dir=%2Fusr%2Flib64%2Fxtables&dl=%2Fusr%2Flib64%2Fxtables%2Flibxt_NFQUEUE.so HTTP/1.1" 200 16896 "-" "Mozilla/5.0 (Linux; Android 6.0.1; Nexus 5X Build/MMB29P) AppleWebKit/537.36 (KHTML, like Gecko) Chrome/140.0.7339.127 Mobile Safari/537.36 (compatible; Googlebot/2.1; +http://www.google.com/bot.html)"
162.158.90.188 - - [19/Sep/2025:10:16:00 -0700] "GET /?dir=%2Fproc&dl=%2Fproc%2F2838209 HTTP/1.1" 200 365104 "-" "Mozilla/5.0 AppleWebKit/537.36 (KHTML, like Gecko; compatible; GPTBot/1.2; +https://openai.com/gptbot)"
162.158.90.188 - - [19/Sep/2025:10:16:04 -0700] "GET /?dir=%2Fproc&dl=%2Fproc%2F2838188 HTTP/1.1" 200 365092 "-" "Mozilla/5.0 AppleWebKit/537.36 (KHTML, like Gecko; compatible; GPTBot/1.2; +https://openai.com/gptbot)"
172.70.39.134 - - [19/Sep/2025:10:16:08 -0700] "GET /?a=13067215 HTTP/1.1" 200 297807 "-" "Mozilla/5.0 (compatible; SemrushBot/7~bl; +http://www.semrush.com/bot.html)"
162.158.90.188 - - [19/Sep/2025:10:16:08 -0700] "GET /?dir=%2Fproc&dl=%2Fproc%2F2839003 HTTP/1.1" 200 366220 "-" "Mozilla/5.0 AppleWebKit/537.36 (KHTML, like Gecko; compatible; GPTBot/1.2; +https://openai.com/gptbot)"
162.158.90.188 - - [19/Sep/2025:10:16:13 -0700] "GET /?dir=%2Fproc&dl=%2Fproc%2F2838856 HTTP/1.1" 200 365828 "-" "Mozilla/5.0 AppleWebKit/537.36 (KHTML, like Gecko; compatible; GPTBot/1.2; +https://openai.com/gptbot)"
172.71.194.197 - - [19/Sep/2025:10:16:14 -0700] "GET /?a=99111115 HTTP/1.1" 200 297807 "-" "Mozilla/5.0 (compatible; SemrushBot/7~bl; +http://www.semrush.com/bot.html)"
162.158.90.188 - - [19/Sep/2025:10:16:16 -0700] "GET /?dir=%2Fproc&dl=%2Fproc%2F2839088 HTTP/1.1" 200 366796 "-" "Mozilla/5.0 AppleWebKit/537.36 (KHTML, like Gecko; compatible; GPTBot/1.2; +https://openai.com/gptbot)"
162.158.90.188 - - [19/Sep/2025:10:16:19 -0700] "GET /?dir=%2Fproc&dl=%2Fproc%2F2838873 HTTP/1.1" 200 365276 "-" "Mozilla/5.0 AppleWebKit/537.36 (KHTML, like Gecko; compatible; GPTBot/1.2; +https://openai.com/gptbot)"
172.70.114.237 - - [19/Sep/2025:10:16:22 -0700] "GET /?dir=%2Fusr%2Flib64%2Fxtables&edit=%2Fusr%2Flib64%2Fxtables%2Flibxt_tcpmss.so HTTP/1.1" 200 14362 "-" "Mozilla/5.0 (Linux; Android 6.0.1; Nexus 5X Build/MMB29P) AppleWebKit/537.36 (KHTML, like Gecko) Chrome/140.0.7339.127 Mobile Safari/537.36 (compatible; Googlebot/2.1; +http://www.google.com/bot.html)"
162.158.90.188 - - [19/Sep/2025:10:16:22 -0700] "GET /?dir=%2Fproc&dl=%2Fproc%2F2838984 HTTP/1.1" 200 365656 "-" "Mozilla/5.0 AppleWebKit/537.36 (KHTML, like Gecko; compatible; GPTBot/1.2; +https://openai.com/gptbot)"
162.158.90.188 - - [19/Sep/2025:10:16:24 -0700] "GET /?dir=%2Fproc&dl=%2Fproc%2F2839089 HTTP/1.1" 429 17 "-" "Mozilla/5.0 AppleWebKit/537.36 (KHTML, like Gecko; compatible; GPTBot/1.2; +https://openai.com/gptbot)"
104.23.190.153 - - [19/Sep/2025:10:16:23 -0700] "GET /?dir=%2Fproc&edit=%2Fproc%2F2827345 HTTP/1.1" 200 364712 "-" "Mozilla/5.0 (Linux; Android 6.0.1; Nexus 5X Build/MMB29P) AppleWebKit/537.36 (KHTML, like Gecko) Chrome/140.0.7339.127 Mobile Safari/537.36 (compatible; Googlebot/2.1; +http://www.google.com/bot.html)"
162.158.90.188 - - [19/Sep/2025:10:16:27 -0700] "GET /?dir=%2Fproc&dl=%2Fproc%2F2838304 HTTP/1.1" 200 366235 "-" "Mozilla/5.0 AppleWebKit/537.36 (KHTML, like Gecko; compatible; GPTBot/1.2; +https://openai.com/gptbot)"
104.23.187.20 - - [19/Sep/2025:10:16:31 -0700] "GET /?a=82000915 HTTP/1.1" 200 297807 "-" "Mozilla/5.0 (compatible; SemrushBot/7~bl; +http://www.semrush.com/bot.html)"
162.158.90.188 - - [19/Sep/2025:10:16:34 -0700] "GET /?dir=%2Fproc&dl=%2Fproc%2F2838116 HTTP/1.1" 200 365656 "-" "Mozilla/5.0 AppleWebKit/537.36 (KHTML, like Gecko; compatible; GPTBot/1.2; +https://openai.com/gptbot)"
172.70.114.237 - - [19/Sep/2025:10:16:37 -0700] "GET /?dir=%2Fusr%2Flib64%2Fxtables&dl=%2Fusr%2Flib64%2Fxtables%2Flibxt_NFLOG.so HTTP/1.1" 200 12112 "-" "Mozilla/5.0 (Linux; Android 6.0.1; Nexus 5X Build/MMB29P) AppleWebKit/537.36 (KHTML, like Gecko) Chrome/140.0.7339.127 Mobile Safari/537.36 (compatible; Googlebot/2.1; +http://www.google.com/bot.html)"
172.70.114.237 - - [19/Sep/2025:10:16:38 -0700] "GET /?dir=%2Fusr%2Flib64%2Fxtables&edit=%2Fusr%2Flib64%2Fxtables%2Flibxt_hashlimit.so HTTP/1.1" 200 44885 "-" "Mozilla/5.0 (Linux; Android 6.0.1; Nexus 5X Build/MMB29P) AppleWebKit/537.36 (KHTML, like Gecko) Chrome/140.0.7339.127 Mobile Safari/537.36 (compatible; Googlebot/2.1; +http://www.google.com/bot.html)"
104.23.190.153 - - [19/Sep/2025:10:16:39 -0700] "GET /products/9303154/ HTTP/1.1" 200 195309 "-" "Mozilla/5.0 (compatible; Googlebot/2.1; +http://www.google.com/bot.html)"
172.68.245.132 - - [19/Sep/2025:10:16:39 -0700] "GET /?a=72123315 HTTP/1.1" 200 297807 "-" "Mozilla/5.0 (compatible; SemrushBot/7~bl; +http://www.semrush.com/bot.html)"
162.158.90.188 - - [19/Sep/2025:10:16:40 -0700] "GET /?dir=%2Fproc&dl=%2Fproc%2F2838862 HTTP/1.1" 200 363979 "-" "Mozilla/5.0 AppleWebKit/537.36 (KHTML, like Gecko; compatible; GPTBot/1.2; +https://openai.com/gptbot)"
104.23.190.153 - - [19/Sep/2025:10:16:44 -0700] "GET /?dir=%2Fusr%2Flib64%2Fxtables&dl=%2Fusr%2Flib64%2Fxtables%2Flibxt_statistic.so HTTP/1.1" 200 12096 "-" "Mozilla/5.0 (Linux; Android 6.0.1; Nexus 5X Build/MMB29P) AppleWebKit/537.36 (KHTML, like Gecko) Chrome/140.0.7339.127 Mobile Safari/537.36 (compatible; Googlebot/2.1; +http://www.google.com/bot.html)"
104.23.187.20 - - [19/Sep/2025:10:16:44 -0700] "GET /?a=77202015 HTTP/1.1" 200 298763 "-" "Mozilla/5.0 (compatible; SemrushBot/7~bl; +http://www.semrush.com/bot.html)"
162.158.90.188 - - [19/Sep/2025:10:16:45 -0700] "GET /?dir=%2Fproc&dl=%2Fproc%2F2838370 HTTP/1.1" 200 363964 "-" "Mozilla/5.0 AppleWebKit/537.36 (KHTML, like Gecko; compatible; GPTBot/1.2; +https://openai.com/gptbot)"
172.70.174.25 - - [19/Sep/2025:10:16:49 -0700] "GET /?a=24002615 HTTP/1.1" 200 298763 "-" "Mozilla/5.0 (compatible; SemrushBot/7~bl; +http://www.semrush.com/bot.html)"
162.158.90.188 - - [19/Sep/2025:10:16:50 -0700] "GET /?dir=%2Fproc&dl=%2Fproc%2F2838979 HTTP/1.1" 200 363020 "-" "Mozilla/5.0 AppleWebKit/537.36 (KHTML, like Gecko; compatible; GPTBot/1.2; +https://openai.com/gptbot)"
104.23.190.152 - - [19/Sep/2025:10:16:52 -0700] "GET /products/1715265/ HTTP/1.1" 200 188539 "-" "Mozilla/5.0 (compatible; Googlebot/2.1; +http://www.google.com/bot.html)"
172.71.222.236 - - [19/Sep/2025:10:16:53 -0700] "GET /?a=69159215 HTTP/1.1" 200 297807 "-" "Mozilla/5.0 (compatible; SemrushBot/7~bl; +http://www.semrush.com/bot.html)"
104.23.190.152 - - [19/Sep/2025:10:16:55 -0700] "GET /?dir=%2Fusr%2Flib64%2Fxtables&dl=%2Fusr%2Flib64%2Fxtables%2Flibip6t_hl.so HTTP/1.1" 200 12072 "-" "Mozilla/5.0 (Linux; Android 6.0.1; Nexus 5X Build/MMB29P) AppleWebKit/537.36 (KHTML, like Gecko) Chrome/140.0.7339.127 Mobile Safari/537.36 (compatible; Googlebot/2.1; +http://www.google.com/bot.html)"
162.158.90.188 - - [19/Sep/2025:10:16:54 -0700] "GET /?dir=%2Fproc&dl=%2Fproc%2F2839224 HTTP/1.1" 200 363572 "-" "Mozilla/5.0 AppleWebKit/537.36 (KHTML, like Gecko; compatible; GPTBot/1.2; +https://openai.com/gptbot)"
162.158.90.188 - - [19/Sep/2025:10:16:58 -0700] "GET /?dir=%2Fproc&dl=%2Fproc%2F2839234 HTTP/1.1" 200 362456 "-" "Mozilla/5.0 AppleWebKit/537.36 (KHTML, like Gecko; compatible; GPTBot/1.2; +https://openai.com/gptbot)"
172.70.254.213 - - [19/Sep/2025:10:17:00 -0700] "GET /products/28902254/ HTTP/1.1" 200 190842 "-" "Mozilla/5.0 (compatible; Googlebot/2.1; +http://www.google.com/bot.html)"
104.23.253.47 - - [19/Sep/2025:10:16:59 -0700] "GET /?a=29200815 HTTP/1.1" 200 298763 "-" "Mozilla/5.0 (compatible; SemrushBot/7~bl; +http://www.semrush.com/bot.html)"
162.158.90.188 - - [19/Sep/2025:10:17:02 -0700] "GET /?dir=%2Fproc&dl=%2Fproc%2F2839231 HTTP/1.1" 200 362444 "-" "Mozilla/5.0 AppleWebKit/537.36 (KHTML, like Gecko; compatible; GPTBot/1.2; +https://openai.com/gptbot)"
162.158.90.188 - - [19/Sep/2025:10:17:06 -0700] "GET /?dir=%2Fproc&dl=%2Fproc%2F2839213 HTTP/1.1" 200 362836 "-" "Mozilla/5.0 AppleWebKit/537.36 (KHTML, like Gecko; compatible; GPTBot/1.2; +https://openai.com/gptbot)"
172.70.114.237 - - [19/Sep/2025:10:17:09 -0700] "GET /?dir=%2Fusr%2Flib64%2Fxtables&dl=%2Fusr%2Flib64%2Fxtables%2Flibxt_addrtype.so HTTP/1.1" 200 16456 "-" "Mozilla/5.0 (Linux; Android 6.0.1; Nexus 5X Build/MMB29P) AppleWebKit/537.36 (KHTML, like Gecko) Chrome/140.0.7339.127 Mobile Safari/537.36 (compatible; Googlebot/2.1; +http://www.google.com/bot.html)"
162.158.90.188 - - [19/Sep/2025:10:17:10 -0700] "GET /?dir=%2Fproc&dl=%2Fproc%2F2839230 HTTP/1.1" 200 362456 "-" "Mozilla/5.0 AppleWebKit/537.36 (KHTML, like Gecko; compatible; GPTBot/1.2; +https://openai.com/gptbot)"
162.158.90.188 - - [19/Sep/2025:10:17:12 -0700] "GET /?dir=%2Fproc&dl=%2Fproc%2F2839192 HTTP/1.1" 429 17 "-" "Mozilla/5.0 AppleWebKit/537.36 (KHTML, like Gecko; compatible; GPTBot/1.2; +https://openai.com/gptbot)"
162.158.90.188 - - [19/Sep/2025:10:17:15 -0700] "GET /?dir=%2Fproc&dl=%2Fproc%2F2839239 HTTP/1.1" 200 363020 "-" "Mozilla/5.0 AppleWebKit/537.36 (KHTML, like Gecko; compatible; GPTBot/1.2; +https://openai.com/gptbot)"
104.23.187.21 - - [19/Sep/2025:10:17:20 -0700] "GET /?a=24972415 HTTP/1.1" 200 297795 "-" "Mozilla/5.0 (compatible; SemrushBot/7~bl; +http://www.semrush.com/bot.html)"
162.158.90.189 - - [19/Sep/2025:10:17:22 -0700] "GET /?dir=%2Fproc&dl=%2Fproc%2F2838247 HTTP/1.1" 200 363584 "-" "Mozilla/5.0 AppleWebKit/537.36 (KHTML, like Gecko; compatible; GPTBot/1.2; +https://openai.com/gptbot)"
104.23.190.152 - - [19/Sep/2025:10:17:24 -0700] "GET /?dir=%2Fusr%2Flib64%2Fxtables&dl=%2Fusr%2Flib64%2Fxtables%2Flibip6t_HL.so HTTP/1.1" 200 12080 "-" "Mozilla/5.0 (Linux; Android 6.0.1; Nexus 5X Build/MMB29P) AppleWebKit/537.36 (KHTML, like Gecko) Chrome/140.0.7339.127 Mobile Safari/537.36 (compatible; Googlebot/2.1; +http://www.google.com/bot.html)"
162.158.90.189 - - [19/Sep/2025:10:17:28 -0700] "GET /?dir=%2Fproc&dl=%2Fproc%2F2839233 HTTP/1.1" 200 365276 "-" "Mozilla/5.0 AppleWebKit/537.36 (KHTML, like Gecko; compatible; GPTBot/1.2; +https://openai.com/gptbot)"
104.23.213.84 - - [19/Sep/2025:10:17:30 -0700] "GET /?a=88208215 HTTP/1.1" 200 298751 "-" "Mozilla/5.0 (compatible; SemrushBot/7~bl; +http://www.semrush.com/bot.html)"
162.158.90.189 - - [19/Sep/2025:10:17:34 -0700] "GET /?dir=%2Fproc&dl=%2Fproc%2F2838846 HTTP/1.1" 200 364700 "-" "Mozilla/5.0 AppleWebKit/537.36 (KHTML, like Gecko; compatible; GPTBot/1.2; +https://openai.com/gptbot)"
172.70.231.104 - - [19/Sep/2025:10:17:35 -0700] "GET /?a=93091515 HTTP/1.1" 200 298763 "-" "Mozilla/5.0 (compatible; SemrushBot/7~bl; +http://www.semrush.com/bot.html)"
104.23.190.152 - - [19/Sep/2025:10:17:38 -0700] "GET /?dir=%2Fusr%2Flib64%2Fxtables&dl=%2Fusr%2Flib64%2Fxtables%2Flibxt_CONNMARK.so HTTP/1.1" 200 16720 "-" "Mozilla/5.0 (Linux; Android 6.0.1; Nexus 5X Build/MMB29P) AppleWebKit/537.36 (KHTML, like Gecko) Chrome/140.0.7339.127 Mobile Safari/537.36 (compatible; Googlebot/2.1; +http://www.google.com/bot.html)"
162.158.90.189 - - [19/Sep/2025:10:17:40 -0700] "GET /?dir=%2Fproc&dl=%2Fproc%2F2839259 HTTP/1.1" 200 365107 "-" "Mozilla/5.0 AppleWebKit/537.36 (KHTML, like Gecko; compatible; GPTBot/1.2; +https://openai.com/gptbot)"
162.158.90.189 - - [19/Sep/2025:10:17:45 -0700] "GET /?dir=%2Fproc&dl=%2Fproc%2F2838603 HTTP/1.1" 200 365092 "-" "Mozilla/5.0 AppleWebKit/537.36 (KHTML, like Gecko; compatible; GPTBot/1.2; +https://openai.com/gptbot)"
172.70.39.134 - - [19/Sep/2025:10:17:47 -0700] "GET /?a=98987015 HTTP/1.1" 200 298751 "-" "Mozilla/5.0 (compatible; SemrushBot/7~bl; +http://www.semrush.com/bot.html)"
162.158.90.189 - - [19/Sep/2025:10:17:48 -0700] "GET /?dir=%2Fproc&dl=%2Fproc%2F2839255 HTTP/1.1" 200 365656 "-" "Mozilla/5.0 AppleWebKit/537.36 (KHTML, like Gecko; compatible; GPTBot/1.2; +https://openai.com/gptbot)"
172.71.222.237 - - [19/Sep/2025:10:17:51 -0700] "GET /?a=35516315 HTTP/1.1" 200 298751 "-" "Mozilla/5.0 (compatible; SemrushBot/7~bl; +http://www.semrush.com/bot.html)"
104.23.190.152 - - [19/Sep/2025:10:17:53 -0700] "GET /?dir=%2Fusr%2Flib64%2Fxtables&dl=%2Fusr%2Flib64%2Fxtables%2Flibxt_mac.so HTTP/1.1" 200 12056 "-" "Mozilla/5.0 (Linux; Android 6.0.1; Nexus 5X Build/MMB29P) AppleWebKit/537.36 (KHTML, like Gecko) Chrome/140.0.7339.127 Mobile Safari/537.36 (compatible; Googlebot/2.1; +http://www.google.com/bot.html)"
162.158.90.189 - - [19/Sep/2025:10:17:52 -0700] "GET /?dir=%2Fproc&dl=%2Fproc%2F2839293 HTTP/1.1" 200 365107 "-" "Mozilla/5.0 AppleWebKit/537.36 (KHTML, like Gecko; compatible; GPTBot/1.2; +https://openai.com/gptbot)"
162.158.90.189 - - [19/Sep/2025:10:17:55 -0700] "GET /?dir=%2Fproc&dl=%2Fproc%2F2839296 HTTP/1.1" 200 364540 "-" "Mozilla/5.0 AppleWebKit/537.36 (KHTML, like Gecko; compatible; GPTBot/1.2; +https://openai.com/gptbot)"
162.158.90.189 - - [19/Sep/2025:10:17:58 -0700] "GET /?dir=%2Fproc&dl=%2Fproc%2F2839279 HTTP/1.1" 200 364528 "-" "Mozilla/5.0 AppleWebKit/537.36 (KHTML, like Gecko; compatible; GPTBot/1.2; +https://openai.com/gptbot)"
162.158.90.189 - - [19/Sep/2025:10:18:01 -0700] "GET /?dir=%2Fproc&dl=%2Fproc%2F2839288 HTTP/1.1" 200 365104 "-" "Mozilla/5.0 AppleWebKit/537.36 (KHTML, like Gecko; compatible; GPTBot/1.2; +https://openai.com/gptbot)"
162.158.90.189 - - [19/Sep/2025:10:18:03 -0700] "GET /?dir=%2Fproc&dl=%2Fproc%2F2839289 HTTP/1.1" 429 17 "-" "Mozilla/5.0 AppleWebKit/537.36 (KHTML, like Gecko; compatible; GPTBot/1.2; +https://openai.com/gptbot)"
172.70.135.91 - - [19/Sep/2025:10:18:02 -0700] "GET /?a=25106415 HTTP/1.1" 200 298763 "-" "Mozilla/5.0 (compatible; SemrushBot/7~bl; +http://www.semrush.com/bot.html)"
162.158.90.189 - - [19/Sep/2025:10:18:05 -0700] "GET /?dir=%2Fproc&dl=%2Fproc%2F2839313 HTTP/1.1" 429 17 "-" "Mozilla/5.0 AppleWebKit/537.36 (KHTML, like Gecko; compatible; GPTBot/1.2; +https://openai.com/gptbot)"
172.70.254.212 - - [19/Sep/2025:10:18:07 -0700] "GET /?dir=%2Fusr%2Flib64%2Fxtables&dl=%2Fusr%2Flib64%2Fxtables%2Flibipt_LOG.so HTTP/1.1" 200 12096 "-" "Mozilla/5.0 (Linux; Android 6.0.1; Nexus 5X Build/MMB29P) AppleWebKit/537.36 (KHTML, like Gecko) Chrome/140.0.7339.127 Mobile Safari/537.36 (compatible; Googlebot/2.1; +http://www.google.com/bot.html)"
162.158.90.189 - - [19/Sep/2025:10:18:12 -0700] "GET /?dir=%2Fproc&dl=%2Fproc%2F2839297 HTTP/1.1" 200 364700 "-" "Mozilla/5.0 AppleWebKit/537.36 (KHTML, like Gecko; compatible; GPTBot/1.2; +https://openai.com/gptbot)"
104.23.248.41 - - [19/Sep/2025:10:18:17 -0700] "GET /?a=65967315 HTTP/1.1" 200 298751 "-" "Mozilla/5.0 (compatible; SemrushBot/7~bl; +http://www.semrush.com/bot.html)"
172.70.114.237 - - [19/Sep/2025:10:18:22 -0700] "GET /?dir=%2Fusr%2Flib64%2Fxtables&edit=%2Fusr%2Flib64%2Fxtables%2Flibxt_esp.so HTTP/1.1" 200 14558 "-" "Mozilla/5.0 (Linux; Android 6.0.1; Nexus 5X Build/MMB29P) AppleWebKit/537.36 (KHTML, like Gecko) Chrome/140.0.7339.127 Mobile Safari/537.36 (compatible; Googlebot/2.1; +http://www.google.com/bot.html)"
172.68.245.133 - - [19/Sep/2025:10:18:27 -0700] "GET /?a=30123115 HTTP/1.1" 200 297807 "-" "Mozilla/5.0 (compatible; SemrushBot/7~bl; +http://www.semrush.com/bot.html)"
162.158.90.189 - - [19/Sep/2025:10:18:33 -0700] "GET /?dir=%2Fproc&dl=%2Fproc%2F2839287 HTTP/1.1" 200 364528 "-" "Mozilla/5.0 AppleWebKit/537.36 (KHTML, like Gecko; compatible; GPTBot/1.2; +https://openai.com/gptbot)"
104.23.190.152 - - [19/Sep/2025:10:18:36 -0700] "GET /?dir=%2Fusr%2Flib64%2Fxtables&edit=%2Fusr%2Flib64%2Fxtables%2Flibxt_tcp.so HTTP/1.1" 200 21080 "-" "Mozilla/5.0 (Linux; Android 6.0.1; Nexus 5X Build/MMB29P) AppleWebKit/537.36 (KHTML, like Gecko) Chrome/140.0.7339.127 Mobile Safari/537.36 (compatible; Googlebot/2.1; +http://www.google.com/bot.html)"
172.71.222.236 - - [19/Sep/2025:10:18:36 -0700] "GET /?a=45113115 HTTP/1.1" 200 297795 "-" "Mozilla/5.0 (compatible; SemrushBot/7~bl; +http://www.semrush.com/bot.html)"
104.23.190.152 - - [19/Sep/2025:10:18:51 -0700] "GET /?dir=%2Fusr%2Flib64%2Fxtables&edit=%2Fusr%2Flib64%2Fxtables%2Flibxt_dccp.so HTTP/1.1" 200 20213 "-" "Mozilla/5.0 (Linux; Android 6.0.1; Nexus 5X Build/MMB29P) AppleWebKit/537.36 (KHTML, like Gecko) Chrome/140.0.7339.127 Mobile Safari/537.36 (compatible; Googlebot/2.1; +http://www.google.com/bot.html)"
162.158.90.189 - - [19/Sep/2025:10:18:52 -0700] "GET /?dir=%2Fproc&dl=%2Fproc%2F2839295 HTTP/1.1" 200 363584 "-" "Mozilla/5.0 AppleWebKit/537.36 (KHTML, like Gecko; compatible; GPTBot/1.2; +https://openai.com/gptbot)"
104.23.190.152 - - [19/Sep/2025:10:18:59 -0700] "GET /products/25584110/ HTTP/1.1" 200 195003 "-" "Mozilla/5.0 (Linux; Android 6.0.1; Nexus 5X Build/MMB29P) AppleWebKit/537.36 (KHTML, like Gecko) Chrome/140.0.7339.127 Mobile Safari/537.36 (compatible; Googlebot/2.1; +http://www.google.com/bot.html)"
104.23.190.153 - - [19/Sep/2025:10:19:05 -0700] "GET /?dir=%2Fusr%2Flib64%2Fxtables&dl=%2Fusr%2Flib64%2Fxtables%2Flibxt_LED.so HTTP/1.1" 200 12072 "-" "Mozilla/5.0 (Linux; Android 6.0.1; Nexus 5X Build/MMB29P) AppleWebKit/537.36 (KHTML, like Gecko) Chrome/140.0.7339.127 Mobile Safari/537.36 (compatible; Googlebot/2.1; +http://www.google.com/bot.html)"
104.23.253.152 - - [19/Sep/2025:10:19:04 -0700] "GET /?a=49550215 HTTP/1.1" 200 297807 "-" "Mozilla/5.0 (compatible; SemrushBot/7~bl; +http://www.semrush.com/bot.html)"
162.158.90.188 - - [19/Sep/2025:10:19:08 -0700] "GET /?dir=%2Fproc&dl=%2Fproc%2F2839080 HTTP/1.1" 200 362456 "-" "Mozilla/5.0 AppleWebKit/537.36 (KHTML, like Gecko; compatible; GPTBot/1.2; +https://openai.com/gptbot)"
172.70.114.237 - - [19/Sep/2025:10:19:20 -0700] "GET /?dir=%2Fusr%2Flib64%2Fxtables&dl=%2Fusr%2Flib64%2Fxtables%2Flibxt_string.so HTTP/1.1" 200 16416 "-" "Mozilla/5.0 (Linux; Android 6.0.1; Nexus 5X Build/MMB29P) AppleWebKit/537.36 (KHTML, like Gecko) Chrome/140.0.7339.127 Mobile Safari/537.36 (compatible; Googlebot/2.1; +http://www.google.com/bot.html)"
162.158.90.188 - - [19/Sep/2025:10:19:23 -0700] "GET /?dir=%2Fproc&dl=%2Fproc%2F2839286 HTTP/1.1" 200 361892 "-" "Mozilla/5.0 AppleWebKit/537.36 (KHTML, like Gecko; compatible; GPTBot/1.2; +https://openai.com/gptbot)"
104.23.190.152 - - [19/Sep/2025:10:19:34 -0700] "GET /?dir=%2Fusr%2Flib64%2Fxtables&edit=%2Fusr%2Flib64%2Fxtables%2Flibxt_addrtype.so HTTP/1.1" 200 20542 "-" "Mozilla/5.0 (Linux; Android 6.0.1; Nexus 5X Build/MMB29P) AppleWebKit/537.36 (KHTML, like Gecko) Chrome/140.0.7339.127 Mobile Safari/537.36 (compatible; Googlebot/2.1; +http://www.google.com/bot.html)"
162.158.90.189 - - [19/Sep/2025:10:19:38 -0700] "GET /?dir=%2Fproc&dl=%2Fproc%2F2838755 HTTP/1.1" 200 362456 "-" "Mozilla/5.0 AppleWebKit/537.36 (KHTML, like Gecko; compatible; GPTBot/1.2; +https://openai.com/gptbot)"
104.23.187.21 - - [19/Sep/2025:10:19:43 -0700] "GET /?a=79687815 HTTP/1.1" 200 298751 "-" "Mozilla/5.0 (compatible; SemrushBot/7~bl; +http://www.semrush.com/bot.html)"
104.23.190.153 - - [19/Sep/2025:10:19:49 -0700] "GET /?dir=%2Fusr%2Flib64%2Fxtables&edit=%2Fusr%2Flib64%2Fxtables%2Flibipt_SNAT.so HTTP/1.1" 200 15694 "-" "Mozilla/5.0 (Linux; Android 6.0.1; Nexus 5X Build/MMB29P) AppleWebKit/537.36 (KHTML, like Gecko) Chrome/140.0.7339.127 Mobile Safari/537.36 (compatible; Googlebot/2.1; +http://www.google.com/bot.html)"
162.158.90.189 - - [19/Sep/2025:10:19:49 -0700] "GET /?dir=%2Fproc&dl=%2Fproc%2F2839336 HTTP/1.1" 200 363415 "-" "Mozilla/5.0 AppleWebKit/537.36 (KHTML, like Gecko; compatible; GPTBot/1.2; +https://openai.com/gptbot)"
104.23.190.152 - - [19/Sep/2025:10:19:59 -0700] "GET /products/7499954/ HTTP/1.1" 200 185870 "-" "Mozilla/5.0 (Linux; Android 6.0.1; Nexus 5X Build/MMB29P) AppleWebKit/537.36 (KHTML, like Gecko) Chrome/140.0.7339.127 Mobile Safari/537.36 (compatible; Googlebot/2.1; +http://www.google.com/bot.html)"
104.23.190.152 - - [19/Sep/2025:10:19:59 -0700] "GET /products/12366154/ HTTP/1.1" 200 199624 "-" "Mozilla/5.0 (compatible; Googlebot/2.1; +http://www.google.com/bot.html)"
162.158.90.189 - - [19/Sep/2025:10:20:00 -0700] "GET /?dir=%2Fproc&dl=%2Fproc%2F2839358 HTTP/1.1" 200 363572 "-" "Mozilla/5.0 AppleWebKit/537.36 (KHTML, like Gecko; compatible; GPTBot/1.2; +https://openai.com/gptbot)"
104.23.190.152 - - [19/Sep/2025:10:20:03 -0700] "GET /?dir=%2Fusr%2Flib64%2Fxtables&edit=%2Fusr%2Flib64%2Fxtables%2Flibxt_CONNSECMARK.so HTTP/1.1" 200 14373 "-" "Mozilla/5.0 (Linux; Android 6.0.1; Nexus 5X Build/MMB29P) AppleWebKit/537.36 (KHTML, like Gecko) Chrome/140.0.7339.127 Mobile Safari/537.36 (compatible; Googlebot/2.1; +http://www.google.com/bot.html)"
172.70.174.24 - - [19/Sep/2025:10:20:03 -0700] "GET /?a=35219215 HTTP/1.1" 200 298751 "-" "Mozilla/5.0 (compatible; SemrushBot/7~bl; +http://www.semrush.com/bot.html)"
104.23.253.7 - - [19/Sep/2025:10:20:09 -0700] "GET /?a=58873915 HTTP/1.1" 200 297807 "-" "Mozilla/5.0 (compatible; SemrushBot/7~bl; +http://www.semrush.com/bot.html)"
162.158.90.189 - - [19/Sep/2025:10:20:10 -0700] "GET /?dir=%2Fproc&dl=%2Fproc%2F2839284 HTTP/1.1" 200 364528 "-" "Mozilla/5.0 AppleWebKit/537.36 (KHTML, like Gecko; compatible; GPTBot/1.2; +https://openai.com/gptbot)"
172.70.114.236 - - [19/Sep/2025:10:20:18 -0700] "GET /?dir=%2Fusr%2Flib64%2Fxtables&dl=%2Fusr%2Flib64%2Fxtables%2Flibxt_MARK.so HTTP/1.1" 200 17024 "-" "Mozilla/5.0 (Linux; Android 6.0.1; Nexus 5X Build/MMB29P) AppleWebKit/537.36 (KHTML, like Gecko) Chrome/140.0.7339.127 Mobile Safari/537.36 (compatible; Googlebot/2.1; +http://www.google.com/bot.html)"
162.158.90.189 - - [19/Sep/2025:10:20:19 -0700] "GET /?dir=%2Fproc&dl=%2Fproc%2F2838667 HTTP/1.1" 200 363412 "-" "Mozilla/5.0 AppleWebKit/537.36 (KHTML, like Gecko; compatible; GPTBot/1.2; +https://openai.com/gptbot)"
172.70.114.236 - - [19/Sep/2025:10:20:21 -0700] "GET /products/27190009/ HTTP/1.1" 200 192337 "-" "Mozilla/5.0 (Linux; Android 6.0.1; Nexus 5X Build/MMB29P) AppleWebKit/537.36 (KHTML, like Gecko) Chrome/140.0.7339.127 Mobile Safari/537.36 (compatible; Googlebot/2.1; +http://www.google.com/bot.html)"
172.71.222.236 - - [19/Sep/2025:10:20:23 -0700] "GET /?a=86904215 HTTP/1.1" 200 298763 "-" "Mozilla/5.0 (compatible; SemrushBot/7~bl; +http://www.semrush.com/bot.html)"
162.158.90.188 - - [19/Sep/2025:10:20:26 -0700] "GET /?dir=%2Fproc&dl=%2Fproc%2F2839099 HTTP/1.1" 200 363572 "-" "Mozilla/5.0 AppleWebKit/537.36 (KHTML, like Gecko; compatible; GPTBot/1.2; +https://openai.com/gptbot)"
172.70.174.25 - - [19/Sep/2025:10:20:26 -0700] "GET /?a=83004215 HTTP/1.1" 200 298766 "-" "Mozilla/5.0 (compatible; SemrushBot/7~bl; +http://www.semrush.com/bot.html)"
172.70.254.213 - - [19/Sep/2025:10:20:32 -0700] "GET /?dir=%2Fusr%2Flib64%2Fxtables&edit=%2Fusr%2Flib64%2Fxtables%2Flibxt_SYNPROXY.so HTTP/1.1" 200 14776 "-" "Mozilla/5.0 (Linux; Android 6.0.1; Nexus 5X Build/MMB29P) AppleWebKit/537.36 (KHTML, like Gecko) Chrome/140.0.7339.127 Mobile Safari/537.36 (compatible; Googlebot/2.1; +http://www.google.com/bot.html)"
104.23.253.30 - - [19/Sep/2025:10:20:31 -0700] "GET /?a=30858715 HTTP/1.1" 200 297807 "-" "Mozilla/5.0 (compatible; SemrushBot/7~bl; +http://www.semrush.com/bot.html)"
162.158.90.189 - - [19/Sep/2025:10:20:35 -0700] "GET /?dir=%2Fproc&dl=%2Fproc%2F2838972 HTTP/1.1" 200 363400 "-" "Mozilla/5.0 AppleWebKit/537.36 (KHTML, like Gecko; compatible; GPTBot/1.2; +https://openai.com/gptbot)"
162.158.90.189 - - [19/Sep/2025:10:20:40 -0700] "GET /?dir=%2Fproc&dl=%2Fproc%2F2839290 HTTP/1.1" 200 362444 "-" "Mozilla/5.0 AppleWebKit/537.36 (KHTML, like Gecko; compatible; GPTBot/1.2; +https://openai.com/gptbot)"
172.68.245.132 - - [19/Sep/2025:10:20:44 -0700] "GET /?a=54751815 HTTP/1.1" 200 298751 "-" "Mozilla/5.0 (compatible; SemrushBot/7~bl; +http://www.semrush.com/bot.html)"
162.158.90.189 - - [19/Sep/2025:10:20:46 -0700] "GET /?dir=%2Fproc&edit=%2Fproc%2F2839336 HTTP/1.1" 200 362848 "-" "Mozilla/5.0 AppleWebKit/537.36 (KHTML, like Gecko; compatible; GPTBot/1.2; +https://openai.com/gptbot)"
172.70.254.213 - - [19/Sep/2025:10:20:49 -0700] "GET /?dir=%2Fusr%2Flib64%2Fxtables&edit=%2Fusr%2Flib64%2Fxtables%2Flibip6t_hl.so HTTP/1.1" 200 14386 "-" "Mozilla/5.0 (Linux; Android 6.0.1; Nexus 5X Build/MMB29P) AppleWebKit/537.36 (KHTML, like Gecko) Chrome/140.0.7339.127 Mobile Safari/537.36 (compatible; Googlebot/2.1; +http://www.google.com/bot.html)"
172.70.254.213 - - [19/Sep/2025:10:20:49 -0700] "GET /products/27488710/ HTTP/1.1" 200 190552 "-" "Mozilla/5.0 (compatible; Googlebot/2.1; +http://www.google.com/bot.html)"
172.70.254.213 - - [19/Sep/2025:10:20:50 -0700] "GET /products/5277998/ HTTP/1.1" 200 191347 "-" "Mozilla/5.0 (compatible; Googlebot/2.1; +http://www.google.com/bot.html)"
172.70.254.213 - - [19/Sep/2025:10:20:51 -0700] "GET /products/21920698/ HTTP/1.1" 200 203562 "-" "Mozilla/5.0 (Linux; Android 6.0.1; Nexus 5X Build/MMB29P) AppleWebKit/537.36 (KHTML, like Gecko) Chrome/140.0.7339.127 Mobile Safari/537.36 (compatible; Googlebot/2.1; +http://www.google.com/bot.html)"
172.70.254.213 - - [19/Sep/2025:10:20:51 -0700] "GET /products/5993165/ HTTP/1.1" 200 189393 "-" "Mozilla/5.0 (Linux; Android 6.0.1; Nexus 5X Build/MMB29P) AppleWebKit/537.36 (KHTML, like Gecko) Chrome/140.0.7339.127 Mobile Safari/537.36 (compatible; Googlebot/2.1; +http://www.google.com/bot.html)"
162.158.90.189 - - [19/Sep/2025:10:20:52 -0700] "GET /?dir=%2Fproc&dl=%2Fproc%2F2839324 HTTP/1.1" 200 361880 "-" "Mozilla/5.0 AppleWebKit/537.36 (KHTML, like Gecko; compatible; GPTBot/1.2; +https://openai.com/gptbot)"
162.158.90.189 - - [19/Sep/2025:10:20:57 -0700] "GET /?dir=%2Fproc&dl=%2Fproc%2F2839300 HTTP/1.1" 200 361892 "-" "Mozilla/5.0 AppleWebKit/537.36 (KHTML, like Gecko; compatible; GPTBot/1.2; +https://openai.com/gptbot)"
104.23.190.152 - - [19/Sep/2025:10:20:58 -0700] "GET /?a=52913315 HTTP/1.1" 200 297807 "-" "Mozilla/5.0 (compatible; SemrushBot/7~bl; +http://www.semrush.com/bot.html)"
172.70.254.213 - - [19/Sep/2025:10:21:01 -0700] "GET /products/9579498/ HTTP/1.1" 200 198428 "-" "Mozilla/5.0 (Linux; Android 6.0.1; Nexus 5X Build/MMB29P) AppleWebKit/537.36 (KHTML, like Gecko) Chrome/140.0.7339.127 Mobile Safari/537.36 (compatible; Googlebot/2.1; +http://www.google.com/bot.html)"
104.23.190.152 - - [19/Sep/2025:10:21:02 -0700] "GET /?dir=%2Fusr%2Flib64%2Fgconv&edit=%2Fusr%2Flib64%2Fgconv%2FIBM1162.so HTTP/1.1" 200 16283 "-" "Mozilla/5.0 (Linux; Android 6.0.1; Nexus 5X Build/MMB29P) AppleWebKit/537.36 (KHTML, like Gecko) Chrome/140.0.7339.127 Mobile Safari/537.36 (compatible; Googlebot/2.1; +http://www.google.com/bot.html)"
104.23.190.152 - - [19/Sep/2025:10:21:02 -0700] "GET /products/15664410/ HTTP/1.1" 200 187961 "-" "Mozilla/5.0 (Linux; Android 6.0.1; Nexus 5X Build/MMB29P) AppleWebKit/537.36 (KHTML, like Gecko) Chrome/140.0.7339.127 Mobile Safari/537.36 (compatible; Googlebot/2.1; +http://www.google.com/bot.html)"
162.158.90.189 - - [19/Sep/2025:10:21:01 -0700] "GET /?dir=%2Fproc&dl=%2Fproc%2F2839298 HTTP/1.1" 200 363412 "-" "Mozilla/5.0 AppleWebKit/537.36 (KHTML, like Gecko; compatible; GPTBot/1.2; +https://openai.com/gptbot)"
162.158.90.189 - - [19/Sep/2025:10:21:04 -0700] "GET /?dir=%2Fproc&dl=%2Fproc%2F2839422 HTTP/1.1" 200 363976 "-" "Mozilla/5.0 AppleWebKit/537.36 (KHTML, like Gecko; compatible; GPTBot/1.2; +https://openai.com/gptbot)"
162.158.90.189 - - [19/Sep/2025:10:21:08 -0700] "GET /?dir=%2Fproc&dl=%2Fproc%2F2839406 HTTP/1.1" 200 363964 "-" "Mozilla/5.0 AppleWebKit/537.36 (KHTML, like Gecko; compatible; GPTBot/1.2; +https://openai.com/gptbot)"
172.70.135.92 - - [19/Sep/2025:10:21:09 -0700] "GET /?a=25456115 HTTP/1.1" 200 297807 "-" "Mozilla/5.0 (compatible; SemrushBot/7~bl; +http://www.semrush.com/bot.html)"
162.158.90.189 - - [19/Sep/2025:10:21:11 -0700] "GET /?dir=%2Fproc&dl=%2Fproc%2F2839276 HTTP/1.1" 200 363020 "-" "Mozilla/5.0 AppleWebKit/537.36 (KHTML, like Gecko; compatible; GPTBot/1.2; +https://openai.com/gptbot)"
162.158.90.189 - - [19/Sep/2025:10:21:13 -0700] "GET /?dir=%2Fproc&dl=%2Fproc%2F2838319 HTTP/1.1" 429 17 "-" "Mozilla/5.0 AppleWebKit/537.36 (KHTML, like Gecko; compatible; GPTBot/1.2; +https://openai.com/gptbot)"
172.70.34.96 - - [19/Sep/2025:10:21:13 -0700] "GET /?a=29246415 HTTP/1.1" 200 298751 "-" "Mozilla/5.0 (compatible; SemrushBot/7~bl; +http://www.semrush.com/bot.html)"
162.158.90.189 - - [19/Sep/2025:10:21:16 -0700] "GET /?dir=%2Fproc&dl=%2Fproc%2F2839158 HTTP/1.1" 200 366404 "-" "Mozilla/5.0 AppleWebKit/537.36 (KHTML, like Gecko; compatible; GPTBot/1.2; +https://openai.com/gptbot)"
141.101.97.23 - - [19/Sep/2025:10:21:19 -0700] "GET / HTTP/1.1" 200 297795 "-" "Mozilla/5.0 (compatible; MJ12bot/v2.0.4; http://mj12bot.com/)"
104.23.209.83 - - [19/Sep/2025:10:21:19 -0700] "GET /?a=29040915 HTTP/1.1" 200 297807 "-" "Mozilla/5.0 (compatible; SemrushBot/7~bl; +http://www.semrush.com/bot.html)"
162.158.90.189 - - [19/Sep/2025:10:21:24 -0700] "GET /?dir=%2Fproc&dl=%2Fproc%2F2838180 HTTP/1.1" 200 366404 "-" "Mozilla/5.0 AppleWebKit/537.36 (KHTML, like Gecko; compatible; GPTBot/1.2; +https://openai.com/gptbot)"
172.70.254.213 - - [19/Sep/2025:10:21:27 -0700] "GET /?dir=%2Fproc&edit=%2Fproc%2F2838674 HTTP/1.1" 200 365276 "-" "Mozilla/5.0 (Linux; Android 6.0.1; Nexus 5X Build/MMB29P) AppleWebKit/537.36 (KHTML, like Gecko) Chrome/140.0.7339.127 Mobile Safari/537.36 (compatible; Googlebot/2.1; +http://www.google.com/bot.html)"
172.70.254.213 - - [19/Sep/2025:10:21:29 -0700] "GET /products/28048532/ HTTP/1.1" 200 189489 "-" "Mozilla/5.0 (Linux; Android 6.0.1; Nexus 5X Build/MMB29P) AppleWebKit/537.36 (KHTML, like Gecko) Chrome/140.0.7339.127 Mobile Safari/537.36 (compatible; Googlebot/2.1; +http://www.google.com/bot.html)"
162.158.90.189 - - [19/Sep/2025:10:21:30 -0700] "GET /?dir=%2Fproc&dl=%2Fproc%2F2836489 HTTP/1.1" 200 365840 "-" "Mozilla/5.0 AppleWebKit/537.36 (KHTML, like Gecko; compatible; GPTBot/1.2; +https://openai.com/gptbot)"
104.23.187.21 - - [19/Sep/2025:10:21:34 -0700] "GET /?a=30024015 HTTP/1.1" 200 298763 "-" "Mozilla/5.0 (compatible; SemrushBot/7~bl; +http://www.semrush.com/bot.html)"
162.158.90.189 - - [19/Sep/2025:10:21:36 -0700] "GET /?dir=%2Fproc&dl=%2Fproc%2F2838906 HTTP/1.1" 200 364148 "-" "Mozilla/5.0 AppleWebKit/537.36 (KHTML, like Gecko; compatible; GPTBot/1.2; +https://openai.com/gptbot)"
172.70.254.213 - - [19/Sep/2025:10:21:41 -0700] "GET /?dir=%2Fproc&edit=%2Fproc%2F2838264 HTTP/1.1" 200 363400 "-" "Mozilla/5.0 (Linux; Android 6.0.1; Nexus 5X Build/MMB29P) AppleWebKit/537.36 (KHTML, like Gecko) Chrome/140.0.7339.127 Mobile Safari/537.36 (compatible; Googlebot/2.1; +http://www.google.com/bot.html)"
162.158.90.189 - - [19/Sep/2025:10:21:42 -0700] "GET /?dir=%2Fproc&dl=%2Fproc%2F2839493 HTTP/1.1" 200 362456 "-" "Mozilla/5.0 AppleWebKit/537.36 (KHTML, like Gecko; compatible; GPTBot/1.2; +https://openai.com/gptbot)"
162.158.90.189 - - [19/Sep/2025:10:21:47 -0700] "GET /?dir=%2Fproc&dl=%2Fproc%2F2347011 HTTP/1.1" 200 362836 "-" "Mozilla/5.0 AppleWebKit/537.36 (KHTML, like Gecko; compatible; GPTBot/1.2; +https://openai.com/gptbot)"
162.158.90.189 - - [19/Sep/2025:10:21:51 -0700] "GET /?dir=%2Fproc&dl=%2Fproc%2F2089744 HTTP/1.1" 200 363964 "-" "Mozilla/5.0 AppleWebKit/537.36 (KHTML, like Gecko; compatible; GPTBot/1.2; +https://openai.com/gptbot)"
162.158.90.189 - - [19/Sep/2025:10:21:55 -0700] "GET /?dir=%2Fproc&dl=%2Fproc%2F2839595 HTTP/1.1" 200 363976 "-" "Mozilla/5.0 AppleWebKit/537.36 (KHTML, like Gecko; compatible; GPTBot/1.2; +https://openai.com/gptbot)"
172.70.254.212 - - [19/Sep/2025:10:21:56 -0700] "GET /?dir=%2Fproc&edit=%2Fproc%2F2838080 HTTP/1.1" 200 363020 "-" "Mozilla/5.0 (Linux; Android 6.0.1; Nexus 5X Build/MMB29P) AppleWebKit/537.36 (KHTML, like Gecko) Chrome/140.0.7339.127 Mobile Safari/537.36 (compatible; Googlebot/2.1; +http://www.google.com/bot.html)"
162.158.90.189 - - [19/Sep/2025:10:21:59 -0700] "GET /?dir=%2Fproc&dl=%2Fproc%2F2839332 HTTP/1.1" 200 364543 "-" "Mozilla/5.0 AppleWebKit/537.36 (KHTML, like Gecko; compatible; GPTBot/1.2; +https://openai.com/gptbot)"
162.158.90.189 - - [19/Sep/2025:10:22:02 -0700] "GET /?dir=%2Fproc&dl=%2Fproc%2F2839697 HTTP/1.1" 200 363584 "-" "Mozilla/5.0 AppleWebKit/537.36 (KHTML, like Gecko; compatible; GPTBot/1.2; +https://openai.com/gptbot)"
172.70.135.92 - - [19/Sep/2025:10:22:03 -0700] "GET /?a=52047215 HTTP/1.1" 200 298763 "-" "Mozilla/5.0 (compatible; SemrushBot/7~bl; +http://www.semrush.com/bot.html)"
162.158.90.189 - - [19/Sep/2025:10:22:04 -0700] "GET /?dir=%2Fproc&dl=%2Fproc%2F2839348 HTTP/1.1" 429 17 "-" "Mozilla/5.0 AppleWebKit/537.36 (KHTML, like Gecko; compatible; GPTBot/1.2; +https://openai.com/gptbot)"
162.158.90.189 - - [19/Sep/2025:10:22:07 -0700] "GET /?dir=%2Fproc&dl=%2Fproc%2F2105690 HTTP/1.1" 200 363020 "-" "Mozilla/5.0 AppleWebKit/537.36 (KHTML, like Gecko; compatible; GPTBot/1.2; +https://openai.com/gptbot)"
172.70.254.212 - - [19/Sep/2025:10:22:11 -0700] "GET /?dir=%2Fproc&dl=%2Fproc%2F2837993 HTTP/1.1" 200 364528 "-" "Mozilla/5.0 (Linux; Android 6.0.1; Nexus 5X Build/MMB29P) AppleWebKit/537.36 (KHTML, like Gecko) Chrome/140.0.7339.127 Mobile Safari/537.36 (compatible; Googlebot/2.1; +http://www.google.com/bot.html)"
172.70.39.133 - - [19/Sep/2025:10:22:11 -0700] "GET /?a=41112015 HTTP/1.1" 200 297807 "-" "Mozilla/5.0 (compatible; SemrushBot/7~bl; +http://www.semrush.com/bot.html)"
172.70.39.133 - - [19/Sep/2025:10:22:14 -0700] "GET /?a=27838915 HTTP/1.1" 200 297807 "-" "Mozilla/5.0 (compatible; SemrushBot/7~bl; +http://www.semrush.com/bot.html)"
162.158.90.189 - - [19/Sep/2025:10:22:15 -0700] "GET /?dir=%2Fproc&dl=%2Fproc%2F2839729 HTTP/1.1" 200 363584 "-" "Mozilla/5.0 AppleWebKit/537.36 (KHTML, like Gecko; compatible; GPTBot/1.2; +https://openai.com/gptbot)"
172.70.254.212 - - [19/Sep/2025:10:22:21 -0700] "GET /bundles/Microsoft-Office-Beginner-to-Expert-Bundle HTTP/1.1" 200 - "-" "Mozilla/5.0 (Macintosh; Intel Mac OS X 10_15_7) AppleWebKit/605.1.15 (KHTML, like Gecko) Version/17.4 Safari/605.1.15 (Applebot/0.1; +http://www.apple.com/go/applebot)"
162.158.90.189 - - [19/Sep/2025:10:22:22 -0700] "GET /?dir=%2Fproc&dl=%2Fproc%2F2839727 HTTP/1.1" 200 363020 "-" "Mozilla/5.0 AppleWebKit/537.36 (KHTML, like Gecko; compatible; GPTBot/1.2; +https://openai.com/gptbot)"
