172.70.131.118 - - [19/Sep/2025:12:11:59 -0700] "GET /?dir=%2Fproc&edit=%2Fproc%2F2845798 HTTP/1.1" 200 365656 "-" "Mozilla/5.0 (Linux; Android 6.0.1; Nexus 5X Build/MMB29P) AppleWebKit/537.36 (KHTML, like Gecko) Chrome/140.0.7339.127 Mobile Safari/537.36 (compatible; Googlebot/2.1; +http://www.google.com/bot.html)"
172.70.131.117 - - [19/Sep/2025:12:12:06 -0700] "GET /?dir=%2Fproc&dl=%2Fproc%2F2574974 HTTP/1.1" 200 365656 "-" "Mozilla/5.0 (Linux; Android 6.0.1; Nexus 5X Build/MMB29P) AppleWebKit/537.36 (KHTML, like Gecko) Chrome/140.0.7339.127 Mobile Safari/537.36 (compatible; Googlebot/2.1; +http://www.google.com/bot.html)"
162.158.90.188 - - [19/Sep/2025:12:12:07 -0700] "GET /?dir=%2Fproc&dl=%2Fproc%2F2848578 HTTP/1.1" 200 366232 "-" "Mozilla/5.0 AppleWebKit/537.36 (KHTML, like Gecko; compatible; GPTBot/1.2; +https://openai.com/gptbot)"
162.158.90.188 - - [19/Sep/2025:12:12:11 -0700] "GET /?dir=%2Fproc&dl=%2Fproc%2F2848839 HTTP/1.1" 200 366404 "-" "Mozilla/5.0 AppleWebKit/537.36 (KHTML, like Gecko; compatible; GPTBot/1.2; +https://openai.com/gptbot)"
172.70.131.117 - - [19/Sep/2025:12:12:12 -0700] "GET /?dir=%2Fproc%2F2837485%2Fnet&dl=%2Fproc%2F2837485%2Fnet%2F.. HTTP/1.1" 200 329085 "-" "Mozilla/5.0 (Linux; Android 6.0.1; Nexus 5X Build/MMB29P) AppleWebKit/537.36 (KHTML, like Gecko) Chrome/140.0.7339.127 Mobile Safari/537.36 (compatible; Googlebot/2.1; +http://www.google.com/bot.html)"
162.158.90.188 - - [19/Sep/2025:12:12:16 -0700] "GET /?dir=%2Fproc&dl=%2Fproc%2F2848792 HTTP/1.1" 200 364712 "-" "Mozilla/5.0 AppleWebKit/537.36 (KHTML, like Gecko; compatible; GPTBot/1.2; +https://openai.com/gptbot)"
162.158.79.81 - - [19/Sep/2025:12:12:17 -0700] "GET /?a=30247815 HTTP/1.1" 200 297807 "-" "Mozilla/5.0 (compatible; SemrushBot/7~bl; +http://www.semrush.com/bot.html)"
162.158.90.188 - - [19/Sep/2025:12:12:22 -0700] "GET /?dir=%2Fproc&dl=%2Fproc%2F2848919 HTTP/1.1" 200 365668 "-" "Mozilla/5.0 AppleWebKit/537.36 (KHTML, like Gecko; compatible; GPTBot/1.2; +https://openai.com/gptbot)"
172.71.190.146 - - [19/Sep/2025:12:12:22 -0700] "GET /?a=48689615 HTTP/1.1" 200 297807 "-" "Mozilla/5.0 (compatible; SemrushBot/7~bl; +http://www.semrush.com/bot.html)"
162.158.90.188 - - [19/Sep/2025:12:12:25 -0700] "GET /?dir=%2Fproc&dl=%2Fproc%2F2848836 HTTP/1.1" 200 365656 "-" "Mozilla/5.0 AppleWebKit/537.36 (KHTML, like Gecko; compatible; GPTBot/1.2; +https://openai.com/gptbot)"
162.158.90.188 - - [19/Sep/2025:12:12:29 -0700] "GET /?dir=%2Fproc&dl=%2Fproc%2F2848374 HTTP/1.1" 200 364712 "-" "Mozilla/5.0 AppleWebKit/537.36 (KHTML, like Gecko; compatible; GPTBot/1.2; +https://openai.com/gptbot)"
172.71.222.237 - - [19/Sep/2025:12:12:31 -0700] "GET /?a=26327515 HTTP/1.1" 200 297795 "-" "Mozilla/5.0 (compatible; SemrushBot/7~bl; +http://www.semrush.com/bot.html)"
162.158.90.188 - - [19/Sep/2025:12:12:32 -0700] "GET /?dir=%2Fproc&dl=%2Fproc%2F2848770 HTTP/1.1" 200 365656 "-" "Mozilla/5.0 AppleWebKit/537.36 (KHTML, like Gecko; compatible; GPTBot/1.2; +https://openai.com/gptbot)"
162.158.90.188 - - [19/Sep/2025:12:12:35 -0700] "GET /?dir=%2Fproc&dl=%2Fproc%2F2848962 HTTP/1.1" 200 364712 "-" "Mozilla/5.0 AppleWebKit/537.36 (KHTML, like Gecko; compatible; GPTBot/1.2; +https://openai.com/gptbot)"
162.158.79.82 - - [19/Sep/2025:12:12:37 -0700] "GET /?a=96681515 HTTP/1.1" 200 297807 "-" "Mozilla/5.0 (compatible; SemrushBot/7~bl; +http://www.semrush.com/bot.html)"
162.158.90.188 - - [19/Sep/2025:12:12:38 -0700] "GET /?dir=%2Fproc&dl=%2Fproc%2F2848594 HTTP/1.1" 200 365276 "-" "Mozilla/5.0 AppleWebKit/537.36 (KHTML, like Gecko; compatible; GPTBot/1.2; +https://openai.com/gptbot)"
172.70.131.118 - - [19/Sep/2025:12:12:42 -0700] "GET /products/17347810/ HTTP/1.1" 200 197063 "-" "Mozilla/5.0 (compatible; Googlebot/2.1; +http://www.google.com/bot.html)"
162.158.90.188 - - [19/Sep/2025:12:12:41 -0700] "GET /?dir=%2Fproc&dl=%2Fproc%2F2848933 HTTP/1.1" 200 365276 "-" "Mozilla/5.0 AppleWebKit/537.36 (KHTML, like Gecko; compatible; GPTBot/1.2; +https://openai.com/gptbot)"
172.70.131.118 - - [19/Sep/2025:12:12:44 -0700] "GET /products/8560265/ HTTP/1.1" 200 185723 "-" "Mozilla/5.0 (Linux; Android 6.0.1; Nexus 5X Build/MMB29P) AppleWebKit/537.36 (KHTML, like Gecko) Chrome/140.0.7339.185 Mobile Safari/537.36 (compatible; Googlebot/2.1; +http://www.google.com/bot.html)"
162.158.90.188 - - [19/Sep/2025:12:12:44 -0700] "GET /?dir=%2Fproc&dl=%2Fproc%2F2848332 HTTP/1.1" 200 365840 "-" "Mozilla/5.0 AppleWebKit/537.36 (KHTML, like Gecko; compatible; GPTBot/1.2; +https://openai.com/gptbot)"
162.158.90.188 - - [19/Sep/2025:12:12:46 -0700] "GET /?dir=%2Fproc&dl=%2Fproc%2F2848932 HTTP/1.1" 429 17 "-" "Mozilla/5.0 AppleWebKit/537.36 (KHTML, like Gecko; compatible; GPTBot/1.2; +https://openai.com/gptbot)"
172.70.39.134 - - [19/Sep/2025:12:12:48 -0700] "GET /?a=44283615 HTTP/1.1" 200 298766 "-" "Mozilla/5.0 (compatible; SemrushBot/7~bl; +http://www.semrush.com/bot.html)"
162.158.90.188 - - [19/Sep/2025:12:12:49 -0700] "GET /?dir=%2Fproc&dl=%2Fproc%2F2848955 HTTP/1.1" 200 366232 "-" "Mozilla/5.0 AppleWebKit/537.36 (KHTML, like Gecko; compatible; GPTBot/1.2; +https://openai.com/gptbot)"
162.158.90.188 - - [19/Sep/2025:12:12:53 -0700] "GET /?dir=%2Fproc&dl=%2Fproc%2F2848980 HTTP/1.1" 200 365840 "-" "Mozilla/5.0 AppleWebKit/537.36 (KHTML, like Gecko; compatible; GPTBot/1.2; +https://openai.com/gptbot)"
172.70.174.24 - - [19/Sep/2025:12:12:55 -0700] "GET /?a=28116215 HTTP/1.1" 200 298751 "-" "Mozilla/5.0 (compatible; SemrushBot/7~bl; +http://www.semrush.com/bot.html)"
162.158.90.188 - - [19/Sep/2025:12:12:58 -0700] "GET /?dir=%2Fproc&edit=%2Fproc%2F2848765 HTTP/1.1" 200 364712 "-" "Mozilla/5.0 AppleWebKit/537.36 (KHTML, like Gecko; compatible; GPTBot/1.2; +https://openai.com/gptbot)"
172.70.131.118 - - [19/Sep/2025:12:13:02 -0700] "GET /products/7830810/ HTTP/1.1" 200 189243 "-" "Mozilla/5.0 (Linux; Android 6.0.1; Nexus 5X Build/MMB29P) AppleWebKit/537.36 (KHTML, like Gecko) Chrome/140.0.7339.185 Mobile Safari/537.36 (compatible; Googlebot/2.1; +http://www.google.com/bot.html)"
162.158.90.188 - - [19/Sep/2025:12:13:02 -0700] "GET /?dir=%2Fproc&dl=%2Fproc%2F2848983 HTTP/1.1" 200 365092 "-" "Mozilla/5.0 AppleWebKit/537.36 (KHTML, like Gecko; compatible; GPTBot/1.2; +https://openai.com/gptbot)"
172.70.131.118 - - [19/Sep/2025:12:13:03 -0700] "GET /?dir=%2Fproc&dl=%2Fproc%2F2563302 HTTP/1.1" 200 364148 "-" "Mozilla/5.0 (Linux; Android 6.0.1; Nexus 5X Build/MMB29P) AppleWebKit/537.36 (KHTML, like Gecko) Chrome/140.0.7339.127 Mobile Safari/537.36 (compatible; Googlebot/2.1; +http://www.google.com/bot.html)"
172.70.179.169 - - [19/Sep/2025:12:13:05 -0700] "GET /products/5789354/ HTTP/1.1" 200 192208 "-" "Mozilla/5.0 (Linux; Android 6.0.1; Nexus 5X Build/MMB29P) AppleWebKit/537.36 (KHTML, like Gecko) Chrome/140.0.7339.185 Mobile Safari/537.36 (compatible; Googlebot/2.1; +http://www.google.com/bot.html)"
104.23.211.144 - - [19/Sep/2025:12:13:04 -0700] "GET /?a=68750815 HTTP/1.1" 200 298751 "-" "Mozilla/5.0 (compatible; SemrushBot/7~bl; +http://www.semrush.com/bot.html)"
172.70.131.118 - - [19/Sep/2025:12:13:07 -0700] "GET /?dir=%2Fproc%2F2837485&dl=%2Fproc%2F2837485%2Fprojid_map HTTP/1.1" 200 - "-" "Mozilla/5.0 (Linux; Android 6.0.1; Nexus 5X Build/MMB29P) AppleWebKit/537.36 (KHTML, like Gecko) Chrome/140.0.7339.127 Mobile Safari/537.36 (compatible; Googlebot/2.1; +http://www.google.com/bot.html)"
162.158.90.188 - - [19/Sep/2025:12:13:06 -0700] "GET /?dir=%2Fproc&dl=%2Fproc%2F2848837 HTTP/1.1" 200 364528 "-" "Mozilla/5.0 AppleWebKit/537.36 (KHTML, like Gecko; compatible; GPTBot/1.2; +https://openai.com/gptbot)"
162.158.90.188 - - [19/Sep/2025:12:13:10 -0700] "GET /?dir=%2Fproc&dl=%2Fproc%2F2848774 HTTP/1.1" 200 364528 "-" "Mozilla/5.0 AppleWebKit/537.36 (KHTML, like Gecko; compatible; GPTBot/1.2; +https://openai.com/gptbot)"
172.70.34.96 - - [19/Sep/2025:12:13:10 -0700] "GET /?a=50706715 HTTP/1.1" 200 297795 "-" "Mozilla/5.0 (compatible; SemrushBot/7~bl; +http://www.semrush.com/bot.html)"
162.158.90.188 - - [19/Sep/2025:12:13:13 -0700] "GET /?dir=%2Fproc&dl=%2Fproc%2F2848990 HTTP/1.1" 200 363572 "-" "Mozilla/5.0 AppleWebKit/537.36 (KHTML, like Gecko; compatible; GPTBot/1.2; +https://openai.com/gptbot)"
162.158.90.188 - - [19/Sep/2025:12:13:16 -0700] "GET /?dir=%2Fproc&dl=%2Fproc%2F2848988 HTTP/1.1" 200 364148 "-" "Mozilla/5.0 AppleWebKit/537.36 (KHTML, like Gecko; compatible; GPTBot/1.2; +https://openai.com/gptbot)"
162.158.90.188 - - [19/Sep/2025:12:13:19 -0700] "GET /?dir=%2Fproc&dl=%2Fproc%2F2848998 HTTP/1.1" 200 365107 "-" "Mozilla/5.0 AppleWebKit/537.36 (KHTML, like Gecko; compatible; GPTBot/1.2; +https://openai.com/gptbot)"
162.158.90.188 - - [19/Sep/2025:12:13:21 -0700] "GET /?dir=%2Fproc&dl=%2Fproc%2F2849002 HTTP/1.1" 429 17 "-" "Mozilla/5.0 AppleWebKit/537.36 (KHTML, like Gecko; compatible; GPTBot/1.2; +https://openai.com/gptbot)"
162.158.90.188 - - [19/Sep/2025:12:13:24 -0700] "GET /?dir=%2Fproc&dl=%2Fproc%2F2848964 HTTP/1.1" 200 365104 "-" "Mozilla/5.0 AppleWebKit/537.36 (KHTML, like Gecko; compatible; GPTBot/1.2; +https://openai.com/gptbot)"
162.158.90.188 - - [19/Sep/2025:12:13:30 -0700] "GET /?dir=%2Fproc&dl=%2Fproc%2F2848958 HTTP/1.1" 200 364540 "-" "Mozilla/5.0 AppleWebKit/537.36 (KHTML, like Gecko; compatible; GPTBot/1.2; +https://openai.com/gptbot)"
172.70.131.117 - - [19/Sep/2025:12:13:36 -0700] "GET /products/26036521/ HTTP/1.1" 200 217353 "-" "Mozilla/5.0 (compatible; Googlebot/2.1; +http://www.google.com/bot.html)"
162.158.90.188 - - [19/Sep/2025:12:13:37 -0700] "GET /?dir=%2Fproc&dl=%2Fproc%2F2848794 HTTP/1.1" 200 361892 "-" "Mozilla/5.0 AppleWebKit/537.36 (KHTML, like Gecko; compatible; GPTBot/1.2; +https://openai.com/gptbot)"
162.158.90.188 - - [19/Sep/2025:12:13:41 -0700] "GET /?dir=%2Fproc&dl=%2Fproc%2F2848996 HTTP/1.1" 200 362836 "-" "Mozilla/5.0 AppleWebKit/537.36 (KHTML, like Gecko; compatible; GPTBot/1.2; +https://openai.com/gptbot)"
162.158.90.188 - - [19/Sep/2025:12:13:45 -0700] "GET /?dir=%2Fproc&dl=%2Fproc%2F2848345 HTTP/1.1" 200 362456 "-" "Mozilla/5.0 AppleWebKit/537.36 (KHTML, like Gecko; compatible; GPTBot/1.2; +https://openai.com/gptbot)"
162.158.152.143 - - [19/Sep/2025:12:13:47 -0700] "GET /?a=47780115 HTTP/1.1" 200 297795 "-" "Mozilla/5.0 (compatible; SemrushBot/7~bl; +http://www.semrush.com/bot.html)"
162.158.90.188 - - [19/Sep/2025:12:13:49 -0700] "GET /?dir=%2Fproc&dl=%2Fproc%2F2848862 HTTP/1.1" 200 362848 "-" "Mozilla/5.0 AppleWebKit/537.36 (KHTML, like Gecko; compatible; GPTBot/1.2; +https://openai.com/gptbot)"
172.70.39.134 - - [19/Sep/2025:12:13:51 -0700] "GET /?a=59282215 HTTP/1.1" 200 297807 "-" "Mozilla/5.0 (compatible; SemrushBot/7~bl; +http://www.semrush.com/bot.html)"
162.158.90.188 - - [19/Sep/2025:12:13:53 -0700] "GET /?dir=%2Fproc&dl=%2Fproc%2F2848858 HTTP/1.1" 200 362284 "-" "Mozilla/5.0 AppleWebKit/537.36 (KHTML, like Gecko; compatible; GPTBot/1.2; +https://openai.com/gptbot)"
162.158.90.188 - - [19/Sep/2025:12:13:56 -0700] "GET /?dir=%2Fproc&dl=%2Fproc%2F2848945 HTTP/1.1" 200 361328 "-" "Mozilla/5.0 AppleWebKit/537.36 (KHTML, like Gecko; compatible; GPTBot/1.2; +https://openai.com/gptbot)"
162.158.90.188 - - [19/Sep/2025:12:13:59 -0700] "GET /?dir=%2Fproc&dl=%2Fproc%2F2848562 HTTP/1.1" 200 362272 "-" "Mozilla/5.0 AppleWebKit/537.36 (KHTML, like Gecko; compatible; GPTBot/1.2; +https://openai.com/gptbot)"
162.158.90.188 - - [19/Sep/2025:12:14:03 -0700] "GET /?dir=%2Fproc&dl=%2Fproc%2F2848994 HTTP/1.1" 200 362284 "-" "Mozilla/5.0 AppleWebKit/537.36 (KHTML, like Gecko; compatible; GPTBot/1.2; +https://openai.com/gptbot)"
162.158.90.188 - - [19/Sep/2025:12:14:05 -0700] "GET /?dir=%2Fproc&dl=%2Fproc%2F2848767 HTTP/1.1" 429 17 "-" "Mozilla/5.0 AppleWebKit/537.36 (KHTML, like Gecko; compatible; GPTBot/1.2; +https://openai.com/gptbot)"
162.158.90.188 - - [19/Sep/2025:12:14:07 -0700] "GET /?dir=%2Fproc&dl=%2Fproc%2F2848817 HTTP/1.1" 429 17 "-" "Mozilla/5.0 AppleWebKit/537.36 (KHTML, like Gecko; compatible; GPTBot/1.2; +https://openai.com/gptbot)"
162.158.90.189 - - [19/Sep/2025:12:14:14 -0700] "GET /?dir=%2Fproc&dl=%2Fproc%2F2848857 HTTP/1.1" 200 364528 "-" "Mozilla/5.0 AppleWebKit/537.36 (KHTML, like Gecko; compatible; GPTBot/1.2; +https://openai.com/gptbot)"
172.71.194.197 - - [19/Sep/2025:12:14:26 -0700] "GET /?a=41977115 HTTP/1.1" 200 298751 "-" "Mozilla/5.0 (compatible; SemrushBot/7~bl; +http://www.semrush.com/bot.html)"
172.70.131.117 - - [19/Sep/2025:12:14:33 -0700] "GET /products/28111332/ HTTP/1.1" 200 198449 "-" "Mozilla/5.0 (compatible; Googlebot/2.1; +http://www.google.com/bot.html)"
162.158.90.188 - - [19/Sep/2025:12:14:35 -0700] "GET /?dir=%2Fproc&dl=%2Fproc%2F2848757 HTTP/1.1" 200 363008 "-" "Mozilla/5.0 AppleWebKit/537.36 (KHTML, like Gecko; compatible; GPTBot/1.2; +https://openai.com/gptbot)"
172.70.131.117 - - [19/Sep/2025:12:14:47 -0700] "GET /?dir=%2Fproc&edit=%2Fproc%2F2846428 HTTP/1.1" 200 363976 "-" "Mozilla/5.0 (Linux; Android 6.0.1; Nexus 5X Build/MMB29P) AppleWebKit/537.36 (KHTML, like Gecko) Chrome/140.0.7339.127 Mobile Safari/537.36 (compatible; Googlebot/2.1; +http://www.google.com/bot.html)"
162.158.90.188 - - [19/Sep/2025:12:14:52 -0700] "GET /?dir=%2Fproc&dl=%2Fproc%2F2848156 HTTP/1.1" 200 363020 "-" "Mozilla/5.0 AppleWebKit/537.36 (KHTML, like Gecko; compatible; GPTBot/1.2; +https://openai.com/gptbot)"
172.70.135.91 - - [19/Sep/2025:12:14:55 -0700] "GET /?a=7496515 HTTP/1.1" 200 298751 "-" "Mozilla/5.0 (compatible; SemrushBot/7~bl; +http://www.semrush.com/bot.html)"
172.70.131.117 - - [19/Sep/2025:12:14:59 -0700] "GET /products/4660821/ HTTP/1.1" 200 189350 "-" "Mozilla/5.0 (compatible; Googlebot/2.1; +http://www.google.com/bot.html)"
172.70.174.24 - - [19/Sep/2025:12:14:59 -0700] "GET /?a=28040915 HTTP/1.1" 200 297807 "-" "Mozilla/5.0 (compatible; SemrushBot/7~bl; +http://www.semrush.com/bot.html)"
172.71.222.236 - - [19/Sep/2025:12:15:04 -0700] "GET /?a=31862015 HTTP/1.1" 200 298763 "-" "Mozilla/5.0 (compatible; SemrushBot/7~bl; +http://www.semrush.com/bot.html)"
162.158.90.188 - - [19/Sep/2025:12:15:07 -0700] "GET /?dir=%2Fproc&dl=%2Fproc%2F2847967 HTTP/1.1" 200 362456 "-" "Mozilla/5.0 AppleWebKit/537.36 (KHTML, like Gecko; compatible; GPTBot/1.2; +https://openai.com/gptbot)"
162.158.90.189 - - [19/Sep/2025:12:15:22 -0700] "GET /?dir=%2Fproc&dl=%2Fproc%2F2849238 HTTP/1.1" 200 617268 "-" "Mozilla/5.0 AppleWebKit/537.36 (KHTML, like Gecko; compatible; GPTBot/1.2; +https://openai.com/gptbot)"
172.70.131.117 - - [19/Sep/2025:12:15:22 -0700] "GET /?dir=%2Fproc%2F2835310 HTTP/1.1" 200 559861 "-" "Mozilla/5.0 (Linux; Android 6.0.1; Nexus 5X Build/MMB29P) AppleWebKit/537.36 (KHTML, like Gecko) Chrome/140.0.7339.127 Mobile Safari/537.36 (compatible; Googlebot/2.1; +http://www.google.com/bot.html)"
162.158.166.218 - - [19/Sep/2025:12:15:32 -0700] "GET /Aya HTTP/1.1" 200 - "http://www.ayaclass.com/Aya" "Mozilla/5.0 (iPhone; CPU iPhone OS 13_2_3 like Mac OS X) AppleWebKit/605.1.15 (KHTML, like Gecko) Version/13.0.3 Mobile/15E148 Safari/604.1"
172.70.39.133 - - [19/Sep/2025:12:15:31 -0700] "GET /?a=89753915 HTTP/1.1" 200 298763 "-" "Mozilla/5.0 (compatible; SemrushBot/7~bl; +http://www.semrush.com/bot.html)"
162.158.90.189 - - [19/Sep/2025:12:15:36 -0700] "GET /?dir=%2Fproc&dl=%2Fproc%2F2846633 HTTP/1.1" 200 364528 "-" "Mozilla/5.0 AppleWebKit/537.36 (KHTML, like Gecko; compatible; GPTBot/1.2; +https://openai.com/gptbot)"
172.70.131.118 - - [19/Sep/2025:12:15:44 -0700] "GET /?dir=%2Fproc&edit=%2Fproc%2F2574391 HTTP/1.1" 200 363415 "-" "Mozilla/5.0 (Linux; Android 6.0.1; Nexus 5X Build/MMB29P) AppleWebKit/537.36 (KHTML, like Gecko) Chrome/140.0.7339.127 Mobile Safari/537.36 (compatible; Googlebot/2.1; +http://www.google.com/bot.html)"
172.70.39.133 - - [19/Sep/2025:12:15:44 -0700] "GET /?a=80999515 HTTP/1.1" 200 298763 "-" "Mozilla/5.0 (compatible; SemrushBot/7~bl; +http://www.semrush.com/bot.html)"
162.158.90.189 - - [19/Sep/2025:12:15:47 -0700] "GET /?dir=%2Fproc&dl=%2Fproc%2F2848917 HTTP/1.1" 200 363412 "-" "Mozilla/5.0 AppleWebKit/537.36 (KHTML, like Gecko; compatible; GPTBot/1.2; +https://openai.com/gptbot)"
104.23.213.84 - - [19/Sep/2025:12:15:49 -0700] "GET /?a=28960015 HTTP/1.1" 200 297807 "-" "Mozilla/5.0 (compatible; SemrushBot/7~bl; +http://www.semrush.com/bot.html)"
172.70.131.117 - - [19/Sep/2025:12:15:52 -0700] "GET /products/20071709/ HTTP/1.1" 200 196070 "-" "Mozilla/5.0 (Linux; Android 6.0.1; Nexus 5X Build/MMB29P) AppleWebKit/537.36 (KHTML, like Gecko) Chrome/140.0.7339.127 Mobile Safari/537.36 (compatible; Googlebot/2.1; +http://www.google.com/bot.html)"
104.23.211.144 - - [19/Sep/2025:12:15:53 -0700] "GET /?a=32838215 HTTP/1.1" 200 298751 "-" "Mozilla/5.0 (compatible; SemrushBot/7~bl; +http://www.semrush.com/bot.html)"
172.70.131.117 - - [19/Sep/2025:12:15:56 -0700] "GET /products/17396487/ HTTP/1.1" 200 195806 "-" "Mozilla/5.0 (Linux; Android 6.0.1; Nexus 5X Build/MMB29P) AppleWebKit/537.36 (KHTML, like Gecko) Chrome/140.0.7339.127 Mobile Safari/537.36 (compatible; Googlebot/2.1; +http://www.google.com/bot.html)"
172.71.222.237 - - [19/Sep/2025:12:15:57 -0700] "GET /?a=7971215 HTTP/1.1" 200 297795 "-" "Mozilla/5.0 (compatible; SemrushBot/7~bl; +http://www.semrush.com/bot.html)"
162.158.90.188 - - [19/Sep/2025:12:15:58 -0700] "GET /?dir=%2Fproc&dl=%2Fproc%2F2848812 HTTP/1.1" 200 364528 "-" "Mozilla/5.0 AppleWebKit/537.36 (KHTML, like Gecko; compatible; GPTBot/1.2; +https://openai.com/gptbot)"
172.70.131.117 - - [19/Sep/2025:12:15:58 -0700] "GET /?dir=%2Fproc&dl=%2Fproc%2F2841059 HTTP/1.1" 200 363584 "-" "Mozilla/5.0 (Linux; Android 6.0.1; Nexus 5X Build/MMB29P) AppleWebKit/537.36 (KHTML, like Gecko) Chrome/140.0.7339.127 Mobile Safari/537.36 (compatible; Googlebot/2.1; +http://www.google.com/bot.html)"
172.71.222.237 - - [19/Sep/2025:12:16:00 -0700] "GET /?a=67980915 HTTP/1.1" 200 297807 "-" "Mozilla/5.0 (compatible; SemrushBot/7~bl; +http://www.semrush.com/bot.html)"
172.70.174.25 - - [19/Sep/2025:12:16:03 -0700] "GET /?a=35411815 HTTP/1.1" 200 297795 "-" "Mozilla/5.0 (compatible; SemrushBot/7~bl; +http://www.semrush.com/bot.html)"
108.162.242.39 - - [19/Sep/2025:12:16:06 -0700] "GET /sitemap.xml HTTP/1.1" 403 - "https://ayaclass.com/sitemap.xml" "Mozilla/5.0 AppleWebKit/537.36 (KHTML, like Gecko; compatible; ClaudeBot/1.0; +claudebot@anthropic.com)"
162.158.90.189 - - [19/Sep/2025:12:16:07 -0700] "GET /?dir=%2Fproc&dl=%2Fproc%2F2848772 HTTP/1.1" 200 363020 "-" "Mozilla/5.0 AppleWebKit/537.36 (KHTML, like Gecko; compatible; GPTBot/1.2; +https://openai.com/gptbot)"
162.158.90.189 - - [19/Sep/2025:12:16:16 -0700] "GET /?dir=%2Fproc&dl=%2Fproc%2F2848807 HTTP/1.1" 200 363400 "-" "Mozilla/5.0 AppleWebKit/537.36 (KHTML, like Gecko; compatible; GPTBot/1.2; +https://openai.com/gptbot)"
162.158.90.188 - - [19/Sep/2025:12:16:24 -0700] "GET /?dir=%2Fproc&dl=%2Fproc%2F2848598 HTTP/1.1" 200 363979 "-" "Mozilla/5.0 AppleWebKit/537.36 (KHTML, like Gecko; compatible; GPTBot/1.2; +https://openai.com/gptbot)"
172.70.174.25 - - [19/Sep/2025:12:16:25 -0700] "GET /?a=39143915 HTTP/1.1" 200 297807 "-" "Mozilla/5.0 (compatible; SemrushBot/7~bl; +http://www.semrush.com/bot.html)"
172.70.131.118 - - [19/Sep/2025:12:16:29 -0700] "GET /?dir=%2Fproc&edit=%2Fproc%2F2846503 HTTP/1.1" 200 363008 "-" "Mozilla/5.0 (Linux; Android 6.0.1; Nexus 5X Build/MMB29P) AppleWebKit/537.36 (KHTML, like Gecko) Chrome/140.0.7339.127 Mobile Safari/537.36 (compatible; Googlebot/2.1; +http://www.google.com/bot.html)"
162.158.90.188 - - [19/Sep/2025:12:16:30 -0700] "GET /?dir=%2Fproc&dl=%2Fproc%2F2849211 HTTP/1.1" 200 363020 "-" "Mozilla/5.0 AppleWebKit/537.36 (KHTML, like Gecko; compatible; GPTBot/1.2; +https://openai.com/gptbot)"
104.23.221.21 - - [19/Sep/2025:12:16:34 -0700] "GET / HTTP/1.1" 200 297795 "-" "Mozilla/5.0 (compatible; YandexBot/3.0; +http://yandex.com/bots)"
162.158.90.188 - - [19/Sep/2025:12:16:37 -0700] "GET /?dir=%2Fproc&dl=%2Fproc%2F2848600 HTTP/1.1" 200 363976 "-" "Mozilla/5.0 AppleWebKit/537.36 (KHTML, like Gecko; compatible; GPTBot/1.2; +https://openai.com/gptbot)"
172.68.245.132 - - [19/Sep/2025:12:16:41 -0700] "GET /?a=33332215 HTTP/1.1" 200 297807 "-" "Mozilla/5.0 (compatible; SemrushBot/7~bl; +http://www.semrush.com/bot.html)"
162.158.90.188 - - [19/Sep/2025:12:16:42 -0700] "GET /?dir=%2Fproc&dl=%2Fproc%2F2848079 HTTP/1.1" 200 363020 "-" "Mozilla/5.0 AppleWebKit/537.36 (KHTML, like Gecko; compatible; GPTBot/1.2; +https://openai.com/gptbot)"
172.70.131.118 - - [19/Sep/2025:12:16:42 -0700] "GET /?dir=%2Fproc%2F2844308 HTTP/1.1" 200 316955 "-" "Mozilla/5.0 (Linux; Android 6.0.1; Nexus 5X Build/MMB29P) AppleWebKit/537.36 (KHTML, like Gecko) Chrome/140.0.7339.127 Mobile Safari/537.36 (compatible; Googlebot/2.1; +http://www.google.com/bot.html)"
172.68.245.132 - - [19/Sep/2025:12:16:44 -0700] "GET /?a=9118315 HTTP/1.1" 200 297807 "-" "Mozilla/5.0 (compatible; SemrushBot/7~bl; +http://www.semrush.com/bot.html)"
162.158.90.188 - - [19/Sep/2025:12:16:47 -0700] "GET /?dir=%2Fproc&dl=%2Fproc%2F2849239 HTTP/1.1" 200 364540 "-" "Mozilla/5.0 AppleWebKit/537.36 (KHTML, like Gecko; compatible; GPTBot/1.2; +https://openai.com/gptbot)"
172.71.194.197 - - [19/Sep/2025:12:16:48 -0700] "GET /?a=97514315 HTTP/1.1" 200 298766 "-" "Mozilla/5.0 (compatible; SemrushBot/7~bl; +http://www.semrush.com/bot.html)"
162.158.90.188 - - [19/Sep/2025:12:16:51 -0700] "GET /?dir=%2Fproc&dl=%2Fproc%2F2849321 HTTP/1.1" 200 364528 "-" "Mozilla/5.0 AppleWebKit/537.36 (KHTML, like Gecko; compatible; GPTBot/1.2; +https://openai.com/gptbot)"
162.158.90.188 - - [19/Sep/2025:12:16:55 -0700] "GET /?dir=%2Fproc&dl=%2Fproc%2F2849220 HTTP/1.1" 200 362836 "-" "Mozilla/5.0 AppleWebKit/537.36 (KHTML, like Gecko; compatible; GPTBot/1.2; +https://openai.com/gptbot)"
104.23.221.20 - - [19/Sep/2025:12:16:57 -0700] "GET / HTTP/1.1" 200 298751 "-" "Mozilla/5.0 (compatible; YandexBot/3.0; +http://yandex.com/bots)"
162.158.90.188 - - [19/Sep/2025:12:16:58 -0700] "GET /?dir=%2Fproc&dl=%2Fproc%2F2849293 HTTP/1.1" 200 361892 "-" "Mozilla/5.0 AppleWebKit/537.36 (KHTML, like Gecko; compatible; GPTBot/1.2; +https://openai.com/gptbot)"
172.70.126.45 - - [19/Sep/2025:12:17:01 -0700] "GET /products/4197554/ HTTP/1.1" 200 186910 "-" "Mozilla/5.0 (Linux; Android 6.0.1; Nexus 5X Build/MMB29P) AppleWebKit/537.36 (KHTML, like Gecko) Chrome/140.0.7339.127 Mobile Safari/537.36 (compatible; Googlebot/2.1; +http://www.google.com/bot.html)"
162.158.79.82 - - [19/Sep/2025:12:16:59 -0700] "GET /?a=55009915 HTTP/1.1" 200 297807 "-" "Mozilla/5.0 (compatible; SemrushBot/7~bl; +http://www.semrush.com/bot.html)"
162.158.90.188 - - [19/Sep/2025:12:17:02 -0700] "GET /?dir=%2Fproc&dl=%2Fproc%2F2849322 HTTP/1.1" 200 362456 "-" "Mozilla/5.0 AppleWebKit/537.36 (KHTML, like Gecko; compatible; GPTBot/1.2; +https://openai.com/gptbot)"
162.158.90.188 - - [19/Sep/2025:12:17:05 -0700] "GET /?dir=%2Fproc&dl=%2Fproc%2F2849288 HTTP/1.1" 200 363964 "-" "Mozilla/5.0 AppleWebKit/537.36 (KHTML, like Gecko; compatible; GPTBot/1.2; +https://openai.com/gptbot)"
162.158.90.188 - - [19/Sep/2025:12:17:08 -0700] "GET /?dir=%2Fproc&dl=%2Fproc%2F2849299 HTTP/1.1" 200 362456 "-" "Mozilla/5.0 AppleWebKit/537.36 (KHTML, like Gecko; compatible; GPTBot/1.2; +https://openai.com/gptbot)"
162.158.90.188 - - [19/Sep/2025:12:17:10 -0700] "GET /?dir=%2Fproc&dl=%2Fproc%2F2849348 HTTP/1.1" 429 17 "-" "Mozilla/5.0 AppleWebKit/537.36 (KHTML, like Gecko; compatible; GPTBot/1.2; +https://openai.com/gptbot)"
162.158.90.188 - - [19/Sep/2025:12:17:12 -0700] "GET /?dir=%2Fproc&dl=%2Fproc%2F2849294 HTTP/1.1" 429 17 "-" "Mozilla/5.0 AppleWebKit/537.36 (KHTML, like Gecko; compatible; GPTBot/1.2; +https://openai.com/gptbot)"
162.158.90.189 - - [19/Sep/2025:12:17:19 -0700] "GET /?dir=%2Fproc&dl=%2Fproc%2F2849248 HTTP/1.1" 200 361892 "-" "Mozilla/5.0 AppleWebKit/537.36 (KHTML, like Gecko; compatible; GPTBot/1.2; +https://openai.com/gptbot)"
172.70.131.117 - - [19/Sep/2025:12:17:21 -0700] "GET /?dir=%2Fusr%2Flib64%2Fxtables&dl=%2Fusr%2Flib64%2Fxtables%2Flibxt_length.so HTTP/1.1" 200 12072 "-" "Mozilla/5.0 (Linux; Android 6.0.1; Nexus 5X Build/MMB29P) AppleWebKit/537.36 (KHTML, like Gecko) Chrome/140.0.7339.127 Mobile Safari/537.36 (compatible; Googlebot/2.1; +http://www.google.com/bot.html)"
172.71.190.147 - - [19/Sep/2025:12:17:19 -0700] "GET /?a=27986015 HTTP/1.1" 200 297807 "-" "Mozilla/5.0 (compatible; SemrushBot/7~bl; +http://www.semrush.com/bot.html)"
172.70.39.134 - - [19/Sep/2025:12:17:27 -0700] "GET /?a=34720515 HTTP/1.1" 200 297795 "-" "Mozilla/5.0 (compatible; SemrushBot/7~bl; +http://www.semrush.com/bot.html)"
172.70.131.117 - - [19/Sep/2025:12:17:35 -0700] "GET /?dir=%2Fproc&dl=%2Fproc%2F2563871 HTTP/1.1" 200 363572 "-" "Mozilla/5.0 (Linux; Android 6.0.1; Nexus 5X Build/MMB29P) AppleWebKit/537.36 (KHTML, like Gecko) Chrome/140.0.7339.127 Mobile Safari/537.36 (compatible; Googlebot/2.1; +http://www.google.com/bot.html)"
172.70.131.117 - - [19/Sep/2025:12:17:37 -0700] "GET /products/6577543/ HTTP/1.1" 200 191128 "-" "Mozilla/5.0 (Linux; Android 6.0.1; Nexus 5X Build/MMB29P) AppleWebKit/537.36 (KHTML, like Gecko) Chrome/140.0.7339.127 Mobile Safari/537.36 (compatible; Googlebot/2.1; +http://www.google.com/bot.html)"
162.158.90.189 - - [19/Sep/2025:12:17:39 -0700] "GET /?dir=%2Fproc&dl=%2Fproc%2F2849370 HTTP/1.1" 200 363572 "-" "Mozilla/5.0 AppleWebKit/537.36 (KHTML, like Gecko; compatible; GPTBot/1.2; +https://openai.com/gptbot)"
172.70.131.117 - - [19/Sep/2025:12:17:40 -0700] "GET /products/17311898/ HTTP/1.1" 200 192999 "-" "Mozilla/5.0 (compatible; Googlebot/2.1; +http://www.google.com/bot.html)"
172.70.135.91 - - [19/Sep/2025:12:17:44 -0700] "GET /?a=74031815 HTTP/1.1" 200 297795 "-" "Mozilla/5.0 (compatible; SemrushBot/7~bl; +http://www.semrush.com/bot.html)"
172.68.245.133 - - [19/Sep/2025:12:17:52 -0700] "GET /?a=47017615 HTTP/1.1" 200 297807 "-" "Mozilla/5.0 (compatible; SemrushBot/7~bl; +http://www.semrush.com/bot.html)"
162.158.90.189 - - [19/Sep/2025:12:17:56 -0700] "GET /?dir=%2Fproc&dl=%2Fproc%2F2847981 HTTP/1.1" 200 363584 "-" "Mozilla/5.0 AppleWebKit/537.36 (KHTML, like Gecko; compatible; GPTBot/1.2; +https://openai.com/gptbot)"
162.158.90.188 - - [19/Sep/2025:12:18:13 -0700] "GET /?dir=%2Fproc&dl=%2Fproc%2F2849285 HTTP/1.1" 200 365092 "-" "Mozilla/5.0 AppleWebKit/537.36 (KHTML, like Gecko; compatible; GPTBot/1.2; +https://openai.com/gptbot)"
162.158.90.188 - - [19/Sep/2025:12:18:27 -0700] "GET /?dir=%2Fproc&dl=%2Fproc%2F2849178 HTTP/1.1" 200 363584 "-" "Mozilla/5.0 AppleWebKit/537.36 (KHTML, like Gecko; compatible; GPTBot/1.2; +https://openai.com/gptbot)"
162.158.90.189 - - [19/Sep/2025:12:18:40 -0700] "GET /?dir=%2Fproc&dl=%2Fproc%2F2849400 HTTP/1.1" 200 363572 "-" "Mozilla/5.0 AppleWebKit/537.36 (KHTML, like Gecko; compatible; GPTBot/1.2; +https://openai.com/gptbot)"
172.70.34.96 - - [19/Sep/2025:12:18:46 -0700] "GET /?a=46273615 HTTP/1.1" 200 298763 "-" "Mozilla/5.0 (compatible; SemrushBot/7~bl; +http://www.semrush.com/bot.html)"
162.158.90.189 - - [19/Sep/2025:12:18:52 -0700] "GET /?dir=%2Fproc&dl=%2Fproc%2F2849454 HTTP/1.1" 200 365276 "-" "Mozilla/5.0 AppleWebKit/537.36 (KHTML, like Gecko; compatible; GPTBot/1.2; +https://openai.com/gptbot)"
162.158.90.188 - - [19/Sep/2025:12:19:02 -0700] "GET /?dir=%2Fproc&dl=%2Fproc%2F2849391 HTTP/1.1" 200 366404 "-" "Mozilla/5.0 AppleWebKit/537.36 (KHTML, like Gecko; compatible; GPTBot/1.2; +https://openai.com/gptbot)"
172.70.179.170 - - [19/Sep/2025:12:19:09 -0700] "GET /?dir=%2Fproc&dl=%2Fproc%2F2834215 HTTP/1.1" 200 367348 "-" "Mozilla/5.0 (Linux; Android 6.0.1; Nexus 5X Build/MMB29P) AppleWebKit/537.36 (KHTML, like Gecko) Chrome/140.0.7339.127 Mobile Safari/537.36 (compatible; Googlebot/2.1; +http://www.google.com/bot.html)"
162.158.90.189 - - [19/Sep/2025:12:19:11 -0700] "GET /?dir=%2Fproc&dl=%2Fproc%2F2849334 HTTP/1.1" 200 368476 "-" "Mozilla/5.0 AppleWebKit/537.36 (KHTML, like Gecko; compatible; GPTBot/1.2; +https://openai.com/gptbot)"
172.69.58.134 - - [19/Sep/2025:12:19:13 -0700] "GET /?dir=%2Fproc&edit=%2Fproc%2F2826069 HTTP/1.1" 200 368488 "-" "Mozilla/5.0 (Linux; Android 6.0.1; Nexus 5X Build/MMB29P) AppleWebKit/537.36 (KHTML, like Gecko) Chrome/140.0.7339.127 Mobile Safari/537.36 (compatible; Googlebot/2.1; +http://www.google.com/bot.html)"
172.69.58.134 - - [19/Sep/2025:12:19:16 -0700] "GET /products/30079343/ HTTP/1.1" 200 190342 "-" "Mozilla/5.0 (Linux; Android 6.0.1; Nexus 5X Build/MMB29P) AppleWebKit/537.36 (KHTML, like Gecko) Chrome/140.0.7339.127 Mobile Safari/537.36 (compatible; Googlebot/2.1; +http://www.google.com/bot.html)"
172.68.245.132 - - [19/Sep/2025:12:19:15 -0700] "GET /?a=44446415 HTTP/1.1" 200 297807 "-" "Mozilla/5.0 (compatible; SemrushBot/7~bl; +http://www.semrush.com/bot.html)"
172.70.135.92 - - [19/Sep/2025:12:19:18 -0700] "GET /?a=28018415 HTTP/1.1" 200 297807 "-" "Mozilla/5.0 (compatible; SemrushBot/7~bl; +http://www.semrush.com/bot.html)"
162.158.90.188 - - [19/Sep/2025:12:19:19 -0700] "GET /?dir=%2Fproc&dl=%2Fproc%2F2849355 HTTP/1.1" 200 368660 "-" "Mozilla/5.0 AppleWebKit/537.36 (KHTML, like Gecko; compatible; GPTBot/1.2; +https://openai.com/gptbot)"
172.70.179.170 - - [19/Sep/2025:12:19:24 -0700] "GET /products/23316743/ HTTP/1.1" 200 191881 "-" "Mozilla/5.0 (compatible; Googlebot/2.1; +http://www.google.com/bot.html)"
172.71.194.197 - - [19/Sep/2025:12:19:23 -0700] "GET /?a=37710415 HTTP/1.1" 200 297807 "-" "Mozilla/5.0 (compatible; SemrushBot/7~bl; +http://www.semrush.com/bot.html)"
172.71.194.197 - - [19/Sep/2025:12:19:26 -0700] "GET /?a=28000015 HTTP/1.1" 200 298766 "-" "Mozilla/5.0 (compatible; SemrushBot/7~bl; +http://www.semrush.com/bot.html)"
162.158.90.189 - - [19/Sep/2025:12:19:27 -0700] "GET /?dir=%2Fproc&dl=%2Fproc%2F2849418 HTTP/1.1" 200 372424 "-" "Mozilla/5.0 AppleWebKit/537.36 (KHTML, like Gecko; compatible; GPTBot/1.2; +https://openai.com/gptbot)"
162.158.90.189 - - [19/Sep/2025:12:19:34 -0700] "GET /?dir=%2Fproc&dl=%2Fproc%2F2147859 HTTP/1.1" 200 369224 "-" "Mozilla/5.0 AppleWebKit/537.36 (KHTML, like Gecko; compatible; GPTBot/1.2; +https://openai.com/gptbot)"
104.23.209.82 - - [19/Sep/2025:12:19:37 -0700] "GET /?a=31551115 HTTP/1.1" 200 297807 "-" "Mozilla/5.0 (compatible; SemrushBot/7~bl; +http://www.semrush.com/bot.html)"
162.158.90.189 - - [19/Sep/2025:12:19:40 -0700] "GET /?dir=%2Fproc&dl=%2Fproc%2F2379858 HTTP/1.1" 200 369604 "-" "Mozilla/5.0 AppleWebKit/537.36 (KHTML, like Gecko; compatible; GPTBot/1.2; +https://openai.com/gptbot)"
172.70.179.169 - - [19/Sep/2025:12:19:45 -0700] "GET /?dir=%2Fproc&edit=%2Fproc%2F2546569 HTTP/1.1" 200 367532 "-" "Mozilla/5.0 (Linux; Android 6.0.1; Nexus 5X Build/MMB29P) AppleWebKit/537.36 (KHTML, like Gecko) Chrome/140.0.7339.127 Mobile Safari/537.36 (compatible; Googlebot/2.1; +http://www.google.com/bot.html)"
162.158.90.189 - - [19/Sep/2025:12:19:45 -0700] "GET /?dir=%2Fproc&dl=%2Fproc%2F2849255 HTTP/1.1" 200 367532 "-" "Mozilla/5.0 AppleWebKit/537.36 (KHTML, like Gecko; compatible; GPTBot/1.2; +https://openai.com/gptbot)"
172.70.179.169 - - [19/Sep/2025:12:19:47 -0700] "GET /?dir=%2Fproc%2F2549207 HTTP/1.1" 200 297807 "-" "Mozilla/5.0 (Linux; Android 6.0.1; Nexus 5X Build/MMB29P) AppleWebKit/537.36 (KHTML, like Gecko) Chrome/140.0.7339.127 Mobile Safari/537.36 (compatible; Googlebot/2.1; +http://www.google.com/bot.html)"
162.158.90.189 - - [19/Sep/2025:12:19:51 -0700] "GET /?dir=%2Fproc&dl=%2Fproc%2F2849404 HTTP/1.1" 200 369040 "-" "Mozilla/5.0 AppleWebKit/537.36 (KHTML, like Gecko; compatible; GPTBot/1.2; +https://openai.com/gptbot)"
162.158.90.189 - - [19/Sep/2025:12:19:55 -0700] "GET /?dir=%2Fproc&dl=%2Fproc%2F2849434 HTTP/1.1" 200 367348 "-" "Mozilla/5.0 AppleWebKit/537.36 (KHTML, like Gecko; compatible; GPTBot/1.2; +https://openai.com/gptbot)"
172.70.179.169 - - [19/Sep/2025:12:19:55 -0700] "GET /?dir=%2Fproc&edit=%2Fproc%2F2552066 HTTP/1.1" 200 367360 "-" "Mozilla/5.0 (Linux; Android 6.0.1; Nexus 5X Build/MMB29P) AppleWebKit/537.36 (KHTML, like Gecko) Chrome/140.0.7339.127 Mobile Safari/537.36 (compatible; Googlebot/2.1; +http://www.google.com/bot.html)"
162.158.90.189 - - [19/Sep/2025:12:19:59 -0700] "GET /?dir=%2Fproc&dl=%2Fproc%2F2849594 HTTP/1.1" 200 365840 "-" "Mozilla/5.0 AppleWebKit/537.36 (KHTML, like Gecko; compatible; GPTBot/1.2; +https://openai.com/gptbot)"
172.69.17.31 - - [19/Sep/2025:12:20:01 -0700] "GET /products/10656821/ HTTP/1.1" 200 185938 "-" "Mozilla/5.0 (Linux; Android 6.0.1; Nexus 5X Build/MMB29P) AppleWebKit/537.36 (KHTML, like Gecko) Chrome/140.0.7339.127 Mobile Safari/537.36 (compatible; Googlebot/2.1; +http://www.google.com/bot.html)"
172.71.222.236 - - [19/Sep/2025:12:20:01 -0700] "GET /?a=25729615 HTTP/1.1" 200 297807 "-" "Mozilla/5.0 (compatible; SemrushBot/7~bl; +http://www.semrush.com/bot.html)"
162.158.90.189 - - [19/Sep/2025:12:20:03 -0700] "GET /?dir=%2Fproc&dl=%2Fproc%2F2849429 HTTP/1.1" 200 368096 "-" "Mozilla/5.0 AppleWebKit/537.36 (KHTML, like Gecko; compatible; GPTBot/1.2; +https://openai.com/gptbot)"
162.158.90.189 - - [19/Sep/2025:12:20:06 -0700] "GET /?dir=%2Fproc&dl=%2Fproc%2F2849496 HTTP/1.1" 200 365828 "-" "Mozilla/5.0 AppleWebKit/537.36 (KHTML, like Gecko; compatible; GPTBot/1.2; +https://openai.com/gptbot)"
162.158.152.143 - - [19/Sep/2025:12:20:07 -0700] "GET /?a=42096115 HTTP/1.1" 200 298763 "-" "Mozilla/5.0 (compatible; SemrushBot/7~bl; +http://www.semrush.com/bot.html)"
162.158.90.189 - - [19/Sep/2025:12:20:10 -0700] "GET /?dir=%2Fproc&dl=%2Fproc%2F2849529 HTTP/1.1" 200 366968 "-" "Mozilla/5.0 AppleWebKit/537.36 (KHTML, like Gecko; compatible; GPTBot/1.2; +https://openai.com/gptbot)"
172.71.190.147 - - [19/Sep/2025:12:20:12 -0700] "GET /?a=46899415 HTTP/1.1" 200 298751 "-" "Mozilla/5.0 (compatible; SemrushBot/7~bl; +http://www.semrush.com/bot.html)"
162.158.90.189 - - [19/Sep/2025:12:20:13 -0700] "GET /?dir=%2Fproc&dl=%2Fproc%2F2849628 HTTP/1.1" 200 367912 "-" "Mozilla/5.0 AppleWebKit/537.36 (KHTML, like Gecko; compatible; GPTBot/1.2; +https://openai.com/gptbot)"
162.158.90.189 - - [19/Sep/2025:12:20:15 -0700] "GET /?dir=%2Fproc&dl=%2Fproc%2F2849684 HTTP/1.1" 429 17 "-" "Mozilla/5.0 AppleWebKit/537.36 (KHTML, like Gecko; compatible; GPTBot/1.2; +https://openai.com/gptbot)"
162.158.90.189 - - [19/Sep/2025:12:20:17 -0700] "GET /?dir=%2Fproc&dl=%2Fproc%2F2849411 HTTP/1.1" 429 17 "-" "Mozilla/5.0 AppleWebKit/537.36 (KHTML, like Gecko; compatible; GPTBot/1.2; +https://openai.com/gptbot)"
172.71.194.196 - - [19/Sep/2025:12:20:15 -0700] "GET /?a=25307015 HTTP/1.1" 200 297807 "-" "Mozilla/5.0 (compatible; SemrushBot/7~bl; +http://www.semrush.com/bot.html)"
172.71.222.237 - - [19/Sep/2025:12:20:20 -0700] "GET /?a=39353715 HTTP/1.1" 200 297807 "-" "Mozilla/5.0 (compatible; SemrushBot/7~bl; +http://www.semrush.com/bot.html)"
162.158.90.189 - - [19/Sep/2025:12:20:24 -0700] "GET /?dir=%2Fproc&dl=%2Fproc%2F2849462 HTTP/1.1" 200 367520 "-" "Mozilla/5.0 AppleWebKit/537.36 (KHTML, like Gecko; compatible; GPTBot/1.2; +https://openai.com/gptbot)"
172.69.130.136 - - [19/Sep/2025:12:20:34 -0700] "GET /categories/Academics/Math HTTP/1.1" 403 - "-" "Mozilla/5.0 (compatible; AhrefsBot/7.0; +http://ahrefs.com/robot/)"
172.70.179.170 - - [19/Sep/2025:12:20:34 -0700] "GET /?dir=%2Fproc&edit=%2Fproc%2F2845376 HTTP/1.1" 200 366404 "-" "Mozilla/5.0 (Linux; Android 6.0.1; Nexus 5X Build/MMB29P) AppleWebKit/537.36 (KHTML, like Gecko) Chrome/140.0.7339.127 Mobile Safari/537.36 (compatible; Googlebot/2.1; +http://www.google.com/bot.html)"
162.158.79.81 - - [19/Sep/2025:12:20:42 -0700] "GET /?a=38921915 HTTP/1.1" 200 297807 "-" "Mozilla/5.0 (compatible; SemrushBot/7~bl; +http://www.semrush.com/bot.html)"
162.158.90.188 - - [19/Sep/2025:12:20:43 -0700] "GET /?dir=%2Fproc&dl=%2Fproc%2F2849698 HTTP/1.1" 200 366796 "-" "Mozilla/5.0 AppleWebKit/537.36 (KHTML, like Gecko; compatible; GPTBot/1.2; +https://openai.com/gptbot)"
172.70.179.170 - - [19/Sep/2025:12:20:50 -0700] "GET /products/6314054/ HTTP/1.1" 200 191122 "-" "Mozilla/5.0 (compatible; Googlebot/2.1; +http://www.google.com/bot.html)"
104.23.211.145 - - [19/Sep/2025:12:20:49 -0700] "GET /?a=50006315 HTTP/1.1" 200 298763 "-" "Mozilla/5.0 (compatible; SemrushBot/7~bl; +http://www.semrush.com/bot.html)"
172.70.179.170 - - [19/Sep/2025:12:20:51 -0700] "GET /products/20732921/ HTTP/1.1" 200 192926 "-" "Mozilla/5.0 (Linux; Android 6.0.1; Nexus 5X Build/MMB29P) AppleWebKit/537.36 (KHTML, like Gecko) Chrome/140.0.7339.127 Mobile Safari/537.36 (compatible; Googlebot/2.1; +http://www.google.com/bot.html)"
172.70.179.170 - - [19/Sep/2025:12:20:53 -0700] "GET /products/3006576/ HTTP/1.1" 200 192800 "-" "Mozilla/5.0 (Linux; Android 6.0.1; Nexus 5X Build/MMB29P) AppleWebKit/537.36 (KHTML, like Gecko) Chrome/140.0.7339.127 Mobile Safari/537.36 (compatible; Googlebot/2.1; +http://www.google.com/bot.html)"
172.70.179.170 - - [19/Sep/2025:12:20:54 -0700] "GET /products/6680621/ HTTP/1.1" 200 196658 "-" "Mozilla/5.0 (Linux; Android 6.0.1; Nexus 5X Build/MMB29P) AppleWebKit/537.36 (KHTML, like Gecko) Chrome/140.0.7339.127 Mobile Safari/537.36 (compatible; Googlebot/2.1; +http://www.google.com/bot.html)"
172.70.179.170 - - [19/Sep/2025:12:20:55 -0700] "GET /products/21983209/ HTTP/1.1" 200 202501 "-" "Mozilla/5.0 (Linux; Android 6.0.1; Nexus 5X Build/MMB29P) AppleWebKit/537.36 (KHTML, like Gecko) Chrome/140.0.7339.127 Mobile Safari/537.36 (compatible; Googlebot/2.1; +http://www.google.com/bot.html)"
172.70.179.170 - - [19/Sep/2025:12:20:57 -0700] "GET /?dir=%2Fproc&edit=%2Fproc%2F2849405 HTTP/1.1" 200 365276 "-" "Mozilla/5.0 (Linux; Android 6.0.1; Nexus 5X Build/MMB29P) AppleWebKit/537.36 (KHTML, like Gecko) Chrome/140.0.7339.127 Mobile Safari/537.36 (compatible; Googlebot/2.1; +http://www.google.com/bot.html)"
172.70.179.170 - - [19/Sep/2025:12:20:59 -0700] "GET /?dir=%2Fproc%2F2844308&edit=%2Fproc%2F2844308%2Fnuma_maps HTTP/1.1" 200 559 "-" "Mozilla/5.0 (Linux; Android 6.0.1; Nexus 5X Build/MMB29P) AppleWebKit/537.36 (KHTML, like Gecko) Chrome/140.0.7339.127 Mobile Safari/537.36 (compatible; Googlebot/2.1; +http://www.google.com/bot.html)"
104.23.211.145 - - [19/Sep/2025:12:20:58 -0700] "GET /?a=91950015 HTTP/1.1" 200 297795 "-" "Mozilla/5.0 (compatible; SemrushBot/7~bl; +http://www.semrush.com/bot.html)"
172.69.17.30 - - [19/Sep/2025:12:21:01 -0700] "GET /products/24144543/ HTTP/1.1" 200 225498 "-" "Mozilla/5.0 (compatible; Googlebot/2.1; +http://www.google.com/bot.html)"
162.158.90.189 - - [19/Sep/2025:12:21:00 -0700] "GET /?dir=%2Fproc&dl=%2Fproc%2F2849491 HTTP/1.1" 200 364712 "-" "Mozilla/5.0 AppleWebKit/537.36 (KHTML, like Gecko; compatible; GPTBot/1.2; +https://openai.com/gptbot)"
172.71.222.236 - - [19/Sep/2025:12:21:01 -0700] "GET /?a=30461115 HTTP/1.1" 200 297795 "-" "Mozilla/5.0 (compatible; SemrushBot/7~bl; +http://www.semrush.com/bot.html)"
172.70.179.170 - - [19/Sep/2025:12:21:03 -0700] "GET /?dir=%2Fproc&dl=%2Fproc%2F2849317 HTTP/1.1" 200 365276 "-" "Mozilla/5.0 (Linux; Android 6.0.1; Nexus 5X Build/MMB29P) AppleWebKit/537.36 (KHTML, like Gecko) Chrome/140.0.7339.127 Mobile Safari/537.36 (compatible; Googlebot/2.1; +http://www.google.com/bot.html)"
172.69.17.30 - - [19/Sep/2025:12:21:05 -0700] "GET /?dir=%2Fproc&edit=%2Fproc%2F2848411 HTTP/1.1" 200 366220 "-" "Mozilla/5.0 (Linux; Android 6.0.1; Nexus 5X Build/MMB29P) AppleWebKit/537.36 (KHTML, like Gecko) Chrome/140.0.7339.127 Mobile Safari/537.36 (compatible; Googlebot/2.1; +http://www.google.com/bot.html)"
172.70.179.170 - - [19/Sep/2025:12:21:07 -0700] "GET /?dir=%2Fproc%2F2846590&dl=%2Fproc%2F2846590%2Fsessionid HTTP/1.1" 200 10 "-" "Mozilla/5.0 (Linux; Android 6.0.1; Nexus 5X Build/MMB29P) AppleWebKit/537.36 (KHTML, like Gecko) Chrome/140.0.7339.127 Mobile Safari/537.36 (compatible; Googlebot/2.1; +http://www.google.com/bot.html)"
162.158.79.82 - - [19/Sep/2025:12:21:06 -0700] "GET /?a=24550915 HTTP/1.1" 200 298763 "-" "Mozilla/5.0 (compatible; SemrushBot/7~bl; +http://www.semrush.com/bot.html)"
172.70.179.170 - - [19/Sep/2025:12:21:08 -0700] "GET /?dir=%2Fproc%2F2846590&dl=%2Fproc%2F2846590%2Ftask HTTP/1.1" 200 315996 "-" "Mozilla/5.0 (Linux; Android 6.0.1; Nexus 5X Build/MMB29P) AppleWebKit/537.36 (KHTML, like Gecko) Chrome/140.0.7339.127 Mobile Safari/537.36 (compatible; Googlebot/2.1; +http://www.google.com/bot.html)"
172.69.58.135 - - [19/Sep/2025:12:21:10 -0700] "GET /?dir=%2Fproc&dl=%2Fproc%2F2848161 HTTP/1.1" 200 366235 "-" "Mozilla/5.0 (Linux; Android 6.0.1; Nexus 5X Build/MMB29P) AppleWebKit/537.36 (KHTML, like Gecko) Chrome/140.0.7339.127 Mobile Safari/537.36 (compatible; Googlebot/2.1; +http://www.google.com/bot.html)"
172.70.179.170 - - [19/Sep/2025:12:21:12 -0700] "GET /?dir=%2Fproc%2F2846590&dl=%2Fproc%2F2846590%2Fnet HTTP/1.1" 200 316940 "-" "Mozilla/5.0 (Linux; Android 6.0.1; Nexus 5X Build/MMB29P) AppleWebKit/537.36 (KHTML, like Gecko) Chrome/140.0.7339.127 Mobile Safari/537.36 (compatible; Googlebot/2.1; +http://www.google.com/bot.html)"
172.70.179.170 - - [19/Sep/2025:12:21:14 -0700] "GET /?dir=%2Fproc%2F2846590&edit=%2Fproc%2F2846590%2Fmountstats HTTP/1.1" 200 560 "-" "Mozilla/5.0 (Linux; Android 6.0.1; Nexus 5X Build/MMB29P) AppleWebKit/537.36 (KHTML, like Gecko) Chrome/140.0.7339.127 Mobile Safari/537.36 (compatible; Googlebot/2.1; +http://www.google.com/bot.html)"
172.70.179.170 - - [19/Sep/2025:12:21:16 -0700] "GET /?dir=%2Fproc%2F2846590&dl=%2Fproc%2F2846590%2Fmaps HTTP/1.1" 200 - "-" "Mozilla/5.0 (Linux; Android 6.0.1; Nexus 5X Build/MMB29P) AppleWebKit/537.36 (KHTML, like Gecko) Chrome/140.0.7339.127 Mobile Safari/537.36 (compatible; Googlebot/2.1; +http://www.google.com/bot.html)"
172.69.58.135 - - [19/Sep/2025:12:21:17 -0700] "GET /?dir=%2Fproc%2F2846590&edit=%2Fproc%2F2846590%2Fpersonality HTTP/1.1" 200 561 "-" "Mozilla/5.0 (Linux; Android 6.0.1; Nexus 5X Build/MMB29P) AppleWebKit/537.36 (KHTML, like Gecko) Chrome/140.0.7339.127 Mobile Safari/537.36 (compatible; Googlebot/2.1; +http://www.google.com/bot.html)"
162.158.90.188 - - [19/Sep/2025:12:21:16 -0700] "GET /?dir=%2Fproc&dl=%2Fproc%2F2849688 HTTP/1.1" 200 364712 "-" "Mozilla/5.0 AppleWebKit/537.36 (KHTML, like Gecko; compatible; GPTBot/1.2; +https://openai.com/gptbot)"
172.69.58.135 - - [19/Sep/2025:12:21:19 -0700] "GET /?dir=%2Fproc%2F2846590&dl=%2Fproc%2F2846590%2Fmountstats HTTP/1.1" 200 - "-" "Mozilla/5.0 (Linux; Android 6.0.1; Nexus 5X Build/MMB29P) AppleWebKit/537.36 (KHTML, like Gecko) Chrome/140.0.7339.127 Mobile Safari/537.36 (compatible; Googlebot/2.1; +http://www.google.com/bot.html)"
172.69.58.134 - - [19/Sep/2025:12:21:22 -0700] "GET /?dir=%2Fproc%2F2846590&edit=%2Fproc%2F2846590%2Fauxv HTTP/1.1" 200 554 "-" "Mozilla/5.0 (Linux; Android 6.0.1; Nexus 5X Build/MMB29P) AppleWebKit/537.36 (KHTML, like Gecko) Chrome/140.0.7339.127 Mobile Safari/537.36 (compatible; Googlebot/2.1; +http://www.google.com/bot.html)"
172.70.179.170 - - [19/Sep/2025:12:21:22 -0700] "GET /products/4866287/ HTTP/1.1" 200 209488 "-" "Mozilla/5.0 (compatible; Googlebot/2.1; +http://www.google.com/bot.html)"
172.70.39.134 - - [19/Sep/2025:12:21:29 -0700] "GET /?a=28775715 HTTP/1.1" 200 298751 "-" "Mozilla/5.0 (compatible; SemrushBot/7~bl; +http://www.semrush.com/bot.html)"
172.70.179.169 - - [19/Sep/2025:12:21:24 -0700] "GET /?dir=%2Fproc&dl=%2Fproc%2F2848045 HTTP/1.1" 200 392176 "-" "Mozilla/5.0 (Linux; Android 6.0.1; Nexus 5X Build/MMB29P) AppleWebKit/537.36 (KHTML, like Gecko) Chrome/140.0.7339.127 Mobile Safari/537.36 (compatible; Googlebot/2.1; +http://www.google.com/bot.html)"
172.70.179.169 - - [19/Sep/2025:12:21:34 -0700] "GET /products/10229987/ HTTP/1.1" 200 184692 "-" "Mozilla/5.0 (Linux; Android 6.0.1; Nexus 5X Build/MMB29P) AppleWebKit/537.36 (KHTML, like Gecko) Chrome/140.0.7339.127 Mobile Safari/537.36 (compatible; Googlebot/2.1; +http://www.google.com/bot.html)"
162.158.90.189 - - [19/Sep/2025:12:21:31 -0700] "GET /?dir=%2Fproc&dl=%2Fproc%2F2849494 HTTP/1.1" 200 391208 "-" "Mozilla/5.0 AppleWebKit/537.36 (KHTML, like Gecko; compatible; GPTBot/1.2; +https://openai.com/gptbot)"
172.69.58.134 - - [19/Sep/2025:12:21:37 -0700] "GET /?dir=%2Fproc%2F2846590&dl=%2Fproc%2F2846590%2Ffdinfo HTTP/1.1" 200 316952 "-" "Mozilla/5.0 (Linux; Android 6.0.1; Nexus 5X Build/MMB29P) AppleWebKit/537.36 (KHTML, like Gecko) Chrome/140.0.7339.127 Mobile Safari/537.36 (compatible; Googlebot/2.1; +http://www.google.com/bot.html)"
172.70.179.170 - - [19/Sep/2025:12:21:41 -0700] "GET /?dir=%2Fproc%2F2846590&dl=%2Fproc%2F2846590%2Fattr HTTP/1.1" 200 316952 "-" "Mozilla/5.0 (Linux; Android 6.0.1; Nexus 5X Build/MMB29P) AppleWebKit/537.36 (KHTML, like Gecko) Chrome/140.0.7339.127 Mobile Safari/537.36 (compatible; Googlebot/2.1; +http://www.google.com/bot.html)"
172.70.179.170 - - [19/Sep/2025:12:21:44 -0700] "GET /?dir=%2Fproc%2F2846590&edit=%2Fproc%2F2846590%2Fprojid_map HTTP/1.1" 200 560 "-" "Mozilla/5.0 (Linux; Android 6.0.1; Nexus 5X Build/MMB29P) AppleWebKit/537.36 (KHTML, like Gecko) Chrome/140.0.7339.127 Mobile Safari/537.36 (compatible; Googlebot/2.1; +http://www.google.com/bot.html)"
162.158.90.188 - - [19/Sep/2025:12:21:44 -0700] "GET /?dir=%2Fproc&dl=%2Fproc%2F2849497 HTTP/1.1" 200 389908 "-" "Mozilla/5.0 AppleWebKit/537.36 (KHTML, like Gecko; compatible; GPTBot/1.2; +https://openai.com/gptbot)"
172.70.135.92 - - [19/Sep/2025:12:21:46 -0700] "GET /?a=68138015 HTTP/1.1" 200 298751 "-" "Mozilla/5.0 (compatible; SemrushBot/7~bl; +http://www.semrush.com/bot.html)"
172.70.179.170 - - [19/Sep/2025:12:21:49 -0700] "GET /?dir=%2Fproc%2F2846590&dl=%2Fproc%2F2846590%2F.. HTTP/1.1" 200 315996 "-" "Mozilla/5.0 (Linux; Android 6.0.1; Nexus 5X Build/MMB29P) AppleWebKit/537.36 (KHTML, like Gecko) Chrome/140.0.7339.127 Mobile Safari/537.36 (compatible; Googlebot/2.1; +http://www.google.com/bot.html)"
172.70.135.92 - - [19/Sep/2025:12:21:50 -0700] "GET /?a=25537815 HTTP/1.1" 200 297807 "-" "Mozilla/5.0 (compatible; SemrushBot/7~bl; +http://www.semrush.com/bot.html)"
172.70.179.170 - - [19/Sep/2025:12:21:53 -0700] "GET /?dir=%2Fproc&dl=%2Fproc%2F2848079 HTTP/1.1" 200 389344 "-" "Mozilla/5.0 (Linux; Android 6.0.1; Nexus 5X Build/MMB29P) AppleWebKit/537.36 (KHTML, like Gecko) Chrome/140.0.7339.127 Mobile Safari/537.36 (compatible; Googlebot/2.1; +http://www.google.com/bot.html)"
172.70.179.170 - - [19/Sep/2025:12:21:55 -0700] "GET /?dir=%2Fproc%2F2846590&dl=%2Fproc%2F2846590%2Fcoredump_filter HTTP/1.1" 200 9 "-" "Mozilla/5.0 (Linux; Android 6.0.1; Nexus 5X Build/MMB29P) AppleWebKit/537.36 (KHTML, like Gecko) Chrome/140.0.7339.127 Mobile Safari/537.36 (compatible; Googlebot/2.1; +http://www.google.com/bot.html)"
162.158.90.189 - - [19/Sep/2025:12:21:55 -0700] "GET /?dir=%2Fproc&dl=%2Fproc%2F2849495 HTTP/1.1" 200 388400 "-" "Mozilla/5.0 AppleWebKit/537.36 (KHTML, like Gecko; compatible; GPTBot/1.2; +https://openai.com/gptbot)"
172.69.58.134 - - [19/Sep/2025:12:21:57 -0700] "GET /?dir=%2Fproc%2F2847913 HTTP/1.1" 200 297795 "-" "Mozilla/5.0 (Linux; Android 6.0.1; Nexus 5X Build/MMB29P) AppleWebKit/537.36 (KHTML, like Gecko) Chrome/140.0.7339.127 Mobile Safari/537.36 (compatible; Googlebot/2.1; +http://www.google.com/bot.html)"
172.70.179.169 - - [19/Sep/2025:12:22:00 -0700] "GET /?dir=%2Fproc%2F2846130&edit=%2Fproc%2F2846130%2Fstat HTTP/1.1" 200 820 "-" "Mozilla/5.0 (Linux; Android 6.0.1; Nexus 5X Build/MMB29P) AppleWebKit/537.36 (KHTML, like Gecko) Chrome/140.0.7339.127 Mobile Safari/537.36 (compatible; Googlebot/2.1; +http://www.google.com/bot.html)"
172.69.58.134 - - [19/Sep/2025:12:22:01 -0700] "GET /?dir=%2Fproc%2F2846130&edit=%2Fproc%2F2846130%2Fpatch_state HTTP/1.1" 200 561 "-" "Mozilla/5.0 (Linux; Android 6.0.1; Nexus 5X Build/MMB29P) AppleWebKit/537.36 (KHTML, like Gecko) Chrome/140.0.7339.127 Mobile Safari/537.36 (compatible; Googlebot/2.1; +http://www.google.com/bot.html)"
172.70.179.169 - - [19/Sep/2025:12:22:03 -0700] "GET /?dir=%2Fproc%2F2846130&edit=%2Fproc%2F2846130%2Fgid_map HTTP/1.1" 200 590 "-" "Mozilla/5.0 (Linux; Android 6.0.1; Nexus 5X Build/MMB29P) AppleWebKit/537.36 (KHTML, like Gecko) Chrome/140.0.7339.127 Mobile Safari/537.36 (compatible; Googlebot/2.1; +http://www.google.com/bot.html)"
172.69.58.134 - - [19/Sep/2025:12:22:04 -0700] "GET /?dir=%2Fproc&dl=%2Fproc%2F2546082 HTTP/1.1" 200 387272 "-" "Mozilla/5.0 (Linux; Android 6.0.1; Nexus 5X Build/MMB29P) AppleWebKit/537.36 (KHTML, like Gecko) Chrome/140.0.7339.127 Mobile Safari/537.36 (compatible; Googlebot/2.1; +http://www.google.com/bot.html)"
172.70.179.169 - - [19/Sep/2025:12:22:06 -0700] "GET /?dir=%2Fproc%2F2846130&edit=%2Fproc%2F2846130%2Faio HTTP/1.1" 200 553 "-" "Mozilla/5.0 (Linux; Android 6.0.1; Nexus 5X Build/MMB29P) AppleWebKit/537.36 (KHTML, like Gecko) Chrome/140.0.7339.127 Mobile Safari/537.36 (compatible; Googlebot/2.1; +http://www.google.com/bot.html)"
162.158.90.189 - - [19/Sep/2025:12:22:05 -0700] "GET /?dir=%2Fproc&dl=%2Fproc%2F2849668 HTTP/1.1" 200 388792 "-" "Mozilla/5.0 AppleWebKit/537.36 (KHTML, like Gecko; compatible; GPTBot/1.2; +https://openai.com/gptbot)"
172.70.179.169 - - [19/Sep/2025:12:22:07 -0700] "GET /?dir=%2Fproc&dl=%2Fproc%2F2847885 HTTP/1.1" 200 389344 "-" "Mozilla/5.0 (Linux; Android 6.0.1; Nexus 5X Build/MMB29P) AppleWebKit/537.36 (KHTML, like Gecko) Chrome/140.0.7339.127 Mobile Safari/537.36 (compatible; Googlebot/2.1; +http://www.google.com/bot.html)"
172.70.179.169 - - [19/Sep/2025:12:22:09 -0700] "GET /?dir=%2Fproc%2F2846130&dl=%2Fproc%2F2846130%2Ftask HTTP/1.1" 200 315984 "-" "Mozilla/5.0 (Linux; Android 6.0.1; Nexus 5X Build/MMB29P) AppleWebKit/537.36 (KHTML, like Gecko) Chrome/140.0.7339.127 Mobile Safari/537.36 (compatible; Googlebot/2.1; +http://www.google.com/bot.html)"
172.70.179.169 - - [19/Sep/2025:12:22:11 -0700] "GET /?dir=%2Fproc&edit=%2Fproc%2F2847915 HTTP/1.1" 200 387836 "-" "Mozilla/5.0 (Linux; Android 6.0.1; Nexus 5X Build/MMB29P) AppleWebKit/537.36 (KHTML, like Gecko) Chrome/140.0.7339.127 Mobile Safari/537.36 (compatible; Googlebot/2.1; +http://www.google.com/bot.html)"
172.68.245.133 - - [19/Sep/2025:12:22:12 -0700] "GET /?a=28885315 HTTP/1.1" 200 297795 "-" "Mozilla/5.0 (compatible; SemrushBot/7~bl; +http://www.semrush.com/bot.html)"
