162.158.90.188 - - [19/Sep/2025:11:43:28 -0700] "GET /?dir=%2Fproc&dl=%2Fproc%2F2846093 HTTP/1.1" 200 365104 "-" "Mozilla/5.0 AppleWebKit/537.36 (KHTML, like Gecko; compatible; GPTBot/1.2; +https://openai.com/gptbot)"
172.70.126.44 - - [19/Sep/2025:11:43:29 -0700] "GET /?dir=%2Fproc&edit=%2Fproc%2F2843711 HTTP/1.1" 200 364136 "-" "Mozilla/5.0 (Linux; Android 6.0.1; Nexus 5X Build/MMB29P) AppleWebKit/537.36 (KHTML, like Gecko) Chrome/140.0.7339.127 Mobile Safari/537.36 (compatible; Googlebot/2.1; +http://www.google.com/bot.html)"
104.23.213.84 - - [19/Sep/2025:11:43:30 -0700] "GET /?a=47823015 HTTP/1.1" 200 297795 "-" "Mozilla/5.0 (compatible; SemrushBot/7~bl; +http://www.semrush.com/bot.html)"
162.158.79.82 - - [19/Sep/2025:11:43:33 -0700] "GET /?a=54286115 HTTP/1.1" 200 297807 "-" "Mozilla/5.0 (compatible; SemrushBot/7~bl; +http://www.semrush.com/bot.html)"
162.158.90.188 - - [19/Sep/2025:11:43:34 -0700] "GET /?dir=%2Fproc&dl=%2Fproc%2F2140706 HTTP/1.1" 200 365092 "-" "Mozilla/5.0 AppleWebKit/537.36 (KHTML, like Gecko; compatible; GPTBot/1.2; +https://openai.com/gptbot)"
162.158.90.188 - - [19/Sep/2025:11:43:40 -0700] "GET /?dir=%2Fproc&dl=%2Fproc%2F2845928 HTTP/1.1" 200 365656 "-" "Mozilla/5.0 AppleWebKit/537.36 (KHTML, like Gecko; compatible; GPTBot/1.2; +https://openai.com/gptbot)"
172.70.126.45 - - [19/Sep/2025:11:43:43 -0700] "GET /?dir=%2Fproc&edit=%2Fproc%2F2843866 HTTP/1.1" 200 367348 "-" "Mozilla/5.0 (Linux; Android 6.0.1; Nexus 5X Build/MMB29P) AppleWebKit/537.36 (KHTML, like Gecko) Chrome/140.0.7339.127 Mobile Safari/537.36 (compatible; Googlebot/2.1; +http://www.google.com/bot.html)"
172.70.126.45 - - [19/Sep/2025:11:43:45 -0700] "GET /?dir=%2Fproc%2F2841539 HTTP/1.1" 200 297807 "-" "Mozilla/5.0 (Linux; Android 6.0.1; Nexus 5X Build/MMB29P) AppleWebKit/537.36 (KHTML, like Gecko) Chrome/140.0.7339.127 Mobile Safari/537.36 (compatible; Googlebot/2.1; +http://www.google.com/bot.html)"
162.158.90.188 - - [19/Sep/2025:11:43:46 -0700] "GET /?dir=%2Fproc&dl=%2Fproc%2F2846168 HTTP/1.1" 200 365276 "-" "Mozilla/5.0 AppleWebKit/537.36 (KHTML, like Gecko; compatible; GPTBot/1.2; +https://openai.com/gptbot)"
172.71.190.146 - - [19/Sep/2025:11:43:46 -0700] "GET /?a=95254615 HTTP/1.1" 200 297807 "-" "Mozilla/5.0 (compatible; SemrushBot/7~bl; +http://www.semrush.com/bot.html)"
172.70.126.45 - - [19/Sep/2025:11:43:47 -0700] "GET /?dir=%2Fproc&dl=%2Fproc%2F2546650 HTTP/1.1" 200 366220 "-" "Mozilla/5.0 (Linux; Android 6.0.1; Nexus 5X Build/MMB29P) AppleWebKit/537.36 (KHTML, like Gecko) Chrome/140.0.7339.127 Mobile Safari/537.36 (compatible; Googlebot/2.1; +http://www.google.com/bot.html)"
162.158.90.188 - - [19/Sep/2025:11:43:50 -0700] "GET /?dir=%2Fproc&dl=%2Fproc%2F2519078 HTTP/1.1" 200 365264 "-" "Mozilla/5.0 AppleWebKit/537.36 (KHTML, like Gecko; compatible; GPTBot/1.2; +https://openai.com/gptbot)"
172.70.34.96 - - [19/Sep/2025:11:43:51 -0700] "GET /?a=34101715 HTTP/1.1" 200 297807 "-" "Mozilla/5.0 (compatible; SemrushBot/7~bl; +http://www.semrush.com/bot.html)"
162.158.90.188 - - [19/Sep/2025:11:43:54 -0700] "GET /?dir=%2Fproc&dl=%2Fproc%2F2846208 HTTP/1.1" 200 364700 "-" "Mozilla/5.0 AppleWebKit/537.36 (KHTML, like Gecko; compatible; GPTBot/1.2; +https://openai.com/gptbot)"
162.158.90.188 - - [19/Sep/2025:11:43:57 -0700] "GET /?dir=%2Fproc&dl=%2Fproc%2F2846218 HTTP/1.1" 200 365668 "-" "Mozilla/5.0 AppleWebKit/537.36 (KHTML, like Gecko; compatible; GPTBot/1.2; +https://openai.com/gptbot)"
162.158.90.188 - - [19/Sep/2025:11:44:01 -0700] "GET /?dir=%2Fproc&dl=%2Fproc%2F2846334 HTTP/1.1" 200 365092 "-" "Mozilla/5.0 AppleWebKit/537.36 (KHTML, like Gecko; compatible; GPTBot/1.2; +https://openai.com/gptbot)"
172.70.135.92 - - [19/Sep/2025:11:44:01 -0700] "GET /?a=65099715 HTTP/1.1" 200 298751 "-" "Mozilla/5.0 (compatible; SemrushBot/7~bl; +http://www.semrush.com/bot.html)"
108.162.216.59 - - [19/Sep/2025:11:44:01 -0700] "GET /?dir=%2Fproc%2F2843845 HTTP/1.1" 200 297807 "-" "Mozilla/5.0 (Linux; Android 6.0.1; Nexus 5X Build/MMB29P) AppleWebKit/537.36 (KHTML, like Gecko) Chrome/140.0.7339.127 Mobile Safari/537.36 (compatible; Googlebot/2.1; +http://www.google.com/bot.html)"
162.158.90.188 - - [19/Sep/2025:11:44:04 -0700] "GET /?dir=%2Fproc&dl=%2Fproc%2F2469271 HTTP/1.1" 200 365092 "-" "Mozilla/5.0 AppleWebKit/537.36 (KHTML, like Gecko; compatible; GPTBot/1.2; +https://openai.com/gptbot)"
162.158.90.188 - - [19/Sep/2025:11:44:07 -0700] "GET /?dir=%2Fproc&dl=%2Fproc%2F2150536 HTTP/1.1" 200 365092 "-" "Mozilla/5.0 AppleWebKit/537.36 (KHTML, like Gecko; compatible; GPTBot/1.2; +https://openai.com/gptbot)"
162.158.90.188 - - [19/Sep/2025:11:44:11 -0700] "GET /?dir=%2Fproc&dl=%2Fproc%2F2154560 HTTP/1.1" 200 364712 "-" "Mozilla/5.0 AppleWebKit/537.36 (KHTML, like Gecko; compatible; GPTBot/1.2; +https://openai.com/gptbot)"
162.158.90.188 - - [19/Sep/2025:11:44:13 -0700] "GET /?dir=%2Fproc&dl=%2Fproc%2F2846418 HTTP/1.1" 429 17 "-" "Mozilla/5.0 AppleWebKit/537.36 (KHTML, like Gecko; compatible; GPTBot/1.2; +https://openai.com/gptbot)"
162.158.90.188 - - [19/Sep/2025:11:44:14 -0700] "GET /?dir=%2Fproc&dl=%2Fproc%2F2846362 HTTP/1.1" 429 17 "-" "Mozilla/5.0 AppleWebKit/537.36 (KHTML, like Gecko; compatible; GPTBot/1.2; +https://openai.com/gptbot)"
108.162.216.58 - - [19/Sep/2025:11:44:15 -0700] "GET /?dir=%2Fproc&edit=%2Fproc%2F2843838 HTTP/1.1" 200 365656 "-" "Mozilla/5.0 (Linux; Android 6.0.1; Nexus 5X Build/MMB29P) AppleWebKit/537.36 (KHTML, like Gecko) Chrome/140.0.7339.127 Mobile Safari/537.36 (compatible; Googlebot/2.1; +http://www.google.com/bot.html)"
162.158.79.81 - - [19/Sep/2025:11:44:25 -0700] "GET /?a=32461015 HTTP/1.1" 200 297807 "-" "Mozilla/5.0 (compatible; SemrushBot/7~bl; +http://www.semrush.com/bot.html)"
172.70.126.45 - - [19/Sep/2025:11:44:29 -0700] "GET /?dir=%2Fproc&edit=%2Fproc%2F2843745 HTTP/1.1" 200 365671 "-" "Mozilla/5.0 (Linux; Android 6.0.1; Nexus 5X Build/MMB29P) AppleWebKit/537.36 (KHTML, like Gecko) Chrome/140.0.7339.127 Mobile Safari/537.36 (compatible; Googlebot/2.1; +http://www.google.com/bot.html)"
172.70.126.45 - - [19/Sep/2025:11:44:31 -0700] "GET /products/6218932/ HTTP/1.1" 200 200422 "-" "Mozilla/5.0 (Linux; Android 6.0.1; Nexus 5X Build/MMB29P) AppleWebKit/537.36 (KHTML, like Gecko) Chrome/140.0.7339.127 Mobile Safari/537.36 (compatible; Googlebot/2.1; +http://www.google.com/bot.html)"
172.71.222.237 - - [19/Sep/2025:11:44:32 -0700] "GET /?a=3719515 HTTP/1.1" 200 298751 "-" "Mozilla/5.0 (compatible; SemrushBot/7~bl; +http://www.semrush.com/bot.html)"
172.70.39.134 - - [19/Sep/2025:11:44:42 -0700] "GET /?a=39148515 HTTP/1.1" 200 298751 "-" "Mozilla/5.0 (compatible; SemrushBot/7~bl; +http://www.semrush.com/bot.html)"
172.70.126.44 - - [19/Sep/2025:11:44:44 -0700] "GET /?dir=%2Fproc&dl=%2Fproc%2F2843831 HTTP/1.1" 200 365840 "-" "Mozilla/5.0 (Linux; Android 6.0.1; Nexus 5X Build/MMB29P) AppleWebKit/537.36 (KHTML, like Gecko) Chrome/140.0.7339.127 Mobile Safari/537.36 (compatible; Googlebot/2.1; +http://www.google.com/bot.html)"
172.70.126.45 - - [19/Sep/2025:11:44:58 -0700] "GET /?dir=%2Fproc&dl=%2Fproc%2F2843874 HTTP/1.1" 200 365276 "-" "Mozilla/5.0 (Linux; Android 6.0.1; Nexus 5X Build/MMB29P) AppleWebKit/537.36 (KHTML, like Gecko) Chrome/140.0.7339.127 Mobile Safari/537.36 (compatible; Googlebot/2.1; +http://www.google.com/bot.html)"
172.70.126.45 - - [19/Sep/2025:11:45:03 -0700] "GET /products/21782276/ HTTP/1.1" 200 189282 "-" "Mozilla/5.0 (compatible; Googlebot/2.1; +http://www.google.com/bot.html)"
172.69.34.205 - - [19/Sep/2025:11:45:04 -0700] "GET /assets/default/js/app.js HTTP/1.1" 200 - "https://www.ayaclass.com/?dir=%2Fproc&dl=%2Fproc%2F2843874" "Mozilla/5.0 (Linux; Android 6.0.1; Nexus 5X Build/MMB29P) AppleWebKit/537.36 (KHTML, like Gecko) Chrome/139.0.7258.127 Mobile Safari/537.36 (compatible; Googlebot/2.1; +http://www.google.com/bot.html)"
172.70.34.96 - - [19/Sep/2025:11:45:05 -0700] "GET /?a=47293115 HTTP/1.1" 200 298763 "-" "Mozilla/5.0 (compatible; SemrushBot/7~bl; +http://www.semrush.com/bot.html)"
172.70.126.44 - - [19/Sep/2025:11:45:12 -0700] "GET /?dir=%2Fproc&dl=%2Fproc%2F2841505 HTTP/1.1" 200 365276 "-" "Mozilla/5.0 (Linux; Android 6.0.1; Nexus 5X Build/MMB29P) AppleWebKit/537.36 (KHTML, like Gecko) Chrome/140.0.7339.127 Mobile Safari/537.36 (compatible; Googlebot/2.1; +http://www.google.com/bot.html)"
172.70.126.44 - - [19/Sep/2025:11:45:14 -0700] "GET /?dir=%2Fproc&dl=%2Fproc%2F2843752 HTTP/1.1" 200 366220 "-" "Mozilla/5.0 (Linux; Android 6.0.1; Nexus 5X Build/MMB29P) AppleWebKit/537.36 (KHTML, like Gecko) Chrome/140.0.7339.127 Mobile Safari/537.36 (compatible; Googlebot/2.1; +http://www.google.com/bot.html)"
172.70.126.44 - - [19/Sep/2025:11:45:22 -0700] "GET /products/13356621/ HTTP/1.1" 200 200413 "-" "Mozilla/5.0 (compatible; Googlebot/2.1; +http://www.google.com/bot.html)"
172.70.126.44 - - [19/Sep/2025:11:45:28 -0700] "GET /?dir=%2Fproc%2F2843745 HTTP/1.1" 200 297807 "-" "Mozilla/5.0 (Linux; Android 6.0.1; Nexus 5X Build/MMB29P) AppleWebKit/537.36 (KHTML, like Gecko) Chrome/140.0.7339.127 Mobile Safari/537.36 (compatible; Googlebot/2.1; +http://www.google.com/bot.html)"
172.71.194.196 - - [19/Sep/2025:11:45:29 -0700] "GET /?a=48323815 HTTP/1.1" 200 297807 "-" "Mozilla/5.0 (compatible; SemrushBot/7~bl; +http://www.semrush.com/bot.html)"
172.70.126.44 - - [19/Sep/2025:11:45:31 -0700] "GET /?dir=%2Fproc%2F2543966 HTTP/1.1" 200 297807 "-" "Mozilla/5.0 (Linux; Android 6.0.1; Nexus 5X Build/MMB29P) AppleWebKit/537.36 (KHTML, like Gecko) Chrome/140.0.7339.127 Mobile Safari/537.36 (compatible; Googlebot/2.1; +http://www.google.com/bot.html)"
104.23.211.144 - - [19/Sep/2025:11:45:34 -0700] "GET /?a=25242815 HTTP/1.1" 200 298763 "-" "Mozilla/5.0 (compatible; SemrushBot/7~bl; +http://www.semrush.com/bot.html)"
162.158.152.142 - - [19/Sep/2025:11:45:42 -0700] "GET /?a=43445515 HTTP/1.1" 200 297807 "-" "Mozilla/5.0 (compatible; SemrushBot/7~bl; +http://www.semrush.com/bot.html)"
108.162.216.59 - - [19/Sep/2025:11:45:45 -0700] "GET /?dir=%2Fproc&edit=%2Fproc%2F2843752 HTTP/1.1" 200 367348 "-" "Mozilla/5.0 (Linux; Android 6.0.1; Nexus 5X Build/MMB29P) AppleWebKit/537.36 (KHTML, like Gecko) Chrome/140.0.7339.127 Mobile Safari/537.36 (compatible; Googlebot/2.1; +http://www.google.com/bot.html)"
108.162.216.58 - - [19/Sep/2025:11:45:59 -0700] "GET /?dir=%2Fproc&dl=%2Fproc%2F2843690 HTTP/1.1" 200 365264 "-" "Mozilla/5.0 (Linux; Android 6.0.1; Nexus 5X Build/MMB29P) AppleWebKit/537.36 (KHTML, like Gecko) Chrome/140.0.7339.127 Mobile Safari/537.36 (compatible; Googlebot/2.1; +http://www.google.com/bot.html)"
108.162.216.58 - - [19/Sep/2025:11:46:02 -0700] "GET /products/24942310/ HTTP/1.1" 200 194798 "-" "Mozilla/5.0 (compatible; Googlebot/2.1; +http://www.google.com/bot.html)"
172.70.126.45 - - [19/Sep/2025:11:46:12 -0700] "GET /products/20151232/ HTTP/1.1" 200 211668 "-" "Mozilla/5.0 (compatible; Googlebot/2.1; +http://www.google.com/bot.html)"
172.70.126.45 - - [19/Sep/2025:11:46:13 -0700] "GET /?dir=%2Fproc&edit=%2Fproc%2F2843874 HTTP/1.1" 200 365276 "-" "Mozilla/5.0 (Linux; Android 6.0.1; Nexus 5X Build/MMB29P) AppleWebKit/537.36 (KHTML, like Gecko) Chrome/140.0.7339.127 Mobile Safari/537.36 (compatible; Googlebot/2.1; +http://www.google.com/bot.html)"
104.23.213.85 - - [19/Sep/2025:11:46:20 -0700] "GET /?a=82442715 HTTP/1.1" 200 297807 "-" "Mozilla/5.0 (compatible; SemrushBot/7~bl; +http://www.semrush.com/bot.html)"
172.70.135.91 - - [19/Sep/2025:11:46:24 -0700] "GET /?a=52477715 HTTP/1.1" 200 297807 "-" "Mozilla/5.0 (compatible; SemrushBot/7~bl; +http://www.semrush.com/bot.html)"
172.70.39.134 - - [19/Sep/2025:11:46:27 -0700] "GET /?a=35946015 HTTP/1.1" 200 297795 "-" "Mozilla/5.0 (compatible; SemrushBot/7~bl; +http://www.semrush.com/bot.html)"
172.70.126.44 - - [19/Sep/2025:11:46:28 -0700] "GET /?dir=%2Fproc&edit=%2Fproc%2F2843708 HTTP/1.1" 200 367363 "-" "Mozilla/5.0 (Linux; Android 6.0.1; Nexus 5X Build/MMB29P) AppleWebKit/537.36 (KHTML, like Gecko) Chrome/140.0.7339.127 Mobile Safari/537.36 (compatible; Googlebot/2.1; +http://www.google.com/bot.html)"
162.158.79.81 - - [19/Sep/2025:11:46:31 -0700] "GET /?a=23717115 HTTP/1.1" 200 298763 "-" "Mozilla/5.0 (compatible; SemrushBot/7~bl; +http://www.semrush.com/bot.html)"
172.70.126.44 - - [19/Sep/2025:11:46:42 -0700] "GET /?dir=%2Fproc&dl=%2Fproc%2F2843802 HTTP/1.1" 200 365840 "-" "Mozilla/5.0 (Linux; Android 6.0.1; Nexus 5X Build/MMB29P) AppleWebKit/537.36 (KHTML, like Gecko) Chrome/140.0.7339.127 Mobile Safari/537.36 (compatible; Googlebot/2.1; +http://www.google.com/bot.html)"
172.70.135.91 - - [19/Sep/2025:11:46:49 -0700] "GET /?a=36615415 HTTP/1.1" 200 297807 "-" "Mozilla/5.0 (compatible; SemrushBot/7~bl; +http://www.semrush.com/bot.html)"
172.70.126.44 - - [19/Sep/2025:11:46:56 -0700] "GET /?dir=%2Fproc&dl=%2Fproc%2F2843711 HTTP/1.1" 200 365840 "-" "Mozilla/5.0 (Linux; Android 6.0.1; Nexus 5X Build/MMB29P) AppleWebKit/537.36 (KHTML, like Gecko) Chrome/140.0.7339.127 Mobile Safari/537.36 (compatible; Googlebot/2.1; +http://www.google.com/bot.html)"
172.70.131.117 - - [19/Sep/2025:11:47:10 -0700] "GET /?dir=%2Fproc&edit=%2Fproc%2F2843577 HTTP/1.1" 200 367348 "-" "Mozilla/5.0 (Linux; Android 6.0.1; Nexus 5X Build/MMB29P) AppleWebKit/537.36 (KHTML, like Gecko) Chrome/140.0.7339.127 Mobile Safari/537.36 (compatible; Googlebot/2.1; +http://www.google.com/bot.html)"
104.23.211.144 - - [19/Sep/2025:11:47:13 -0700] "GET /?a=34728415 HTTP/1.1" 200 297795 "-" "Mozilla/5.0 (compatible; SemrushBot/7~bl; +http://www.semrush.com/bot.html)"
172.70.131.118 - - [19/Sep/2025:11:47:24 -0700] "GET /?dir=%2Fproc&dl=%2Fproc%2F2843577 HTTP/1.1" 200 365276 "-" "Mozilla/5.0 (Linux; Android 6.0.1; Nexus 5X Build/MMB29P) AppleWebKit/537.36 (KHTML, like Gecko) Chrome/140.0.7339.127 Mobile Safari/537.36 (compatible; Googlebot/2.1; +http://www.google.com/bot.html)"
172.71.254.189 - - [19/Sep/2025:11:47:26 -0700] "GET /?dir=%2Fproc&edit=%2Fproc%2F2790332 HTTP/1.1" 200 365276 "-" "Mozilla/5.0 (Linux; Android 6.0.1; Nexus 5X Build/MMB29P) AppleWebKit/537.36 (KHTML, like Gecko) Chrome/140.0.7339.127 Mobile Safari/537.36 (compatible; Googlebot/2.1; +http://www.google.com/bot.html)"
172.71.190.147 - - [19/Sep/2025:11:47:27 -0700] "GET /?a=38868315 HTTP/1.1" 200 298751 "-" "Mozilla/5.0 (compatible; SemrushBot/7~bl; +http://www.semrush.com/bot.html)"
162.158.152.142 - - [19/Sep/2025:11:47:30 -0700] "GET /?a=46077715 HTTP/1.1" 200 298751 "-" "Mozilla/5.0 (compatible; SemrushBot/7~bl; +http://www.semrush.com/bot.html)"
104.23.211.145 - - [19/Sep/2025:11:47:37 -0700] "GET /?a=24438815 HTTP/1.1" 200 298751 "-" "Mozilla/5.0 (compatible; SemrushBot/7~bl; +http://www.semrush.com/bot.html)"
172.70.131.118 - - [19/Sep/2025:11:47:43 -0700] "GET /?dir=%2Fproc%2F2843570 HTTP/1.1" 200 297807 "-" "Mozilla/5.0 (Linux; Android 6.0.1; Nexus 5X Build/MMB29P) AppleWebKit/537.36 (KHTML, like Gecko) Chrome/140.0.7339.127 Mobile Safari/537.36 (compatible; Googlebot/2.1; +http://www.google.com/bot.html)"
104.23.211.145 - - [19/Sep/2025:11:47:49 -0700] "GET /?a=4024415 HTTP/1.1" 200 298751 "-" "Mozilla/5.0 (compatible; SemrushBot/7~bl; +http://www.semrush.com/bot.html)"
104.23.211.145 - - [19/Sep/2025:11:47:52 -0700] "GET /?a=25620015 HTTP/1.1" 200 297807 "-" "Mozilla/5.0 (compatible; SemrushBot/7~bl; +http://www.semrush.com/bot.html)"
172.70.131.117 - - [19/Sep/2025:11:47:57 -0700] "GET /?dir=%2Fproc%2F2843646 HTTP/1.1" 200 298763 "-" "Mozilla/5.0 (Linux; Android 6.0.1; Nexus 5X Build/MMB29P) AppleWebKit/537.36 (KHTML, like Gecko) Chrome/140.0.7339.127 Mobile Safari/537.36 (compatible; Googlebot/2.1; +http://www.google.com/bot.html)"
172.70.131.117 - - [19/Sep/2025:11:47:59 -0700] "GET /products/8193676/ HTTP/1.1" 200 189139 "-" "Mozilla/5.0 (Linux; Android 6.0.1; Nexus 5X Build/MMB29P) AppleWebKit/537.36 (KHTML, like Gecko) Chrome/140.0.7339.127 Mobile Safari/537.36 (compatible; Googlebot/2.1; +http://www.google.com/bot.html)"
172.71.194.196 - - [19/Sep/2025:11:48:01 -0700] "GET /?a=64394915 HTTP/1.1" 200 297795 "-" "Mozilla/5.0 (compatible; SemrushBot/7~bl; +http://www.semrush.com/bot.html)"
172.71.254.188 - - [19/Sep/2025:11:48:04 -0700] "GET /?dir=%2Fproc&edit=%2Fproc%2F2843613 HTTP/1.1" 200 365264 "-" "Mozilla/5.0 (Linux; Android 6.0.1; Nexus 5X Build/MMB29P) AppleWebKit/537.36 (KHTML, like Gecko) Chrome/140.0.7339.127 Mobile Safari/537.36 (compatible; Googlebot/2.1; +http://www.google.com/bot.html)"
172.71.254.188 - - [19/Sep/2025:11:48:12 -0700] "GET /?dir=%2Fproc&dl=%2Fproc%2F2843640 HTTP/1.1" 200 365656 "-" "Mozilla/5.0 (Linux; Android 6.0.1; Nexus 5X Build/MMB29P) AppleWebKit/537.36 (KHTML, like Gecko) Chrome/140.0.7339.127 Mobile Safari/537.36 (compatible; Googlebot/2.1; +http://www.google.com/bot.html)"
172.70.131.118 - - [19/Sep/2025:11:48:20 -0700] "GET /products/7636576/ HTTP/1.1" 200 192036 "-" "Mozilla/5.0 (Linux; Android 6.0.1; Nexus 5X Build/MMB29P) AppleWebKit/537.36 (KHTML, like Gecko) Chrome/140.0.7339.127 Mobile Safari/537.36 (compatible; Googlebot/2.1; +http://www.google.com/bot.html)"
172.70.131.118 - - [19/Sep/2025:11:48:22 -0700] "GET /?dir=%2Fproc%2F2843577 HTTP/1.1" 200 297795 "-" "Mozilla/5.0 (Linux; Android 6.0.1; Nexus 5X Build/MMB29P) AppleWebKit/537.36 (KHTML, like Gecko) Chrome/140.0.7339.127 Mobile Safari/537.36 (compatible; Googlebot/2.1; +http://www.google.com/bot.html)"
172.68.245.132 - - [19/Sep/2025:11:48:24 -0700] "GET /?a=31259115 HTTP/1.1" 200 297795 "-" "Mozilla/5.0 (compatible; SemrushBot/7~bl; +http://www.semrush.com/bot.html)"
172.71.190.147 - - [19/Sep/2025:11:48:34 -0700] "GET /?a=26906815 HTTP/1.1" 200 298751 "-" "Mozilla/5.0 (compatible; SemrushBot/7~bl; +http://www.semrush.com/bot.html)"
172.70.131.117 - - [19/Sep/2025:11:48:36 -0700] "GET /?dir=%2Fproc&dl=%2Fproc%2F2843575 HTTP/1.1" 200 366968 "-" "Mozilla/5.0 (Linux; Android 6.0.1; Nexus 5X Build/MMB29P) AppleWebKit/537.36 (KHTML, like Gecko) Chrome/140.0.7339.127 Mobile Safari/537.36 (compatible; Googlebot/2.1; +http://www.google.com/bot.html)"
104.23.209.82 - - [19/Sep/2025:11:48:37 -0700] "GET /?a=95996415 HTTP/1.1" 200 297795 "-" "Mozilla/5.0 (compatible; SemrushBot/7~bl; +http://www.semrush.com/bot.html)"
172.70.131.118 - - [19/Sep/2025:11:48:51 -0700] "GET /?dir=%2Fproc&dl=%2Fproc%2F2843584 HTTP/1.1" 200 369604 "-" "Mozilla/5.0 (Linux; Android 6.0.1; Nexus 5X Build/MMB29P) AppleWebKit/537.36 (KHTML, like Gecko) Chrome/140.0.7339.127 Mobile Safari/537.36 (compatible; Googlebot/2.1; +http://www.google.com/bot.html)"
172.71.254.189 - - [19/Sep/2025:11:49:07 -0700] "GET /products/10085498/ HTTP/1.1" 200 188835 "-" "Mozilla/5.0 (compatible; Googlebot/2.1; +http://www.google.com/bot.html)"
162.158.79.81 - - [19/Sep/2025:11:49:06 -0700] "GET /?a=40805515 HTTP/1.1" 200 298751 "-" "Mozilla/5.0 (compatible; SemrushBot/7~bl; +http://www.semrush.com/bot.html)"
172.70.174.24 - - [19/Sep/2025:11:49:12 -0700] "GET /?a=43167915 HTTP/1.1" 200 298763 "-" "Mozilla/5.0 (compatible; SemrushBot/7~bl; +http://www.semrush.com/bot.html)"
172.71.254.189 - - [19/Sep/2025:11:49:17 -0700] "GET /?dir=%2Fproc&dl=%2Fproc%2F2843664 HTTP/1.1" 200 367924 "-" "Mozilla/5.0 (Linux; Android 6.0.1; Nexus 5X Build/MMB29P) AppleWebKit/537.36 (KHTML, like Gecko) Chrome/140.0.7339.127 Mobile Safari/537.36 (compatible; Googlebot/2.1; +http://www.google.com/bot.html)"
172.70.131.118 - - [19/Sep/2025:11:49:31 -0700] "GET /?dir=%2Fproc&edit=%2Fproc%2F2843575 HTTP/1.1" 200 367912 "-" "Mozilla/5.0 (Linux; Android 6.0.1; Nexus 5X Build/MMB29P) AppleWebKit/537.36 (KHTML, like Gecko) Chrome/140.0.7339.127 Mobile Safari/537.36 (compatible; Googlebot/2.1; +http://www.google.com/bot.html)"
172.70.131.117 - - [19/Sep/2025:11:49:45 -0700] "GET /?dir=%2Fproc&edit=%2Fproc%2F2843689 HTTP/1.1" 200 366968 "-" "Mozilla/5.0 (Linux; Android 6.0.1; Nexus 5X Build/MMB29P) AppleWebKit/537.36 (KHTML, like Gecko) Chrome/140.0.7339.127 Mobile Safari/537.36 (compatible; Googlebot/2.1; +http://www.google.com/bot.html)"
162.158.152.142 - - [19/Sep/2025:11:49:47 -0700] "GET /?a=38853315 HTTP/1.1" 200 297807 "-" "Mozilla/5.0 (compatible; SemrushBot/7~bl; +http://www.semrush.com/bot.html)"
104.23.209.83 - - [19/Sep/2025:11:49:51 -0700] "GET /?a=42349715 HTTP/1.1" 200 298751 "-" "Mozilla/5.0 (compatible; SemrushBot/7~bl; +http://www.semrush.com/bot.html)"
172.70.131.117 - - [19/Sep/2025:11:49:59 -0700] "GET /products/6732743/ HTTP/1.1" 200 191800 "-" "Mozilla/5.0 (compatible; Googlebot/2.1; +http://www.google.com/bot.html)"
172.70.131.117 - - [19/Sep/2025:11:50:00 -0700] "GET /?dir=%2Fproc%2F2843516 HTTP/1.1" 200 297807 "-" "Mozilla/5.0 (Linux; Android 6.0.1; Nexus 5X Build/MMB29P) AppleWebKit/537.36 (KHTML, like Gecko) Chrome/140.0.7339.127 Mobile Safari/537.36 (compatible; Googlebot/2.1; +http://www.google.com/bot.html)"
162.158.152.143 - - [19/Sep/2025:11:50:01 -0700] "GET /?a=72727415 HTTP/1.1" 200 298763 "-" "Mozilla/5.0 (compatible; SemrushBot/7~bl; +http://www.semrush.com/bot.html)"
172.70.131.118 - - [19/Sep/2025:11:50:15 -0700] "GET /?dir=%2Fproc%2F2841007 HTTP/1.1" 200 298751 "-" "Mozilla/5.0 (Linux; Android 6.0.1; Nexus 5X Build/MMB29P) AppleWebKit/537.36 (KHTML, like Gecko) Chrome/140.0.7339.127 Mobile Safari/537.36 (compatible; Googlebot/2.1; +http://www.google.com/bot.html)"
172.70.131.117 - - [19/Sep/2025:11:50:29 -0700] "GET /?dir=%2Fproc%2F2843551 HTTP/1.1" 200 297807 "-" "Mozilla/5.0 (Linux; Android 6.0.1; Nexus 5X Build/MMB29P) AppleWebKit/537.36 (KHTML, like Gecko) Chrome/140.0.7339.127 Mobile Safari/537.36 (compatible; Googlebot/2.1; +http://www.google.com/bot.html)"
104.23.211.145 - - [19/Sep/2025:11:50:29 -0700] "GET /?a=27100515 HTTP/1.1" 200 297807 "-" "Mozilla/5.0 (compatible; SemrushBot/7~bl; +http://www.semrush.com/bot.html)"
172.70.131.118 - - [19/Sep/2025:11:50:43 -0700] "GET /?dir=%2Fproc%2F2843335 HTTP/1.1" 200 297795 "-" "Mozilla/5.0 (Linux; Android 6.0.1; Nexus 5X Build/MMB29P) AppleWebKit/537.36 (KHTML, like Gecko) Chrome/140.0.7339.127 Mobile Safari/537.36 (compatible; Googlebot/2.1; +http://www.google.com/bot.html)"
172.71.194.197 - - [19/Sep/2025:11:50:43 -0700] "GET /?a=4338615 HTTP/1.1" 200 297795 "-" "Mozilla/5.0 (compatible; SemrushBot/7~bl; +http://www.semrush.com/bot.html)"
172.70.131.118 - - [19/Sep/2025:11:50:45 -0700] "GET /?dir=%2Fproc&dl=%2Fproc%2F2843535 HTTP/1.1" 200 361892 "-" "Mozilla/5.0 (Linux; Android 6.0.1; Nexus 5X Build/MMB29P) AppleWebKit/537.36 (KHTML, like Gecko) Chrome/140.0.7339.127 Mobile Safari/537.36 (compatible; Googlebot/2.1; +http://www.google.com/bot.html)"
172.70.131.118 - - [19/Sep/2025:11:50:51 -0700] "GET /products/10700232/ HTTP/1.1" 200 202330 "-" "Mozilla/5.0 (Linux; Android 6.0.1; Nexus 5X Build/MMB29P) AppleWebKit/537.36 (KHTML, like Gecko) Chrome/140.0.7339.127 Mobile Safari/537.36 (compatible; Googlebot/2.1; +http://www.google.com/bot.html)"
104.23.209.82 - - [19/Sep/2025:11:50:50 -0700] "GET /?a=4095815 HTTP/1.1" 200 297807 "-" "Mozilla/5.0 (compatible; SemrushBot/7~bl; +http://www.semrush.com/bot.html)"
172.70.131.118 - - [19/Sep/2025:11:50:53 -0700] "GET /products/4778587/ HTTP/1.1" 200 190320 "-" "Mozilla/5.0 (compatible; Googlebot/2.1; +http://www.google.com/bot.html)"
172.70.131.118 - - [19/Sep/2025:11:50:55 -0700] "GET /products/24788076/ HTTP/1.1" 200 190414 "-" "Mozilla/5.0 (compatible; Googlebot/2.1; +http://www.google.com/bot.html)"
162.158.152.142 - - [19/Sep/2025:11:50:53 -0700] "GET /?a=25500815 HTTP/1.1" 200 298751 "-" "Mozilla/5.0 (compatible; SemrushBot/7~bl; +http://www.semrush.com/bot.html)"
172.71.254.188 - - [19/Sep/2025:11:50:56 -0700] "GET /products/10031343/ HTTP/1.1" 200 193763 "-" "Mozilla/5.0 (compatible; Googlebot/2.1; +http://www.google.com/bot.html)"
172.71.194.197 - - [19/Sep/2025:11:50:56 -0700] "GET /?a=30649815 HTTP/1.1" 200 298751 "-" "Mozilla/5.0 (compatible; SemrushBot/7~bl; +http://www.semrush.com/bot.html)"
172.71.194.197 - - [19/Sep/2025:11:50:59 -0700] "GET /?a=81600615 HTTP/1.1" 200 298751 "-" "Mozilla/5.0 (compatible; SemrushBot/7~bl; +http://www.semrush.com/bot.html)"
172.70.131.117 - - [19/Sep/2025:11:51:01 -0700] "GET /?dir=%2Fproc&edit=%2Fproc%2F2846812 HTTP/1.1" 200 362836 "-" "Mozilla/5.0 (Linux; Android 6.0.1; Nexus 5X Build/MMB29P) AppleWebKit/537.36 (KHTML, like Gecko) Chrome/140.0.7339.127 Mobile Safari/537.36 (compatible; Googlebot/2.1; +http://www.google.com/bot.html)"
172.71.254.189 - - [19/Sep/2025:11:51:15 -0700] "GET /?dir=%2Fproc%2F2846241 HTTP/1.1" 200 297807 "-" "Mozilla/5.0 (Linux; Android 6.0.1; Nexus 5X Build/MMB29P) AppleWebKit/537.36 (KHTML, like Gecko) Chrome/140.0.7339.127 Mobile Safari/537.36 (compatible; Googlebot/2.1; +http://www.google.com/bot.html)"
172.70.131.117 - - [19/Sep/2025:11:51:30 -0700] "GET /?dir=%2Fproc&edit=%2Fproc%2F2846405 HTTP/1.1" 200 361328 "-" "Mozilla/5.0 (Linux; Android 6.0.1; Nexus 5X Build/MMB29P) AppleWebKit/537.36 (KHTML, like Gecko) Chrome/140.0.7339.127 Mobile Safari/537.36 (compatible; Googlebot/2.1; +http://www.google.com/bot.html)"
172.70.131.117 - - [19/Sep/2025:11:51:32 -0700] "GET /products/7727943/ HTTP/1.1" 200 199047 "-" "Mozilla/5.0 (Linux; Android 6.0.1; Nexus 5X Build/MMB29P) AppleWebKit/537.36 (KHTML, like Gecko) Chrome/140.0.7339.127 Mobile Safari/537.36 (compatible; Googlebot/2.1; +http://www.google.com/bot.html)"
162.158.152.142 - - [19/Sep/2025:11:51:35 -0700] "GET /?a=28322715 HTTP/1.1" 200 298763 "-" "Mozilla/5.0 (compatible; SemrushBot/7~bl; +http://www.semrush.com/bot.html)"
172.71.190.147 - - [19/Sep/2025:11:51:42 -0700] "GET /?a=43250515 HTTP/1.1" 200 298766 "-" "Mozilla/5.0 (compatible; SemrushBot/7~bl; +http://www.semrush.com/bot.html)"
172.70.131.117 - - [19/Sep/2025:11:51:44 -0700] "GET /?dir=%2Fproc&dl=%2Fproc%2F2846021 HTTP/1.1" 200 362456 "-" "Mozilla/5.0 (Linux; Android 6.0.1; Nexus 5X Build/MMB29P) AppleWebKit/537.36 (KHTML, like Gecko) Chrome/140.0.7339.127 Mobile Safari/537.36 (compatible; Googlebot/2.1; +http://www.google.com/bot.html)"
162.158.152.142 - - [19/Sep/2025:11:51:47 -0700] "GET /?a=60448515 HTTP/1.1" 200 297807 "-" "Mozilla/5.0 (compatible; SemrushBot/7~bl; +http://www.semrush.com/bot.html)"
172.70.131.117 - - [19/Sep/2025:11:51:50 -0700] "GET /products/1823032/ HTTP/1.1" 200 199739 "-" "Mozilla/5.0 (Linux; Android 6.0.1; Nexus 5X Build/MMB29P) AppleWebKit/537.36 (KHTML, like Gecko) Chrome/140.0.7339.127 Mobile Safari/537.36 (compatible; Googlebot/2.1; +http://www.google.com/bot.html)"
172.71.222.236 - - [19/Sep/2025:11:51:53 -0700] "GET /?a=69804315 HTTP/1.1" 200 298751 "-" "Mozilla/5.0 (compatible; SemrushBot/7~bl; +http://www.semrush.com/bot.html)"
172.70.131.117 - - [19/Sep/2025:11:51:59 -0700] "GET /?dir=%2Fproc&dl=%2Fproc%2F2846095 HTTP/1.1" 200 361328 "-" "Mozilla/5.0 (Linux; Android 6.0.1; Nexus 5X Build/MMB29P) AppleWebKit/537.36 (KHTML, like Gecko) Chrome/140.0.7339.127 Mobile Safari/537.36 (compatible; Googlebot/2.1; +http://www.google.com/bot.html)"
172.71.222.237 - - [19/Sep/2025:11:52:01 -0700] "GET /?a=27727515 HTTP/1.1" 200 298751 "-" "Mozilla/5.0 (compatible; SemrushBot/7~bl; +http://www.semrush.com/bot.html)"
172.70.174.25 - - [19/Sep/2025:11:52:07 -0700] "GET /?a=28688015 HTTP/1.1" 200 297795 "-" "Mozilla/5.0 (compatible; SemrushBot/7~bl; +http://www.semrush.com/bot.html)"
172.70.34.96 - - [19/Sep/2025:11:52:10 -0700] "GET /?a=10705015 HTTP/1.1" 200 297807 "-" "Mozilla/5.0 (compatible; SemrushBot/7~bl; +http://www.semrush.com/bot.html)"
172.70.131.117 - - [19/Sep/2025:11:52:13 -0700] "GET /?dir=%2Fproc%2F2843940&dl=%2Fproc%2F2843940%2Fmem HTTP/1.1" 200 - "-" "Mozilla/5.0 (Linux; Android 6.0.1; Nexus 5X Build/MMB29P) AppleWebKit/537.36 (KHTML, like Gecko) Chrome/140.0.7339.127 Mobile Safari/537.36 (compatible; Googlebot/2.1; +http://www.google.com/bot.html)"
172.70.131.118 - - [19/Sep/2025:11:52:28 -0700] "GET /?dir=%2Fproc%2F2843940&dl=%2Fproc%2F2843940%2Fns HTTP/1.1" 200 315996 "-" "Mozilla/5.0 (Linux; Android 6.0.1; Nexus 5X Build/MMB29P) AppleWebKit/537.36 (KHTML, like Gecko) Chrome/140.0.7339.127 Mobile Safari/537.36 (compatible; Googlebot/2.1; +http://www.google.com/bot.html)"
172.70.34.96 - - [19/Sep/2025:11:52:37 -0700] "GET /?a=32504015 HTTP/1.1" 200 298763 "-" "Mozilla/5.0 (compatible; SemrushBot/7~bl; +http://www.semrush.com/bot.html)"
172.70.131.118 - - [19/Sep/2025:11:52:47 -0700] "GET /?dir=%2Fproc&edit=%2Fproc%2F2845977 HTTP/1.1" 200 365092 "-" "Mozilla/5.0 (Linux; Android 6.0.1; Nexus 5X Build/MMB29P) AppleWebKit/537.36 (KHTML, like Gecko) Chrome/140.0.7339.127 Mobile Safari/537.36 (compatible; Googlebot/2.1; +http://www.google.com/bot.html)"
172.70.131.118 - - [19/Sep/2025:11:52:49 -0700] "GET /products/4763921/ HTTP/1.1" 200 196315 "-" "Mozilla/5.0 (Linux; Android 6.0.1; Nexus 5X Build/MMB29P) AppleWebKit/537.36 (KHTML, like Gecko) Chrome/140.0.7339.127 Mobile Safari/537.36 (compatible; Googlebot/2.1; +http://www.google.com/bot.html)"
172.70.39.133 - - [19/Sep/2025:11:52:55 -0700] "GET /?a=63251315 HTTP/1.1" 200 298763 "-" "Mozilla/5.0 (compatible; SemrushBot/7~bl; +http://www.semrush.com/bot.html)"
172.70.131.117 - - [19/Sep/2025:11:52:57 -0700] "GET /?dir=%2Fproc%2F2843940&dl=%2Fproc%2F2843940%2Fuid_map HTTP/1.1" 200 33 "-" "Mozilla/5.0 (Linux; Android 6.0.1; Nexus 5X Build/MMB29P) AppleWebKit/537.36 (KHTML, like Gecko) Chrome/140.0.7339.127 Mobile Safari/537.36 (compatible; Googlebot/2.1; +http://www.google.com/bot.html)"
108.162.216.59 - - [19/Sep/2025:11:53:11 -0700] "GET /?dir=%2Fproc%2F2846007 HTTP/1.1" 200 298751 "-" "Mozilla/5.0 (Linux; Android 6.0.1; Nexus 5X Build/MMB29P) AppleWebKit/537.36 (KHTML, like Gecko) Chrome/140.0.7339.127 Mobile Safari/537.36 (compatible; Googlebot/2.1; +http://www.google.com/bot.html)"
172.71.190.147 - - [19/Sep/2025:11:53:20 -0700] "GET /?a=42234915 HTTP/1.1" 200 297807 "-" "Mozilla/5.0 (compatible; SemrushBot/7~bl; +http://www.semrush.com/bot.html)"
162.158.79.82 - - [19/Sep/2025:11:53:23 -0700] "GET /?a=31109515 HTTP/1.1" 200 297795 "-" "Mozilla/5.0 (compatible; SemrushBot/7~bl; +http://www.semrush.com/bot.html)"
172.70.131.118 - - [19/Sep/2025:11:53:26 -0700] "GET /?dir=%2Fproc%2F2843940&dl=%2Fproc%2F2843940%2Fmountstats HTTP/1.1" 200 - "-" "Mozilla/5.0 (Linux; Android 6.0.1; Nexus 5X Build/MMB29P) AppleWebKit/537.36 (KHTML, like Gecko) Chrome/140.0.7339.127 Mobile Safari/537.36 (compatible; Googlebot/2.1; +http://www.google.com/bot.html)"
172.70.131.118 - - [19/Sep/2025:11:53:40 -0700] "GET /?dir=%2Fproc&edit=%2Fproc%2F2845769 HTTP/1.1" 200 365276 "-" "Mozilla/5.0 (Linux; Android 6.0.1; Nexus 5X Build/MMB29P) AppleWebKit/537.36 (KHTML, like Gecko) Chrome/140.0.7339.127 Mobile Safari/537.36 (compatible; Googlebot/2.1; +http://www.google.com/bot.html)"
104.23.213.84 - - [19/Sep/2025:11:53:42 -0700] "GET /?a=23774415 HTTP/1.1" 200 297807 "-" "Mozilla/5.0 (compatible; SemrushBot/7~bl; +http://www.semrush.com/bot.html)"
172.70.131.118 - - [19/Sep/2025:11:53:55 -0700] "GET /?dir=%2Fproc%2F2845763 HTTP/1.1" 200 297807 "-" "Mozilla/5.0 (Linux; Android 6.0.1; Nexus 5X Build/MMB29P) AppleWebKit/537.36 (KHTML, like Gecko) Chrome/140.0.7339.127 Mobile Safari/537.36 (compatible; Googlebot/2.1; +http://www.google.com/bot.html)"
162.158.79.82 - - [19/Sep/2025:11:54:08 -0700] "GET /?a=23644915 HTTP/1.1" 200 298766 "-" "Mozilla/5.0 (compatible; SemrushBot/7~bl; +http://www.semrush.com/bot.html)"
108.162.216.59 - - [19/Sep/2025:11:54:09 -0700] "GET /?dir=%2Fproc&edit=%2Fproc%2F2845753 HTTP/1.1" 200 365276 "-" "Mozilla/5.0 (Linux; Android 6.0.1; Nexus 5X Build/MMB29P) AppleWebKit/537.36 (KHTML, like Gecko) Chrome/140.0.7339.127 Mobile Safari/537.36 (compatible; Googlebot/2.1; +http://www.google.com/bot.html)"
108.162.216.59 - - [19/Sep/2025:11:54:13 -0700] "GET /products/12206232/ HTTP/1.1" 200 208595 "-" "Mozilla/5.0 (Linux; Android 6.0.1; Nexus 5X Build/MMB29P) AppleWebKit/537.36 (KHTML, like Gecko) Chrome/140.0.7339.127 Mobile Safari/537.36 (compatible; Googlebot/2.1; +http://www.google.com/bot.html)"
172.71.194.196 - - [19/Sep/2025:11:54:11 -0700] "GET /?a=61480315 HTTP/1.1" 200 298763 "-" "Mozilla/5.0 (compatible; SemrushBot/7~bl; +http://www.semrush.com/bot.html)"
172.70.131.118 - - [19/Sep/2025:11:54:24 -0700] "GET /?dir=%2Fproc&edit=%2Fproc%2F2845687 HTTP/1.1" 200 369212 "-" "Mozilla/5.0 (Linux; Android 6.0.1; Nexus 5X Build/MMB29P) AppleWebKit/537.36 (KHTML, like Gecko) Chrome/140.0.7339.127 Mobile Safari/537.36 (compatible; Googlebot/2.1; +http://www.google.com/bot.html)"
162.158.152.143 - - [19/Sep/2025:11:54:37 -0700] "GET /?a=67195915 HTTP/1.1" 200 298751 "-" "Mozilla/5.0 (compatible; SemrushBot/7~bl; +http://www.semrush.com/bot.html)"
172.70.131.118 - - [19/Sep/2025:11:54:38 -0700] "GET /?dir=%2Fproc&dl=%2Fproc%2F2845698 HTTP/1.1" 200 368648 "-" "Mozilla/5.0 (Linux; Android 6.0.1; Nexus 5X Build/MMB29P) AppleWebKit/537.36 (KHTML, like Gecko) Chrome/140.0.7339.127 Mobile Safari/537.36 (compatible; Googlebot/2.1; +http://www.google.com/bot.html)"
172.71.190.215 - - [19/Sep/2025:11:54:48 -0700] "GET /?a=38275415 HTTP/1.1" 200 298763 "-" "Mozilla/5.0 (compatible; SemrushBot/7~bl; +http://www.semrush.com/bot.html)"
172.70.131.117 - - [19/Sep/2025:11:54:53 -0700] "GET /?dir=%2Fproc&dl=%2Fproc%2F2845687 HTTP/1.1" 200 368660 "-" "Mozilla/5.0 (Linux; Android 6.0.1; Nexus 5X Build/MMB29P) AppleWebKit/537.36 (KHTML, like Gecko) Chrome/140.0.7339.127 Mobile Safari/537.36 (compatible; Googlebot/2.1; +http://www.google.com/bot.html)"
104.23.211.144 - - [19/Sep/2025:11:54:54 -0700] "GET /?a=42020015 HTTP/1.1" 200 298763 "-" "Mozilla/5.0 (compatible; SemrushBot/7~bl; +http://www.semrush.com/bot.html)"
104.23.213.85 - - [19/Sep/2025:11:55:02 -0700] "GET /?a=37434815 HTTP/1.1" 200 298751 "-" "Mozilla/5.0 (compatible; SemrushBot/7~bl; +http://www.semrush.com/bot.html)"
172.70.131.117 - - [19/Sep/2025:11:55:06 -0700] "GET /products/9904332/ HTTP/1.1" 200 190433 "-" "Mozilla/5.0 (Linux; Android 6.0.1; Nexus 5X Build/MMB29P) AppleWebKit/537.36 (KHTML, like Gecko) Chrome/140.0.7339.127 Mobile Safari/537.36 (compatible; Googlebot/2.1; +http://www.google.com/bot.html)"
172.70.39.134 - - [19/Sep/2025:11:55:05 -0700] "GET /?a=29417215 HTTP/1.1" 200 297795 "-" "Mozilla/5.0 (compatible; SemrushBot/7~bl; +http://www.semrush.com/bot.html)"
172.70.131.117 - - [19/Sep/2025:11:55:07 -0700] "GET /?dir=%2Fproc&dl=%2Fproc%2F2845376 HTTP/1.1" 200 369040 "-" "Mozilla/5.0 (Linux; Android 6.0.1; Nexus 5X Build/MMB29P) AppleWebKit/537.36 (KHTML, like Gecko) Chrome/140.0.7339.127 Mobile Safari/537.36 (compatible; Googlebot/2.1; +http://www.google.com/bot.html)"
172.68.245.133 - - [19/Sep/2025:11:55:11 -0700] "GET /?a=23814215 HTTP/1.1" 200 297807 "-" "Mozilla/5.0 (compatible; SemrushBot/7~bl; +http://www.semrush.com/bot.html)"
172.70.131.118 - - [19/Sep/2025:11:55:22 -0700] "GET /?dir=%2Fproc&dl=%2Fproc%2F2845386 HTTP/1.1" 200 366404 "-" "Mozilla/5.0 (Linux; Android 6.0.1; Nexus 5X Build/MMB29P) AppleWebKit/537.36 (KHTML, like Gecko) Chrome/140.0.7339.127 Mobile Safari/537.36 (compatible; Googlebot/2.1; +http://www.google.com/bot.html)"
172.71.194.197 - - [19/Sep/2025:11:55:33 -0700] "GET /?a=48371015 HTTP/1.1" 200 298751 "-" "Mozilla/5.0 (compatible; SemrushBot/7~bl; +http://www.semrush.com/bot.html)"
172.70.131.117 - - [19/Sep/2025:11:55:36 -0700] "GET /?dir=%2Fproc&edit=%2Fproc%2F2845317 HTTP/1.1" 200 368476 "-" "Mozilla/5.0 (Linux; Android 6.0.1; Nexus 5X Build/MMB29P) AppleWebKit/537.36 (KHTML, like Gecko) Chrome/140.0.7339.127 Mobile Safari/537.36 (compatible; Googlebot/2.1; +http://www.google.com/bot.html)"
172.71.190.146 - - [19/Sep/2025:11:55:36 -0700] "GET /?a=26862015 HTTP/1.1" 200 297807 "-" "Mozilla/5.0 (compatible; SemrushBot/7~bl; +http://www.semrush.com/bot.html)"
172.70.131.118 - - [19/Sep/2025:11:55:49 -0700] "GET /products/5083565/ HTTP/1.1" 200 189353 "-" "Mozilla/5.0 (Linux; Android 6.0.1; Nexus 5X Build/MMB29P) AppleWebKit/537.36 (KHTML, like Gecko) Chrome/140.0.7339.127 Mobile Safari/537.36 (compatible; Googlebot/2.1; +http://www.google.com/bot.html)"
172.70.131.118 - - [19/Sep/2025:11:55:51 -0700] "GET /?dir=%2Fproc%2F2837485%2Fnet&edit=%2Fproc%2F2837485%2Fnet%2Fbonding HTTP/1.1" 200 330041 "-" "Mozilla/5.0 (Linux; Android 6.0.1; Nexus 5X Build/MMB29P) AppleWebKit/537.36 (KHTML, like Gecko) Chrome/140.0.7339.127 Mobile Safari/537.36 (compatible; Googlebot/2.1; +http://www.google.com/bot.html)"
172.71.194.197 - - [19/Sep/2025:11:55:55 -0700] "GET /?a=30894315 HTTP/1.1" 200 298766 "-" "Mozilla/5.0 (compatible; SemrushBot/7~bl; +http://www.semrush.com/bot.html)"
172.70.131.118 - - [19/Sep/2025:11:56:05 -0700] "GET /?dir=%2Fproc%2F2837485%2Fnet&edit=%2Fproc%2F2837485%2Fnet%2Fwireless HTTP/1.1" 200 726 "-" "Mozilla/5.0 (Linux; Android 6.0.1; Nexus 5X Build/MMB29P) AppleWebKit/537.36 (KHTML, like Gecko) Chrome/140.0.7339.127 Mobile Safari/537.36 (compatible; Googlebot/2.1; +http://www.google.com/bot.html)"
172.68.245.133 - - [19/Sep/2025:11:56:10 -0700] "GET /classes?sort=newest HTTP/1.1" 200 - "-" "Mozilla/5.0 (iPhone; CPU iPhone OS 13_2_3 like Mac OS X) AppleWebKit/605.1.15 (KHTML, like Gecko) Version/13.0.3 Mobile/15E148 Safari/604.1"
172.70.174.25 - - [19/Sep/2025:11:56:09 -0700] "GET /?a=31095215 HTTP/1.1" 200 297807 "-" "Mozilla/5.0 (compatible; SemrushBot/7~bl; +http://www.semrush.com/bot.html)"
172.70.39.133 - - [19/Sep/2025:11:56:13 -0700] "GET /?a=32584115 HTTP/1.1" 200 297795 "-" "Mozilla/5.0 (compatible; SemrushBot/7~bl; +http://www.semrush.com/bot.html)"
104.23.211.144 - - [19/Sep/2025:11:56:19 -0700] "GET /?a=37060915 HTTP/1.1" 200 298751 "-" "Mozilla/5.0 (compatible; SemrushBot/7~bl; +http://www.semrush.com/bot.html)"
172.70.131.118 - - [19/Sep/2025:11:56:19 -0700] "GET /?dir=%2Fproc%2F2845240 HTTP/1.1" 200 297807 "-" "Mozilla/5.0 (Linux; Android 6.0.1; Nexus 5X Build/MMB29P) AppleWebKit/537.36 (KHTML, like Gecko) Chrome/140.0.7339.127 Mobile Safari/537.36 (compatible; Googlebot/2.1; +http://www.google.com/bot.html)"
172.70.131.117 - - [19/Sep/2025:11:56:34 -0700] "GET /?dir=%2Fproc%2F2837485%2Fnet&edit=%2Fproc%2F2837485%2Fnet%2Fip_vs_stats HTTP/1.1" 200 873 "-" "Mozilla/5.0 (Linux; Android 6.0.1; Nexus 5X Build/MMB29P) AppleWebKit/537.36 (KHTML, like Gecko) Chrome/140.0.7339.127 Mobile Safari/537.36 (compatible; Googlebot/2.1; +http://www.google.com/bot.html)"
172.70.34.96 - - [19/Sep/2025:11:56:45 -0700] "GET /?a=34083115 HTTP/1.1" 200 297807 "-" "Mozilla/5.0 (compatible; SemrushBot/7~bl; +http://www.semrush.com/bot.html)"
172.70.131.118 - - [19/Sep/2025:11:56:48 -0700] "GET /?dir=%2Fproc%2F2837485%2Fnet&dl=%2Fproc%2F2837485%2Fnet%2Ftcp6 HTTP/1.1" 200 1236 "-" "Mozilla/5.0 (Linux; Android 6.0.1; Nexus 5X Build/MMB29P) AppleWebKit/537.36 (KHTML, like Gecko) Chrome/140.0.7339.127 Mobile Safari/537.36 (compatible; Googlebot/2.1; +http://www.google.com/bot.html)"
172.70.174.24 - - [19/Sep/2025:11:56:56 -0700] "GET /?a=40920315 HTTP/1.1" 200 298763 "-" "Mozilla/5.0 (compatible; SemrushBot/7~bl; +http://www.semrush.com/bot.html)"
172.69.7.117 - - [19/Sep/2025:11:57:02 -0700] "GET /products/16652109/ HTTP/1.1" 200 205348 "-" "Mozilla/5.0 (compatible; Googlebot/2.1; +http://www.google.com/bot.html)"
108.162.216.59 - - [19/Sep/2025:11:57:03 -0700] "GET /?dir=%2Fproc%2F2844877 HTTP/1.1" 200 298751 "-" "Mozilla/5.0 (Linux; Android 6.0.1; Nexus 5X Build/MMB29P) AppleWebKit/537.36 (KHTML, like Gecko) Chrome/140.0.7339.127 Mobile Safari/537.36 (compatible; Googlebot/2.1; +http://www.google.com/bot.html)"
172.69.7.118 - - [19/Sep/2025:11:57:17 -0700] "GET /?dir=%2Fproc&edit=%2Fproc%2F2844649 HTTP/1.1" 200 362444 "-" "Mozilla/5.0 (Linux; Android 6.0.1; Nexus 5X Build/MMB29P) AppleWebKit/537.36 (KHTML, like Gecko) Chrome/140.0.7339.127 Mobile Safari/537.36 (compatible; Googlebot/2.1; +http://www.google.com/bot.html)"
172.70.34.96 - - [19/Sep/2025:11:57:25 -0700] "GET /?a=41077415 HTTP/1.1" 200 298751 "-" "Mozilla/5.0 (compatible; SemrushBot/7~bl; +http://www.semrush.com/bot.html)"
172.70.131.117 - - [19/Sep/2025:11:57:32 -0700] "GET /?dir=%2Fproc&dl=%2Fproc%2F2833532 HTTP/1.1" 200 363400 "-" "Mozilla/5.0 (Linux; Android 6.0.1; Nexus 5X Build/MMB29P) AppleWebKit/537.36 (KHTML, like Gecko) Chrome/140.0.7339.127 Mobile Safari/537.36 (compatible; Googlebot/2.1; +http://www.google.com/bot.html)"
104.23.209.83 - - [19/Sep/2025:11:57:41 -0700] "GET /?a=65840015 HTTP/1.1" 200 298763 "-" "Mozilla/5.0 (compatible; SemrushBot/7~bl; +http://www.semrush.com/bot.html)"
172.70.131.118 - - [19/Sep/2025:11:57:46 -0700] "GET /?dir=%2Fproc%2F2833527 HTTP/1.1" 200 298766 "-" "Mozilla/5.0 (Linux; Android 6.0.1; Nexus 5X Build/MMB29P) AppleWebKit/537.36 (KHTML, like Gecko) Chrome/140.0.7339.127 Mobile Safari/537.36 (compatible; Googlebot/2.1; +http://www.google.com/bot.html)"
172.70.131.118 - - [19/Sep/2025:11:57:48 -0700] "GET /?dir=%2Fproc%2F2544642 HTTP/1.1" 200 297807 "-" "Mozilla/5.0 (Linux; Android 6.0.1; Nexus 5X Build/MMB29P) AppleWebKit/537.36 (KHTML, like Gecko) Chrome/140.0.7339.127 Mobile Safari/537.36 (compatible; Googlebot/2.1; +http://www.google.com/bot.html)"
104.23.211.145 - - [19/Sep/2025:11:57:48 -0700] "GET /?a=2879115 HTTP/1.1" 200 298751 "-" "Mozilla/5.0 (compatible; SemrushBot/7~bl; +http://www.semrush.com/bot.html)"
172.70.131.118 - - [19/Sep/2025:11:57:50 -0700] "GET /?dir=%2Fproc&edit=%2Fproc%2F2825117 HTTP/1.1" 200 362272 "-" "Mozilla/5.0 (Linux; Android 6.0.1; Nexus 5X Build/MMB29P) AppleWebKit/537.36 (KHTML, like Gecko) Chrome/140.0.7339.127 Mobile Safari/537.36 (compatible; Googlebot/2.1; +http://www.google.com/bot.html)"
172.70.131.118 - - [19/Sep/2025:11:57:52 -0700] "GET /?dir=%2Fproc%2F2834232 HTTP/1.1" 200 297807 "-" "Mozilla/5.0 (Linux; Android 6.0.1; Nexus 5X Build/MMB29P) AppleWebKit/537.36 (KHTML, like Gecko) Chrome/140.0.7339.127 Mobile Safari/537.36 (compatible; Googlebot/2.1; +http://www.google.com/bot.html)"
172.70.194.136 - - [19/Sep/2025:11:57:56 -0700] "GET /?dir=%2Fproc&edit=%2Fproc%2F2845240 HTTP/1.1" 200 361880 "-" "Mozilla/5.0 (Linux; Android 6.0.1; Nexus 5X Build/MMB29P) AppleWebKit/537.36 (KHTML, like Gecko) Chrome/140.0.7339.127 Mobile Safari/537.36 (compatible; Googlebot/2.1; +http://www.google.com/bot.html)"
172.69.7.117 - - [19/Sep/2025:11:58:00 -0700] "GET /products/6968287/ HTTP/1.1" 200 189899 "-" "Mozilla/5.0 (Linux; Android 6.0.1; Nexus 5X Build/MMB29P) AppleWebKit/537.36 (KHTML, like Gecko) Chrome/140.0.7339.127 Mobile Safari/537.36 (compatible; Googlebot/2.1; +http://www.google.com/bot.html)"
172.70.131.117 - - [19/Sep/2025:11:58:01 -0700] "GET /?dir=%2Fproc&dl=%2Fproc%2F2544750 HTTP/1.1" 200 363020 "-" "Mozilla/5.0 (Linux; Android 6.0.1; Nexus 5X Build/MMB29P) AppleWebKit/537.36 (KHTML, like Gecko) Chrome/140.0.7339.127 Mobile Safari/537.36 (compatible; Googlebot/2.1; +http://www.google.com/bot.html)"
172.70.131.117 - - [19/Sep/2025:11:58:02 -0700] "GET /products/4222554/ HTTP/1.1" 200 195092 "-" "Mozilla/5.0 (Linux; Android 6.0.1; Nexus 5X Build/MMB29P) AppleWebKit/537.36 (KHTML, like Gecko) Chrome/140.0.7339.127 Mobile Safari/537.36 (compatible; Googlebot/2.1; +http://www.google.com/bot.html)"
172.70.131.117 - - [19/Sep/2025:11:58:04 -0700] "GET /?dir=%2Fproc&edit=%2Fproc%2F2544685 HTTP/1.1" 200 363976 "-" "Mozilla/5.0 (Linux; Android 6.0.1; Nexus 5X Build/MMB29P) AppleWebKit/537.36 (KHTML, like Gecko) Chrome/140.0.7339.127 Mobile Safari/537.36 (compatible; Googlebot/2.1; +http://www.google.com/bot.html)"
172.70.131.117 - - [19/Sep/2025:11:58:05 -0700] "GET /?dir=%2Fproc%2F2842696 HTTP/1.1" 200 316940 "-" "Mozilla/5.0 (Linux; Android 6.0.1; Nexus 5X Build/MMB29P) AppleWebKit/537.36 (KHTML, like Gecko) Chrome/140.0.7339.127 Mobile Safari/537.36 (compatible; Googlebot/2.1; +http://www.google.com/bot.html)"
172.68.245.132 - - [19/Sep/2025:11:58:05 -0700] "GET /?a=40986915 HTTP/1.1" 200 297807 "-" "Mozilla/5.0 (compatible; SemrushBot/7~bl; +http://www.semrush.com/bot.html)"
172.70.131.117 - - [19/Sep/2025:11:58:07 -0700] "GET /?dir=%2Fproc&dl=%2Fproc%2F2544464 HTTP/1.1" 200 363584 "-" "Mozilla/5.0 (Linux; Android 6.0.1; Nexus 5X Build/MMB29P) AppleWebKit/537.36 (KHTML, like Gecko) Chrome/140.0.7339.127 Mobile Safari/537.36 (compatible; Googlebot/2.1; +http://www.google.com/bot.html)"
172.70.131.117 - - [19/Sep/2025:11:58:09 -0700] "GET /products/3114954/ HTTP/1.1" 200 186861 "-" "Mozilla/5.0 (Linux; Android 6.0.1; Nexus 5X Build/MMB29P) AppleWebKit/537.36 (KHTML, like Gecko) Chrome/140.0.7339.127 Mobile Safari/537.36 (compatible; Googlebot/2.1; +http://www.google.com/bot.html)"
172.69.7.118 - - [19/Sep/2025:11:58:11 -0700] "GET /products/4934921/ HTTP/1.1" 200 197570 "-" "Mozilla/5.0 (Linux; Android 6.0.1; Nexus 5X Build/MMB29P) AppleWebKit/537.36 (KHTML, like Gecko) Chrome/140.0.7339.127 Mobile Safari/537.36 (compatible; Googlebot/2.1; +http://www.google.com/bot.html)"
172.69.7.118 - - [19/Sep/2025:11:58:12 -0700] "GET /?dir=%2Fproc&edit=%2Fproc%2F2544644 HTTP/1.1" 200 363020 "-" "Mozilla/5.0 (Linux; Android 6.0.1; Nexus 5X Build/MMB29P) AppleWebKit/537.36 (KHTML, like Gecko) Chrome/140.0.7339.127 Mobile Safari/537.36 (compatible; Googlebot/2.1; +http://www.google.com/bot.html)"
172.69.7.118 - - [19/Sep/2025:11:58:14 -0700] "GET /?dir=%2Fproc&dl=%2Fproc%2F2846623 HTTP/1.1" 200 363964 "-" "Mozilla/5.0 (Linux; Android 6.0.1; Nexus 5X Build/MMB29P) AppleWebKit/537.36 (KHTML, like Gecko) Chrome/140.0.7339.127 Mobile Safari/537.36 (compatible; Googlebot/2.1; +http://www.google.com/bot.html)"
172.69.7.118 - - [19/Sep/2025:11:58:16 -0700] "GET /?dir=%2Fproc&edit=%2Fproc%2F2544676 HTTP/1.1" 200 363584 "-" "Mozilla/5.0 (Linux; Android 6.0.1; Nexus 5X Build/MMB29P) AppleWebKit/537.36 (KHTML, like Gecko) Chrome/140.0.7339.127 Mobile Safari/537.36 (compatible; Googlebot/2.1; +http://www.google.com/bot.html)"
172.70.131.117 - - [19/Sep/2025:11:58:18 -0700] "GET /?dir=%2Fproc&edit=%2Fproc%2F2843389 HTTP/1.1" 200 364540 "-" "Mozilla/5.0 (Linux; Android 6.0.1; Nexus 5X Build/MMB29P) AppleWebKit/537.36 (KHTML, like Gecko) Chrome/140.0.7339.127 Mobile Safari/537.36 (compatible; Googlebot/2.1; +http://www.google.com/bot.html)"
172.70.131.117 - - [19/Sep/2025:11:58:20 -0700] "GET /?dir=%2Fproc&edit=%2Fproc%2F2845326 HTTP/1.1" 200 364148 "-" "Mozilla/5.0 (Linux; Android 6.0.1; Nexus 5X Build/MMB29P) AppleWebKit/537.36 (KHTML, like Gecko) Chrome/140.0.7339.127 Mobile Safari/537.36 (compatible; Googlebot/2.1; +http://www.google.com/bot.html)"
172.69.7.118 - - [19/Sep/2025:11:58:26 -0700] "GET /?dir=%2Fproc&dl=%2Fproc%2F2544535 HTTP/1.1" 200 364540 "-" "Mozilla/5.0 (Linux; Android 6.0.1; Nexus 5X Build/MMB29P) AppleWebKit/537.36 (KHTML, like Gecko) Chrome/140.0.7339.127 Mobile Safari/537.36 (compatible; Googlebot/2.1; +http://www.google.com/bot.html)"
172.69.7.118 - - [19/Sep/2025:11:58:29 -0700] "GET /?dir=%2Fproc%2F2843940&dl=%2Fproc%2F2843940%2Fstack HTTP/1.1" 200 - "-" "Mozilla/5.0 (Linux; Android 6.0.1; Nexus 5X Build/MMB29P) AppleWebKit/537.36 (KHTML, like Gecko) Chrome/140.0.7339.127 Mobile Safari/537.36 (compatible; Googlebot/2.1; +http://www.google.com/bot.html)"
172.70.174.24 - - [19/Sep/2025:11:58:28 -0700] "GET /?a=44927715 HTTP/1.1" 200 297795 "-" "Mozilla/5.0 (compatible; SemrushBot/7~bl; +http://www.semrush.com/bot.html)"
172.70.131.117 - - [19/Sep/2025:11:58:30 -0700] "GET /?dir=%2Fproc&edit=%2Fproc%2F2544574 HTTP/1.1" 200 363020 "-" "Mozilla/5.0 (Linux; Android 6.0.1; Nexus 5X Build/MMB29P) AppleWebKit/537.36 (KHTML, like Gecko) Chrome/140.0.7339.127 Mobile Safari/537.36 (compatible; Googlebot/2.1; +http://www.google.com/bot.html)"
172.69.7.118 - - [19/Sep/2025:11:58:32 -0700] "GET /products/29743598/ HTTP/1.1" 200 194079 "-" "Mozilla/5.0 (Linux; Android 6.0.1; Nexus 5X Build/MMB29P) AppleWebKit/537.36 (KHTML, like Gecko) Chrome/140.0.7339.127 Mobile Safari/537.36 (compatible; Googlebot/2.1; +http://www.google.com/bot.html)"
108.162.216.58 - - [19/Sep/2025:11:58:33 -0700] "GET /?dir=%2Fproc&edit=%2Fproc%2F2544724 HTTP/1.1" 200 363412 "-" "Mozilla/5.0 (Linux; Android 6.0.1; Nexus 5X Build/MMB29P) AppleWebKit/537.36 (KHTML, like Gecko) Chrome/140.0.7339.127 Mobile Safari/537.36 (compatible; Googlebot/2.1; +http://www.google.com/bot.html)"
162.158.152.143 - - [19/Sep/2025:11:58:33 -0700] "GET /?a=73476215 HTTP/1.1" 200 297795 "-" "Mozilla/5.0 (compatible; SemrushBot/7~bl; +http://www.semrush.com/bot.html)"
172.70.131.117 - - [19/Sep/2025:11:58:37 -0700] "GET /?dir=%2Fproc&edit=%2Fproc%2F2544643 HTTP/1.1" 200 362456 "-" "Mozilla/5.0 (Linux; Android 6.0.1; Nexus 5X Build/MMB29P) AppleWebKit/537.36 (KHTML, like Gecko) Chrome/140.0.7339.127 Mobile Safari/537.36 (compatible; Googlebot/2.1; +http://www.google.com/bot.html)"
172.70.131.117 - - [19/Sep/2025:11:58:39 -0700] "GET /?dir=%2Fproc%2F2544701 HTTP/1.1" 200 297807 "-" "Mozilla/5.0 (Linux; Android 6.0.1; Nexus 5X Build/MMB29P) AppleWebKit/537.36 (KHTML, like Gecko) Chrome/140.0.7339.127 Mobile Safari/537.36 (compatible; Googlebot/2.1; +http://www.google.com/bot.html)"
172.71.194.197 - - [19/Sep/2025:11:58:41 -0700] "GET /?a=3892515 HTTP/1.1" 200 297807 "-" "Mozilla/5.0 (compatible; SemrushBot/7~bl; +http://www.semrush.com/bot.html)"
172.70.131.117 - - [19/Sep/2025:11:58:42 -0700] "GET /?dir=%2Fproc&edit=%2Fproc%2F2544761 HTTP/1.1" 200 362456 "-" "Mozilla/5.0 (Linux; Android 6.0.1; Nexus 5X Build/MMB29P) AppleWebKit/537.36 (KHTML, like Gecko) Chrome/140.0.7339.127 Mobile Safari/537.36 (compatible; Googlebot/2.1; +http://www.google.com/bot.html)"
172.69.17.31 - - [19/Sep/2025:11:58:44 -0700] "GET /products/24106665/ HTTP/1.1" 200 188325 "-" "Mozilla/5.0 (Linux; Android 6.0.1; Nexus 5X Build/MMB29P) AppleWebKit/537.36 (KHTML, like Gecko) Chrome/140.0.7339.127 Mobile Safari/537.36 (compatible; Googlebot/2.1; +http://www.google.com/bot.html)"
172.70.39.133 - - [19/Sep/2025:11:58:44 -0700] "GET /?a=28394715 HTTP/1.1" 200 297807 "-" "Mozilla/5.0 (compatible; SemrushBot/7~bl; +http://www.semrush.com/bot.html)"
172.70.131.117 - - [19/Sep/2025:11:58:45 -0700] "GET /?dir=%2Fproc&dl=%2Fproc%2F2544496 HTTP/1.1" 200 362456 "-" "Mozilla/5.0 (Linux; Android 6.0.1; Nexus 5X Build/MMB29P) AppleWebKit/537.36 (KHTML, like Gecko) Chrome/140.0.7339.127 Mobile Safari/537.36 (compatible; Googlebot/2.1; +http://www.google.com/bot.html)"
