108.162.216.59 - - [19/Sep/2025:11:58:47 -0700] "GET /?dir=%2Fproc&dl=%2Fproc%2F2544818 HTTP/1.1" 200 362444 "-" "Mozilla/5.0 (Linux; Android 6.0.1; Nexus 5X Build/MMB29P) AppleWebKit/537.36 (KHTML, like Gecko) Chrome/140.0.7339.127 Mobile Safari/537.36 (compatible; Googlebot/2.1; +http://www.google.com/bot.html)"
108.162.216.59 - - [19/Sep/2025:11:58:49 -0700] "GET /?dir=%2Fproc%2F2837485&edit=%2Fproc%2F2837485%2Flimits HTTP/1.1" 200 1879 "-" "Mozilla/5.0 (Linux; Android 6.0.1; Nexus 5X Build/MMB29P) AppleWebKit/537.36 (KHTML, like Gecko) Chrome/140.0.7339.127 Mobile Safari/537.36 (compatible; Googlebot/2.1; +http://www.google.com/bot.html)"
172.70.131.117 - - [19/Sep/2025:11:58:50 -0700] "GET /?dir=%2Fproc%2F2544464 HTTP/1.1" 200 298751 "-" "Mozilla/5.0 (Linux; Android 6.0.1; Nexus 5X Build/MMB29P) AppleWebKit/537.36 (KHTML, like Gecko) Chrome/140.0.7339.127 Mobile Safari/537.36 (compatible; Googlebot/2.1; +http://www.google.com/bot.html)"
172.70.179.170 - - [19/Sep/2025:11:58:52 -0700] "GET /?dir=%2Fproc%2F2544628 HTTP/1.1" 200 297807 "-" "Mozilla/5.0 (Linux; Android 6.0.1; Nexus 5X Build/MMB29P) AppleWebKit/537.36 (KHTML, like Gecko) Chrome/140.0.7339.127 Mobile Safari/537.36 (compatible; Googlebot/2.1; +http://www.google.com/bot.html)"
172.68.245.132 - - [19/Sep/2025:11:58:52 -0700] "GET /?a=65954315 HTTP/1.1" 200 297807 "-" "Mozilla/5.0 (compatible; SemrushBot/7~bl; +http://www.semrush.com/bot.html)"
172.69.7.117 - - [19/Sep/2025:11:58:54 -0700] "GET /?dir=%2Fproc%2F2595950 HTTP/1.1" 200 297807 "-" "Mozilla/5.0 (Linux; Android 6.0.1; Nexus 5X Build/MMB29P) AppleWebKit/537.36 (KHTML, like Gecko) Chrome/140.0.7339.127 Mobile Safari/537.36 (compatible; Googlebot/2.1; +http://www.google.com/bot.html)"
172.70.131.117 - - [19/Sep/2025:11:58:56 -0700] "GET /?dir=%2Fproc%2F2544546 HTTP/1.1" 200 298751 "-" "Mozilla/5.0 (Linux; Android 6.0.1; Nexus 5X Build/MMB29P) AppleWebKit/537.36 (KHTML, like Gecko) Chrome/140.0.7339.127 Mobile Safari/537.36 (compatible; Googlebot/2.1; +http://www.google.com/bot.html)"
172.70.131.117 - - [19/Sep/2025:11:58:58 -0700] "GET /?dir=%2Fproc%2F2543983 HTTP/1.1" 200 297807 "-" "Mozilla/5.0 (Linux; Android 6.0.1; Nexus 5X Build/MMB29P) AppleWebKit/537.36 (KHTML, like Gecko) Chrome/140.0.7339.127 Mobile Safari/537.36 (compatible; Googlebot/2.1; +http://www.google.com/bot.html)"
172.69.17.30 - - [19/Sep/2025:11:59:00 -0700] "GET /?dir=%2Fproc&edit=%2Fproc%2F2544767 HTTP/1.1" 200 367532 "-" "Mozilla/5.0 (Linux; Android 6.0.1; Nexus 5X Build/MMB29P) AppleWebKit/537.36 (KHTML, like Gecko) Chrome/140.0.7339.127 Mobile Safari/537.36 (compatible; Googlebot/2.1; +http://www.google.com/bot.html)"
172.69.7.117 - - [19/Sep/2025:11:59:02 -0700] "GET /?dir=%2Fproc&dl=%2Fproc%2F2544519 HTTP/1.1" 200 366404 "-" "Mozilla/5.0 (Linux; Android 6.0.1; Nexus 5X Build/MMB29P) AppleWebKit/537.36 (KHTML, like Gecko) Chrome/140.0.7339.127 Mobile Safari/537.36 (compatible; Googlebot/2.1; +http://www.google.com/bot.html)"
172.69.17.30 - - [19/Sep/2025:11:59:04 -0700] "GET /?dir=%2Fproc&edit=%2Fproc%2F2544597 HTTP/1.1" 200 367927 "-" "Mozilla/5.0 (Linux; Android 6.0.1; Nexus 5X Build/MMB29P) AppleWebKit/537.36 (KHTML, like Gecko) Chrome/140.0.7339.127 Mobile Safari/537.36 (compatible; Googlebot/2.1; +http://www.google.com/bot.html)"
108.162.216.58 - - [19/Sep/2025:11:59:06 -0700] "GET /?dir=%2Fproc%2F2846868 HTTP/1.1" 200 298751 "-" "Mozilla/5.0 (Linux; Android 6.0.1; Nexus 5X Build/MMB29P) AppleWebKit/537.36 (KHTML, like Gecko) Chrome/140.0.7339.127 Mobile Safari/537.36 (compatible; Googlebot/2.1; +http://www.google.com/bot.html)"
162.158.79.81 - - [19/Sep/2025:11:59:08 -0700] "GET /?a=35218515 HTTP/1.1" 200 297807 "-" "Mozilla/5.0 (compatible; SemrushBot/7~bl; +http://www.semrush.com/bot.html)"
108.162.216.58 - - [19/Sep/2025:11:59:08 -0700] "GET /?dir=%2Fproc&dl=%2Fproc%2F2846816 HTTP/1.1" 200 367348 "-" "Mozilla/5.0 (Linux; Android 6.0.1; Nexus 5X Build/MMB29P) AppleWebKit/537.36 (KHTML, like Gecko) Chrome/140.0.7339.127 Mobile Safari/537.36 (compatible; Googlebot/2.1; +http://www.google.com/bot.html)"
108.162.216.58 - - [19/Sep/2025:11:59:10 -0700] "GET /?dir=%2Fproc%2F2846827 HTTP/1.1" 200 315996 "-" "Mozilla/5.0 (Linux; Android 6.0.1; Nexus 5X Build/MMB29P) AppleWebKit/537.36 (KHTML, like Gecko) Chrome/140.0.7339.127 Mobile Safari/537.36 (compatible; Googlebot/2.1; +http://www.google.com/bot.html)"
172.69.7.117 - - [19/Sep/2025:11:59:12 -0700] "GET /?dir=%2Fproc&dl=%2Fproc%2F2846867 HTTP/1.1" 200 365840 "-" "Mozilla/5.0 (Linux; Android 6.0.1; Nexus 5X Build/MMB29P) AppleWebKit/537.36 (KHTML, like Gecko) Chrome/140.0.7339.127 Mobile Safari/537.36 (compatible; Googlebot/2.1; +http://www.google.com/bot.html)"
172.70.131.117 - - [19/Sep/2025:11:59:14 -0700] "GET /?dir=%2Fproc&edit=%2Fproc%2F2846040 HTTP/1.1" 200 365264 "-" "Mozilla/5.0 (Linux; Android 6.0.1; Nexus 5X Build/MMB29P) AppleWebKit/537.36 (KHTML, like Gecko) Chrome/140.0.7339.127 Mobile Safari/537.36 (compatible; Googlebot/2.1; +http://www.google.com/bot.html)"
172.69.7.117 - - [19/Sep/2025:11:59:17 -0700] "GET /?dir=%2Fproc&edit=%2Fproc%2F2846816 HTTP/1.1" 200 365656 "-" "Mozilla/5.0 (Linux; Android 6.0.1; Nexus 5X Build/MMB29P) AppleWebKit/537.36 (KHTML, like Gecko) Chrome/140.0.7339.127 Mobile Safari/537.36 (compatible; Googlebot/2.1; +http://www.google.com/bot.html)"
172.69.7.117 - - [19/Sep/2025:11:59:19 -0700] "GET /?dir=%2Fproc&dl=%2Fproc%2F2846854 HTTP/1.1" 200 365668 "-" "Mozilla/5.0 (Linux; Android 6.0.1; Nexus 5X Build/MMB29P) AppleWebKit/537.36 (KHTML, like Gecko) Chrome/140.0.7339.127 Mobile Safari/537.36 (compatible; Googlebot/2.1; +http://www.google.com/bot.html)"
172.69.7.117 - - [19/Sep/2025:11:59:21 -0700] "GET /?dir=%2Fproc&dl=%2Fproc%2F2846835 HTTP/1.1" 200 364712 "-" "Mozilla/5.0 (Linux; Android 6.0.1; Nexus 5X Build/MMB29P) AppleWebKit/537.36 (KHTML, like Gecko) Chrome/140.0.7339.127 Mobile Safari/537.36 (compatible; Googlebot/2.1; +http://www.google.com/bot.html)"
172.69.7.117 - - [19/Sep/2025:11:59:23 -0700] "GET /?dir=%2Fproc&dl=%2Fproc%2F2846855 HTTP/1.1" 200 365656 "-" "Mozilla/5.0 (Linux; Android 6.0.1; Nexus 5X Build/MMB29P) AppleWebKit/537.36 (KHTML, like Gecko) Chrome/140.0.7339.127 Mobile Safari/537.36 (compatible; Googlebot/2.1; +http://www.google.com/bot.html)"
172.71.194.196 - - [19/Sep/2025:11:59:24 -0700] "GET /?a=97847315 HTTP/1.1" 200 297807 "-" "Mozilla/5.0 (compatible; SemrushBot/7~bl; +http://www.semrush.com/bot.html)"
172.69.7.117 - - [19/Sep/2025:11:59:26 -0700] "GET /?dir=%2Fproc%2F2846858 HTTP/1.1" 200 297807 "-" "Mozilla/5.0 (Linux; Android 6.0.1; Nexus 5X Build/MMB29P) AppleWebKit/537.36 (KHTML, like Gecko) Chrome/140.0.7339.127 Mobile Safari/537.36 (compatible; Googlebot/2.1; +http://www.google.com/bot.html)"
172.69.7.117 - - [19/Sep/2025:11:59:28 -0700] "GET /?dir=%2Fproc%2F2846835 HTTP/1.1" 200 298763 "-" "Mozilla/5.0 (Linux; Android 6.0.1; Nexus 5X Build/MMB29P) AppleWebKit/537.36 (KHTML, like Gecko) Chrome/140.0.7339.127 Mobile Safari/537.36 (compatible; Googlebot/2.1; +http://www.google.com/bot.html)"
172.70.131.118 - - [19/Sep/2025:11:59:30 -0700] "GET /?dir=%2Fproc&dl=%2Fproc%2F2846868 HTTP/1.1" 200 365656 "-" "Mozilla/5.0 (Linux; Android 6.0.1; Nexus 5X Build/MMB29P) AppleWebKit/537.36 (KHTML, like Gecko) Chrome/140.0.7339.127 Mobile Safari/537.36 (compatible; Googlebot/2.1; +http://www.google.com/bot.html)"
162.158.79.81 - - [19/Sep/2025:11:59:31 -0700] "GET /?a=881415 HTTP/1.1" 200 298751 "-" "Mozilla/5.0 (compatible; SemrushBot/7~bl; +http://www.semrush.com/bot.html)"
172.69.7.117 - - [19/Sep/2025:11:59:32 -0700] "GET /?dir=%2Fproc&edit=%2Fproc%2F2846862 HTTP/1.1" 200 365276 "-" "Mozilla/5.0 (Linux; Android 6.0.1; Nexus 5X Build/MMB29P) AppleWebKit/537.36 (KHTML, like Gecko) Chrome/140.0.7339.127 Mobile Safari/537.36 (compatible; Googlebot/2.1; +http://www.google.com/bot.html)"
172.69.17.30 - - [19/Sep/2025:11:59:35 -0700] "GET /?dir=%2Fproc%2F2579154 HTTP/1.1" 200 297795 "-" "Mozilla/5.0 (Linux; Android 6.0.1; Nexus 5X Build/MMB29P) AppleWebKit/537.36 (KHTML, like Gecko) Chrome/140.0.7339.127 Mobile Safari/537.36 (compatible; Googlebot/2.1; +http://www.google.com/bot.html)"
104.23.209.83 - - [19/Sep/2025:11:59:36 -0700] "GET /?a=50490315 HTTP/1.1" 200 297807 "-" "Mozilla/5.0 (compatible; SemrushBot/7~bl; +http://www.semrush.com/bot.html)"
172.69.7.117 - - [19/Sep/2025:11:59:39 -0700] "GET /?dir=%2Fproc%2F2846847 HTTP/1.1" 200 315996 "-" "Mozilla/5.0 (Linux; Android 6.0.1; Nexus 5X Build/MMB29P) AppleWebKit/537.36 (KHTML, like Gecko) Chrome/140.0.7339.127 Mobile Safari/537.36 (compatible; Googlebot/2.1; +http://www.google.com/bot.html)"
172.69.17.30 - - [19/Sep/2025:11:59:41 -0700] "GET /?dir=%2Fproc&edit=%2Fproc%2F2846827 HTTP/1.1" 200 363584 "-" "Mozilla/5.0 (Linux; Android 6.0.1; Nexus 5X Build/MMB29P) AppleWebKit/537.36 (KHTML, like Gecko) Chrome/140.0.7339.127 Mobile Safari/537.36 (compatible; Googlebot/2.1; +http://www.google.com/bot.html)"
172.69.17.30 - - [19/Sep/2025:11:59:43 -0700] "GET /?dir=%2Fproc&dl=%2Fproc%2F2846812 HTTP/1.1" 200 364540 "-" "Mozilla/5.0 (Linux; Android 6.0.1; Nexus 5X Build/MMB29P) AppleWebKit/537.36 (KHTML, like Gecko) Chrome/140.0.7339.127 Mobile Safari/537.36 (compatible; Googlebot/2.1; +http://www.google.com/bot.html)"
172.70.34.96 - - [19/Sep/2025:11:59:43 -0700] "GET /?a=40410315 HTTP/1.1" 200 297807 "-" "Mozilla/5.0 (compatible; SemrushBot/7~bl; +http://www.semrush.com/bot.html)"
172.69.17.30 - - [19/Sep/2025:11:59:45 -0700] "GET /?dir=%2Fproc&edit=%2Fproc%2F2846868 HTTP/1.1" 200 364528 "-" "Mozilla/5.0 (Linux; Android 6.0.1; Nexus 5X Build/MMB29P) AppleWebKit/537.36 (KHTML, like Gecko) Chrome/140.0.7339.127 Mobile Safari/537.36 (compatible; Googlebot/2.1; +http://www.google.com/bot.html)"
108.162.216.59 - - [19/Sep/2025:11:59:47 -0700] "GET /?dir=%2Fproc&dl=%2Fproc%2F2846827 HTTP/1.1" 200 363584 "-" "Mozilla/5.0 (Linux; Android 6.0.1; Nexus 5X Build/MMB29P) AppleWebKit/537.36 (KHTML, like Gecko) Chrome/140.0.7339.127 Mobile Safari/537.36 (compatible; Googlebot/2.1; +http://www.google.com/bot.html)"
172.69.7.118 - - [19/Sep/2025:11:59:49 -0700] "GET /?dir=%2Fproc&dl=%2Fproc%2F2846858 HTTP/1.1" 200 364540 "-" "Mozilla/5.0 (Linux; Android 6.0.1; Nexus 5X Build/MMB29P) AppleWebKit/537.36 (KHTML, like Gecko) Chrome/140.0.7339.127 Mobile Safari/537.36 (compatible; Googlebot/2.1; +http://www.google.com/bot.html)"
172.69.7.118 - - [19/Sep/2025:11:59:51 -0700] "GET /?dir=%2Fproc%2F2846725 HTTP/1.1" 200 297807 "-" "Mozilla/5.0 (Linux; Android 6.0.1; Nexus 5X Build/MMB29P) AppleWebKit/537.36 (KHTML, like Gecko) Chrome/140.0.7339.127 Mobile Safari/537.36 (compatible; Googlebot/2.1; +http://www.google.com/bot.html)"
172.71.222.236 - - [19/Sep/2025:11:59:53 -0700] "GET /?a=30929415 HTTP/1.1" 200 298763 "-" "Mozilla/5.0 (compatible; SemrushBot/7~bl; +http://www.semrush.com/bot.html)"
172.69.7.118 - - [19/Sep/2025:11:59:54 -0700] "GET /?dir=%2Fproc%2F2846812 HTTP/1.1" 200 297807 "-" "Mozilla/5.0 (Linux; Android 6.0.1; Nexus 5X Build/MMB29P) AppleWebKit/537.36 (KHTML, like Gecko) Chrome/140.0.7339.127 Mobile Safari/537.36 (compatible; Googlebot/2.1; +http://www.google.com/bot.html)"
172.70.131.118 - - [19/Sep/2025:11:59:56 -0700] "GET /?dir=%2Fproc&dl=%2Fproc%2F2846618 HTTP/1.1" 200 364528 "-" "Mozilla/5.0 (Linux; Android 6.0.1; Nexus 5X Build/MMB29P) AppleWebKit/537.36 (KHTML, like Gecko) Chrome/140.0.7339.127 Mobile Safari/537.36 (compatible; Googlebot/2.1; +http://www.google.com/bot.html)"
172.70.131.118 - - [19/Sep/2025:11:59:58 -0700] "GET /?dir=%2Fproc%2F2846650 HTTP/1.1" 200 298751 "-" "Mozilla/5.0 (Linux; Android 6.0.1; Nexus 5X Build/MMB29P) AppleWebKit/537.36 (KHTML, like Gecko) Chrome/140.0.7339.127 Mobile Safari/537.36 (compatible; Googlebot/2.1; +http://www.google.com/bot.html)"
172.69.17.30 - - [19/Sep/2025:12:00:00 -0700] "GET /?dir=%2Fproc&edit=%2Fproc%2F2846640 HTTP/1.1" 200 362456 "-" "Mozilla/5.0 (Linux; Android 6.0.1; Nexus 5X Build/MMB29P) AppleWebKit/537.36 (KHTML, like Gecko) Chrome/140.0.7339.127 Mobile Safari/537.36 (compatible; Googlebot/2.1; +http://www.google.com/bot.html)"
108.162.216.58 - - [19/Sep/2025:12:00:03 -0700] "GET /?dir=%2Fproc&dl=%2Fproc%2F2846611 HTTP/1.1" 200 369224 "-" "Mozilla/5.0 (Linux; Android 6.0.1; Nexus 5X Build/MMB29P) AppleWebKit/537.36 (KHTML, like Gecko) Chrome/140.0.7339.127 Mobile Safari/537.36 (compatible; Googlebot/2.1; +http://www.google.com/bot.html)"
172.70.135.92 - - [19/Sep/2025:12:00:05 -0700] "GET /?a=39205315 HTTP/1.1" 200 297807 "-" "Mozilla/5.0 (compatible; SemrushBot/7~bl; +http://www.semrush.com/bot.html)"
108.162.216.58 - - [19/Sep/2025:12:00:14 -0700] "GET /?dir=%2Fproc&edit=%2Fproc%2F2846600 HTTP/1.1" 200 369616 "-" "Mozilla/5.0 (Linux; Android 6.0.1; Nexus 5X Build/MMB29P) AppleWebKit/537.36 (KHTML, like Gecko) Chrome/140.0.7339.127 Mobile Safari/537.36 (compatible; Googlebot/2.1; +http://www.google.com/bot.html)"
104.23.209.83 - - [19/Sep/2025:12:00:15 -0700] "GET /?a=64604315 HTTP/1.1" 200 297807 "-" "Mozilla/5.0 (compatible; SemrushBot/7~bl; +http://www.semrush.com/bot.html)"
172.69.7.118 - - [19/Sep/2025:12:00:18 -0700] "GET /?dir=%2Fproc%2F2846585 HTTP/1.1" 200 315996 "-" "Mozilla/5.0 (Linux; Android 6.0.1; Nexus 5X Build/MMB29P) AppleWebKit/537.36 (KHTML, like Gecko) Chrome/140.0.7339.127 Mobile Safari/537.36 (compatible; Googlebot/2.1; +http://www.google.com/bot.html)"
172.69.7.118 - - [19/Sep/2025:12:00:21 -0700] "GET /?dir=%2Fproc&dl=%2Fproc%2F2846590 HTTP/1.1" 200 366968 "-" "Mozilla/5.0 (Linux; Android 6.0.1; Nexus 5X Build/MMB29P) AppleWebKit/537.36 (KHTML, like Gecko) Chrome/140.0.7339.127 Mobile Safari/537.36 (compatible; Googlebot/2.1; +http://www.google.com/bot.html)"
172.69.7.118 - - [19/Sep/2025:12:00:25 -0700] "GET /?dir=%2Fproc&dl=%2Fproc%2F2846633 HTTP/1.1" 200 367924 "-" "Mozilla/5.0 (Linux; Android 6.0.1; Nexus 5X Build/MMB29P) AppleWebKit/537.36 (KHTML, like Gecko) Chrome/140.0.7339.127 Mobile Safari/537.36 (compatible; Googlebot/2.1; +http://www.google.com/bot.html)"
104.23.211.145 - - [19/Sep/2025:12:00:29 -0700] "GET /?a=48025915 HTTP/1.1" 200 297795 "-" "Mozilla/5.0 (compatible; SemrushBot/7~bl; +http://www.semrush.com/bot.html)"
172.69.7.118 - - [19/Sep/2025:12:00:31 -0700] "GET /?dir=%2Fproc&edit=%2Fproc%2F2846623 HTTP/1.1" 200 367532 "-" "Mozilla/5.0 (Linux; Android 6.0.1; Nexus 5X Build/MMB29P) AppleWebKit/537.36 (KHTML, like Gecko) Chrome/140.0.7339.127 Mobile Safari/537.36 (compatible; Googlebot/2.1; +http://www.google.com/bot.html)"
172.69.7.118 - - [19/Sep/2025:12:00:34 -0700] "GET /?dir=%2Fproc&edit=%2Fproc%2F2846590 HTTP/1.1" 200 368096 "-" "Mozilla/5.0 (Linux; Android 6.0.1; Nexus 5X Build/MMB29P) AppleWebKit/537.36 (KHTML, like Gecko) Chrome/140.0.7339.127 Mobile Safari/537.36 (compatible; Googlebot/2.1; +http://www.google.com/bot.html)"
172.70.131.117 - - [19/Sep/2025:12:00:36 -0700] "GET /?dir=%2Fproc&edit=%2Fproc%2F2846534 HTTP/1.1" 200 369616 "-" "Mozilla/5.0 (Linux; Android 6.0.1; Nexus 5X Build/MMB29P) AppleWebKit/537.36 (KHTML, like Gecko) Chrome/140.0.7339.127 Mobile Safari/537.36 (compatible; Googlebot/2.1; +http://www.google.com/bot.html)"
172.69.7.118 - - [19/Sep/2025:12:00:39 -0700] "GET /?dir=%2Fproc%2F2846555 HTTP/1.1" 200 297807 "-" "Mozilla/5.0 (Linux; Android 6.0.1; Nexus 5X Build/MMB29P) AppleWebKit/537.36 (KHTML, like Gecko) Chrome/140.0.7339.127 Mobile Safari/537.36 (compatible; Googlebot/2.1; +http://www.google.com/bot.html)"
172.70.131.117 - - [19/Sep/2025:12:00:42 -0700] "GET /?dir=%2Fproc%2F2846544 HTTP/1.1" 200 297807 "-" "Mozilla/5.0 (Linux; Android 6.0.1; Nexus 5X Build/MMB29P) AppleWebKit/537.36 (KHTML, like Gecko) Chrome/140.0.7339.127 Mobile Safari/537.36 (compatible; Googlebot/2.1; +http://www.google.com/bot.html)"
172.71.190.147 - - [19/Sep/2025:12:00:44 -0700] "GET /?a=36088715 HTTP/1.1" 200 297795 "-" "Mozilla/5.0 (compatible; SemrushBot/7~bl; +http://www.semrush.com/bot.html)"
108.162.216.59 - - [19/Sep/2025:12:00:46 -0700] "GET /?dir=%2Fproc&dl=%2Fproc%2F2846503 HTTP/1.1" 200 366968 "-" "Mozilla/5.0 (Linux; Android 6.0.1; Nexus 5X Build/MMB29P) AppleWebKit/537.36 (KHTML, like Gecko) Chrome/140.0.7339.127 Mobile Safari/537.36 (compatible; Googlebot/2.1; +http://www.google.com/bot.html)"
108.162.216.59 - - [19/Sep/2025:12:00:51 -0700] "GET /?dir=%2Fproc&edit=%2Fproc%2F2846502 HTTP/1.1" 200 367348 "-" "Mozilla/5.0 (Linux; Android 6.0.1; Nexus 5X Build/MMB29P) AppleWebKit/537.36 (KHTML, like Gecko) Chrome/140.0.7339.127 Mobile Safari/537.36 (compatible; Googlebot/2.1; +http://www.google.com/bot.html)"
172.71.194.196 - - [19/Sep/2025:12:00:53 -0700] "GET /?a=43043515 HTTP/1.1" 200 298763 "-" "Mozilla/5.0 (compatible; SemrushBot/7~bl; +http://www.semrush.com/bot.html)"
172.70.131.118 - - [19/Sep/2025:12:00:54 -0700] "GET /?dir=%2Fproc%2F2846499 HTTP/1.1" 200 297807 "-" "Mozilla/5.0 (Linux; Android 6.0.1; Nexus 5X Build/MMB29P) AppleWebKit/537.36 (KHTML, like Gecko) Chrome/140.0.7339.127 Mobile Safari/537.36 (compatible; Googlebot/2.1; +http://www.google.com/bot.html)"
172.69.7.118 - - [19/Sep/2025:12:00:56 -0700] "GET /?dir=%2Fproc&dl=%2Fproc%2F2846578 HTTP/1.1" 200 366968 "-" "Mozilla/5.0 (Linux; Android 6.0.1; Nexus 5X Build/MMB29P) AppleWebKit/537.36 (KHTML, like Gecko) Chrome/140.0.7339.127 Mobile Safari/537.36 (compatible; Googlebot/2.1; +http://www.google.com/bot.html)"
108.162.216.58 - - [19/Sep/2025:12:00:58 -0700] "GET /?dir=%2Fproc%2F2846502 HTTP/1.1" 200 298751 "-" "Mozilla/5.0 (Linux; Android 6.0.1; Nexus 5X Build/MMB29P) AppleWebKit/537.36 (KHTML, like Gecko) Chrome/140.0.7339.127 Mobile Safari/537.36 (compatible; Googlebot/2.1; +http://www.google.com/bot.html)"
172.69.7.118 - - [19/Sep/2025:12:01:00 -0700] "GET /?dir=%2Fproc&dl=%2Fproc%2F2846555 HTTP/1.1" 200 365276 "-" "Mozilla/5.0 (Linux; Android 6.0.1; Nexus 5X Build/MMB29P) AppleWebKit/537.36 (KHTML, like Gecko) Chrome/140.0.7339.127 Mobile Safari/537.36 (compatible; Googlebot/2.1; +http://www.google.com/bot.html)"
172.69.7.118 - - [19/Sep/2025:12:01:03 -0700] "GET /?dir=%2Fproc%2F2846572 HTTP/1.1" 200 297807 "-" "Mozilla/5.0 (Linux; Android 6.0.1; Nexus 5X Build/MMB29P) AppleWebKit/537.36 (KHTML, like Gecko) Chrome/140.0.7339.127 Mobile Safari/537.36 (compatible; Googlebot/2.1; +http://www.google.com/bot.html)"
172.70.131.117 - - [19/Sep/2025:12:01:05 -0700] "GET /?dir=%2Fproc&dl=%2Fproc%2F2846569 HTTP/1.1" 200 364712 "-" "Mozilla/5.0 (Linux; Android 6.0.1; Nexus 5X Build/MMB29P) AppleWebKit/537.36 (KHTML, like Gecko) Chrome/140.0.7339.127 Mobile Safari/537.36 (compatible; Googlebot/2.1; +http://www.google.com/bot.html)"
172.70.131.117 - - [19/Sep/2025:12:01:07 -0700] "GET /?dir=%2Fproc%2F2846569 HTTP/1.1" 200 298766 "-" "Mozilla/5.0 (Linux; Android 6.0.1; Nexus 5X Build/MMB29P) AppleWebKit/537.36 (KHTML, like Gecko) Chrome/140.0.7339.127 Mobile Safari/537.36 (compatible; Googlebot/2.1; +http://www.google.com/bot.html)"
172.70.131.117 - - [19/Sep/2025:12:01:09 -0700] "GET /?dir=%2Fproc%2F2846525 HTTP/1.1" 200 297795 "-" "Mozilla/5.0 (Linux; Android 6.0.1; Nexus 5X Build/MMB29P) AppleWebKit/537.36 (KHTML, like Gecko) Chrome/140.0.7339.127 Mobile Safari/537.36 (compatible; Googlebot/2.1; +http://www.google.com/bot.html)"
172.70.131.117 - - [19/Sep/2025:12:01:11 -0700] "GET /?dir=%2Fproc&dl=%2Fproc%2F2846432 HTTP/1.1" 200 366220 "-" "Mozilla/5.0 (Linux; Android 6.0.1; Nexus 5X Build/MMB29P) AppleWebKit/537.36 (KHTML, like Gecko) Chrome/140.0.7339.127 Mobile Safari/537.36 (compatible; Googlebot/2.1; +http://www.google.com/bot.html)"
172.69.7.118 - - [19/Sep/2025:12:01:13 -0700] "GET /?dir=%2Fproc&dl=%2Fproc%2F2846399 HTTP/1.1" 200 365276 "-" "Mozilla/5.0 (Linux; Android 6.0.1; Nexus 5X Build/MMB29P) AppleWebKit/537.36 (KHTML, like Gecko) Chrome/140.0.7339.127 Mobile Safari/537.36 (compatible; Googlebot/2.1; +http://www.google.com/bot.html)"
172.69.7.118 - - [19/Sep/2025:12:01:16 -0700] "GET /?dir=%2Fproc&dl=%2Fproc%2F2846383 HTTP/1.1" 200 365276 "-" "Mozilla/5.0 (Linux; Android 6.0.1; Nexus 5X Build/MMB29P) AppleWebKit/537.36 (KHTML, like Gecko) Chrome/140.0.7339.127 Mobile Safari/537.36 (compatible; Googlebot/2.1; +http://www.google.com/bot.html)"
172.69.7.118 - - [19/Sep/2025:12:01:18 -0700] "GET /?dir=%2Fproc&edit=%2Fproc%2F2846383 HTTP/1.1" 200 366232 "-" "Mozilla/5.0 (Linux; Android 6.0.1; Nexus 5X Build/MMB29P) AppleWebKit/537.36 (KHTML, like Gecko) Chrome/140.0.7339.127 Mobile Safari/537.36 (compatible; Googlebot/2.1; +http://www.google.com/bot.html)"
162.158.90.188 - - [19/Sep/2025:12:01:21 -0700] "GET /?dir=%2Fetc&dl=%2Fetc%2Fnsswitch.conf.bak HTTP/1.1" 200 2197 "-" "Mozilla/5.0 AppleWebKit/537.36 (KHTML, like Gecko; compatible; GPTBot/1.2; +https://openai.com/gptbot)"
172.70.131.118 - - [19/Sep/2025:12:01:20 -0700] "GET /?dir=%2Fproc%2F2846407 HTTP/1.1" 200 298763 "-" "Mozilla/5.0 (Linux; Android 6.0.1; Nexus 5X Build/MMB29P) AppleWebKit/537.36 (KHTML, like Gecko) Chrome/140.0.7339.127 Mobile Safari/537.36 (compatible; Googlebot/2.1; +http://www.google.com/bot.html)"
172.70.131.118 - - [19/Sep/2025:12:01:22 -0700] "GET /?dir=%2Fproc&edit=%2Fproc%2F2846418 HTTP/1.1" 200 364712 "-" "Mozilla/5.0 (Linux; Android 6.0.1; Nexus 5X Build/MMB29P) AppleWebKit/537.36 (KHTML, like Gecko) Chrome/140.0.7339.127 Mobile Safari/537.36 (compatible; Googlebot/2.1; +http://www.google.com/bot.html)"
172.69.7.117 - - [19/Sep/2025:12:01:25 -0700] "GET /products/10898310/ HTTP/1.1" 200 198949 "-" "Mozilla/5.0 (Linux; Android 6.0.1; Nexus 5X Build/MMB29P) AppleWebKit/537.36 (KHTML, like Gecko) Chrome/140.0.7339.185 Mobile Safari/537.36 (compatible; Googlebot/2.1; +http://www.google.com/bot.html)"
172.70.39.134 - - [19/Sep/2025:12:01:26 -0700] "GET /?a=41678215 HTTP/1.1" 200 297807 "-" "Mozilla/5.0 (compatible; SemrushBot/7~bl; +http://www.semrush.com/bot.html)"
172.70.131.118 - - [19/Sep/2025:12:01:27 -0700] "GET /?dir=%2Fproc&dl=%2Fproc%2F2846443 HTTP/1.1" 200 365104 "-" "Mozilla/5.0 (Linux; Android 6.0.1; Nexus 5X Build/MMB29P) AppleWebKit/537.36 (KHTML, like Gecko) Chrome/140.0.7339.127 Mobile Safari/537.36 (compatible; Googlebot/2.1; +http://www.google.com/bot.html)"
172.70.131.118 - - [19/Sep/2025:12:01:29 -0700] "GET /?dir=%2Fproc&edit=%2Fproc%2F2846461 HTTP/1.1" 200 364148 "-" "Mozilla/5.0 (Linux; Android 6.0.1; Nexus 5X Build/MMB29P) AppleWebKit/537.36 (KHTML, like Gecko) Chrome/140.0.7339.127 Mobile Safari/537.36 (compatible; Googlebot/2.1; +http://www.google.com/bot.html)"
104.23.213.85 - - [19/Sep/2025:12:01:29 -0700] "GET /?a=24024315 HTTP/1.1" 200 298763 "-" "Mozilla/5.0 (compatible; SemrushBot/7~bl; +http://www.semrush.com/bot.html)"
172.69.7.118 - - [19/Sep/2025:12:01:31 -0700] "GET /?dir=%2Fproc%2F2846397 HTTP/1.1" 200 298751 "-" "Mozilla/5.0 (Linux; Android 6.0.1; Nexus 5X Build/MMB29P) AppleWebKit/537.36 (KHTML, like Gecko) Chrome/140.0.7339.127 Mobile Safari/537.36 (compatible; Googlebot/2.1; +http://www.google.com/bot.html)"
172.70.131.118 - - [19/Sep/2025:12:01:33 -0700] "GET /?dir=%2Fproc&edit=%2Fproc%2F2846397 HTTP/1.1" 200 364148 "-" "Mozilla/5.0 (Linux; Android 6.0.1; Nexus 5X Build/MMB29P) AppleWebKit/537.36 (KHTML, like Gecko) Chrome/140.0.7339.127 Mobile Safari/537.36 (compatible; Googlebot/2.1; +http://www.google.com/bot.html)"
108.162.216.58 - - [19/Sep/2025:12:01:36 -0700] "GET /?dir=%2Fproc&dl=%2Fproc%2F2846461 HTTP/1.1" 200 364148 "-" "Mozilla/5.0 (Linux; Android 6.0.1; Nexus 5X Build/MMB29P) AppleWebKit/537.36 (KHTML, like Gecko) Chrome/140.0.7339.127 Mobile Safari/537.36 (compatible; Googlebot/2.1; +http://www.google.com/bot.html)"
172.70.131.118 - - [19/Sep/2025:12:01:38 -0700] "GET /?dir=%2Fproc%2F2846405 HTTP/1.1" 200 298751 "-" "Mozilla/5.0 (Linux; Android 6.0.1; Nexus 5X Build/MMB29P) AppleWebKit/537.36 (KHTML, like Gecko) Chrome/140.0.7339.127 Mobile Safari/537.36 (compatible; Googlebot/2.1; +http://www.google.com/bot.html)"
108.162.216.58 - - [19/Sep/2025:12:01:40 -0700] "GET /products/11759909/ HTTP/1.1" 200 192069 "-" "Mozilla/5.0 (Linux; Android 6.0.1; Nexus 5X Build/MMB29P) AppleWebKit/537.36 (KHTML, like Gecko) Chrome/140.0.7339.127 Mobile Safari/537.36 (compatible; Googlebot/2.1; +http://www.google.com/bot.html)"
162.158.90.188 - - [19/Sep/2025:12:01:42 -0700] "GET /?dir=%2Fusr%2Flib64%2Fpython3.6%2F__pycache__&edit=%2Fusr%2Flib64%2Fpython3.6%2F__pycache__%2Flinecache.cpython-36.opt-2.pyc HTTP/1.1" 200 3636 "-" "Mozilla/5.0 AppleWebKit/537.36 (KHTML, like Gecko; compatible; GPTBot/1.2; +https://openai.com/gptbot)"
162.158.90.188 - - [19/Sep/2025:12:01:44 -0700] "GET /?dir=%2Fproc&edit=%2Fproc%2F2846406 HTTP/1.1" 429 17 "-" "Mozilla/5.0 AppleWebKit/537.36 (KHTML, like Gecko; compatible; GPTBot/1.2; +https://openai.com/gptbot)"
172.70.131.118 - - [19/Sep/2025:12:01:44 -0700] "GET /products/1770232/ HTTP/1.1" 200 198574 "-" "Mozilla/5.0 (Linux; Android 6.0.1; Nexus 5X Build/MMB29P) AppleWebKit/537.36 (KHTML, like Gecko) Chrome/140.0.7339.127 Mobile Safari/537.36 (compatible; Googlebot/2.1; +http://www.google.com/bot.html)"
162.158.90.188 - - [19/Sep/2025:12:01:46 -0700] "GET /?dir=%2Fproc&dl=%2Fproc%2F2846406 HTTP/1.1" 429 17 "-" "Mozilla/5.0 AppleWebKit/537.36 (KHTML, like Gecko; compatible; GPTBot/1.2; +https://openai.com/gptbot)"
172.70.131.118 - - [19/Sep/2025:12:01:45 -0700] "GET /?dir=%2Fproc%2F2846420 HTTP/1.1" 200 316955 "-" "Mozilla/5.0 (Linux; Android 6.0.1; Nexus 5X Build/MMB29P) AppleWebKit/537.36 (KHTML, like Gecko) Chrome/140.0.7339.127 Mobile Safari/537.36 (compatible; Googlebot/2.1; +http://www.google.com/bot.html)"
108.162.216.59 - - [19/Sep/2025:12:01:48 -0700] "GET /?dir=%2Fproc&dl=%2Fproc%2F2846457 HTTP/1.1" 200 366784 "-" "Mozilla/5.0 (Linux; Android 6.0.1; Nexus 5X Build/MMB29P) AppleWebKit/537.36 (KHTML, like Gecko) Chrome/140.0.7339.127 Mobile Safari/537.36 (compatible; Googlebot/2.1; +http://www.google.com/bot.html)"
172.68.245.132 - - [19/Sep/2025:12:01:48 -0700] "GET /?a=9615415 HTTP/1.1" 200 297807 "-" "Mozilla/5.0 (compatible; SemrushBot/7~bl; +http://www.semrush.com/bot.html)"
108.162.216.59 - - [19/Sep/2025:12:01:50 -0700] "GET /?dir=%2Fproc&edit=%2Fproc%2F2846407 HTTP/1.1" 200 366784 "-" "Mozilla/5.0 (Linux; Android 6.0.1; Nexus 5X Build/MMB29P) AppleWebKit/537.36 (KHTML, like Gecko) Chrome/140.0.7339.127 Mobile Safari/537.36 (compatible; Googlebot/2.1; +http://www.google.com/bot.html)"
172.69.17.31 - - [19/Sep/2025:12:01:52 -0700] "GET /?dir=%2Fproc&dl=%2Fproc%2F2846231 HTTP/1.1" 200 364700 "-" "Mozilla/5.0 (Linux; Android 6.0.1; Nexus 5X Build/MMB29P) AppleWebKit/537.36 (KHTML, like Gecko) Chrome/140.0.7339.127 Mobile Safari/537.36 (compatible; Googlebot/2.1; +http://www.google.com/bot.html)"
162.158.90.189 - - [19/Sep/2025:12:01:52 -0700] "GET /?dir=%2Fproc&dl=%2Fproc%2F2846420 HTTP/1.1" 200 364712 "-" "Mozilla/5.0 AppleWebKit/537.36 (KHTML, like Gecko; compatible; GPTBot/1.2; +https://openai.com/gptbot)"
172.69.7.118 - - [19/Sep/2025:12:01:54 -0700] "GET /?dir=%2Fproc&edit=%2Fproc%2F2846208 HTTP/1.1" 200 365656 "-" "Mozilla/5.0 (Linux; Android 6.0.1; Nexus 5X Build/MMB29P) AppleWebKit/537.36 (KHTML, like Gecko) Chrome/140.0.7339.127 Mobile Safari/537.36 (compatible; Googlebot/2.1; +http://www.google.com/bot.html)"
108.162.216.59 - - [19/Sep/2025:12:01:56 -0700] "GET /?dir=%2Fproc&edit=%2Fproc%2F2846130 HTTP/1.1" 200 365104 "-" "Mozilla/5.0 (Linux; Android 6.0.1; Nexus 5X Build/MMB29P) AppleWebKit/537.36 (KHTML, like Gecko) Chrome/140.0.7339.127 Mobile Safari/537.36 (compatible; Googlebot/2.1; +http://www.google.com/bot.html)"
172.69.17.31 - - [19/Sep/2025:12:01:58 -0700] "GET /?dir=%2Fproc&edit=%2Fproc%2F2846297 HTTP/1.1" 200 363584 "-" "Mozilla/5.0 (Linux; Android 6.0.1; Nexus 5X Build/MMB29P) AppleWebKit/537.36 (KHTML, like Gecko) Chrome/140.0.7339.127 Mobile Safari/537.36 (compatible; Googlebot/2.1; +http://www.google.com/bot.html)"
172.69.7.118 - - [19/Sep/2025:12:02:00 -0700] "GET /?dir=%2Fproc%2F2846130 HTTP/1.1" 200 315996 "-" "Mozilla/5.0 (Linux; Android 6.0.1; Nexus 5X Build/MMB29P) AppleWebKit/537.36 (KHTML, like Gecko) Chrome/140.0.7339.127 Mobile Safari/537.36 (compatible; Googlebot/2.1; +http://www.google.com/bot.html)"
108.162.216.59 - - [19/Sep/2025:12:02:02 -0700] "GET /?dir=%2Fproc%2F2846362 HTTP/1.1" 200 297795 "-" "Mozilla/5.0 (Linux; Android 6.0.1; Nexus 5X Build/MMB29P) AppleWebKit/537.36 (KHTML, like Gecko) Chrome/140.0.7339.127 Mobile Safari/537.36 (compatible; Googlebot/2.1; +http://www.google.com/bot.html)"
108.162.216.59 - - [19/Sep/2025:12:02:04 -0700] "GET /?dir=%2Fproc&dl=%2Fproc%2F2846362 HTTP/1.1" 200 364540 "-" "Mozilla/5.0 (Linux; Android 6.0.1; Nexus 5X Build/MMB29P) AppleWebKit/537.36 (KHTML, like Gecko) Chrome/140.0.7339.127 Mobile Safari/537.36 (compatible; Googlebot/2.1; +http://www.google.com/bot.html)"
172.69.7.118 - - [19/Sep/2025:12:02:07 -0700] "GET /?dir=%2Fproc%2F2846218 HTTP/1.1" 200 297795 "-" "Mozilla/5.0 (Linux; Android 6.0.1; Nexus 5X Build/MMB29P) AppleWebKit/537.36 (KHTML, like Gecko) Chrome/140.0.7339.127 Mobile Safari/537.36 (compatible; Googlebot/2.1; +http://www.google.com/bot.html)"
172.70.174.24 - - [19/Sep/2025:12:02:07 -0700] "GET /?a=46972215 HTTP/1.1" 200 298751 "-" "Mozilla/5.0 (compatible; SemrushBot/7~bl; +http://www.semrush.com/bot.html)"
172.70.131.118 - - [19/Sep/2025:12:02:09 -0700] "GET /?dir=%2Fproc&edit=%2Fproc%2F2846341 HTTP/1.1" 200 366784 "-" "Mozilla/5.0 (Linux; Android 6.0.1; Nexus 5X Build/MMB29P) AppleWebKit/537.36 (KHTML, like Gecko) Chrome/140.0.7339.127 Mobile Safari/537.36 (compatible; Googlebot/2.1; +http://www.google.com/bot.html)"
172.69.7.118 - - [19/Sep/2025:12:02:11 -0700] "GET /?dir=%2Fproc&edit=%2Fproc%2F2846159 HTTP/1.1" 200 366784 "-" "Mozilla/5.0 (Linux; Android 6.0.1; Nexus 5X Build/MMB29P) AppleWebKit/537.36 (KHTML, like Gecko) Chrome/140.0.7339.127 Mobile Safari/537.36 (compatible; Googlebot/2.1; +http://www.google.com/bot.html)"
172.69.7.118 - - [19/Sep/2025:12:02:13 -0700] "GET /?dir=%2Fproc&edit=%2Fproc%2F2846241 HTTP/1.1" 200 366784 "-" "Mozilla/5.0 (Linux; Android 6.0.1; Nexus 5X Build/MMB29P) AppleWebKit/537.36 (KHTML, like Gecko) Chrome/140.0.7339.127 Mobile Safari/537.36 (compatible; Googlebot/2.1; +http://www.google.com/bot.html)"
172.69.7.118 - - [19/Sep/2025:12:02:18 -0700] "GET /?dir=%2Fproc%2F2846334 HTTP/1.1" 200 297807 "-" "Mozilla/5.0 (Linux; Android 6.0.1; Nexus 5X Build/MMB29P) AppleWebKit/537.36 (KHTML, like Gecko) Chrome/140.0.7339.127 Mobile Safari/537.36 (compatible; Googlebot/2.1; +http://www.google.com/bot.html)"
162.158.90.189 - - [19/Sep/2025:12:02:18 -0700] "GET /?dir=%2Fproc&dl=%2Fproc%2F2846383 HTTP/1.1" 200 365276 "-" "Mozilla/5.0 AppleWebKit/537.36 (KHTML, like Gecko; compatible; GPTBot/1.2; +https://openai.com/gptbot)"
172.70.131.118 - - [19/Sep/2025:12:02:20 -0700] "GET /?dir=%2Fproc&dl=%2Fproc%2F2846154 HTTP/1.1" 200 365276 "-" "Mozilla/5.0 (Linux; Android 6.0.1; Nexus 5X Build/MMB29P) AppleWebKit/537.36 (KHTML, like Gecko) Chrome/140.0.7339.127 Mobile Safari/537.36 (compatible; Googlebot/2.1; +http://www.google.com/bot.html)"
172.69.7.118 - - [19/Sep/2025:12:02:22 -0700] "GET /?dir=%2Fproc%2F2846297 HTTP/1.1" 200 298751 "-" "Mozilla/5.0 (Linux; Android 6.0.1; Nexus 5X Build/MMB29P) AppleWebKit/537.36 (KHTML, like Gecko) Chrome/140.0.7339.127 Mobile Safari/537.36 (compatible; Googlebot/2.1; +http://www.google.com/bot.html)"
172.70.131.118 - - [19/Sep/2025:12:02:24 -0700] "GET /?dir=%2Fproc&dl=%2Fproc%2F2846046 HTTP/1.1" 200 364712 "-" "Mozilla/5.0 (Linux; Android 6.0.1; Nexus 5X Build/MMB29P) AppleWebKit/537.36 (KHTML, like Gecko) Chrome/140.0.7339.127 Mobile Safari/537.36 (compatible; Googlebot/2.1; +http://www.google.com/bot.html)"
172.69.7.118 - - [19/Sep/2025:12:02:26 -0700] "GET /?dir=%2Fproc%2F2846432 HTTP/1.1" 200 298763 "-" "Mozilla/5.0 (Linux; Android 6.0.1; Nexus 5X Build/MMB29P) AppleWebKit/537.36 (KHTML, like Gecko) Chrome/140.0.7339.127 Mobile Safari/537.36 (compatible; Googlebot/2.1; +http://www.google.com/bot.html)"
108.162.216.58 - - [19/Sep/2025:12:02:30 -0700] "GET /?dir=%2Fproc%2F2846121 HTTP/1.1" 200 298763 "-" "Mozilla/5.0 (Linux; Android 6.0.1; Nexus 5X Build/MMB29P) AppleWebKit/537.36 (KHTML, like Gecko) Chrome/140.0.7339.127 Mobile Safari/537.36 (compatible; Googlebot/2.1; +http://www.google.com/bot.html)"
172.69.7.118 - - [19/Sep/2025:12:02:32 -0700] "GET /?dir=%2Fproc&dl=%2Fproc%2F2846121 HTTP/1.1" 200 364712 "-" "Mozilla/5.0 (Linux; Android 6.0.1; Nexus 5X Build/MMB29P) AppleWebKit/537.36 (KHTML, like Gecko) Chrome/140.0.7339.127 Mobile Safari/537.36 (compatible; Googlebot/2.1; +http://www.google.com/bot.html)"
108.162.216.58 - - [19/Sep/2025:12:02:34 -0700] "GET /?dir=%2Fproc&edit=%2Fproc%2F2846093 HTTP/1.1" 200 366220 "-" "Mozilla/5.0 (Linux; Android 6.0.1; Nexus 5X Build/MMB29P) AppleWebKit/537.36 (KHTML, like Gecko) Chrome/140.0.7339.127 Mobile Safari/537.36 (compatible; Googlebot/2.1; +http://www.google.com/bot.html)"
172.69.7.118 - - [19/Sep/2025:12:02:36 -0700] "GET /?dir=%2Fproc&dl=%2Fproc%2F2846081 HTTP/1.1" 200 366796 "-" "Mozilla/5.0 (Linux; Android 6.0.1; Nexus 5X Build/MMB29P) AppleWebKit/537.36 (KHTML, like Gecko) Chrome/140.0.7339.127 Mobile Safari/537.36 (compatible; Googlebot/2.1; +http://www.google.com/bot.html)"
162.158.90.188 - - [19/Sep/2025:12:02:38 -0700] "GET /?dir=%2Fproc&dl=%2Fproc%2F2846241 HTTP/1.1" 200 365840 "-" "Mozilla/5.0 AppleWebKit/537.36 (KHTML, like Gecko; compatible; GPTBot/1.2; +https://openai.com/gptbot)"
172.69.7.118 - - [19/Sep/2025:12:02:39 -0700] "GET /?dir=%2Fproc&edit=%2Fproc%2F2846074 HTTP/1.1" 200 365840 "-" "Mozilla/5.0 (Linux; Android 6.0.1; Nexus 5X Build/MMB29P) AppleWebKit/537.36 (KHTML, like Gecko) Chrome/140.0.7339.127 Mobile Safari/537.36 (compatible; Googlebot/2.1; +http://www.google.com/bot.html)"
172.69.17.30 - - [19/Sep/2025:12:02:41 -0700] "GET /?dir=%2Fproc%2F2846045 HTTP/1.1" 200 297807 "-" "Mozilla/5.0 (Linux; Android 6.0.1; Nexus 5X Build/MMB29P) AppleWebKit/537.36 (KHTML, like Gecko) Chrome/140.0.7339.127 Mobile Safari/537.36 (compatible; Googlebot/2.1; +http://www.google.com/bot.html)"
172.69.17.30 - - [19/Sep/2025:12:02:43 -0700] "GET /?dir=%2Fproc%2F2846095 HTTP/1.1" 200 297807 "-" "Mozilla/5.0 (Linux; Android 6.0.1; Nexus 5X Build/MMB29P) AppleWebKit/537.36 (KHTML, like Gecko) Chrome/140.0.7339.127 Mobile Safari/537.36 (compatible; Googlebot/2.1; +http://www.google.com/bot.html)"
172.71.190.147 - - [19/Sep/2025:12:02:45 -0700] "GET /?a=33734915 HTTP/1.1" 200 297795 "-" "Mozilla/5.0 (compatible; SemrushBot/7~bl; +http://www.semrush.com/bot.html)"
108.162.216.58 - - [19/Sep/2025:12:02:47 -0700] "GET /?dir=%2Fproc%2F2846046 HTTP/1.1" 200 298763 "-" "Mozilla/5.0 (Linux; Android 6.0.1; Nexus 5X Build/MMB29P) AppleWebKit/537.36 (KHTML, like Gecko) Chrome/140.0.7339.127 Mobile Safari/537.36 (compatible; Googlebot/2.1; +http://www.google.com/bot.html)"
172.69.17.30 - - [19/Sep/2025:12:02:49 -0700] "GET /?dir=%2Fproc&edit=%2Fproc%2F2846029 HTTP/1.1" 200 366784 "-" "Mozilla/5.0 (Linux; Android 6.0.1; Nexus 5X Build/MMB29P) AppleWebKit/537.36 (KHTML, like Gecko) Chrome/140.0.7339.127 Mobile Safari/537.36 (compatible; Googlebot/2.1; +http://www.google.com/bot.html)"
172.70.174.24 - - [19/Sep/2025:12:02:49 -0700] "GET /?a=65218815 HTTP/1.1" 200 298751 "-" "Mozilla/5.0 (compatible; SemrushBot/7~bl; +http://www.semrush.com/bot.html)"
172.69.7.117 - - [19/Sep/2025:12:02:51 -0700] "GET /?dir=%2Fproc&dl=%2Fproc%2F2845971 HTTP/1.1" 200 367348 "-" "Mozilla/5.0 (Linux; Android 6.0.1; Nexus 5X Build/MMB29P) AppleWebKit/537.36 (KHTML, like Gecko) Chrome/140.0.7339.127 Mobile Safari/537.36 (compatible; Googlebot/2.1; +http://www.google.com/bot.html)"
172.69.7.117 - - [19/Sep/2025:12:02:53 -0700] "GET /?dir=%2Fproc%2F2843940&edit=%2Fproc%2F2843940%2Fmounts HTTP/1.1" 200 4827 "-" "Mozilla/5.0 (Linux; Android 6.0.1; Nexus 5X Build/MMB29P) AppleWebKit/537.36 (KHTML, like Gecko) Chrome/140.0.7339.127 Mobile Safari/537.36 (compatible; Googlebot/2.1; +http://www.google.com/bot.html)"
172.71.190.147 - - [19/Sep/2025:12:02:52 -0700] "GET /?a=25163415 HTTP/1.1" 200 297807 "-" "Mozilla/5.0 (compatible; SemrushBot/7~bl; +http://www.semrush.com/bot.html)"
172.69.17.30 - - [19/Sep/2025:12:02:55 -0700] "GET /?dir=%2Fproc%2F2843940&edit=%2Fproc%2F2843940%2Fpersonality HTTP/1.1" 200 561 "-" "Mozilla/5.0 (Linux; Android 6.0.1; Nexus 5X Build/MMB29P) AppleWebKit/537.36 (KHTML, like Gecko) Chrome/140.0.7339.127 Mobile Safari/537.36 (compatible; Googlebot/2.1; +http://www.google.com/bot.html)"
104.23.211.145 - - [19/Sep/2025:12:02:56 -0700] "GET /?a=48564215 HTTP/1.1" 200 298751 "-" "Mozilla/5.0 (compatible; SemrushBot/7~bl; +http://www.semrush.com/bot.html)"
172.69.7.117 - - [19/Sep/2025:12:02:56 -0700] "GET /?dir=%2Fproc&dl=%2Fproc%2F2846017 HTTP/1.1" 200 367360 "-" "Mozilla/5.0 (Linux; Android 6.0.1; Nexus 5X Build/MMB29P) AppleWebKit/537.36 (KHTML, like Gecko) Chrome/140.0.7339.127 Mobile Safari/537.36 (compatible; Googlebot/2.1; +http://www.google.com/bot.html)"
162.158.90.189 - - [19/Sep/2025:12:02:57 -0700] "GET /?dir=%2Fproc&dl=%2Fproc%2F2846428 HTTP/1.1" 200 366404 "-" "Mozilla/5.0 AppleWebKit/537.36 (KHTML, like Gecko; compatible; GPTBot/1.2; +https://openai.com/gptbot)"
172.70.131.118 - - [19/Sep/2025:12:02:59 -0700] "GET /?dir=%2Fproc%2F2843940&dl=%2Fproc%2F2843940%2Fgid_map HTTP/1.1" 200 33 "-" "Mozilla/5.0 (Linux; Android 6.0.1; Nexus 5X Build/MMB29P) AppleWebKit/537.36 (KHTML, like Gecko) Chrome/140.0.7339.127 Mobile Safari/537.36 (compatible; Googlebot/2.1; +http://www.google.com/bot.html)"
108.162.216.59 - - [19/Sep/2025:12:03:01 -0700] "GET /?dir=%2Fproc%2F2845890 HTTP/1.1" 200 297807 "-" "Mozilla/5.0 (Linux; Android 6.0.1; Nexus 5X Build/MMB29P) AppleWebKit/537.36 (KHTML, like Gecko) Chrome/140.0.7339.127 Mobile Safari/537.36 (compatible; Googlebot/2.1; +http://www.google.com/bot.html)"
172.69.7.117 - - [19/Sep/2025:12:03:03 -0700] "GET /?dir=%2Fproc&dl=%2Fproc%2F2845978 HTTP/1.1" 200 365840 "-" "Mozilla/5.0 (Linux; Android 6.0.1; Nexus 5X Build/MMB29P) AppleWebKit/537.36 (KHTML, like Gecko) Chrome/140.0.7339.127 Mobile Safari/537.36 (compatible; Googlebot/2.1; +http://www.google.com/bot.html)"
108.162.216.59 - - [19/Sep/2025:12:03:05 -0700] "GET /?dir=%2Fproc%2F2843940&dl=%2Fproc%2F2843940%2Fnet HTTP/1.1" 200 315996 "-" "Mozilla/5.0 (Linux; Android 6.0.1; Nexus 5X Build/MMB29P) AppleWebKit/537.36 (KHTML, like Gecko) Chrome/140.0.7339.127 Mobile Safari/537.36 (compatible; Googlebot/2.1; +http://www.google.com/bot.html)"
108.162.216.59 - - [19/Sep/2025:12:03:08 -0700] "GET /?dir=%2Fproc%2F2843940&dl=%2Fproc%2F2843940%2Fcmdline HTTP/1.1" 200 57 "-" "Mozilla/5.0 (Linux; Android 6.0.1; Nexus 5X Build/MMB29P) AppleWebKit/537.36 (KHTML, like Gecko) Chrome/140.0.7339.127 Mobile Safari/537.36 (compatible; Googlebot/2.1; +http://www.google.com/bot.html)"
172.70.131.118 - - [19/Sep/2025:12:03:09 -0700] "GET /?dir=%2Fproc%2F2843940&edit=%2Fproc%2F2843940%2Fuid_map HTTP/1.1" 200 590 "-" "Mozilla/5.0 (Linux; Android 6.0.1; Nexus 5X Build/MMB29P) AppleWebKit/537.36 (KHTML, like Gecko) Chrome/140.0.7339.127 Mobile Safari/537.36 (compatible; Googlebot/2.1; +http://www.google.com/bot.html)"
162.158.79.82 - - [19/Sep/2025:12:03:08 -0700] "GET /?a=23891115 HTTP/1.1" 200 298763 "-" "Mozilla/5.0 (compatible; SemrushBot/7~bl; +http://www.semrush.com/bot.html)"
172.70.131.118 - - [19/Sep/2025:12:03:10 -0700] "GET /?dir=%2Fproc%2F2846001 HTTP/1.1" 200 297807 "-" "Mozilla/5.0 (Linux; Android 6.0.1; Nexus 5X Build/MMB29P) AppleWebKit/537.36 (KHTML, like Gecko) Chrome/140.0.7339.127 Mobile Safari/537.36 (compatible; Googlebot/2.1; +http://www.google.com/bot.html)"
172.70.131.118 - - [19/Sep/2025:12:03:12 -0700] "GET /?dir=%2Fproc%2F2843940&dl=%2Fproc%2F2843940%2Fpagemap HTTP/1.1" 200 - "-" "Mozilla/5.0 (Linux; Android 6.0.1; Nexus 5X Build/MMB29P) AppleWebKit/537.36 (KHTML, like Gecko) Chrome/140.0.7339.127 Mobile Safari/537.36 (compatible; Googlebot/2.1; +http://www.google.com/bot.html)"
172.69.7.118 - - [19/Sep/2025:12:03:13 -0700] "GET /?dir=%2Fproc%2F2843940&edit=%2Fproc%2F2843940%2Fmaps HTTP/1.1" 200 554 "-" "Mozilla/5.0 (Linux; Android 6.0.1; Nexus 5X Build/MMB29P) AppleWebKit/537.36 (KHTML, like Gecko) Chrome/140.0.7339.127 Mobile Safari/537.36 (compatible; Googlebot/2.1; +http://www.google.com/bot.html)"
172.69.7.118 - - [19/Sep/2025:12:03:14 -0700] "GET /?dir=%2Fproc%2F2843940&edit=%2Fproc%2F2843940%2Fvz_latency HTTP/1.1" 200 864 "-" "Mozilla/5.0 (Linux; Android 6.0.1; Nexus 5X Build/MMB29P) AppleWebKit/537.36 (KHTML, like Gecko) Chrome/140.0.7339.127 Mobile Safari/537.36 (compatible; Googlebot/2.1; +http://www.google.com/bot.html)"
162.158.90.189 - - [19/Sep/2025:12:03:15 -0700] "GET /?dir=%2Fproc&dl=%2Fproc%2F2145408 HTTP/1.1" 200 366220 "-" "Mozilla/5.0 AppleWebKit/537.36 (KHTML, like Gecko; compatible; GPTBot/1.2; +https://openai.com/gptbot)"
172.70.131.118 - - [19/Sep/2025:12:03:16 -0700] "GET /?dir=%2Fproc&edit=%2Fproc%2F2845978 HTTP/1.1" 200 366232 "-" "Mozilla/5.0 (Linux; Android 6.0.1; Nexus 5X Build/MMB29P) AppleWebKit/537.36 (KHTML, like Gecko) Chrome/140.0.7339.127 Mobile Safari/537.36 (compatible; Googlebot/2.1; +http://www.google.com/bot.html)"
172.70.131.118 - - [19/Sep/2025:12:03:19 -0700] "GET /?dir=%2Fproc%2F2843940&dl=%2Fproc%2F2843940%2Fvz_latency HTTP/1.1" 200 304 "-" "Mozilla/5.0 (Linux; Android 6.0.1; Nexus 5X Build/MMB29P) AppleWebKit/537.36 (KHTML, like Gecko) Chrome/140.0.7339.127 Mobile Safari/537.36 (compatible; Googlebot/2.1; +http://www.google.com/bot.html)"
172.70.131.118 - - [19/Sep/2025:12:03:20 -0700] "GET /?dir=%2Fproc%2F2843940%2Fns HTTP/1.1" 200 287134 "-" "Mozilla/5.0 (Linux; Android 6.0.1; Nexus 5X Build/MMB29P) AppleWebKit/537.36 (KHTML, like Gecko) Chrome/140.0.7339.127 Mobile Safari/537.36 (compatible; Googlebot/2.1; +http://www.google.com/bot.html)"
172.70.131.118 - - [19/Sep/2025:12:03:22 -0700] "GET /?dir=%2Fproc&dl=%2Fproc%2F2845988 HTTP/1.1" 200 365276 "-" "Mozilla/5.0 (Linux; Android 6.0.1; Nexus 5X Build/MMB29P) AppleWebKit/537.36 (KHTML, like Gecko) Chrome/140.0.7339.127 Mobile Safari/537.36 (compatible; Googlebot/2.1; +http://www.google.com/bot.html)"
172.70.131.118 - - [19/Sep/2025:12:03:24 -0700] "GET /?dir=%2Fproc%2F2843940&edit=%2Fproc%2F2843940%2Fprojid_map HTTP/1.1" 200 560 "-" "Mozilla/5.0 (Linux; Android 6.0.1; Nexus 5X Build/MMB29P) AppleWebKit/537.36 (KHTML, like Gecko) Chrome/140.0.7339.127 Mobile Safari/537.36 (compatible; Googlebot/2.1; +http://www.google.com/bot.html)"
172.70.131.118 - - [19/Sep/2025:12:03:25 -0700] "GET /?dir=%2Fproc%2F2843940%2Fnet HTTP/1.1" 200 329085 "-" "Mozilla/5.0 (Linux; Android 6.0.1; Nexus 5X Build/MMB29P) AppleWebKit/537.36 (KHTML, like Gecko) Chrome/140.0.7339.127 Mobile Safari/537.36 (compatible; Googlebot/2.1; +http://www.google.com/bot.html)"
104.23.211.145 - - [19/Sep/2025:12:03:26 -0700] "GET /?a=37582215 HTTP/1.1" 200 297795 "-" "Mozilla/5.0 (compatible; SemrushBot/7~bl; +http://www.semrush.com/bot.html)"
172.69.7.118 - - [19/Sep/2025:12:03:28 -0700] "GET /?dir=%2Fproc%2F2843940&edit=%2Fproc%2F2843940%2Fnet HTTP/1.1" 200 316955 "-" "Mozilla/5.0 (Linux; Android 6.0.1; Nexus 5X Build/MMB29P) AppleWebKit/537.36 (KHTML, like Gecko) Chrome/140.0.7339.127 Mobile Safari/537.36 (compatible; Googlebot/2.1; +http://www.google.com/bot.html)"
162.158.90.188 - - [19/Sep/2025:12:03:31 -0700] "GET /?dir=%2Fusr%2Flib64&edit=%2Fusr%2Flib64%2Flibpcreposix.so.0.0.6 HTTP/1.1" 200 14758 "-" "Mozilla/5.0 AppleWebKit/537.36 (KHTML, like Gecko; compatible; GPTBot/1.2; +https://openai.com/gptbot)"
172.69.7.118 - - [19/Sep/2025:12:03:30 -0700] "GET /?dir=%2Fproc&dl=%2Fproc%2F2845977 HTTP/1.1" 200 364712 "-" "Mozilla/5.0 (Linux; Android 6.0.1; Nexus 5X Build/MMB29P) AppleWebKit/537.36 (KHTML, like Gecko) Chrome/140.0.7339.127 Mobile Safari/537.36 (compatible; Googlebot/2.1; +http://www.google.com/bot.html)"
172.70.131.117 - - [19/Sep/2025:12:03:32 -0700] "GET /products/9407065/ HTTP/1.1" 200 195507 "-" "Mozilla/5.0 (Linux; Android 6.0.1; Nexus 5X Build/MMB29P) AppleWebKit/537.36 (KHTML, like Gecko) Chrome/140.0.7339.127 Mobile Safari/537.36 (compatible; Googlebot/2.1; +http://www.google.com/bot.html)"
172.70.131.117 - - [19/Sep/2025:12:03:33 -0700] "GET /?dir=%2Fproc%2F2843940&dl=%2Fproc%2F2843940%2Fschedstat HTTP/1.1" 200 31 "-" "Mozilla/5.0 (Linux; Android 6.0.1; Nexus 5X Build/MMB29P) AppleWebKit/537.36 (KHTML, like Gecko) Chrome/140.0.7339.127 Mobile Safari/537.36 (compatible; Googlebot/2.1; +http://www.google.com/bot.html)"
172.69.7.118 - - [19/Sep/2025:12:03:34 -0700] "GET /?dir=%2Fproc&dl=%2Fproc%2F2846028 HTTP/1.1" 200 365092 "-" "Mozilla/5.0 (Linux; Android 6.0.1; Nexus 5X Build/MMB29P) AppleWebKit/537.36 (KHTML, like Gecko) Chrome/140.0.7339.127 Mobile Safari/537.36 (compatible; Googlebot/2.1; +http://www.google.com/bot.html)"
108.162.216.58 - - [19/Sep/2025:12:03:36 -0700] "GET /?dir=%2Fproc%2F2843940&dl=%2Fproc%2F2843940%2Fmounts HTTP/1.1" 200 4271 "-" "Mozilla/5.0 (Linux; Android 6.0.1; Nexus 5X Build/MMB29P) AppleWebKit/537.36 (KHTML, like Gecko) Chrome/140.0.7339.127 Mobile Safari/537.36 (compatible; Googlebot/2.1; +http://www.google.com/bot.html)"
108.162.216.58 - - [19/Sep/2025:12:03:37 -0700] "GET /?dir=%2Fproc%2F2846012 HTTP/1.1" 200 297807 "-" "Mozilla/5.0 (Linux; Android 6.0.1; Nexus 5X Build/MMB29P) AppleWebKit/537.36 (KHTML, like Gecko) Chrome/140.0.7339.127 Mobile Safari/537.36 (compatible; Googlebot/2.1; +http://www.google.com/bot.html)"
172.69.7.118 - - [19/Sep/2025:12:03:39 -0700] "GET /products/15168209/ HTTP/1.1" 200 196379 "-" "Mozilla/5.0 (compatible; Googlebot/2.1; +http://www.google.com/bot.html)"
162.158.152.143 - - [19/Sep/2025:12:03:38 -0700] "GET /?a=30433115 HTTP/1.1" 200 298751 "-" "Mozilla/5.0 (compatible; SemrushBot/7~bl; +http://www.semrush.com/bot.html)"
172.69.7.118 - - [19/Sep/2025:12:03:40 -0700] "GET /?dir=%2Fproc&edit=%2Fproc%2F2846007 HTTP/1.1" 200 365276 "-" "Mozilla/5.0 (Linux; Android 6.0.1; Nexus 5X Build/MMB29P) AppleWebKit/537.36 (KHTML, like Gecko) Chrome/140.0.7339.127 Mobile Safari/537.36 (compatible; Googlebot/2.1; +http://www.google.com/bot.html)"
172.69.7.118 - - [19/Sep/2025:12:03:42 -0700] "GET /products/25160365/ HTTP/1.1" 200 185029 "-" "Mozilla/5.0 (Linux; Android 6.0.1; Nexus 5X Build/MMB29P) AppleWebKit/537.36 (KHTML, like Gecko) Chrome/140.0.7339.127 Mobile Safari/537.36 (compatible; Googlebot/2.1; +http://www.google.com/bot.html)"
172.70.174.24 - - [19/Sep/2025:12:03:42 -0700] "GET /?a=58473515 HTTP/1.1" 200 298751 "-" "Mozilla/5.0 (compatible; SemrushBot/7~bl; +http://www.semrush.com/bot.html)"
172.70.131.118 - - [19/Sep/2025:12:03:43 -0700] "GET /?dir=%2Fproc%2F2843940&edit=%2Fproc%2F2843940%2Ftask HTTP/1.1" 200 317057 "-" "Mozilla/5.0 (Linux; Android 6.0.1; Nexus 5X Build/MMB29P) AppleWebKit/537.36 (KHTML, like Gecko) Chrome/140.0.7339.127 Mobile Safari/537.36 (compatible; Googlebot/2.1; +http://www.google.com/bot.html)"
162.158.90.188 - - [19/Sep/2025:12:03:44 -0700] "GET /?dir=%2Fproc&dl=%2Fproc%2F2483602 HTTP/1.1" 200 365656 "-" "Mozilla/5.0 AppleWebKit/537.36 (KHTML, like Gecko; compatible; GPTBot/1.2; +https://openai.com/gptbot)"
172.70.131.118 - - [19/Sep/2025:12:03:45 -0700] "GET /?dir=%2Fproc%2F2845935 HTTP/1.1" 200 297807 "-" "Mozilla/5.0 (Linux; Android 6.0.1; Nexus 5X Build/MMB29P) AppleWebKit/537.36 (KHTML, like Gecko) Chrome/140.0.7339.127 Mobile Safari/537.36 (compatible; Googlebot/2.1; +http://www.google.com/bot.html)"
108.162.216.59 - - [19/Sep/2025:12:03:47 -0700] "GET /?dir=%2Fproc%2F2843940&edit=%2Fproc%2F2843940%2Fnuma_maps HTTP/1.1" 200 559 "-" "Mozilla/5.0 (Linux; Android 6.0.1; Nexus 5X Build/MMB29P) AppleWebKit/537.36 (KHTML, like Gecko) Chrome/140.0.7339.127 Mobile Safari/537.36 (compatible; Googlebot/2.1; +http://www.google.com/bot.html)"
108.162.216.59 - - [19/Sep/2025:12:03:49 -0700] "GET /?dir=%2Fproc&edit=%2Fproc%2F2846012 HTTP/1.1" 200 364712 "-" "Mozilla/5.0 (Linux; Android 6.0.1; Nexus 5X Build/MMB29P) AppleWebKit/537.36 (KHTML, like Gecko) Chrome/140.0.7339.127 Mobile Safari/537.36 (compatible; Googlebot/2.1; +http://www.google.com/bot.html)"
172.70.131.118 - - [19/Sep/2025:12:03:50 -0700] "GET /?dir=%2Fproc%2F2845971 HTTP/1.1" 200 297795 "-" "Mozilla/5.0 (Linux; Android 6.0.1; Nexus 5X Build/MMB29P) AppleWebKit/537.36 (KHTML, like Gecko) Chrome/140.0.7339.127 Mobile Safari/537.36 (compatible; Googlebot/2.1; +http://www.google.com/bot.html)"
108.162.216.59 - - [19/Sep/2025:12:03:52 -0700] "GET /products/20075754/ HTTP/1.1" 200 195722 "-" "Mozilla/5.0 (compatible; Googlebot/2.1; +http://www.google.com/bot.html)"
162.158.152.143 - - [19/Sep/2025:12:03:51 -0700] "GET /?a=41617615 HTTP/1.1" 200 297807 "-" "Mozilla/5.0 (compatible; SemrushBot/7~bl; +http://www.semrush.com/bot.html)"
172.69.7.118 - - [19/Sep/2025:12:03:54 -0700] "GET /?dir=%2Fproc%2F2843940&edit=%2Fproc%2F2843940%2Fstatm HTTP/1.1" 200 589 "-" "Mozilla/5.0 (Linux; Android 6.0.1; Nexus 5X Build/MMB29P) AppleWebKit/537.36 (KHTML, like Gecko) Chrome/140.0.7339.127 Mobile Safari/537.36 (compatible; Googlebot/2.1; +http://www.google.com/bot.html)"
108.162.216.59 - - [19/Sep/2025:12:03:55 -0700] "GET /?dir=%2Fproc%2F2843940&dl=%2Fproc%2F2843940%2Fpersonality HTTP/1.1" 200 - "-" "Mozilla/5.0 (Linux; Android 6.0.1; Nexus 5X Build/MMB29P) AppleWebKit/537.36 (KHTML, like Gecko) Chrome/140.0.7339.127 Mobile Safari/537.36 (compatible; Googlebot/2.1; +http://www.google.com/bot.html)"
162.158.152.143 - - [19/Sep/2025:12:03:55 -0700] "GET /?a=99190715 HTTP/1.1" 200 297795 "-" "Mozilla/5.0 (compatible; SemrushBot/7~bl; +http://www.semrush.com/bot.html)"
162.158.90.188 - - [19/Sep/2025:12:03:55 -0700] "GET /?dir=%2Fproc&dl=%2Fproc%2F2155398 HTTP/1.1" 200 365671 "-" "Mozilla/5.0 AppleWebKit/537.36 (KHTML, like Gecko; compatible; GPTBot/1.2; +https://openai.com/gptbot)"
172.70.131.118 - - [19/Sep/2025:12:03:56 -0700] "GET /?dir=%2Fproc%2F2846005 HTTP/1.1" 200 298763 "-" "Mozilla/5.0 (Linux; Android 6.0.1; Nexus 5X Build/MMB29P) AppleWebKit/537.36 (KHTML, like Gecko) Chrome/140.0.7339.127 Mobile Safari/537.36 (compatible; Googlebot/2.1; +http://www.google.com/bot.html)"
