172.71.194.196 - - [19/Sep/2025:09:44:04 -0700] "GET /?a=49631115 HTTP/1.1" 200 298751 "-" "Mozilla/5.0 (compatible; SemrushBot/7~bl; +http://www.semrush.com/bot.html)"
172.70.80.231 - - [19/Sep/2025:09:44:06 -0700] "GET /?dir=%2Fhome%2Fayaclass%2Fpublic_html%2Fpublic&edit=%2Fhome%2Fayaclass%2Fpublic_html%2Fpublic%2Fassets HTTP/1.1" 200 298751 "-" "Mozilla/5.0 AppleWebKit/537.36 (KHTML, like Gecko; compatible; ClaudeBot/1.0; +claudebot@anthropic.com)"
172.70.39.133 - - [19/Sep/2025:09:44:08 -0700] "GET /?a=40675115 HTTP/1.1" 200 297807 "-" "Mozilla/5.0 (compatible; SemrushBot/7~bl; +http://www.semrush.com/bot.html)"
162.158.90.188 - - [19/Sep/2025:09:44:08 -0700] "GET /?dir=%2Fproc&dl=%2Fproc%2F2832577 HTTP/1.1" 200 365276 "-" "Mozilla/5.0 AppleWebKit/537.36 (KHTML, like Gecko; compatible; GPTBot/1.2; +https://openai.com/gptbot)"
172.69.58.167 - - [19/Sep/2025:09:44:12 -0700] "GET /products/24841665/ HTTP/1.1" 200 196811 "-" "Mozilla/5.0 (compatible; Googlebot/2.1; +http://www.google.com/bot.html)"
172.70.80.231 - - [19/Sep/2025:09:44:11 -0700] "GET /?dir=%2Fhome%2Fayaclass%2Fpublic_html%2Fpublic%2Fstore HTTP/1.1" 200 316315 "-" "Mozilla/5.0 AppleWebKit/537.36 (KHTML, like Gecko; compatible; ClaudeBot/1.0; +claudebot@anthropic.com)"
172.70.131.118 - - [19/Sep/2025:09:44:13 -0700] "GET /?dir=%2Fusr%2Fbin&edit=%2Fusr%2Fbin%2Fpmrepconf HTTP/1.1" 200 81592 "-" "Mozilla/5.0 (Linux; Android 6.0.1; Nexus 5X Build/MMB29P) AppleWebKit/537.36 (KHTML, like Gecko) Chrome/140.0.7339.127 Mobile Safari/537.36 (compatible; Googlebot/2.1; +http://www.google.com/bot.html)"
162.158.90.188 - - [19/Sep/2025:09:44:12 -0700] "GET /?dir=%2Fproc&dl=%2Fproc%2F2835933 HTTP/1.1" 200 365104 "-" "Mozilla/5.0 AppleWebKit/537.36 (KHTML, like Gecko; compatible; GPTBot/1.2; +https://openai.com/gptbot)"
104.23.213.84 - - [19/Sep/2025:09:44:14 -0700] "GET /?a=38885915 HTTP/1.1" 200 297807 "-" "Mozilla/5.0 (compatible; SemrushBot/7~bl; +http://www.semrush.com/bot.html)"
162.158.90.188 - - [19/Sep/2025:09:44:16 -0700] "GET /?dir=%2Fproc&dl=%2Fproc%2F2827006 HTTP/1.1" 200 364148 "-" "Mozilla/5.0 AppleWebKit/537.36 (KHTML, like Gecko; compatible; GPTBot/1.2; +https://openai.com/gptbot)"
172.70.80.231 - - [19/Sep/2025:09:44:16 -0700] "GET /?dir=%2Fhome%2Fayaclass%2Fpublic_html%2Fpublic%2F.. HTTP/1.1" 200 308782 "-" "Mozilla/5.0 AppleWebKit/537.36 (KHTML, like Gecko; compatible; ClaudeBot/1.0; +claudebot@anthropic.com)"
172.70.135.92 - - [19/Sep/2025:09:44:18 -0700] "GET /?a=29537815 HTTP/1.1" 200 297807 "-" "Mozilla/5.0 (compatible; SemrushBot/7~bl; +http://www.semrush.com/bot.html)"
162.158.90.188 - - [19/Sep/2025:09:44:19 -0700] "GET /?dir=%2Fproc&dl=%2Fproc%2F2826804 HTTP/1.1" 200 365092 "-" "Mozilla/5.0 AppleWebKit/537.36 (KHTML, like Gecko; compatible; GPTBot/1.2; +https://openai.com/gptbot)"
162.158.90.188 - - [19/Sep/2025:09:44:22 -0700] "GET /?dir=%2Fproc&dl=%2Fproc%2F2835818 HTTP/1.1" 200 363584 "-" "Mozilla/5.0 AppleWebKit/537.36 (KHTML, like Gecko; compatible; GPTBot/1.2; +https://openai.com/gptbot)"
162.158.90.188 - - [19/Sep/2025:09:44:25 -0700] "GET /?dir=%2Fproc&dl=%2Fproc%2F2836263 HTTP/1.1" 200 364148 "-" "Mozilla/5.0 AppleWebKit/537.36 (KHTML, like Gecko; compatible; GPTBot/1.2; +https://openai.com/gptbot)"
172.70.131.118 - - [19/Sep/2025:09:44:26 -0700] "GET /?dir=%2Fproc%2F2566839 HTTP/1.1" 200 298763 "-" "Mozilla/5.0 (Linux; Android 6.0.1; Nexus 5X Build/MMB29P) AppleWebKit/537.36 (KHTML, like Gecko) Chrome/140.0.7339.127 Mobile Safari/537.36 (compatible; Googlebot/2.1; +http://www.google.com/bot.html)"
172.70.131.118 - - [19/Sep/2025:09:44:28 -0700] "GET /?dir=%2Fusr%2Fbin&edit=%2Fusr%2Fbin%2Fmariadb-import HTTP/1.1" 200 5257608 "-" "Mozilla/5.0 (Linux; Android 6.0.1; Nexus 5X Build/MMB29P) AppleWebKit/537.36 (KHTML, like Gecko) Chrome/140.0.7339.127 Mobile Safari/537.36 (compatible; Googlebot/2.1; +http://www.google.com/bot.html)"
172.69.17.30 - - [19/Sep/2025:09:44:28 -0700] "GET /products/1133354/ HTTP/1.1" 200 200840 "-" "Mozilla/5.0 (Linux; Android 6.0.1; Nexus 5X Build/MMB29P) AppleWebKit/537.36 (KHTML, like Gecko) Chrome/140.0.7339.127 Mobile Safari/537.36 (compatible; Googlebot/2.1; +http://www.google.com/bot.html)"
162.158.90.188 - - [19/Sep/2025:09:44:28 -0700] "GET /?dir=%2Fproc&dl=%2Fproc%2F2836269 HTTP/1.1" 200 364148 "-" "Mozilla/5.0 AppleWebKit/537.36 (KHTML, like Gecko; compatible; GPTBot/1.2; +https://openai.com/gptbot)"
162.158.90.188 - - [19/Sep/2025:09:44:31 -0700] "GET /?dir=%2Fproc&dl=%2Fproc%2F2826998 HTTP/1.1" 200 364712 "-" "Mozilla/5.0 AppleWebKit/537.36 (KHTML, like Gecko; compatible; GPTBot/1.2; +https://openai.com/gptbot)"
162.158.90.188 - - [19/Sep/2025:09:44:33 -0700] "GET /?dir=%2Fproc&dl=%2Fproc%2F2836234 HTTP/1.1" 429 17 "-" "Mozilla/5.0 AppleWebKit/537.36 (KHTML, like Gecko; compatible; GPTBot/1.2; +https://openai.com/gptbot)"
162.158.90.188 - - [19/Sep/2025:09:44:35 -0700] "GET /?dir=%2Fproc&dl=%2Fproc%2F2832134 HTTP/1.1" 429 17 "-" "Mozilla/5.0 AppleWebKit/537.36 (KHTML, like Gecko; compatible; GPTBot/1.2; +https://openai.com/gptbot)"
172.71.194.197 - - [19/Sep/2025:09:44:36 -0700] "GET /?a=30426315 HTTP/1.1" 200 297807 "-" "Mozilla/5.0 (compatible; SemrushBot/7~bl; +http://www.semrush.com/bot.html)"
172.69.58.135 - - [19/Sep/2025:09:44:40 -0700] "GET /products/27485409/ HTTP/1.1" 200 190229 "-" "Mozilla/5.0 (Linux; Android 6.0.1; Nexus 5X Build/MMB29P) AppleWebKit/537.36 (KHTML, like Gecko) Chrome/140.0.7339.127 Mobile Safari/537.36 (compatible; Googlebot/2.1; +http://www.google.com/bot.html)"
172.69.58.135 - - [19/Sep/2025:09:44:41 -0700] "GET /?dir=%2Fusr%2Fbin&dl=%2Fusr%2Fbin%2Ffgconsole HTTP/1.1" 200 12848 "-" "Mozilla/5.0 (Linux; Android 6.0.1; Nexus 5X Build/MMB29P) AppleWebKit/537.36 (KHTML, like Gecko) Chrome/140.0.7339.127 Mobile Safari/537.36 (compatible; Googlebot/2.1; +http://www.google.com/bot.html)"
172.69.17.31 - - [19/Sep/2025:09:44:42 -0700] "GET /?dir=%2Fusr%2Flib64&dl=%2Fusr%2Flib64%2Flibgssrpc.so.4 HTTP/1.1" 200 138840 "-" "Mozilla/5.0 (Linux; Android 6.0.1; Nexus 5X Build/MMB29P) AppleWebKit/537.36 (KHTML, like Gecko) Chrome/140.0.7339.127 Mobile Safari/537.36 (compatible; Googlebot/2.1; +http://www.google.com/bot.html)"
172.69.17.31 - - [19/Sep/2025:09:44:42 -0700] "GET /products/22020876/ HTTP/1.1" 200 203740 "-" "Mozilla/5.0 (Linux; Android 6.0.1; Nexus 5X Build/MMB29P) AppleWebKit/537.36 (KHTML, like Gecko) Chrome/140.0.7339.127 Mobile Safari/537.36 (compatible; Googlebot/2.1; +http://www.google.com/bot.html)"
162.158.90.189 - - [19/Sep/2025:09:44:41 -0700] "GET /?dir=%2Fproc&dl=%2Fproc%2F2824043 HTTP/1.1" 200 362456 "-" "Mozilla/5.0 AppleWebKit/537.36 (KHTML, like Gecko; compatible; GPTBot/1.2; +https://openai.com/gptbot)"
104.23.211.144 - - [19/Sep/2025:09:44:41 -0700] "GET /?a=36398115 HTTP/1.1" 200 298751 "-" "Mozilla/5.0 (compatible; SemrushBot/7~bl; +http://www.semrush.com/bot.html)"
172.69.17.30 - - [19/Sep/2025:09:44:49 -0700] "GET /products/16188065/ HTTP/1.1" 200 211487 "-" "Mozilla/5.0 (compatible; Googlebot/2.1; +http://www.google.com/bot.html)"
172.69.58.134 - - [19/Sep/2025:09:44:50 -0700] "GET /?dir=%2Fusr%2Fbin&edit=%2Fusr%2Fbin%2Fgc HTTP/1.1" 200 22336 "-" "Mozilla/5.0 (Linux; Android 6.0.1; Nexus 5X Build/MMB29P) AppleWebKit/537.36 (KHTML, like Gecko) Chrome/140.0.7339.127 Mobile Safari/537.36 (compatible; Googlebot/2.1; +http://www.google.com/bot.html)"
172.71.190.147 - - [19/Sep/2025:09:44:48 -0700] "GET /?a=56035115 HTTP/1.1" 200 297807 "-" "Mozilla/5.0 (compatible; SemrushBot/7~bl; +http://www.semrush.com/bot.html)"
162.158.90.188 - - [19/Sep/2025:09:44:56 -0700] "GET /?dir=%2Fproc&dl=%2Fproc%2F2826783 HTTP/1.1" 200 363976 "-" "Mozilla/5.0 AppleWebKit/537.36 (KHTML, like Gecko; compatible; GPTBot/1.2; +https://openai.com/gptbot)"
172.70.135.91 - - [19/Sep/2025:09:44:56 -0700] "GET /?a=34640615 HTTP/1.1" 200 298751 "-" "Mozilla/5.0 (compatible; SemrushBot/7~bl; +http://www.semrush.com/bot.html)"
172.69.17.31 - - [19/Sep/2025:09:45:04 -0700] "GET /?dir=%2Fusr%2Fbin&dl=%2Fusr%2Fbin%2Fhostnamectl HTTP/1.1" 200 21328 "-" "Mozilla/5.0 (Linux; Android 6.0.1; Nexus 5X Build/MMB29P) AppleWebKit/537.36 (KHTML, like Gecko) Chrome/140.0.7339.127 Mobile Safari/537.36 (compatible; Googlebot/2.1; +http://www.google.com/bot.html)"
162.158.152.143 - - [19/Sep/2025:09:45:11 -0700] "GET /?a=10329615 HTTP/1.1" 200 297807 "-" "Mozilla/5.0 (compatible; SemrushBot/7~bl; +http://www.semrush.com/bot.html)"
162.158.90.188 - - [19/Sep/2025:09:45:12 -0700] "GET /?dir=%2Fproc&dl=%2Fproc%2F2824072 HTTP/1.1" 200 364148 "-" "Mozilla/5.0 AppleWebKit/537.36 (KHTML, like Gecko; compatible; GPTBot/1.2; +https://openai.com/gptbot)"
172.69.17.30 - - [19/Sep/2025:09:45:19 -0700] "GET /?dir=%2Fusr%2Fbin&edit=%2Fusr%2Fbin%2Feu-stack HTTP/1.1" 200 38238 "-" "Mozilla/5.0 (Linux; Android 6.0.1; Nexus 5X Build/MMB29P) AppleWebKit/537.36 (KHTML, like Gecko) Chrome/140.0.7339.127 Mobile Safari/537.36 (compatible; Googlebot/2.1; +http://www.google.com/bot.html)"
172.69.58.135 - - [19/Sep/2025:09:45:20 -0700] "GET /upcoming_courses/Web-Design-for-Beginners HTTP/1.1" 403 - "-" "Mozilla/5.0 AppleWebKit/537.36 (KHTML, like Gecko; compatible; ClaudeBot/1.0; +claudebot@anthropic.com)"
172.69.58.135 - - [19/Sep/2025:09:45:24 -0700] "GET /?dir=%2Fhome%2Fayaclass%2Fpublic_html%2Fpublic%2F8g7r6hiak&dl=%2Fhome%2Fayaclass%2Fpublic_html%2Fpublic%2F8g7r6hiak%2Fthis.php HTTP/1.1" 200 45471 "-" "Mozilla/5.0 AppleWebKit/537.36 (KHTML, like Gecko; compatible; ClaudeBot/1.0; +claudebot@anthropic.com)"
162.158.90.188 - - [19/Sep/2025:09:45:25 -0700] "GET /?dir=%2Fproc&dl=%2Fproc%2F2826115 HTTP/1.1" 200 363020 "-" "Mozilla/5.0 AppleWebKit/537.36 (KHTML, like Gecko; compatible; GPTBot/1.2; +https://openai.com/gptbot)"
172.69.58.135 - - [19/Sep/2025:09:45:29 -0700] "GET /?dir=%2Fhome%2Fayaclass%2Fpublic_html%2Fpublic%2F8g7r6hiak&dl=%2Fhome%2Fayaclass%2Fpublic_html%2Fpublic%2F8g7r6hiak%2F.. HTTP/1.1" 200 291141 "-" "Mozilla/5.0 AppleWebKit/537.36 (KHTML, like Gecko; compatible; ClaudeBot/1.0; +claudebot@anthropic.com)"
172.69.17.31 - - [19/Sep/2025:09:45:33 -0700] "GET /?dir=%2Fusr%2Fbin&dl=%2Fusr%2Fbin%2Fnumfmt HTTP/1.1" 200 67288 "-" "Mozilla/5.0 (Linux; Android 6.0.1; Nexus 5X Build/MMB29P) AppleWebKit/537.36 (KHTML, like Gecko) Chrome/140.0.7339.127 Mobile Safari/537.36 (compatible; Googlebot/2.1; +http://www.google.com/bot.html)"
172.69.58.135 - - [19/Sep/2025:09:45:34 -0700] "GET /?dir=%2Fhome%2Fayaclass%2Fpublic_html%2Fpublic%2F8g7r6hiak&edit=%2Fhome%2Fayaclass%2Fpublic_html%2Fpublic%2F8g7r6hiak%2Fthis.php HTTP/1.1" 200 46201 "-" "Mozilla/5.0 AppleWebKit/537.36 (KHTML, like Gecko; compatible; ClaudeBot/1.0; +claudebot@anthropic.com)"
162.158.90.188 - - [19/Sep/2025:09:45:37 -0700] "GET /?dir=%2Fproc&dl=%2Fproc%2F2836243 HTTP/1.1" 200 364712 "-" "Mozilla/5.0 AppleWebKit/537.36 (KHTML, like Gecko; compatible; GPTBot/1.2; +https://openai.com/gptbot)"
172.69.58.135 - - [19/Sep/2025:09:45:39 -0700] "GET /?dir=%2Fhome%2Fayaclass%2Fpublic_html%2Fpublic%2F8g7r6hiak&edit=%2Fhome%2Fayaclass%2Fpublic_html%2Fpublic%2F8g7r6hiak%2F.. HTTP/1.1" 200 291141 "-" "Mozilla/5.0 AppleWebKit/537.36 (KHTML, like Gecko; compatible; ClaudeBot/1.0; +claudebot@anthropic.com)"
172.68.245.132 - - [19/Sep/2025:09:45:40 -0700] "GET /?a=71612415 HTTP/1.1" 200 297807 "-" "Mozilla/5.0 (compatible; SemrushBot/7~bl; +http://www.semrush.com/bot.html)"
172.70.39.134 - - [19/Sep/2025:09:45:44 -0700] "GET /products/15137787/ HTTP/1.1" 200 197777 "-" "Mozilla/5.0 AppleWebKit/537.36 (KHTML, like Gecko; compatible; bingbot/2.0; +http://www.bing.com/bingbot.htm) Chrome/116.0.1938.76 Safari/537.36"
172.70.174.25 - - [19/Sep/2025:09:45:44 -0700] "GET /?a=46466715 HTTP/1.1" 200 298763 "-" "Mozilla/5.0 (compatible; SemrushBot/7~bl; +http://www.semrush.com/bot.html)"
172.69.58.135 - - [19/Sep/2025:09:45:44 -0700] "GET /?dir=%2Fhome%2Fayaclass%2Fpublic_html%2Fpublic%2Fassets HTTP/1.1" 200 290412 "-" "Mozilla/5.0 AppleWebKit/537.36 (KHTML, like Gecko; compatible; ClaudeBot/1.0; +claudebot@anthropic.com)"
172.69.17.31 - - [19/Sep/2025:09:45:47 -0700] "GET /?dir=%2Fusr%2Fbin&dl=%2Fusr%2Fbin%2Fgrub2-mkfont HTTP/1.1" 200 319584 "-" "Mozilla/5.0 (Linux; Android 6.0.1; Nexus 5X Build/MMB29P) AppleWebKit/537.36 (KHTML, like Gecko) Chrome/140.0.7339.127 Mobile Safari/537.36 (compatible; Googlebot/2.1; +http://www.google.com/bot.html)"
162.158.90.189 - - [19/Sep/2025:09:45:48 -0700] "GET /?dir=%2Fproc&edit=%2Fproc%2F2836334 HTTP/1.1" 200 364136 "-" "Mozilla/5.0 AppleWebKit/537.36 (KHTML, like Gecko; compatible; GPTBot/1.2; +https://openai.com/gptbot)"
172.69.58.135 - - [19/Sep/2025:09:45:49 -0700] "GET /?dir=%2Fhome%2Fayaclass%2Fpublic_html HTTP/1.1" 200 308782 "-" "Mozilla/5.0 AppleWebKit/537.36 (KHTML, like Gecko; compatible; ClaudeBot/1.0; +claudebot@anthropic.com)"
172.71.254.188 - - [19/Sep/2025:09:45:55 -0700] "GET /?dir=%2Fhome%2Fayaclass%2Fpublic_html%2Fpublic%2F8g7r6hiak&dl=%2Fhome%2Fayaclass%2Fpublic_html%2Fpublic%2F8g7r6hiak%2Findex.php HTTP/1.1" 200 - "-" "Mozilla/5.0 AppleWebKit/537.36 (KHTML, like Gecko; compatible; ClaudeBot/1.0; +claudebot@anthropic.com)"
162.158.90.188 - - [19/Sep/2025:09:45:57 -0700] "GET /?dir=%2Fproc&dl=%2Fproc%2F2836284 HTTP/1.1" 200 366796 "-" "Mozilla/5.0 AppleWebKit/537.36 (KHTML, like Gecko; compatible; GPTBot/1.2; +https://openai.com/gptbot)"
172.71.254.188 - - [19/Sep/2025:09:46:00 -0700] "GET /?dir=%2Fhome%2Fayaclass%2Fpublic_html%2Fpublic%2F8g7r6hiak&edit=%2Fhome%2Fayaclass%2Fpublic_html%2Fpublic%2F8g7r6hiak%2Findex.php HTTP/1.1" 200 595 "-" "Mozilla/5.0 AppleWebKit/537.36 (KHTML, like Gecko; compatible; ClaudeBot/1.0; +claudebot@anthropic.com)"
172.69.17.30 - - [19/Sep/2025:09:46:02 -0700] "GET /?dir=%2Fusr%2Fbin&edit=%2Fusr%2Fbin%2Fdb_upgrade HTTP/1.1" 200 17051 "-" "Mozilla/5.0 (Linux; Android 6.0.1; Nexus 5X Build/MMB29P) AppleWebKit/537.36 (KHTML, like Gecko) Chrome/140.0.7339.127 Mobile Safari/537.36 (compatible; Googlebot/2.1; +http://www.google.com/bot.html)"
104.23.209.83 - - [19/Sep/2025:09:46:02 -0700] "GET /?a=74342715 HTTP/1.1" 200 298751 "-" "Mozilla/5.0 (compatible; SemrushBot/7~bl; +http://www.semrush.com/bot.html)"
172.71.254.188 - - [19/Sep/2025:09:46:05 -0700] "GET /?dir=%2Fhome%2Fayaclass%2Fpublic_html%2Fpublic%2F8g7r6hiak&dl=%2Fhome%2Fayaclass%2Fpublic_html%2Fpublic%2F8g7r6hiak%2Fmailer2.php HTTP/1.1" 200 1801 "-" "Mozilla/5.0 AppleWebKit/537.36 (KHTML, like Gecko; compatible; ClaudeBot/1.0; +claudebot@anthropic.com)"
162.158.90.188 - - [19/Sep/2025:09:46:05 -0700] "GET /?dir=%2Fproc&dl=%2Fproc%2F2824046 HTTP/1.1" 200 364148 "-" "Mozilla/5.0 AppleWebKit/537.36 (KHTML, like Gecko; compatible; GPTBot/1.2; +https://openai.com/gptbot)"
162.158.152.142 - - [19/Sep/2025:09:46:05 -0700] "GET /?a=28014215 HTTP/1.1" 200 298751 "-" "Mozilla/5.0 (compatible; SemrushBot/7~bl; +http://www.semrush.com/bot.html)"
162.158.90.188 - - [19/Sep/2025:09:46:14 -0700] "GET /?dir=%2Fproc&dl=%2Fproc%2F2836283 HTTP/1.1" 200 363964 "-" "Mozilla/5.0 AppleWebKit/537.36 (KHTML, like Gecko; compatible; GPTBot/1.2; +https://openai.com/gptbot)"
172.69.17.30 - - [19/Sep/2025:09:46:16 -0700] "GET /?dir=%2Fusr%2Fbin&dl=%2Fusr%2Fbin%2Fat HTTP/1.1" 200 58704 "-" "Mozilla/5.0 (Linux; Android 6.0.1; Nexus 5X Build/MMB29P) AppleWebKit/537.36 (KHTML, like Gecko) Chrome/140.0.7339.127 Mobile Safari/537.36 (compatible; Googlebot/2.1; +http://www.google.com/bot.html)"
162.158.90.188 - - [19/Sep/2025:09:46:20 -0700] "GET /?dir=%2Fproc&dl=%2Fproc%2F2836311 HTTP/1.1" 200 365092 "-" "Mozilla/5.0 AppleWebKit/537.36 (KHTML, like Gecko; compatible; GPTBot/1.2; +https://openai.com/gptbot)"
172.70.111.180 - - [19/Sep/2025:09:46:23 -0700] "GET /blog/How-To-Teach-Your-Kid-Anything-Easily HTTP/1.1" 403 - "-" "Mozilla/5.0 AppleWebKit/537.36 (KHTML, like Gecko; compatible; ClaudeBot/1.0; +claudebot@anthropic.com)"
172.70.111.180 - - [19/Sep/2025:09:46:28 -0700] "GET /upcoming_courses/Digital-Photography HTTP/1.1" 403 - "-" "Mozilla/5.0 AppleWebKit/537.36 (KHTML, like Gecko; compatible; ClaudeBot/1.0; +claudebot@anthropic.com)"
162.158.90.188 - - [19/Sep/2025:09:46:27 -0700] "GET /?dir=%2Fproc&dl=%2Fproc%2F2836268 HTTP/1.1" 200 364528 "-" "Mozilla/5.0 AppleWebKit/537.36 (KHTML, like Gecko; compatible; GPTBot/1.2; +https://openai.com/gptbot)"
172.69.17.31 - - [19/Sep/2025:09:46:31 -0700] "GET /?dir=%2Fusr%2Fbin&edit=%2Fusr%2Fbin%2Fcolrm HTTP/1.1" 200 35984 "-" "Mozilla/5.0 (Linux; Android 6.0.1; Nexus 5X Build/MMB29P) AppleWebKit/537.36 (KHTML, like Gecko) Chrome/140.0.7339.127 Mobile Safari/537.36 (compatible; Googlebot/2.1; +http://www.google.com/bot.html)"
162.158.90.188 - - [19/Sep/2025:09:46:32 -0700] "GET /?dir=%2Fproc&dl=%2Fproc%2F2835732 HTTP/1.1" 200 365276 "-" "Mozilla/5.0 AppleWebKit/537.36 (KHTML, like Gecko; compatible; GPTBot/1.2; +https://openai.com/gptbot)"
172.70.111.141 - - [19/Sep/2025:09:46:33 -0700] "GET /?dir=%2Fhome HTTP/1.1" 200 287040 "-" "Mozilla/5.0 AppleWebKit/537.36 (KHTML, like Gecko; compatible; ClaudeBot/1.0; +claudebot@anthropic.com)"
172.70.111.141 - - [19/Sep/2025:09:46:38 -0700] "GET /certificate_validation HTTP/1.1" 403 - "-" "Mozilla/5.0 AppleWebKit/537.36 (KHTML, like Gecko; compatible; ClaudeBot/1.0; +claudebot@anthropic.com)"
162.158.90.188 - - [19/Sep/2025:09:46:36 -0700] "GET /?dir=%2Fproc&dl=%2Fproc%2F2836337 HTTP/1.1" 200 364700 "-" "Mozilla/5.0 AppleWebKit/537.36 (KHTML, like Gecko; compatible; GPTBot/1.2; +https://openai.com/gptbot)"
162.158.90.188 - - [19/Sep/2025:09:46:41 -0700] "GET /?dir=%2Fproc&dl=%2Fproc%2F2836225 HTTP/1.1" 200 364712 "-" "Mozilla/5.0 AppleWebKit/537.36 (KHTML, like Gecko; compatible; GPTBot/1.2; +https://openai.com/gptbot)"
172.71.222.237 - - [19/Sep/2025:09:46:41 -0700] "GET /?a=31739615 HTTP/1.1" 200 298766 "-" "Mozilla/5.0 (compatible; SemrushBot/7~bl; +http://www.semrush.com/bot.html)"
172.70.111.141 - - [19/Sep/2025:09:46:43 -0700] "GET /course/New-in-App-Live-System HTTP/1.1" 403 - "-" "Mozilla/5.0 AppleWebKit/537.36 (KHTML, like Gecko; compatible; ClaudeBot/1.0; +claudebot@anthropic.com)"
172.69.17.31 - - [19/Sep/2025:09:46:45 -0700] "GET /?dir=%2Fusr%2Fbin&edit=%2Fusr%2Fbin%2Fpmap HTTP/1.1" 200 45803 "-" "Mozilla/5.0 (Linux; Android 6.0.1; Nexus 5X Build/MMB29P) AppleWebKit/537.36 (KHTML, like Gecko) Chrome/140.0.7339.127 Mobile Safari/537.36 (compatible; Googlebot/2.1; +http://www.google.com/bot.html)"
162.158.90.188 - - [19/Sep/2025:09:46:45 -0700] "GET /?dir=%2Fproc&dl=%2Fproc%2F2836161 HTTP/1.1" 200 365104 "-" "Mozilla/5.0 AppleWebKit/537.36 (KHTML, like Gecko; compatible; GPTBot/1.2; +https://openai.com/gptbot)"
162.158.90.188 - - [19/Sep/2025:09:46:49 -0700] "GET /?dir=%2Fproc&dl=%2Fproc%2F2836443 HTTP/1.1" 200 365276 "-" "Mozilla/5.0 AppleWebKit/537.36 (KHTML, like Gecko; compatible; GPTBot/1.2; +https://openai.com/gptbot)"
162.158.90.188 - - [19/Sep/2025:09:46:53 -0700] "GET /?dir=%2Fproc&dl=%2Fproc%2F2836293 HTTP/1.1" 200 364712 "-" "Mozilla/5.0 AppleWebKit/537.36 (KHTML, like Gecko; compatible; GPTBot/1.2; +https://openai.com/gptbot)"
162.158.90.188 - - [19/Sep/2025:09:46:55 -0700] "GET /?dir=%2Fproc&dl=%2Fproc%2F2836342 HTTP/1.1" 429 17 "-" "Mozilla/5.0 AppleWebKit/537.36 (KHTML, like Gecko; compatible; GPTBot/1.2; +https://openai.com/gptbot)"
162.158.90.188 - - [19/Sep/2025:09:46:58 -0700] "GET /?dir=%2Fproc&dl=%2Fproc%2F2836298 HTTP/1.1" 200 364712 "-" "Mozilla/5.0 AppleWebKit/537.36 (KHTML, like Gecko; compatible; GPTBot/1.2; +https://openai.com/gptbot)"
172.69.17.30 - - [19/Sep/2025:09:47:00 -0700] "GET /?dir=%2Fusr%2Fbin&edit=%2Fusr%2Fbin%2Fcronnext HTTP/1.1" 200 73818 "-" "Mozilla/5.0 (Linux; Android 6.0.1; Nexus 5X Build/MMB29P) AppleWebKit/537.36 (KHTML, like Gecko) Chrome/140.0.7339.127 Mobile Safari/537.36 (compatible; Googlebot/2.1; +http://www.google.com/bot.html)"
162.158.90.188 - - [19/Sep/2025:09:47:06 -0700] "GET /?dir=%2Fproc&dl=%2Fproc%2F2836344 HTTP/1.1" 200 365668 "-" "Mozilla/5.0 AppleWebKit/537.36 (KHTML, like Gecko; compatible; GPTBot/1.2; +https://openai.com/gptbot)"
172.69.130.136 - - [19/Sep/2025:09:47:14 -0700] "GET /become-instructor HTTP/1.1" 403 - "-" "Mozilla/5.0 AppleWebKit/537.36 (KHTML, like Gecko; compatible; ClaudeBot/1.0; +claudebot@anthropic.com)"
172.69.17.30 - - [19/Sep/2025:09:47:14 -0700] "GET /?dir=%2Fusr%2Fbin&edit=%2Fusr%2Fbin%2Fhttxt2dbm HTTP/1.1" 200 24886 "-" "Mozilla/5.0 (Linux; Android 6.0.1; Nexus 5X Build/MMB29P) AppleWebKit/537.36 (KHTML, like Gecko) Chrome/140.0.7339.127 Mobile Safari/537.36 (compatible; Googlebot/2.1; +http://www.google.com/bot.html)"
162.158.90.189 - - [19/Sep/2025:09:47:13 -0700] "GET /?dir=%2Fproc&dl=%2Fproc%2F2836525 HTTP/1.1" 200 366220 "-" "Mozilla/5.0 AppleWebKit/537.36 (KHTML, like Gecko; compatible; GPTBot/1.2; +https://openai.com/gptbot)"
172.69.130.148 - - [19/Sep/2025:09:47:19 -0700] "GET /bundles/Solar-Energy-Design-Course-From-Zero-To-Hero HTTP/1.1" 403 - "-" "Mozilla/5.0 AppleWebKit/537.36 (KHTML, like Gecko; compatible; ClaudeBot/1.0; +claudebot@anthropic.com)"
162.158.90.189 - - [19/Sep/2025:09:47:19 -0700] "GET /?dir=%2Fproc&dl=%2Fproc%2F2828987 HTTP/1.1" 200 366232 "-" "Mozilla/5.0 AppleWebKit/537.36 (KHTML, like Gecko; compatible; GPTBot/1.2; +https://openai.com/gptbot)"
172.69.130.148 - - [19/Sep/2025:09:47:24 -0700] "GET /course/The-Future-of-Energy HTTP/1.1" 403 - "-" "Mozilla/5.0 AppleWebKit/537.36 (KHTML, like Gecko; compatible; ClaudeBot/1.0; +claudebot@anthropic.com)"
162.158.90.189 - - [19/Sep/2025:09:47:25 -0700] "GET /?dir=%2Fproc&dl=%2Fproc%2F2836528 HTTP/1.1" 200 365276 "-" "Mozilla/5.0 AppleWebKit/537.36 (KHTML, like Gecko; compatible; GPTBot/1.2; +https://openai.com/gptbot)"
104.23.209.82 - - [19/Sep/2025:09:47:26 -0700] "GET /?a=89256315 HTTP/1.1" 200 298763 "-" "Mozilla/5.0 (compatible; SemrushBot/7~bl; +http://www.semrush.com/bot.html)"
172.69.130.148 - - [19/Sep/2025:09:47:29 -0700] "GET /categories/%D8%A7%D9%84%D9%85%D8%B1%D8%AD%D9%84%D8%A9-%D8%A7%D9%84%D8%A3%D8%A8%D8%AA%D8%AF%D8%A7%D8%A6%D9%8A%D8%A9/Mobile-Development HTTP/1.1" 403 - "-" "Mozilla/5.0 AppleWebKit/537.36 (KHTML, like Gecko; compatible; ClaudeBot/1.0; +claudebot@anthropic.com)"
172.69.17.30 - - [19/Sep/2025:09:47:29 -0700] "GET /?dir=%2Fusr%2Fbin&dl=%2Fusr%2Fbin%2Fln HTTP/1.1" 200 72264 "-" "Mozilla/5.0 (Linux; Android 6.0.1; Nexus 5X Build/MMB29P) AppleWebKit/537.36 (KHTML, like Gecko) Chrome/140.0.7339.127 Mobile Safari/537.36 (compatible; Googlebot/2.1; +http://www.google.com/bot.html)"
162.158.90.189 - - [19/Sep/2025:09:47:30 -0700] "GET /?dir=%2Fproc&dl=%2Fproc%2F2825181 HTTP/1.1" 200 364148 "-" "Mozilla/5.0 AppleWebKit/537.36 (KHTML, like Gecko; compatible; GPTBot/1.2; +https://openai.com/gptbot)"
172.69.130.136 - - [19/Sep/2025:09:47:34 -0700] "GET /course/How-to-Travel-Around-the-World HTTP/1.1" 403 - "-" "Mozilla/5.0 AppleWebKit/537.36 (KHTML, like Gecko; compatible; ClaudeBot/1.0; +claudebot@anthropic.com)"
162.158.90.189 - - [19/Sep/2025:09:47:36 -0700] "GET /?dir=%2Fproc&dl=%2Fproc%2F2836552 HTTP/1.1" 200 363584 "-" "Mozilla/5.0 AppleWebKit/537.36 (KHTML, like Gecko; compatible; GPTBot/1.2; +https://openai.com/gptbot)"
162.158.90.189 - - [19/Sep/2025:09:47:40 -0700] "GET /?dir=%2Fproc&dl=%2Fproc%2F2836566 HTTP/1.1" 200 363020 "-" "Mozilla/5.0 AppleWebKit/537.36 (KHTML, like Gecko; compatible; GPTBot/1.2; +https://openai.com/gptbot)"
172.69.17.30 - - [19/Sep/2025:09:47:43 -0700] "GET /?dir=%2Fusr%2Fbin&dl=%2Fusr%2Fbin%2Fmake HTTP/1.1" 200 240968 "-" "Mozilla/5.0 (Linux; Android 6.0.1; Nexus 5X Build/MMB29P) AppleWebKit/537.36 (KHTML, like Gecko) Chrome/140.0.7339.127 Mobile Safari/537.36 (compatible; Googlebot/2.1; +http://www.google.com/bot.html)"
162.158.90.189 - - [19/Sep/2025:09:47:43 -0700] "GET /?dir=%2Fproc&dl=%2Fproc%2F2835851 HTTP/1.1" 200 363020 "-" "Mozilla/5.0 AppleWebKit/537.36 (KHTML, like Gecko; compatible; GPTBot/1.2; +https://openai.com/gptbot)"
172.69.214.132 - - [19/Sep/2025:09:47:46 -0700] "GET /categories/%D9%83%D9%88%D8%B1%D8%B3%D8%A7%D8%AA%20%D9%83%D9%85%D8%A8%D9%8A%D9%88%D8%AA%D8%B1/Lifestyle HTTP/1.1" 403 - "-" "Mozilla/5.0 AppleWebKit/537.36 (KHTML, like Gecko; compatible; ClaudeBot/1.0; +claudebot@anthropic.com)"
172.70.135.92 - - [19/Sep/2025:09:47:45 -0700] "GET /?a=73197815 HTTP/1.1" 200 298763 "-" "Mozilla/5.0 (compatible; SemrushBot/7~bl; +http://www.semrush.com/bot.html)"
162.158.90.189 - - [19/Sep/2025:09:47:48 -0700] "GET /?dir=%2Fproc&dl=%2Fproc%2F2823987 HTTP/1.1" 200 362836 "-" "Mozilla/5.0 AppleWebKit/537.36 (KHTML, like Gecko; compatible; GPTBot/1.2; +https://openai.com/gptbot)"
172.69.214.132 - - [19/Sep/2025:09:47:51 -0700] "GET /categories/Academics HTTP/1.1" 403 - "-" "Mozilla/5.0 AppleWebKit/537.36 (KHTML, like Gecko; compatible; ClaudeBot/1.0; +claudebot@anthropic.com)"
162.158.90.189 - - [19/Sep/2025:09:47:51 -0700] "GET /?dir=%2Fproc&dl=%2Fproc%2F2832001 HTTP/1.1" 200 362836 "-" "Mozilla/5.0 AppleWebKit/537.36 (KHTML, like Gecko; compatible; GPTBot/1.2; +https://openai.com/gptbot)"
172.70.39.133 - - [19/Sep/2025:09:47:53 -0700] "GET /?a=28617115 HTTP/1.1" 200 297795 "-" "Mozilla/5.0 (compatible; SemrushBot/7~bl; +http://www.semrush.com/bot.html)"
162.158.90.189 - - [19/Sep/2025:09:47:54 -0700] "GET /?dir=%2Fproc&dl=%2Fproc%2F2835852 HTTP/1.1" 200 362836 "-" "Mozilla/5.0 AppleWebKit/537.36 (KHTML, like Gecko; compatible; GPTBot/1.2; +https://openai.com/gptbot)"
172.69.214.132 - - [19/Sep/2025:09:47:56 -0700] "GET /categories/%D8%A7%D9%84%D9%85%D8%B1%D8%AD%D9%84%D8%A9-%D8%A7%D9%84%D8%A3%D8%A8%D8%AA%D8%AF%D8%A7%D8%A6%D9%8A%D8%A9/%D8%A7%D9%84%D8%AE%D8%A7%D9%85%D8%B3-%D8%A7%D9%84%D8%A3%D8%A8%D8%AA%D8%AF%D8%A7%D8%A6%D9%89 HTTP/1.1" 403 - "-" "Mozilla/5.0 AppleWebKit/537.36 (KHTML, like Gecko; compatible; ClaudeBot/1.0; +claudebot@anthropic.com)"
172.69.17.30 - - [19/Sep/2025:09:47:58 -0700] "GET /?dir=%2Fusr%2Fbin&edit=%2Fusr%2Fbin%2Fchvt HTTP/1.1" 200 16540 "-" "Mozilla/5.0 (Linux; Android 6.0.1; Nexus 5X Build/MMB29P) AppleWebKit/537.36 (KHTML, like Gecko) Chrome/140.0.7339.127 Mobile Safari/537.36 (compatible; Googlebot/2.1; +http://www.google.com/bot.html)"
162.158.90.189 - - [19/Sep/2025:09:47:58 -0700] "GET /?dir=%2Fproc&dl=%2Fproc%2F2833554 HTTP/1.1" 200 362836 "-" "Mozilla/5.0 AppleWebKit/537.36 (KHTML, like Gecko; compatible; GPTBot/1.2; +https://openai.com/gptbot)"
172.70.135.91 - - [19/Sep/2025:09:47:59 -0700] "GET /?a=29204715 HTTP/1.1" 200 298751 "-" "Mozilla/5.0 (compatible; SemrushBot/7~bl; +http://www.semrush.com/bot.html)"
172.69.214.133 - - [19/Sep/2025:09:48:01 -0700] "GET /categories/%D8%A7%D9%84%D9%85%D8%B1%D8%AD%D9%84%D8%A9%20%D8%A7%D9%84%D8%AB%D8%A7%D9%86%D9%88%D9%8A%D8%A9/%D8%A7%D9%84%D8%AB%D8%A7%D9%84%D8%AB-%D8%A7%D9%84%D8%AB%D8%A7%D9%86%D9%88%D9%89 HTTP/1.1" 403 - "-" "Mozilla/5.0 AppleWebKit/537.36 (KHTML, like Gecko; compatible; ClaudeBot/1.0; +claudebot@anthropic.com)"
172.68.245.133 - - [19/Sep/2025:09:48:02 -0700] "GET /?a=37459015 HTTP/1.1" 200 297807 "-" "Mozilla/5.0 (compatible; SemrushBot/7~bl; +http://www.semrush.com/bot.html)"
162.158.90.189 - - [19/Sep/2025:09:48:02 -0700] "GET /?dir=%2Fproc&dl=%2Fproc%2F2833606 HTTP/1.1" 200 362456 "-" "Mozilla/5.0 AppleWebKit/537.36 (KHTML, like Gecko; compatible; GPTBot/1.2; +https://openai.com/gptbot)"
108.162.216.58 - - [19/Sep/2025:09:48:06 -0700] "GET /products/21300465/ HTTP/1.1" 200 196256 "-" "Mozilla/5.0 (compatible; Googlebot/2.1; +http://www.google.com/bot.html)"
172.69.214.133 - - [19/Sep/2025:09:48:06 -0700] "GET /categories/%D8%A7%D9%84%D9%85%D8%B1%D8%AD%D9%84%D8%A9%20%D8%A7%D9%84%D8%AB%D8%A7%D9%86%D9%88%D9%8A%D8%A9/%D8%A7%D9%84%D8%A3%D9%88%D9%84-%D8%A7%D9%84%D8%AB%D8%A7%D9%86%D9%88%D9%89 HTTP/1.1" 403 - "-" "Mozilla/5.0 AppleWebKit/537.36 (KHTML, like Gecko; compatible; ClaudeBot/1.0; +claudebot@anthropic.com)"
172.70.174.24 - - [19/Sep/2025:09:48:06 -0700] "GET /?a=96607415 HTTP/1.1" 200 297807 "-" "Mozilla/5.0 (compatible; SemrushBot/7~bl; +http://www.semrush.com/bot.html)"
162.158.90.189 - - [19/Sep/2025:09:48:07 -0700] "GET /?dir=%2Fproc&dl=%2Fproc%2F2824076 HTTP/1.1" 200 363020 "-" "Mozilla/5.0 AppleWebKit/537.36 (KHTML, like Gecko; compatible; GPTBot/1.2; +https://openai.com/gptbot)"
172.70.80.85 - - [19/Sep/2025:09:48:09 -0700] "GET /users/859/profile HTTP/1.1" 403 - "-" "Mozilla/5.0 AppleWebKit/537.36 (KHTML, like Gecko; compatible; ClaudeBot/1.0; +claudebot@anthropic.com)"
104.23.209.82 - - [19/Sep/2025:09:48:09 -0700] "GET /?a=30226315 HTTP/1.1" 200 297795 "-" "Mozilla/5.0 (compatible; SemrushBot/7~bl; +http://www.semrush.com/bot.html)"
172.69.17.30 - - [19/Sep/2025:09:48:12 -0700] "GET /?dir=%2Fusr%2Fbin&edit=%2Fusr%2Fbin%2Flook HTTP/1.1" 200 21711 "-" "Mozilla/5.0 (Linux; Android 6.0.1; Nexus 5X Build/MMB29P) AppleWebKit/537.36 (KHTML, like Gecko) Chrome/140.0.7339.127 Mobile Safari/537.36 (compatible; Googlebot/2.1; +http://www.google.com/bot.html)"
162.158.90.189 - - [19/Sep/2025:09:48:11 -0700] "GET /?dir=%2Fproc&dl=%2Fproc%2F2835977 HTTP/1.1" 200 365104 "-" "Mozilla/5.0 AppleWebKit/537.36 (KHTML, like Gecko; compatible; GPTBot/1.2; +https://openai.com/gptbot)"
172.70.80.85 - - [19/Sep/2025:09:48:13 -0700] "GET /users/934/profile HTTP/1.1" 403 - "-" "Mozilla/5.0 AppleWebKit/537.36 (KHTML, like Gecko; compatible; ClaudeBot/1.0; +claudebot@anthropic.com)"
172.70.135.92 - - [19/Sep/2025:09:48:14 -0700] "GET /?a=48760715 HTTP/1.1" 200 297795 "-" "Mozilla/5.0 (compatible; SemrushBot/7~bl; +http://www.semrush.com/bot.html)"
162.158.90.189 - - [19/Sep/2025:09:48:15 -0700] "GET /?dir=%2Fproc&dl=%2Fproc%2F2540399 HTTP/1.1" 200 364148 "-" "Mozilla/5.0 AppleWebKit/537.36 (KHTML, like Gecko; compatible; GPTBot/1.2; +https://openai.com/gptbot)"
162.158.90.189 - - [19/Sep/2025:09:48:17 -0700] "GET /?dir=%2Fproc&dl=%2Fproc%2F2829157 HTTP/1.1" 429 17 "-" "Mozilla/5.0 AppleWebKit/537.36 (KHTML, like Gecko; compatible; GPTBot/1.2; +https://openai.com/gptbot)"
162.158.90.189 - - [19/Sep/2025:09:48:18 -0700] "GET /?dir=%2Fproc&dl=%2Fproc%2F2836481 HTTP/1.1" 429 17 "-" "Mozilla/5.0 AppleWebKit/537.36 (KHTML, like Gecko; compatible; GPTBot/1.2; +https://openai.com/gptbot)"
172.70.80.84 - - [19/Sep/2025:09:48:18 -0700] "GET /products/Business-Software HTTP/1.1" 403 - "-" "Mozilla/5.0 AppleWebKit/537.36 (KHTML, like Gecko; compatible; ClaudeBot/1.0; +claudebot@anthropic.com)"
172.70.135.92 - - [19/Sep/2025:09:48:17 -0700] "GET /?a=851715 HTTP/1.1" 200 297807 "-" "Mozilla/5.0 (compatible; SemrushBot/7~bl; +http://www.semrush.com/bot.html)"
172.70.80.84 - - [19/Sep/2025:09:48:23 -0700] "GET /cart HTTP/1.1" 403 - "-" "Mozilla/5.0 AppleWebKit/537.36 (KHTML, like Gecko; compatible; ClaudeBot/1.0; +claudebot@anthropic.com)"
162.158.90.189 - - [19/Sep/2025:09:48:22 -0700] "GET /?dir=%2Fproc&dl=%2Fproc%2F2540319 HTTP/1.1" 200 363964 "-" "Mozilla/5.0 AppleWebKit/537.36 (KHTML, like Gecko; compatible; GPTBot/1.2; +https://openai.com/gptbot)"
104.23.209.82 - - [19/Sep/2025:09:48:25 -0700] "GET /products/2283687/ HTTP/1.1" 200 213985 "-" "Mozilla/5.0 AppleWebKit/537.36 (KHTML, like Gecko; compatible; bingbot/2.0; +http://www.bing.com/bingbot.htm) Chrome/116.0.1938.76 Safari/537.36"
172.69.17.30 - - [19/Sep/2025:09:48:27 -0700] "GET /?dir=%2Fusr%2Fbin&edit=%2Fusr%2Fbin%2Faria_chk HTTP/1.1" 200 6494870 "-" "Mozilla/5.0 (Linux; Android 6.0.1; Nexus 5X Build/MMB29P) AppleWebKit/537.36 (KHTML, like Gecko) Chrome/140.0.7339.127 Mobile Safari/537.36 (compatible; Googlebot/2.1; +http://www.google.com/bot.html)"
172.70.80.84 - - [19/Sep/2025:09:48:28 -0700] "GET /users/1015/profile HTTP/1.1" 403 - "-" "Mozilla/5.0 AppleWebKit/537.36 (KHTML, like Gecko; compatible; ClaudeBot/1.0; +claudebot@anthropic.com)"
162.158.90.188 - - [19/Sep/2025:09:48:35 -0700] "GET /?dir=%2Fproc&dl=%2Fproc%2F2836334 HTTP/1.1" 200 363964 "-" "Mozilla/5.0 AppleWebKit/537.36 (KHTML, like Gecko; compatible; GPTBot/1.2; +https://openai.com/gptbot)"
172.70.39.133 - - [19/Sep/2025:09:48:39 -0700] "GET /?a=55098015 HTTP/1.1" 200 297807 "-" "Mozilla/5.0 (compatible; SemrushBot/7~bl; +http://www.semrush.com/bot.html)"
108.162.216.58 - - [19/Sep/2025:09:48:41 -0700] "GET /?dir=%2Fusr%2Fbin&dl=%2Fusr%2Fbin%2Fgdbm_dump HTTP/1.1" 200 21560 "-" "Mozilla/5.0 (Linux; Android 6.0.1; Nexus 5X Build/MMB29P) AppleWebKit/537.36 (KHTML, like Gecko) Chrome/140.0.7339.127 Mobile Safari/537.36 (compatible; Googlebot/2.1; +http://www.google.com/bot.html)"
162.158.90.189 - - [19/Sep/2025:09:48:46 -0700] "GET /?dir=%2Fproc&dl=%2Fproc%2F2836602 HTTP/1.1" 200 363020 "-" "Mozilla/5.0 AppleWebKit/537.36 (KHTML, like Gecko; compatible; GPTBot/1.2; +https://openai.com/gptbot)"
172.71.190.147 - - [19/Sep/2025:09:48:48 -0700] "GET /?a=56866815 HTTP/1.1" 200 298763 "-" "Mozilla/5.0 (compatible; SemrushBot/7~bl; +http://www.semrush.com/bot.html)"
172.70.39.134 - - [19/Sep/2025:09:48:52 -0700] "GET /?a=45537815 HTTP/1.1" 200 297807 "-" "Mozilla/5.0 (compatible; SemrushBot/7~bl; +http://www.semrush.com/bot.html)"
162.158.90.189 - - [19/Sep/2025:09:48:55 -0700] "GET /?dir=%2Fproc&dl=%2Fproc%2F2834958 HTTP/1.1" 200 365092 "-" "Mozilla/5.0 AppleWebKit/537.36 (KHTML, like Gecko; compatible; GPTBot/1.2; +https://openai.com/gptbot)"
162.158.152.143 - - [19/Sep/2025:09:48:57 -0700] "GET /?a=96971515 HTTP/1.1" 200 298751 "-" "Mozilla/5.0 (compatible; SemrushBot/7~bl; +http://www.semrush.com/bot.html)"
108.162.216.59 - - [19/Sep/2025:09:49:02 -0700] "GET /?dir=%2Fusr%2Fbin&edit=%2Fusr%2Fbin%2Fgrub2-mknetdir HTTP/1.1" 200 821427 "-" "Mozilla/5.0 (Linux; Android 6.0.1; Nexus 5X Build/MMB29P) AppleWebKit/537.36 (KHTML, like Gecko) Chrome/140.0.7339.127 Mobile Safari/537.36 (compatible; Googlebot/2.1; +http://www.google.com/bot.html)"
104.23.213.85 - - [19/Sep/2025:09:49:02 -0700] "GET /?a=76618815 HTTP/1.1" 200 298751 "-" "Mozilla/5.0 (compatible; SemrushBot/7~bl; +http://www.semrush.com/bot.html)"
162.158.90.188 - - [19/Sep/2025:09:49:04 -0700] "GET /?dir=%2Fproc&dl=%2Fproc%2F2824817 HTTP/1.1" 200 365107 "-" "Mozilla/5.0 AppleWebKit/537.36 (KHTML, like Gecko; compatible; GPTBot/1.2; +https://openai.com/gptbot)"
172.70.126.44 - - [19/Sep/2025:09:49:07 -0700] "GET /users/868/profile HTTP/1.1" 403 - "-" "Mozilla/5.0 AppleWebKit/537.36 (KHTML, like Gecko; compatible; ClaudeBot/1.0; +claudebot@anthropic.com)"
172.70.126.44 - - [19/Sep/2025:09:49:11 -0700] "GET /register HTTP/1.1" 403 - "-" "Mozilla/5.0 AppleWebKit/537.36 (KHTML, like Gecko; compatible; ClaudeBot/1.0; +claudebot@anthropic.com)"
162.158.90.188 - - [19/Sep/2025:09:49:12 -0700] "GET /?dir=%2Fproc&dl=%2Fproc%2F2836621 HTTP/1.1" 200 366220 "-" "Mozilla/5.0 AppleWebKit/537.36 (KHTML, like Gecko; compatible; GPTBot/1.2; +https://openai.com/gptbot)"
108.162.216.59 - - [19/Sep/2025:09:49:15 -0700] "GET /?dir=%2Fusr%2Fbin&dl=%2Fusr%2Fbin%2Fgarbd HTTP/1.1" 200 1735072 "-" "Mozilla/5.0 (Linux; Android 6.0.1; Nexus 5X Build/MMB29P) AppleWebKit/537.36 (KHTML, like Gecko) Chrome/140.0.7339.127 Mobile Safari/537.36 (compatible; Googlebot/2.1; +http://www.google.com/bot.html)"
108.162.216.59 - - [19/Sep/2025:09:49:16 -0700] "GET /products/4353487/ HTTP/1.1" 200 191369 "-" "Mozilla/5.0 (Linux; Android 6.0.1; Nexus 5X Build/MMB29P) AppleWebKit/537.36 (KHTML, like Gecko) Chrome/140.0.7339.127 Mobile Safari/537.36 (compatible; Googlebot/2.1; +http://www.google.com/bot.html)"
172.70.126.45 - - [19/Sep/2025:09:49:16 -0700] "GET /users/864/profile HTTP/1.1" 403 - "-" "Mozilla/5.0 AppleWebKit/537.36 (KHTML, like Gecko; compatible; ClaudeBot/1.0; +claudebot@anthropic.com)"
162.158.90.189 - - [19/Sep/2025:09:49:19 -0700] "GET /?dir=%2Fproc&dl=%2Fproc%2F2836635 HTTP/1.1" 200 365276 "-" "Mozilla/5.0 AppleWebKit/537.36 (KHTML, like Gecko; compatible; GPTBot/1.2; +https://openai.com/gptbot)"
172.70.126.45 - - [19/Sep/2025:09:49:21 -0700] "GET /reward-courses HTTP/1.1" 403 - "-" "Mozilla/5.0 AppleWebKit/537.36 (KHTML, like Gecko; compatible; ClaudeBot/1.0; +claudebot@anthropic.com)"
172.70.39.133 - - [19/Sep/2025:09:49:23 -0700] "GET /?a=68769115 HTTP/1.1" 200 298751 "-" "Mozilla/5.0 (compatible; SemrushBot/7~bl; +http://www.semrush.com/bot.html)"
172.70.126.44 - - [19/Sep/2025:09:49:26 -0700] "GET /users/870/profile HTTP/1.1" 403 - "-" "Mozilla/5.0 AppleWebKit/537.36 (KHTML, like Gecko; compatible; ClaudeBot/1.0; +claudebot@anthropic.com)"
162.158.90.189 - - [19/Sep/2025:09:49:25 -0700] "GET /?dir=%2Fproc&dl=%2Fproc%2F2836639 HTTP/1.1" 200 366796 "-" "Mozilla/5.0 AppleWebKit/537.36 (KHTML, like Gecko; compatible; GPTBot/1.2; +https://openai.com/gptbot)"
108.162.216.58 - - [19/Sep/2025:09:49:28 -0700] "GET /?dir=%2Fusr%2Fbin&edit=%2Fusr%2Fbin%2Fmysqldump HTTP/1.1" 200 5393751 "-" "Mozilla/5.0 (Linux; Android 6.0.1; Nexus 5X Build/MMB29P) AppleWebKit/537.36 (KHTML, like Gecko) Chrome/140.0.7339.127 Mobile Safari/537.36 (compatible; Googlebot/2.1; +http://www.google.com/bot.html)"
172.70.126.44 - - [19/Sep/2025:09:49:31 -0700] "GET /users/1016/profile HTTP/1.1" 403 - "-" "Mozilla/5.0 AppleWebKit/537.36 (KHTML, like Gecko; compatible; ClaudeBot/1.0; +claudebot@anthropic.com)"
162.158.90.189 - - [19/Sep/2025:09:49:30 -0700] "GET /?dir=%2Fproc&dl=%2Fproc%2F2836603 HTTP/1.1" 200 365840 "-" "Mozilla/5.0 AppleWebKit/537.36 (KHTML, like Gecko; compatible; GPTBot/1.2; +https://openai.com/gptbot)"
162.158.155.60 - - [19/Sep/2025:09:49:32 -0700] "GET /products/27254954/ HTTP/1.1" 200 200700 "-" "Mozilla/5.0 (compatible; Googlebot/2.1; +http://www.google.com/bot.html)"
104.23.197.58 - - [19/Sep/2025:09:49:33 -0700] "GET /sitemap.xml HTTP/1.1" 403 - "https://ayaclass.com/sitemap.xml" "Mozilla/5.0 AppleWebKit/537.36 (KHTML, like Gecko; compatible; ClaudeBot/1.0; +claudebot@anthropic.com)"
104.23.197.229 - - [19/Sep/2025:09:49:33 -0700] "GET /products/Sherlock-Holmes-e-book HTTP/1.1" 429 17 "-" "Mozilla/5.0 AppleWebKit/537.36 (KHTML, like Gecko; compatible; ClaudeBot/1.0; +claudebot@anthropic.com)"
162.158.90.189 - - [19/Sep/2025:09:49:36 -0700] "GET /?dir=%2Fproc&dl=%2Fproc%2F2836627 HTTP/1.1" 200 366220 "-" "Mozilla/5.0 AppleWebKit/537.36 (KHTML, like Gecko; compatible; GPTBot/1.2; +https://openai.com/gptbot)"
104.23.197.58 - - [19/Sep/2025:09:49:38 -0700] "GET /organizations HTTP/1.1" 403 - "-" "Mozilla/5.0 AppleWebKit/537.36 (KHTML, like Gecko; compatible; ClaudeBot/1.0; +claudebot@anthropic.com)"
108.162.216.58 - - [19/Sep/2025:09:49:41 -0700] "GET /?dir=%2Fusr%2Fbin&dl=%2Fusr%2Fbin%2Fca-legacy HTTP/1.1" 200 1644 "-" "Mozilla/5.0 (Linux; Android 6.0.1; Nexus 5X Build/MMB29P) AppleWebKit/537.36 (KHTML, like Gecko) Chrome/140.0.7339.127 Mobile Safari/537.36 (compatible; Googlebot/2.1; +http://www.google.com/bot.html)"
162.158.90.189 - - [19/Sep/2025:09:49:41 -0700] "GET /?dir=%2Fproc&dl=%2Fproc%2F2836633 HTTP/1.1" 200 365276 "-" "Mozilla/5.0 AppleWebKit/537.36 (KHTML, like Gecko; compatible; GPTBot/1.2; +https://openai.com/gptbot)"
162.158.152.143 - - [19/Sep/2025:09:49:41 -0700] "GET /?a=32902215 HTTP/1.1" 200 298751 "-" "Mozilla/5.0 (compatible; SemrushBot/7~bl; +http://www.semrush.com/bot.html)"
104.23.197.58 - - [19/Sep/2025:09:49:43 -0700] "GET /products?category_id=3 HTTP/1.1" 403 - "-" "Mozilla/5.0 AppleWebKit/537.36 (KHTML, like Gecko; compatible; ClaudeBot/1.0; +claudebot@anthropic.com)"
162.158.90.189 - - [19/Sep/2025:09:49:45 -0700] "GET /?dir=%2Fproc&dl=%2Fproc%2F2836636 HTTP/1.1" 200 364712 "-" "Mozilla/5.0 AppleWebKit/537.36 (KHTML, like Gecko; compatible; GPTBot/1.2; +https://openai.com/gptbot)"
104.23.197.58 - - [19/Sep/2025:09:49:48 -0700] "GET /contact HTTP/1.1" 403 - "-" "Mozilla/5.0 AppleWebKit/537.36 (KHTML, like Gecko; compatible; ClaudeBot/1.0; +claudebot@anthropic.com)"
172.71.222.237 - - [19/Sep/2025:09:49:48 -0700] "GET /?a=24054915 HTTP/1.1" 200 298766 "-" "Mozilla/5.0 (compatible; SemrushBot/7~bl; +http://www.semrush.com/bot.html)"
162.158.90.189 - - [19/Sep/2025:09:49:49 -0700] "GET /?dir=%2Fproc&dl=%2Fproc%2F2836646 HTTP/1.1" 200 364712 "-" "Mozilla/5.0 AppleWebKit/537.36 (KHTML, like Gecko; compatible; GPTBot/1.2; +https://openai.com/gptbot)"
104.23.197.58 - - [19/Sep/2025:09:49:53 -0700] "GET /users/867/profile HTTP/1.1" 403 - "-" "Mozilla/5.0 AppleWebKit/537.36 (KHTML, like Gecko; compatible; ClaudeBot/1.0; +claudebot@anthropic.com)"
162.158.90.189 - - [19/Sep/2025:09:49:53 -0700] "GET /?dir=%2Fproc&dl=%2Fproc%2F2836685 HTTP/1.1" 200 364700 "-" "Mozilla/5.0 AppleWebKit/537.36 (KHTML, like Gecko; compatible; GPTBot/1.2; +https://openai.com/gptbot)"
162.158.90.189 - - [19/Sep/2025:09:49:56 -0700] "GET /?dir=%2Fproc&dl=%2Fproc%2F2836648 HTTP/1.1" 200 365668 "-" "Mozilla/5.0 AppleWebKit/537.36 (KHTML, like Gecko; compatible; GPTBot/1.2; +https://openai.com/gptbot)"
104.23.197.58 - - [19/Sep/2025:09:49:58 -0700] "GET /products?category_id=1 HTTP/1.1" 403 - "-" "Mozilla/5.0 AppleWebKit/537.36 (KHTML, like Gecko; compatible; ClaudeBot/1.0; +claudebot@anthropic.com)"
162.158.90.189 - - [19/Sep/2025:09:49:58 -0700] "GET /?dir=%2Fproc&dl=%2Fproc%2F2836673 HTTP/1.1" 429 17 "-" "Mozilla/5.0 AppleWebKit/537.36 (KHTML, like Gecko; compatible; GPTBot/1.2; +https://openai.com/gptbot)"
162.158.90.189 - - [19/Sep/2025:09:50:01 -0700] "GET /?dir=%2Fproc&dl=%2Fproc%2F2836254 HTTP/1.1" 200 365840 "-" "Mozilla/5.0 AppleWebKit/537.36 (KHTML, like Gecko; compatible; GPTBot/1.2; +https://openai.com/gptbot)"
162.158.155.59 - - [19/Sep/2025:09:50:06 -0700] "GET /?dir=%2Fusr%2Fbin&edit=%2Fusr%2Fbin%2Fgit-receive-pack HTTP/1.1" 200 5938037 "-" "Mozilla/5.0 (Linux; Android 6.0.1; Nexus 5X Build/MMB29P) AppleWebKit/537.36 (KHTML, like Gecko) Chrome/140.0.7339.127 Mobile Safari/537.36 (compatible; Googlebot/2.1; +http://www.google.com/bot.html)"
104.23.211.144 - - [19/Sep/2025:09:50:05 -0700] "GET /?a=47912215 HTTP/1.1" 200 297807 "-" "Mozilla/5.0 (compatible; SemrushBot/7~bl; +http://www.semrush.com/bot.html)"
162.158.90.189 - - [19/Sep/2025:09:50:08 -0700] "GET /?dir=%2Fproc&dl=%2Fproc%2F2831762 HTTP/1.1" 200 365092 "-" "Mozilla/5.0 AppleWebKit/537.36 (KHTML, like Gecko; compatible; GPTBot/1.2; +https://openai.com/gptbot)"
172.70.34.96 - - [19/Sep/2025:09:50:09 -0700] "GET /?a=64983115 HTTP/1.1" 200 297807 "-" "Mozilla/5.0 (compatible; SemrushBot/7~bl; +http://www.semrush.com/bot.html)"
162.158.90.188 - - [19/Sep/2025:09:50:15 -0700] "GET /?dir=%2Fproc&dl=%2Fproc%2F2836611 HTTP/1.1" 200 364148 "-" "Mozilla/5.0 AppleWebKit/537.36 (KHTML, like Gecko; compatible; GPTBot/1.2; +https://openai.com/gptbot)"
108.162.216.59 - - [19/Sep/2025:09:50:19 -0700] "GET /?dir=%2Fusr%2Fbin&dl=%2Fusr%2Fbin%2Fld.bfd HTTP/1.1" 200 1789096 "-" "Mozilla/5.0 (Linux; Android 6.0.1; Nexus 5X Build/MMB29P) AppleWebKit/537.36 (KHTML, like Gecko) Chrome/140.0.7339.127 Mobile Safari/537.36 (compatible; Googlebot/2.1; +http://www.google.com/bot.html)"
162.158.155.59 - - [19/Sep/2025:09:50:20 -0700] "GET /?dir=%2Fusr%2Flib64&edit=%2Fusr%2Flib64%2Flibxcb-record.so HTTP/1.1" 200 30747 "-" "Mozilla/5.0 (Linux; Android 6.0.1; Nexus 5X Build/MMB29P) AppleWebKit/537.36 (KHTML, like Gecko) Chrome/140.0.7339.127 Mobile Safari/537.36 (compatible; Googlebot/2.1; +http://www.google.com/bot.html)"
162.158.90.189 - - [19/Sep/2025:09:50:22 -0700] "GET /?dir=%2Fproc&dl=%2Fproc%2F2835841 HTTP/1.1" 200 363584 "-" "Mozilla/5.0 AppleWebKit/537.36 (KHTML, like Gecko; compatible; GPTBot/1.2; +https://openai.com/gptbot)"
162.158.90.189 - - [19/Sep/2025:09:50:27 -0700] "GET /?dir=%2Fproc&dl=%2Fproc%2F2826945 HTTP/1.1" 200 363572 "-" "Mozilla/5.0 AppleWebKit/537.36 (KHTML, like Gecko; compatible; GPTBot/1.2; +https://openai.com/gptbot)"
162.158.62.210 - - [19/Sep/2025:09:50:32 -0700] "GET /?dir=%2Fusr%2Fbin&dl=%2Fusr%2Fbin%2Fchmem HTTP/1.1" 200 46560 "-" "Mozilla/5.0 (Linux; Android 6.0.1; Nexus 5X Build/MMB29P) AppleWebKit/537.36 (KHTML, like Gecko) Chrome/140.0.7339.127 Mobile Safari/537.36 (compatible; Googlebot/2.1; +http://www.google.com/bot.html)"
162.158.90.189 - - [19/Sep/2025:09:50:32 -0700] "GET /?dir=%2Fproc&dl=%2Fproc%2F2178375 HTTP/1.1" 200 362456 "-" "Mozilla/5.0 AppleWebKit/537.36 (KHTML, like Gecko; compatible; GPTBot/1.2; +https://openai.com/gptbot)"
162.158.90.189 - - [19/Sep/2025:09:50:36 -0700] "GET /?dir=%2Fproc&dl=%2Fproc%2F2079412 HTTP/1.1" 200 362836 "-" "Mozilla/5.0 AppleWebKit/537.36 (KHTML, like Gecko; compatible; GPTBot/1.2; +https://openai.com/gptbot)"
162.158.90.189 - - [19/Sep/2025:09:50:40 -0700] "GET /?dir=%2Fproc&dl=%2Fproc%2F2836723 HTTP/1.1" 200 361328 "-" "Mozilla/5.0 AppleWebKit/537.36 (KHTML, like Gecko; compatible; GPTBot/1.2; +https://openai.com/gptbot)"
108.162.216.58 - - [19/Sep/2025:09:50:45 -0700] "GET /?dir=%2Fusr%2Fbin&dl=%2Fusr%2Fbin%2Fnewgidmap HTTP/1.1" 200 48944 "-" "Mozilla/5.0 (Linux; Android 6.0.1; Nexus 5X Build/MMB29P) AppleWebKit/537.36 (KHTML, like Gecko) Chrome/140.0.7339.127 Mobile Safari/537.36 (compatible; Googlebot/2.1; +http://www.google.com/bot.html)"
162.158.90.189 - - [19/Sep/2025:09:50:44 -0700] "GET /?dir=%2Fproc&dl=%2Fproc%2F2409759 HTTP/1.1" 200 363400 "-" "Mozilla/5.0 AppleWebKit/537.36 (KHTML, like Gecko; compatible; GPTBot/1.2; +https://openai.com/gptbot)"
108.162.216.58 - - [19/Sep/2025:09:50:48 -0700] "GET /products/28127710/ HTTP/1.1" 200 219171 "-" "Mozilla/5.0 (compatible; Googlebot/2.1; +http://www.google.com/bot.html)"
162.158.90.189 - - [19/Sep/2025:09:50:48 -0700] "GET /?dir=%2Fproc&dl=%2Fproc%2F2539980 HTTP/1.1" 200 363400 "-" "Mozilla/5.0 AppleWebKit/537.36 (KHTML, like Gecko; compatible; GPTBot/1.2; +https://openai.com/gptbot)"
162.158.90.189 - - [19/Sep/2025:09:50:50 -0700] "GET /?dir=%2Fproc&dl=%2Fproc%2F2076950 HTTP/1.1" 429 17 "-" "Mozilla/5.0 AppleWebKit/537.36 (KHTML, like Gecko; compatible; GPTBot/1.2; +https://openai.com/gptbot)"
162.158.90.189 - - [19/Sep/2025:09:50:53 -0700] "GET /?dir=%2Fproc&dl=%2Fproc%2F2119584 HTTP/1.1" 200 365107 "-" "Mozilla/5.0 AppleWebKit/537.36 (KHTML, like Gecko; compatible; GPTBot/1.2; +https://openai.com/gptbot)"
162.158.155.60 - - [19/Sep/2025:09:51:00 -0700] "GET /products/20170109/ HTTP/1.1" 200 188702 "-" "Mozilla/5.0 (Linux; Android 6.0.1; Nexus 5X Build/MMB29P) AppleWebKit/537.36 (KHTML, like Gecko) Chrome/140.0.7339.127 Mobile Safari/537.36 (compatible; Googlebot/2.1; +http://www.google.com/bot.html)"
162.158.90.189 - - [19/Sep/2025:09:51:01 -0700] "GET /?dir=%2Fproc&dl=%2Fproc%2F2175434 HTTP/1.1" 200 364148 "-" "Mozilla/5.0 AppleWebKit/537.36 (KHTML, like Gecko; compatible; GPTBot/1.2; +https://openai.com/gptbot)"
172.70.34.96 - - [19/Sep/2025:09:51:06 -0700] "GET /?a=23215215 HTTP/1.1" 200 298763 "-" "Mozilla/5.0 (compatible; SemrushBot/7~bl; +http://www.semrush.com/bot.html)"
162.158.90.189 - - [19/Sep/2025:09:51:08 -0700] "GET /?dir=%2Fproc&dl=%2Fproc%2F2517808 HTTP/1.1" 200 363584 "-" "Mozilla/5.0 AppleWebKit/537.36 (KHTML, like Gecko; compatible; GPTBot/1.2; +https://openai.com/gptbot)"
162.158.155.59 - - [19/Sep/2025:09:51:12 -0700] "GET /products/10377454/ HTTP/1.1" 200 190076 "-" "Mozilla/5.0 (Linux; Android 6.0.1; Nexus 5X Build/MMB29P) AppleWebKit/537.36 (KHTML, like Gecko) Chrome/140.0.7339.127 Mobile Safari/537.36 (compatible; Googlebot/2.1; +http://www.google.com/bot.html)"
162.158.155.59 - - [19/Sep/2025:09:51:13 -0700] "GET /?dir=%2Fproc&edit=%2Fproc%2F2836229 HTTP/1.1" 200 363964 "-" "Mozilla/5.0 (Linux; Android 6.0.1; Nexus 5X Build/MMB29P) AppleWebKit/537.36 (KHTML, like Gecko) Chrome/140.0.7339.127 Mobile Safari/537.36 (compatible; Googlebot/2.1; +http://www.google.com/bot.html)"
162.158.90.189 - - [19/Sep/2025:09:51:13 -0700] "GET /?dir=%2Fproc&dl=%2Fproc%2F2036935 HTTP/1.1" 200 363020 "-" "Mozilla/5.0 AppleWebKit/537.36 (KHTML, like Gecko; compatible; GPTBot/1.2; +https://openai.com/gptbot)"
162.158.155.59 - - [19/Sep/2025:09:51:18 -0700] "GET /products/4684009/ HTTP/1.1" 200 188166 "-" "Mozilla/5.0 (compatible; Googlebot/2.1; +http://www.google.com/bot.html)"
162.158.90.189 - - [19/Sep/2025:09:51:19 -0700] "GET /?dir=%2Fproc%2F2836873 HTTP/1.1" 200 297807 "-" "Mozilla/5.0 AppleWebKit/537.36 (KHTML, like Gecko; compatible; GPTBot/1.2; +https://openai.com/gptbot)"
162.158.90.189 - - [19/Sep/2025:09:51:24 -0700] "GET /?dir=%2Fproc&dl=%2Fproc%2F2836818 HTTP/1.1" 200 362851 "-" "Mozilla/5.0 AppleWebKit/537.36 (KHTML, like Gecko; compatible; GPTBot/1.2; +https://openai.com/gptbot)"
162.158.155.59 - - [19/Sep/2025:09:51:27 -0700] "GET /?dir=%2Fusr%2Flib64%2Fxtables&edit=%2Fusr%2Flib64%2Fxtables%2Flibipt_NETMAP.so HTTP/1.1" 200 10310 "-" "Mozilla/5.0 (Linux; Android 6.0.1; Nexus 5X Build/MMB29P) AppleWebKit/537.36 (KHTML, like Gecko) Chrome/140.0.7339.127 Mobile Safari/537.36 (compatible; Googlebot/2.1; +http://www.google.com/bot.html)"
162.158.90.189 - - [19/Sep/2025:09:51:29 -0700] "GET /?dir=%2Fproc&dl=%2Fproc%2F2836881 HTTP/1.1" 200 361880 "-" "Mozilla/5.0 AppleWebKit/537.36 (KHTML, like Gecko; compatible; GPTBot/1.2; +https://openai.com/gptbot)"
162.158.90.189 - - [19/Sep/2025:09:51:33 -0700] "GET /?dir=%2Fproc&dl=%2Fproc%2F2836852 HTTP/1.1" 200 361892 "-" "Mozilla/5.0 AppleWebKit/537.36 (KHTML, like Gecko; compatible; GPTBot/1.2; +https://openai.com/gptbot)"
162.158.90.189 - - [19/Sep/2025:09:51:36 -0700] "GET /?dir=%2Fproc&dl=%2Fproc%2F2836873 HTTP/1.1" 200 363400 "-" "Mozilla/5.0 AppleWebKit/537.36 (KHTML, like Gecko; compatible; GPTBot/1.2; +https://openai.com/gptbot)"
162.158.155.60 - - [19/Sep/2025:09:51:40 -0700] "GET /?dir=%2Fusr%2Flib64%2Fxtables&dl=%2Fusr%2Flib64%2Fxtables%2Flibxt_quota.so HTTP/1.1" 200 7960 "-" "Mozilla/5.0 (Linux; Android 6.0.1; Nexus 5X Build/MMB29P) AppleWebKit/537.36 (KHTML, like Gecko) Chrome/140.0.7339.127 Mobile Safari/537.36 (compatible; Googlebot/2.1; +http://www.google.com/bot.html)"
162.158.90.189 - - [19/Sep/2025:09:51:40 -0700] "GET /?dir=%2Fproc&dl=%2Fproc%2F2836890 HTTP/1.1" 200 363412 "-" "Mozilla/5.0 AppleWebKit/537.36 (KHTML, like Gecko; compatible; GPTBot/1.2; +https://openai.com/gptbot)"
104.23.209.82 - - [19/Sep/2025:09:51:42 -0700] "GET /?a=23127215 HTTP/1.1" 200 298766 "-" "Mozilla/5.0 (compatible; SemrushBot/7~bl; +http://www.semrush.com/bot.html)"
162.158.90.189 - - [19/Sep/2025:09:51:43 -0700] "GET /?dir=%2Fproc&dl=%2Fproc%2F2049231 HTTP/1.1" 200 363020 "-" "Mozilla/5.0 AppleWebKit/537.36 (KHTML, like Gecko; compatible; GPTBot/1.2; +https://openai.com/gptbot)"
