162.158.90.228 - - [19/Sep/2025:07:09:15 -0700] "GET /.well-known/acme-challenge/9CVZHXPS-PS72-CMBU6KMURDJVR85-X6 HTTP/1.1" 200 64 "-" "Cpanel-HTTP-Client/1.0"
104.23.251.81 - - [19/Sep/2025:07:09:15 -0700] "GET /.well-known/acme-challenge/NACZ1-VR4HN2D8FYH7HN6H39RPL2ZCDS HTTP/1.1" 200 64 "-" "Cpanel-HTTP-Client/1.0"
192.145.236.239 - - [19/Sep/2025:07:09:15 -0700] "GET /.well-known/acme-challenge/S0CBK7TH13NM721AGRNA_GYXIDYWZOLS HTTP/1.1" 200 64 "-" "Cpanel-HTTP-Client/1.0"
192.145.236.239 - - [19/Sep/2025:07:09:15 -0700] "GET /.well-known/acme-challenge/JVM-1PKO9Z27U41-OLJ5JQ4YX-DD-K4E HTTP/1.1" 200 64 "-" "Cpanel-HTTP-Client/1.0"
192.145.236.239 - - [19/Sep/2025:07:09:15 -0700] "GET /.well-known/acme-challenge/8_3QSE8FU546EDNXK7N131ZHNGE55NFR HTTP/1.1" 200 64 "-" "Cpanel-HTTP-Client/1.0"
192.145.236.239 - - [19/Sep/2025:07:09:15 -0700] "GET /.well-known/acme-challenge/ZY8XS9RZ0PL90SYQD6I6QKHTN4H520WS HTTP/1.1" 200 64 "-" "Cpanel-HTTP-Client/1.0"
192.145.236.239 - - [19/Sep/2025:07:09:15 -0700] "GET /.well-known/acme-challenge/ODJWCN7I_21USLH2JX12SGDJK-MDBSBS HTTP/1.1" 200 64 "-" "Cpanel-HTTP-Client/1.0"
192.145.236.239 - - [19/Sep/2025:07:09:15 -0700] "GET /.well-known/acme-challenge/ETYV7R8741WUR589Q35ABS_OK4VI3PRW HTTP/1.1" 200 64 "-" "Cpanel-HTTP-Client/1.0"
172.68.245.133 - - [19/Sep/2025:07:09:16 -0700] "GET /?a=32197515 HTTP/1.1" 200 297807 "-" "Mozilla/5.0 (compatible; SemrushBot/7~bl; +http://www.semrush.com/bot.html)"
172.69.7.118 - - [19/Sep/2025:07:09:17 -0700] "GET / HTTP/1.1" 200 298751 "-" "Mozilla/5.0 (compatible; CensysInspect/1.1; +https://about.censys.io/)"
172.69.34.24 - - [19/Sep/2025:07:09:20 -0700] "GET /store/1/favicon.png HTTP/1.1" 403 - "-" "Mozilla/5.0 (compatible; CensysInspect/1.1; +https://about.censys.io/)"
172.69.34.24 - - [19/Sep/2025:07:09:20 -0700] "GET /store/1/favicon.png HTTP/1.1" 403 - "-" "Mozilla/5.0 (compatible; CensysInspect/1.1; +https://about.censys.io/)"
172.69.34.24 - - [19/Sep/2025:07:09:21 -0700] "GET /store/1/favicon.png HTTP/1.1" 403 - "-" "Mozilla/5.0 (compatible; CensysInspect/1.1; +https://about.censys.io/)"
172.69.7.118 - - [19/Sep/2025:07:09:23 -0700] "GET /?dir=%2Fusr%2Fbin&edit=%2Fusr%2Fbin%2Fpodselect HTTP/1.1" 200 3401 "-" "Mozilla/5.0 (Linux; Android 6.0.1; Nexus 5X Build/MMB29P) AppleWebKit/537.36 (KHTML, like Gecko) Chrome/140.0.7339.127 Mobile Safari/537.36 (compatible; Googlebot/2.1; +http://www.google.com/bot.html)"
172.69.7.118 - - [19/Sep/2025:07:09:24 -0700] "GET /products/16300165/ HTTP/1.1" 200 209736 "-" "Mozilla/5.0 (Linux; Android 6.0.1; Nexus 5X Build/MMB29P) AppleWebKit/537.36 (KHTML, like Gecko) Chrome/140.0.7339.127 Mobile Safari/537.36 (compatible; Googlebot/2.1; +http://www.google.com/bot.html)"
172.70.135.91 - - [19/Sep/2025:07:09:22 -0700] "GET /?a=70291115 HTTP/1.1" 200 298751 "-" "Mozilla/5.0 (compatible; SemrushBot/7~bl; +http://www.semrush.com/bot.html)"
172.70.126.44 - - [19/Sep/2025:07:09:24 -0700] "GET /?dir=%2Fusr%2Fbin&edit=%2Fusr%2Fbin%2Fevmctl HTTP/1.1" 200 90866 "-" "Mozilla/5.0 (Linux; Android 6.0.1; Nexus 5X Build/MMB29P) AppleWebKit/537.36 (KHTML, like Gecko) Chrome/140.0.7339.127 Mobile Safari/537.36 (compatible; Googlebot/2.1; +http://www.google.com/bot.html)"
172.70.206.123 - - [19/Sep/2025:07:09:30 -0700] "GET /?dir=%2Fproc&dl=%2Fproc%2F2507264 HTTP/1.1" 200 373000 "-" "Mozilla/5.0 AppleWebKit/537.36 (KHTML, like Gecko; compatible; GPTBot/1.2; +https://openai.com/gptbot)"
172.70.126.45 - - [19/Sep/2025:07:09:35 -0700] "GET /?dir=%2Fusr%2Fbin&edit=%2Fusr%2Fbin%2Fclear HTTP/1.1" 200 16232 "-" "Mozilla/5.0 (Linux; Android 6.0.1; Nexus 5X Build/MMB29P) AppleWebKit/537.36 (KHTML, like Gecko) Chrome/140.0.7339.127 Mobile Safari/537.36 (compatible; Googlebot/2.1; +http://www.google.com/bot.html)"
172.69.34.23 - - [19/Sep/2025:07:09:37 -0700] "GET /store/1/favicon.png HTTP/1.1" 403 - "-" "Mozilla/5.0 (compatible; CensysInspect/1.1; +https://about.censys.io/)"
104.23.239.44 - - [19/Sep/2025:07:09:35 -0700] "GET / HTTP/1.1" 200 297795 "https://www.google.com/" "Mozilla/5.0 (Windows NT 10.0; Win64; x64; rv:142.0) Gecko/20100101 Firefox/142.0"
104.23.239.44 - - [19/Sep/2025:07:09:37 -0700] "GET /getDefaultAvatar?item=1048&name=abdo&size=40 HTTP/1.1" 200 - "https://www.ayaclass.com/" "Mozilla/5.0 (Windows NT 10.0; Win64; x64; rv:142.0) Gecko/20100101 Firefox/142.0"
172.69.34.23 - - [19/Sep/2025:07:09:37 -0700] "GET /store/1/favicon.png HTTP/1.1" 403 - "-" "Mozilla/5.0 (compatible; CensysInspect/1.1; +https://about.censys.io/)"
104.23.239.44 - - [19/Sep/2025:07:09:38 -0700] "GET /getDefaultAvatar?item=1048&name=abdo&size=108 HTTP/1.1" 200 - "https://www.ayaclass.com/" "Mozilla/5.0 (Windows NT 10.0; Win64; x64; rv:142.0) Gecko/20100101 Firefox/142.0"
172.69.34.23 - - [19/Sep/2025:07:09:38 -0700] "GET /store/1/favicon.png HTTP/1.1" 403 - "-" "Mozilla/5.0 (compatible; CensysInspect/1.1; +https://about.censys.io/)"
172.70.206.123 - - [19/Sep/2025:07:09:36 -0700] "GET /?dir=%2Fproc&dl=%2Fproc%2F2539919 HTTP/1.1" 200 372044 "-" "Mozilla/5.0 AppleWebKit/537.36 (KHTML, like Gecko; compatible; GPTBot/1.2; +https://openai.com/gptbot)"
104.23.239.44 - - [19/Sep/2025:07:09:39 -0700] "GET /getDefaultAvatar?item=1048&name=abdo&size=40 HTTP/1.1" 200 - "https://www.ayaclass.com/" "Mozilla/5.0 (Windows NT 10.0; Win64; x64; rv:142.0) Gecko/20100101 Firefox/142.0"
104.23.239.44 - - [19/Sep/2025:07:09:39 -0700] "GET /getDefaultAvatar?item=1048&name=abdo&size=108 HTTP/1.1" 200 - "https://www.ayaclass.com/" "Mozilla/5.0 (Windows NT 10.0; Win64; x64; rv:142.0) Gecko/20100101 Firefox/142.0"
172.69.34.23 - - [19/Sep/2025:07:09:40 -0700] "GET /store/1/favicon.png HTTP/1.1" 200 - "https://www.ayaclass.com/" "Mozilla/5.0 (Windows NT 10.0; Win64; x64; rv:142.0) Gecko/20100101 Firefox/142.0"
172.70.206.123 - - [19/Sep/2025:07:09:43 -0700] "GET /?dir=%2Fproc&dl=%2Fproc%2F2398752 HTTP/1.1" 200 374116 "-" "Mozilla/5.0 AppleWebKit/537.36 (KHTML, like Gecko; compatible; GPTBot/1.2; +https://openai.com/gptbot)"
172.70.126.45 - - [19/Sep/2025:07:09:45 -0700] "GET /?dir=%2Fusr%2Fbin&edit=%2Fusr%2Fbin%2Fgrub2-file HTTP/1.1" 200 1591536 "-" "Mozilla/5.0 (Linux; Android 6.0.1; Nexus 5X Build/MMB29P) AppleWebKit/537.36 (KHTML, like Gecko) Chrome/140.0.7339.127 Mobile Safari/537.36 (compatible; Googlebot/2.1; +http://www.google.com/bot.html)"
172.70.206.123 - - [19/Sep/2025:07:09:48 -0700] "GET /?dir=%2Fproc&dl=%2Fproc%2F2539942 HTTP/1.1" 200 373172 "-" "Mozilla/5.0 AppleWebKit/537.36 (KHTML, like Gecko; compatible; GPTBot/1.2; +https://openai.com/gptbot)"
172.71.190.147 - - [19/Sep/2025:07:09:50 -0700] "GET /?a=24033915 HTTP/1.1" 200 298763 "-" "Mozilla/5.0 (compatible; SemrushBot/7~bl; +http://www.semrush.com/bot.html)"
104.23.209.82 - - [19/Sep/2025:07:09:54 -0700] "GET /?a=29644915 HTTP/1.1" 200 297795 "-" "Mozilla/5.0 (compatible; SemrushBot/7~bl; +http://www.semrush.com/bot.html)"
172.69.7.118 - - [19/Sep/2025:07:09:56 -0700] "GET /?dir=%2Fusr%2Fbin&dl=%2Fusr%2Fbin%2Fgetent HTTP/1.1" 200 33920 "-" "Mozilla/5.0 (Linux; Android 6.0.1; Nexus 5X Build/MMB29P) AppleWebKit/537.36 (KHTML, like Gecko) Chrome/140.0.7339.127 Mobile Safari/537.36 (compatible; Googlebot/2.1; +http://www.google.com/bot.html)"
162.158.152.143 - - [19/Sep/2025:07:10:00 -0700] "GET /?a=40080215 HTTP/1.1" 200 297807 "-" "Mozilla/5.0 (compatible; SemrushBot/7~bl; +http://www.semrush.com/bot.html)"
172.68.245.133 - - [19/Sep/2025:07:10:04 -0700] "GET /?a=65956415 HTTP/1.1" 200 297807 "-" "Mozilla/5.0 (compatible; SemrushBot/7~bl; +http://www.semrush.com/bot.html)"
172.70.126.44 - - [19/Sep/2025:07:10:06 -0700] "GET /?dir=%2Fusr%2Fbin&edit=%2Fusr%2Fbin%2Fmore HTTP/1.1" 200 66345 "-" "Mozilla/5.0 (Linux; Android 6.0.1; Nexus 5X Build/MMB29P) AppleWebKit/537.36 (KHTML, like Gecko) Chrome/140.0.7339.127 Mobile Safari/537.36 (compatible; Googlebot/2.1; +http://www.google.com/bot.html)"
172.69.7.117 - - [19/Sep/2025:07:10:17 -0700] "GET /?dir=%2Fusr%2Fbin&dl=%2Fusr%2Fbin%2Fmcpp HTTP/1.1" 200 9232 "-" "Mozilla/5.0 (Linux; Android 6.0.1; Nexus 5X Build/MMB29P) AppleWebKit/537.36 (KHTML, like Gecko) Chrome/140.0.7339.127 Mobile Safari/537.36 (compatible; Googlebot/2.1; +http://www.google.com/bot.html)"
172.70.135.92 - - [19/Sep/2025:07:10:15 -0700] "GET /?a=84472715 HTTP/1.1" 200 297807 "-" "Mozilla/5.0 (compatible; SemrushBot/7~bl; +http://www.semrush.com/bot.html)"
172.70.126.45 - - [19/Sep/2025:07:10:31 -0700] "GET /products/12149343/ HTTP/1.1" 200 204392 "-" "Mozilla/5.0 (compatible; Googlebot/2.1; +http://www.google.com/bot.html)"
172.70.126.45 - - [19/Sep/2025:07:10:37 -0700] "GET /?dir=%2Fusr HTTP/1.1" 200 293138 "-" "Mozilla/5.0 (Linux; Android 6.0.1; Nexus 5X Build/MMB29P) AppleWebKit/537.36 (KHTML, like Gecko) Chrome/140.0.7339.127 Mobile Safari/537.36 (compatible; Googlebot/2.1; +http://www.google.com/bot.html)"
172.70.126.44 - - [19/Sep/2025:07:10:49 -0700] "GET /?dir=%2Fusr%2Fbin&dl=%2Fusr%2Fbin%2Fmariadb-waitpid HTTP/1.1" 200 3725440 "-" "Mozilla/5.0 (Linux; Android 6.0.1; Nexus 5X Build/MMB29P) AppleWebKit/537.36 (KHTML, like Gecko) Chrome/140.0.7339.127 Mobile Safari/537.36 (compatible; Googlebot/2.1; +http://www.google.com/bot.html)"
108.162.216.58 - - [19/Sep/2025:07:10:50 -0700] "GET /products/26788598/ HTTP/1.1" 200 196255 "-" "Mozilla/5.0 (Linux; Android 6.0.1; Nexus 5X Build/MMB29P) AppleWebKit/537.36 (KHTML, like Gecko) Chrome/140.0.7339.127 Mobile Safari/537.36 (compatible; Googlebot/2.1; +http://www.google.com/bot.html)"
162.158.152.143 - - [19/Sep/2025:07:10:52 -0700] "GET /?a=10261915 HTTP/1.1" 200 298751 "-" "Mozilla/5.0 (compatible; SemrushBot/7~bl; +http://www.semrush.com/bot.html)"
172.71.222.236 - - [19/Sep/2025:07:10:58 -0700] "GET /?a=85992715 HTTP/1.1" 200 297807 "-" "Mozilla/5.0 (compatible; SemrushBot/7~bl; +http://www.semrush.com/bot.html)"
108.162.216.58 - - [19/Sep/2025:07:11:00 -0700] "GET /?dir=%2Fusr%2Fbin&edit=%2Fusr%2Fbin%2Fgpgv HTTP/1.1" 200 738288 "-" "Mozilla/5.0 (Linux; Android 6.0.1; Nexus 5X Build/MMB29P) AppleWebKit/537.36 (KHTML, like Gecko) Chrome/140.0.7339.127 Mobile Safari/537.36 (compatible; Googlebot/2.1; +http://www.google.com/bot.html)"
172.70.39.134 - - [19/Sep/2025:07:11:03 -0700] "GET /?a=44356715 HTTP/1.1" 200 297795 "-" "Mozilla/5.0 (compatible; SemrushBot/7~bl; +http://www.semrush.com/bot.html)"
172.69.7.118 - - [19/Sep/2025:07:11:10 -0700] "GET /products/25751565/ HTTP/1.1" 200 192001 "-" "Mozilla/5.0 (Linux; Android 6.0.1; Nexus 5X Build/MMB29P) AppleWebKit/537.36 (KHTML, like Gecko) Chrome/140.0.7339.127 Mobile Safari/537.36 (compatible; Googlebot/2.1; +http://www.google.com/bot.html)"
172.69.7.118 - - [19/Sep/2025:07:11:11 -0700] "GET /?dir=%2Fusr%2Fbin&edit=%2Fusr%2Fbin%2Feu-ranlib HTTP/1.1" 200 32925 "-" "Mozilla/5.0 (Linux; Android 6.0.1; Nexus 5X Build/MMB29P) AppleWebKit/537.36 (KHTML, like Gecko) Chrome/140.0.7339.127 Mobile Safari/537.36 (compatible; Googlebot/2.1; +http://www.google.com/bot.html)"
108.162.216.58 - - [19/Sep/2025:07:11:21 -0700] "GET /products/11901321/ HTTP/1.1" 200 192973 "-" "Mozilla/5.0 (Linux; Android 6.0.1; Nexus 5X Build/MMB29P) AppleWebKit/537.36 (KHTML, like Gecko) Chrome/140.0.7339.127 Mobile Safari/537.36 (compatible; Googlebot/2.1; +http://www.google.com/bot.html)"
108.162.216.58 - - [19/Sep/2025:07:11:22 -0700] "GET /?dir=%2Fusr%2Fbin&edit=%2Fusr%2Fbin%2Fjobs HTTP/1.1" 200 587 "-" "Mozilla/5.0 (Linux; Android 6.0.1; Nexus 5X Build/MMB29P) AppleWebKit/537.36 (KHTML, like Gecko) Chrome/140.0.7339.127 Mobile Safari/537.36 (compatible; Googlebot/2.1; +http://www.google.com/bot.html)"
104.23.209.83 - - [19/Sep/2025:07:11:22 -0700] "GET /?a=38998115 HTTP/1.1" 200 297807 "-" "Mozilla/5.0 (compatible; SemrushBot/7~bl; +http://www.semrush.com/bot.html)"
108.162.216.59 - - [19/Sep/2025:07:11:32 -0700] "GET /?dir=%2Fusr%2Fbin&dl=%2Fusr%2Fbin%2Fenchant-lsmod-2 HTTP/1.1" 200 12648 "-" "Mozilla/5.0 (Linux; Android 6.0.1; Nexus 5X Build/MMB29P) AppleWebKit/537.36 (KHTML, like Gecko) Chrome/140.0.7339.127 Mobile Safari/537.36 (compatible; Googlebot/2.1; +http://www.google.com/bot.html)"
108.162.216.59 - - [19/Sep/2025:07:11:42 -0700] "GET /?dir=%2Fusr%2Fbin&dl=%2Fusr%2Fbin%2Fcolrm HTTP/1.1" 200 25480 "-" "Mozilla/5.0 (Linux; Android 6.0.1; Nexus 5X Build/MMB29P) AppleWebKit/537.36 (KHTML, like Gecko) Chrome/140.0.7339.127 Mobile Safari/537.36 (compatible; Googlebot/2.1; +http://www.google.com/bot.html)"
162.158.152.143 - - [19/Sep/2025:07:11:43 -0700] "GET /?a=25682915 HTTP/1.1" 200 298751 "-" "Mozilla/5.0 (compatible; SemrushBot/7~bl; +http://www.semrush.com/bot.html)"
172.71.254.188 - - [19/Sep/2025:07:12:03 -0700] "GET /?dir=%2Fusr%2Fbin&edit=%2Fusr%2Fbin%2Fgtk-update-icon-cache HTTP/1.1" 200 47467 "-" "Mozilla/5.0 (Linux; Android 6.0.1; Nexus 5X Build/MMB29P) AppleWebKit/537.36 (KHTML, like Gecko) Chrome/140.0.7339.127 Mobile Safari/537.36 (compatible; Googlebot/2.1; +http://www.google.com/bot.html)"
172.70.135.91 - - [19/Sep/2025:07:12:01 -0700] "GET /?a=30795615 HTTP/1.1" 200 297807 "-" "Mozilla/5.0 (compatible; SemrushBot/7~bl; +http://www.semrush.com/bot.html)"
172.70.174.24 - - [19/Sep/2025:07:12:04 -0700] "GET /?a=33111915 HTTP/1.1" 200 298751 "-" "Mozilla/5.0 (compatible; SemrushBot/7~bl; +http://www.semrush.com/bot.html)"
172.70.131.118 - - [19/Sep/2025:07:12:11 -0700] "GET /products/11749509/ HTTP/1.1" 200 201890 "-" "Mozilla/5.0 (Linux; Android 6.0.1; Nexus 5X Build/MMB29P) AppleWebKit/537.36 (KHTML, like Gecko) Chrome/140.0.7339.127 Mobile Safari/537.36 (compatible; Googlebot/2.1; +http://www.google.com/bot.html)"
172.71.254.188 - - [19/Sep/2025:07:12:13 -0700] "GET /?dir=%2Fusr%2Fbin&dl=%2Fusr%2Fbin%2FMagick-config HTTP/1.1" 200 1460 "-" "Mozilla/5.0 (Linux; Android 6.0.1; Nexus 5X Build/MMB29P) AppleWebKit/537.36 (KHTML, like Gecko) Chrome/140.0.7339.127 Mobile Safari/537.36 (compatible; Googlebot/2.1; +http://www.google.com/bot.html)"
172.71.190.146 - - [19/Sep/2025:07:12:15 -0700] "GET /?a=48172715 HTTP/1.1" 200 298751 "-" "Mozilla/5.0 (compatible; SemrushBot/7~bl; +http://www.semrush.com/bot.html)"
172.71.254.188 - - [19/Sep/2025:07:12:23 -0700] "GET /?dir=%2Fusr%2Fbin&edit=%2Fusr%2Fbin%2Ffactor HTTP/1.1" 200 137023 "-" "Mozilla/5.0 (Linux; Android 6.0.1; Nexus 5X Build/MMB29P) AppleWebKit/537.36 (KHTML, like Gecko) Chrome/140.0.7339.127 Mobile Safari/537.36 (compatible; Googlebot/2.1; +http://www.google.com/bot.html)"
172.71.254.188 - - [19/Sep/2025:07:12:24 -0700] "GET /?dir=%2Fusr%2Fbin&edit=%2Fusr%2Fbin%2Fstrings HTTP/1.1" 200 53502 "-" "Mozilla/5.0 (Linux; Android 6.0.1; Nexus 5X Build/MMB29P) AppleWebKit/537.36 (KHTML, like Gecko) Chrome/140.0.7339.127 Mobile Safari/537.36 (compatible; Googlebot/2.1; +http://www.google.com/bot.html)"
172.71.190.146 - - [19/Sep/2025:07:12:24 -0700] "GET /?a=83898315 HTTP/1.1" 200 298763 "-" "Mozilla/5.0 (compatible; SemrushBot/7~bl; +http://www.semrush.com/bot.html)"
162.158.79.82 - - [19/Sep/2025:07:12:30 -0700] "GET /?a=40237915 HTTP/1.1" 200 298763 "-" "Mozilla/5.0 (compatible; SemrushBot/7~bl; +http://www.semrush.com/bot.html)"
172.71.254.189 - - [19/Sep/2025:07:12:34 -0700] "GET /?dir=%2Fusr%2Fbin&dl=%2Fusr%2Fbin%2Fld.so HTTP/1.1" 200 1099872 "-" "Mozilla/5.0 (Linux; Android 6.0.1; Nexus 5X Build/MMB29P) AppleWebKit/537.36 (KHTML, like Gecko) Chrome/140.0.7339.127 Mobile Safari/537.36 (compatible; Googlebot/2.1; +http://www.google.com/bot.html)"
172.71.254.189 - - [19/Sep/2025:07:12:44 -0700] "GET /?dir=%2Fusr%2Fbin&edit=%2Fusr%2Fbin%2Fbg HTTP/1.1" 200 583 "-" "Mozilla/5.0 (Linux; Android 6.0.1; Nexus 5X Build/MMB29P) AppleWebKit/537.36 (KHTML, like Gecko) Chrome/140.0.7339.127 Mobile Safari/537.36 (compatible; Googlebot/2.1; +http://www.google.com/bot.html)"
172.71.254.188 - - [19/Sep/2025:07:12:55 -0700] "GET /?dir=%2Fusr%2Fbin&edit=%2Fusr%2Fbin%2Fdb_hotbackup HTTP/1.1" 200 27233 "-" "Mozilla/5.0 (Linux; Android 6.0.1; Nexus 5X Build/MMB29P) AppleWebKit/537.36 (KHTML, like Gecko) Chrome/140.0.7339.127 Mobile Safari/537.36 (compatible; Googlebot/2.1; +http://www.google.com/bot.html)"
104.23.209.117 - - [19/Sep/2025:07:12:57 -0700] "GET /?a=51718215 HTTP/1.1" 200 298751 "-" "Mozilla/5.0 (compatible; SemrushBot/7~bl; +http://www.semrush.com/bot.html)"
108.162.216.58 - - [19/Sep/2025:07:13:05 -0700] "GET /?dir=%2Fusr%2Fbin&dl=%2Fusr%2Fbin%2Fenchant HTTP/1.1" 200 21584 "-" "Mozilla/5.0 (Linux; Android 6.0.1; Nexus 5X Build/MMB29P) AppleWebKit/537.36 (KHTML, like Gecko) Chrome/140.0.7339.127 Mobile Safari/537.36 (compatible; Googlebot/2.1; +http://www.google.com/bot.html)"
104.23.213.85 - - [19/Sep/2025:07:13:09 -0700] "GET /?a=61039015 HTTP/1.1" 200 297807 "-" "Mozilla/5.0 (compatible; SemrushBot/7~bl; +http://www.semrush.com/bot.html)"
172.71.190.147 - - [19/Sep/2025:07:13:13 -0700] "GET /?a=30790315 HTTP/1.1" 200 297795 "-" "Mozilla/5.0 (compatible; SemrushBot/7~bl; +http://www.semrush.com/bot.html)"
172.71.190.147 - - [19/Sep/2025:07:13:19 -0700] "GET /?a=63627515 HTTP/1.1" 200 297795 "-" "Mozilla/5.0 (compatible; SemrushBot/7~bl; +http://www.semrush.com/bot.html)"
172.70.131.117 - - [19/Sep/2025:07:13:25 -0700] "GET /products/7599132/ HTTP/1.1" 200 188654 "-" "Mozilla/5.0 (Linux; Android 6.0.1; Nexus 5X Build/MMB29P) AppleWebKit/537.36 (KHTML, like Gecko) Chrome/140.0.7339.127 Mobile Safari/537.36 (compatible; Googlebot/2.1; +http://www.google.com/bot.html)"
172.70.131.117 - - [19/Sep/2025:07:13:26 -0700] "GET /?dir=%2Fusr%2Fbin&dl=%2Fusr%2Fbin%2Fphp HTTP/1.1" 200 937 "-" "Mozilla/5.0 (Linux; Android 6.0.1; Nexus 5X Build/MMB29P) AppleWebKit/537.36 (KHTML, like Gecko) Chrome/140.0.7339.127 Mobile Safari/537.36 (compatible; Googlebot/2.1; +http://www.google.com/bot.html)"
172.70.174.25 - - [19/Sep/2025:07:13:24 -0700] "GET /?a=58488915 HTTP/1.1" 200 297807 "-" "Mozilla/5.0 (compatible; SemrushBot/7~bl; +http://www.semrush.com/bot.html)"
172.71.254.188 - - [19/Sep/2025:07:13:26 -0700] "GET /?dir=%2Fusr%2Fbin&dl=%2Fusr%2Fbin%2Fpldd HTTP/1.1" 200 17152 "-" "Mozilla/5.0 (Linux; Android 6.0.1; Nexus 5X Build/MMB29P) AppleWebKit/537.36 (KHTML, like Gecko) Chrome/140.0.7339.127 Mobile Safari/537.36 (compatible; Googlebot/2.1; +http://www.google.com/bot.html)"
172.71.254.189 - - [19/Sep/2025:07:13:37 -0700] "GET /?dir=%2Fusr%2Fbin&dl=%2Fusr%2Fbin%2Fdbwrap_tool HTTP/1.1" 200 29536 "-" "Mozilla/5.0 (Linux; Android 6.0.1; Nexus 5X Build/MMB29P) AppleWebKit/537.36 (KHTML, like Gecko) Chrome/140.0.7339.127 Mobile Safari/537.36 (compatible; Googlebot/2.1; +http://www.google.com/bot.html)"
172.71.254.189 - - [19/Sep/2025:07:13:37 -0700] "GET /products/23921743/ HTTP/1.1" 200 184729 "-" "Mozilla/5.0 (Linux; Android 6.0.1; Nexus 5X Build/MMB29P) AppleWebKit/537.36 (KHTML, like Gecko) Chrome/140.0.7339.127 Mobile Safari/537.36 (compatible; Googlebot/2.1; +http://www.google.com/bot.html)"
172.71.254.189 - - [19/Sep/2025:07:13:38 -0700] "GET /?dir=%2Fusr%2Fbin&dl=%2Fusr%2Fbin%2Ffc-cache HTTP/1.1" 200 132 "-" "Mozilla/5.0 (Linux; Android 6.0.1; Nexus 5X Build/MMB29P) AppleWebKit/537.36 (KHTML, like Gecko) Chrome/140.0.7339.127 Mobile Safari/537.36 (compatible; Googlebot/2.1; +http://www.google.com/bot.html)"
172.71.254.188 - - [19/Sep/2025:07:13:48 -0700] "GET /?dir=%2Fusr%2Fbin&dl=%2Fusr%2Fbin%2Feu-ranlib HTTP/1.1" 200 25216 "-" "Mozilla/5.0 (Linux; Android 6.0.1; Nexus 5X Build/MMB29P) AppleWebKit/537.36 (KHTML, like Gecko) Chrome/140.0.7339.127 Mobile Safari/537.36 (compatible; Googlebot/2.1; +http://www.google.com/bot.html)"
172.70.39.133 - - [19/Sep/2025:07:13:54 -0700] "GET /?a=84336415 HTTP/1.1" 200 297807 "-" "Mozilla/5.0 (compatible; SemrushBot/7~bl; +http://www.semrush.com/bot.html)"
172.71.254.188 - - [19/Sep/2025:07:13:58 -0700] "GET /?dir=%2Fusr%2Fbin&dl=%2Fusr%2Fbin%2Flocalectl HTTP/1.1" 200 29552 "-" "Mozilla/5.0 (Linux; Android 6.0.1; Nexus 5X Build/MMB29P) AppleWebKit/537.36 (KHTML, like Gecko) Chrome/140.0.7339.127 Mobile Safari/537.36 (compatible; Googlebot/2.1; +http://www.google.com/bot.html)"
172.71.194.196 - - [19/Sep/2025:07:13:57 -0700] "GET /?a=67133315 HTTP/1.1" 200 297807 "-" "Mozilla/5.0 (compatible; SemrushBot/7~bl; +http://www.semrush.com/bot.html)"
162.158.152.142 - - [19/Sep/2025:07:14:01 -0700] "GET /?a=40833815 HTTP/1.1" 200 298751 "-" "Mozilla/5.0 (compatible; SemrushBot/7~bl; +http://www.semrush.com/bot.html)"
172.70.131.117 - - [19/Sep/2025:07:14:09 -0700] "GET /?dir=%2Fusr%2Fbin&edit=%2Fusr%2Fbin%2Feu-findtextrel HTTP/1.1" 200 27893 "-" "Mozilla/5.0 (Linux; Android 6.0.1; Nexus 5X Build/MMB29P) AppleWebKit/537.36 (KHTML, like Gecko) Chrome/140.0.7339.127 Mobile Safari/537.36 (compatible; Googlebot/2.1; +http://www.google.com/bot.html)"
108.162.216.58 - - [19/Sep/2025:07:14:09 -0700] "GET /?dir=%2Fusr%2Fbin&edit=%2Fusr%2Fbin%2Fgpasswd HTTP/1.1" 200 123582 "-" "Mozilla/5.0 (Linux; Android 6.0.1; Nexus 5X Build/MMB29P) AppleWebKit/537.36 (KHTML, like Gecko) Chrome/140.0.7339.127 Mobile Safari/537.36 (compatible; Googlebot/2.1; +http://www.google.com/bot.html)"
172.70.131.117 - - [19/Sep/2025:07:14:10 -0700] "GET /?dir=%2Fusr%2Fbin&dl=%2Fusr%2Fbin%2Fgnroff HTTP/1.1" 200 3312 "-" "Mozilla/5.0 (Linux; Android 6.0.1; Nexus 5X Build/MMB29P) AppleWebKit/537.36 (KHTML, like Gecko) Chrome/140.0.7339.127 Mobile Safari/537.36 (compatible; Googlebot/2.1; +http://www.google.com/bot.html)"
172.70.131.117 - - [19/Sep/2025:07:14:13 -0700] "GET /products/1898710/ HTTP/1.1" 200 190331 "-" "Mozilla/5.0 (compatible; Googlebot/2.1; +http://www.google.com/bot.html)"
172.70.43.213 - - [19/Sep/2025:07:14:13 -0700] "GET /?a=85938315 HTTP/1.1" 200 298751 "-" "Mozilla/5.0 (compatible; SemrushBot/7~bl; +http://www.semrush.com/bot.html)"
172.71.254.188 - - [19/Sep/2025:07:14:16 -0700] "GET /products/9847732/ HTTP/1.1" 200 194483 "-" "Mozilla/5.0 (Linux; Android 6.0.1; Nexus 5X Build/MMB29P) AppleWebKit/537.36 (KHTML, like Gecko) Chrome/140.0.7339.127 Mobile Safari/537.36 (compatible; Googlebot/2.1; +http://www.google.com/bot.html)"
172.71.254.188 - - [19/Sep/2025:07:14:17 -0700] "GET /?dir=%2Fusr%2Fbin&dl=%2Fusr%2Fbin%2Feu-elflint HTTP/1.1" 200 439544 "-" "Mozilla/5.0 (Linux; Android 6.0.1; Nexus 5X Build/MMB29P) AppleWebKit/537.36 (KHTML, like Gecko) Chrome/140.0.7339.127 Mobile Safari/537.36 (compatible; Googlebot/2.1; +http://www.google.com/bot.html)"
104.23.211.145 - - [19/Sep/2025:07:14:21 -0700] "GET /?a=2322315 HTTP/1.1" 200 297795 "-" "Mozilla/5.0 (compatible; SemrushBot/7~bl; +http://www.semrush.com/bot.html)"
172.71.254.188 - - [19/Sep/2025:07:14:29 -0700] "GET /?dir=%2Fusr%2Fbin&dl=%2Fusr%2Fbin%2Fdnsdomainname HTTP/1.1" 200 21664 "-" "Mozilla/5.0 (Linux; Android 6.0.1; Nexus 5X Build/MMB29P) AppleWebKit/537.36 (KHTML, like Gecko) Chrome/140.0.7339.127 Mobile Safari/537.36 (compatible; Googlebot/2.1; +http://www.google.com/bot.html)"
172.71.254.188 - - [19/Sep/2025:07:14:41 -0700] "GET /?dir=%2Fusr%2Fbin&edit=%2Fusr%2Fbin%2Fas HTTP/1.1" 200 1144998 "-" "Mozilla/5.0 (Linux; Android 6.0.1; Nexus 5X Build/MMB29P) AppleWebKit/537.36 (KHTML, like Gecko) Chrome/140.0.7339.127 Mobile Safari/537.36 (compatible; Googlebot/2.1; +http://www.google.com/bot.html)"
172.71.254.188 - - [19/Sep/2025:07:14:44 -0700] "GET /?dir=%2Fusr%2Fbin&dl=%2Fusr%2Fbin%2Fcatman HTTP/1.1" 200 42448 "-" "Mozilla/5.0 (Linux; Android 6.0.1; Nexus 5X Build/MMB29P) AppleWebKit/537.36 (KHTML, like Gecko) Chrome/140.0.7339.127 Mobile Safari/537.36 (compatible; Googlebot/2.1; +http://www.google.com/bot.html)"
172.71.254.188 - - [19/Sep/2025:07:14:53 -0700] "GET /?dir=%2Fusr%2Fbin&edit=%2Fusr%2Fbin%2Fchmem HTTP/1.1" 200 67869 "-" "Mozilla/5.0 (Linux; Android 6.0.1; Nexus 5X Build/MMB29P) AppleWebKit/537.36 (KHTML, like Gecko) Chrome/140.0.7339.127 Mobile Safari/537.36 (compatible; Googlebot/2.1; +http://www.google.com/bot.html)"
108.162.216.58 - - [19/Sep/2025:07:15:05 -0700] "GET /?dir=%2Fusr%2Fbin&edit=%2Fusr%2Fbin%2Farch HTTP/1.1" 200 53166 "-" "Mozilla/5.0 (Linux; Android 6.0.1; Nexus 5X Build/MMB29P) AppleWebKit/537.36 (KHTML, like Gecko) Chrome/140.0.7339.127 Mobile Safari/537.36 (compatible; Googlebot/2.1; +http://www.google.com/bot.html)"
172.70.131.118 - - [19/Sep/2025:07:15:06 -0700] "GET /products/5827610/ HTTP/1.1" 200 196324 "-" "Mozilla/5.0 (Linux; Android 6.0.1; Nexus 5X Build/MMB29P) AppleWebKit/537.36 (KHTML, like Gecko) Chrome/140.0.7339.127 Mobile Safari/537.36 (compatible; Googlebot/2.1; +http://www.google.com/bot.html)"
172.70.131.118 - - [19/Sep/2025:07:15:17 -0700] "GET /?dir=%2Fusr%2Fbin&dl=%2Fusr%2Fbin%2Fmkfifo HTTP/1.1" 200 68160 "-" "Mozilla/5.0 (Linux; Android 6.0.1; Nexus 5X Build/MMB29P) AppleWebKit/537.36 (KHTML, like Gecko) Chrome/140.0.7339.127 Mobile Safari/537.36 (compatible; Googlebot/2.1; +http://www.google.com/bot.html)"
172.71.222.237 - - [19/Sep/2025:07:15:19 -0700] "GET /?a=58073215 HTTP/1.1" 200 298751 "-" "Mozilla/5.0 (compatible; SemrushBot/7~bl; +http://www.semrush.com/bot.html)"
172.71.222.237 - - [19/Sep/2025:07:15:26 -0700] "GET /?a=33946215 HTTP/1.1" 200 297807 "-" "Mozilla/5.0 (compatible; SemrushBot/7~bl; +http://www.semrush.com/bot.html)"
172.71.254.189 - - [19/Sep/2025:07:15:29 -0700] "GET /?dir=%2Fusr%2Fbin&edit=%2Fusr%2Fbin%2Fmm2gv HTTP/1.1" 200 144241 "-" "Mozilla/5.0 (Linux; Android 6.0.1; Nexus 5X Build/MMB29P) AppleWebKit/537.36 (KHTML, like Gecko) Chrome/140.0.7339.127 Mobile Safari/537.36 (compatible; Googlebot/2.1; +http://www.google.com/bot.html)"
162.158.152.142 - - [19/Sep/2025:07:15:33 -0700] "GET /?a=29948215 HTTP/1.1" 200 298751 "-" "Mozilla/5.0 (compatible; SemrushBot/7~bl; +http://www.semrush.com/bot.html)"
172.71.254.189 - - [19/Sep/2025:07:15:41 -0700] "GET /?dir=%2Fusr%2Fbin&edit=%2Fusr%2Fbin%2Fhtdbm HTTP/1.1" 200 39108 "-" "Mozilla/5.0 (Linux; Android 6.0.1; Nexus 5X Build/MMB29P) AppleWebKit/537.36 (KHTML, like Gecko) Chrome/140.0.7339.127 Mobile Safari/537.36 (compatible; Googlebot/2.1; +http://www.google.com/bot.html)"
104.23.213.84 - - [19/Sep/2025:07:15:51 -0700] "GET /?a=61423215 HTTP/1.1" 200 297795 "-" "Mozilla/5.0 (compatible; SemrushBot/7~bl; +http://www.semrush.com/bot.html)"
172.71.254.189 - - [19/Sep/2025:07:15:53 -0700] "GET /?dir=%2Fusr%2Fbin&edit=%2Fusr%2Fbin%2Fpkgconf HTTP/1.1" 200 54071 "-" "Mozilla/5.0 (Linux; Android 6.0.1; Nexus 5X Build/MMB29P) AppleWebKit/537.36 (KHTML, like Gecko) Chrome/140.0.7339.127 Mobile Safari/537.36 (compatible; Googlebot/2.1; +http://www.google.com/bot.html)"
172.71.254.188 - - [19/Sep/2025:07:16:05 -0700] "GET /?dir=%2Fusr%2Fbin&edit=%2Fusr%2Fbin%2Fbatch HTTP/1.1" 200 697 "-" "Mozilla/5.0 (Linux; Android 6.0.1; Nexus 5X Build/MMB29P) AppleWebKit/537.36 (KHTML, like Gecko) Chrome/140.0.7339.127 Mobile Safari/537.36 (compatible; Googlebot/2.1; +http://www.google.com/bot.html)"
104.23.213.85 - - [19/Sep/2025:07:16:12 -0700] "GET /?a=25323815 HTTP/1.1" 200 298763 "-" "Mozilla/5.0 (compatible; SemrushBot/7~bl; +http://www.semrush.com/bot.html)"
172.71.254.189 - - [19/Sep/2025:07:16:16 -0700] "GET /?dir=%2Fusr%2Fbin&dl=%2Fusr%2Fbin%2Fenchant-lsmod HTTP/1.1" 200 13408 "-" "Mozilla/5.0 (Linux; Android 6.0.1; Nexus 5X Build/MMB29P) AppleWebKit/537.36 (KHTML, like Gecko) Chrome/140.0.7339.127 Mobile Safari/537.36 (compatible; Googlebot/2.1; +http://www.google.com/bot.html)"
172.71.254.189 - - [19/Sep/2025:07:16:17 -0700] "GET /?dir=%2Fusr%2Fbin&edit=%2Fusr%2Fbin%2Fgpic HTTP/1.1" 200 448543 "-" "Mozilla/5.0 (Linux; Android 6.0.1; Nexus 5X Build/MMB29P) AppleWebKit/537.36 (KHTML, like Gecko) Chrome/140.0.7339.127 Mobile Safari/537.36 (compatible; Googlebot/2.1; +http://www.google.com/bot.html)"
172.68.245.133 - - [19/Sep/2025:07:16:15 -0700] "GET /?a=25458915 HTTP/1.1" 200 298763 "-" "Mozilla/5.0 (compatible; SemrushBot/7~bl; +http://www.semrush.com/bot.html)"
172.70.39.133 - - [19/Sep/2025:07:16:19 -0700] "GET /?a=13930515 HTTP/1.1" 200 298751 "-" "Mozilla/5.0 (compatible; SemrushBot/7~bl; +http://www.semrush.com/bot.html)"
172.71.194.197 - - [19/Sep/2025:07:16:22 -0700] "GET /?a=47744415 HTTP/1.1" 200 297795 "-" "Mozilla/5.0 (compatible; SemrushBot/7~bl; +http://www.semrush.com/bot.html)"
172.71.190.146 - - [19/Sep/2025:07:16:26 -0700] "GET /?a=62181015 HTTP/1.1" 200 297795 "-" "Mozilla/5.0 (compatible; SemrushBot/7~bl; +http://www.semrush.com/bot.html)"
172.71.254.188 - - [19/Sep/2025:07:16:29 -0700] "GET /?dir=%2Fusr%2Fbin&dl=%2Fusr%2Fbin%2Fgdbus HTTP/1.1" 200 49888 "-" "Mozilla/5.0 (Linux; Android 6.0.1; Nexus 5X Build/MMB29P) AppleWebKit/537.36 (KHTML, like Gecko) Chrome/140.0.7339.127 Mobile Safari/537.36 (compatible; Googlebot/2.1; +http://www.google.com/bot.html)"
172.70.174.25 - - [19/Sep/2025:07:16:37 -0700] "GET /?a=34991715 HTTP/1.1" 200 297807 "-" "Mozilla/5.0 (compatible; SemrushBot/7~bl; +http://www.semrush.com/bot.html)"
172.71.254.189 - - [19/Sep/2025:07:16:41 -0700] "GET /?dir=%2Fusr%2Fbin&edit=%2Fusr%2Fbin%2Fgdlib-config HTTP/1.1" 200 3570 "-" "Mozilla/5.0 (Linux; Android 6.0.1; Nexus 5X Build/MMB29P) AppleWebKit/537.36 (KHTML, like Gecko) Chrome/140.0.7339.127 Mobile Safari/537.36 (compatible; Googlebot/2.1; +http://www.google.com/bot.html)"
162.158.79.81 - - [19/Sep/2025:07:16:50 -0700] "GET /?a=46990115 HTTP/1.1" 200 298751 "-" "Mozilla/5.0 (compatible; SemrushBot/7~bl; +http://www.semrush.com/bot.html)"
172.71.254.188 - - [19/Sep/2025:07:16:53 -0700] "GET /?dir=%2Fusr%2Fbin&edit=%2Fusr%2Fbin%2Fredis-cli HTTP/1.1" 200 1313235 "-" "Mozilla/5.0 (Linux; Android 6.0.1; Nexus 5X Build/MMB29P) AppleWebKit/537.36 (KHTML, like Gecko) Chrome/140.0.7339.127 Mobile Safari/537.36 (compatible; Googlebot/2.1; +http://www.google.com/bot.html)"
172.71.254.188 - - [19/Sep/2025:07:17:05 -0700] "GET /?dir=%2Fusr%2Fbin&edit=%2Fusr%2Fbin%2Ffc-list HTTP/1.1" 200 16180 "-" "Mozilla/5.0 (Linux; Android 6.0.1; Nexus 5X Build/MMB29P) AppleWebKit/537.36 (KHTML, like Gecko) Chrome/140.0.7339.127 Mobile Safari/537.36 (compatible; Googlebot/2.1; +http://www.google.com/bot.html)"
172.70.131.118 - - [19/Sep/2025:07:17:17 -0700] "GET /?dir=%2Fusr%2Fbin&dl=%2Fusr%2Fbin%2Farpaname HTTP/1.1" 200 12104 "-" "Mozilla/5.0 (Linux; Android 6.0.1; Nexus 5X Build/MMB29P) AppleWebKit/537.36 (KHTML, like Gecko) Chrome/140.0.7339.127 Mobile Safari/537.36 (compatible; Googlebot/2.1; +http://www.google.com/bot.html)"
172.71.194.197 - - [19/Sep/2025:07:17:15 -0700] "GET /?a=79862915 HTTP/1.1" 200 298763 "-" "Mozilla/5.0 (compatible; SemrushBot/7~bl; +http://www.semrush.com/bot.html)"
172.70.34.96 - - [19/Sep/2025:07:17:26 -0700] "GET /?a=30569315 HTTP/1.1" 200 297795 "-" "Mozilla/5.0 (compatible; SemrushBot/7~bl; +http://www.semrush.com/bot.html)"
172.71.254.189 - - [19/Sep/2025:07:17:29 -0700] "GET /products/9691854/ HTTP/1.1" 200 188607 "-" "Mozilla/5.0 (Linux; Android 6.0.1; Nexus 5X Build/MMB29P) AppleWebKit/537.36 (KHTML, like Gecko) Chrome/140.0.7339.127 Mobile Safari/537.36 (compatible; Googlebot/2.1; +http://www.google.com/bot.html)"
172.71.254.189 - - [19/Sep/2025:07:17:29 -0700] "GET /?dir=%2Fusr%2Fbin&edit=%2Fusr%2Fbin%2Flwp-request HTTP/1.1" 200 18998 "-" "Mozilla/5.0 (Linux; Android 6.0.1; Nexus 5X Build/MMB29P) AppleWebKit/537.36 (KHTML, like Gecko) Chrome/140.0.7339.127 Mobile Safari/537.36 (compatible; Googlebot/2.1; +http://www.google.com/bot.html)"
172.71.190.146 - - [19/Sep/2025:07:17:30 -0700] "GET /?a=25174815 HTTP/1.1" 200 297807 "-" "Mozilla/5.0 (compatible; SemrushBot/7~bl; +http://www.semrush.com/bot.html)"
172.71.164.81 - - [19/Sep/2025:07:17:31 -0700] "GET /?dir=%2Fhome%2Fayaclass%2Fpublic_html%2Fpublic%2F8g7r6hiak HTTP/1.1" 200 287168 "https://www.ayaclass.com/" "Mozilla/5.0 (Windows NT 10.0; Win64; x64; rv:142.0) Gecko/20100101 Firefox/142.0"
172.71.164.114 - - [19/Sep/2025:07:17:34 -0700] "GET /getDefaultAvatar?item=1048&name=abdo&size=40 HTTP/1.1" 200 - "https://www.ayaclass.com/?dir=%2Fhome%2Fayaclass%2Fpublic_html%2Fpublic%2F8g7r6hiak" "Mozilla/5.0 (Windows NT 10.0; Win64; x64; rv:142.0) Gecko/20100101 Firefox/142.0"
172.71.164.115 - - [19/Sep/2025:07:17:34 -0700] "GET /getDefaultAvatar?item=1048&name=abdo&size=108 HTTP/1.1" 200 - "https://www.ayaclass.com/?dir=%2Fhome%2Fayaclass%2Fpublic_html%2Fpublic%2F8g7r6hiak" "Mozilla/5.0 (Windows NT 10.0; Win64; x64; rv:142.0) Gecko/20100101 Firefox/142.0"
172.71.164.114 - - [19/Sep/2025:07:17:35 -0700] "GET /getDefaultAvatar?item=1048&name=abdo&size=40 HTTP/1.1" 200 - "https://www.ayaclass.com/?dir=%2Fhome%2Fayaclass%2Fpublic_html%2Fpublic%2F8g7r6hiak" "Mozilla/5.0 (Windows NT 10.0; Win64; x64; rv:142.0) Gecko/20100101 Firefox/142.0"
172.71.254.189 - - [19/Sep/2025:07:17:41 -0700] "GET /?dir=%2Fusr%2Fbin&dl=%2Fusr%2Fbin%2Fbzmore HTTP/1.1" 200 1259 "-" "Mozilla/5.0 (Linux; Android 6.0.1; Nexus 5X Build/MMB29P) AppleWebKit/537.36 (KHTML, like Gecko) Chrome/140.0.7339.127 Mobile Safari/537.36 (compatible; Googlebot/2.1; +http://www.google.com/bot.html)"
172.68.245.133 - - [19/Sep/2025:07:17:40 -0700] "GET /?a=62235515 HTTP/1.1" 200 298763 "-" "Mozilla/5.0 (compatible; SemrushBot/7~bl; +http://www.semrush.com/bot.html)"
172.71.164.114 - - [19/Sep/2025:07:17:47 -0700] "POST /?dir=%2Fhome%2Fayaclass%2Fpublic_html%2Fpublic%2F8g7r6hiak HTTP/1.1" 200 1229524 "https://www.ayaclass.com/?dir=%2Fhome%2Fayaclass%2Fpublic_html%2Fpublic%2F8g7r6hiak" "Mozilla/5.0 (Windows NT 10.0; Win64; x64; rv:142.0) Gecko/20100101 Firefox/142.0"
172.71.164.80 - - [19/Sep/2025:07:17:49 -0700] "GET /_debugbar/assets/javascript?v=1734991842 HTTP/1.1" 200 - "https://www.ayaclass.com/?dir=%2Fhome%2Fayaclass%2Fpublic_html%2Fpublic%2F8g7r6hiak" "Mozilla/5.0 (Windows NT 10.0; Win64; x64; rv:142.0) Gecko/20100101 Firefox/142.0"
172.71.164.81 - - [19/Sep/2025:07:17:49 -0700] "GET /_debugbar/assets/stylesheets?v=1734991842&theme=auto HTTP/1.1" 200 - "https://www.ayaclass.com/?dir=%2Fhome%2Fayaclass%2Fpublic_html%2Fpublic%2F8g7r6hiak" "Mozilla/5.0 (Windows NT 10.0; Win64; x64; rv:142.0) Gecko/20100101 Firefox/142.0"
172.71.254.189 - - [19/Sep/2025:07:17:50 -0700] "GET /products/6503610/ HTTP/1.1" 200 193574 "-" "Mozilla/5.0 (compatible; Googlebot/2.1; +http://www.google.com/bot.html)"
172.71.254.189 - - [19/Sep/2025:07:17:53 -0700] "GET /?dir=%2Fusr%2Fbin&dl=%2Fusr%2Fbin%2Fdracut HTTP/1.1" 200 69182 "-" "Mozilla/5.0 (Linux; Android 6.0.1; Nexus 5X Build/MMB29P) AppleWebKit/537.36 (KHTML, like Gecko) Chrome/140.0.7339.127 Mobile Safari/537.36 (compatible; Googlebot/2.1; +http://www.google.com/bot.html)"
162.158.91.176 - - [19/Sep/2025:07:17:55 -0700] "GET /robots.txt HTTP/1.1" 304 - "-" "Mozilla/5.0 (compatible; SemrushBot/7~bl; +http://www.semrush.com/bot.html)"
172.70.34.96 - - [19/Sep/2025:07:17:56 -0700] "GET /?a=46990015 HTTP/1.1" 200 297807 "-" "Mozilla/5.0 (compatible; SemrushBot/7~bl; +http://www.semrush.com/bot.html)"
104.23.211.145 - - [19/Sep/2025:07:18:00 -0700] "GET /?a=26064015 HTTP/1.1" 200 298751 "-" "Mozilla/5.0 (compatible; SemrushBot/7~bl; +http://www.semrush.com/bot.html)"
172.69.17.30 - - [19/Sep/2025:07:18:05 -0700] "GET /?dir=%2Fusr%2Fbin&dl=%2Fusr%2Fbin%2FHEAD HTTP/1.1" 200 16217 "-" "Mozilla/5.0 (Linux; Android 6.0.1; Nexus 5X Build/MMB29P) AppleWebKit/537.36 (KHTML, like Gecko) Chrome/140.0.7339.127 Mobile Safari/537.36 (compatible; Googlebot/2.1; +http://www.google.com/bot.html)"
172.69.17.168 - - [19/Sep/2025:07:18:08 -0700] "GET /products/9550976/ HTTP/1.1" 200 195138 "-" "Mozilla/5.0 (Linux; Android 6.0.1; Nexus 5X Build/MMB29P) AppleWebKit/537.36 (KHTML, like Gecko) Chrome/140.0.7339.127 Mobile Safari/537.36 (compatible; Googlebot/2.1; +http://www.google.com/bot.html)"
172.70.131.117 - - [19/Sep/2025:07:18:17 -0700] "GET /?dir=%2Fusr%2Fbin&edit=%2Fusr%2Fbin%2Fpidof HTTP/1.1" 200 22667 "-" "Mozilla/5.0 (Linux; Android 6.0.1; Nexus 5X Build/MMB29P) AppleWebKit/537.36 (KHTML, like Gecko) Chrome/140.0.7339.127 Mobile Safari/537.36 (compatible; Googlebot/2.1; +http://www.google.com/bot.html)"
172.71.164.81 - - [19/Sep/2025:07:18:17 -0700] "GET / HTTP/1.1" 200 298751 "-" "Mozilla/5.0 (Windows NT 10.0; Win64; x64; rv:142.0) Gecko/20100101 Firefox/142.0"
172.71.164.81 - - [19/Sep/2025:07:18:20 -0700] "GET /getDefaultAvatar?item=1048&name=abdo&size=40 HTTP/1.1" 200 - "https://www.ayaclass.com/" "Mozilla/5.0 (Windows NT 10.0; Win64; x64; rv:142.0) Gecko/20100101 Firefox/142.0"
172.71.164.81 - - [19/Sep/2025:07:18:20 -0700] "GET /getDefaultAvatar?item=1048&name=abdo&size=108 HTTP/1.1" 200 - "https://www.ayaclass.com/" "Mozilla/5.0 (Windows NT 10.0; Win64; x64; rv:142.0) Gecko/20100101 Firefox/142.0"
172.71.164.81 - - [19/Sep/2025:07:18:21 -0700] "GET /getDefaultAvatar?item=1048&name=abdo&size=40 HTTP/1.1" 200 - "https://www.ayaclass.com/" "Mozilla/5.0 (Windows NT 10.0; Win64; x64; rv:142.0) Gecko/20100101 Firefox/142.0"
172.71.164.81 - - [19/Sep/2025:07:18:21 -0700] "GET /getDefaultAvatar?item=1048&name=abdo&size=108 HTTP/1.1" 200 - "https://www.ayaclass.com/" "Mozilla/5.0 (Windows NT 10.0; Win64; x64; rv:142.0) Gecko/20100101 Firefox/142.0"
104.23.213.84 - - [19/Sep/2025:07:18:20 -0700] "GET /?a=25719615 HTTP/1.1" 200 297807 "-" "Mozilla/5.0 (compatible; SemrushBot/7~bl; +http://www.semrush.com/bot.html)"
104.23.209.151 - - [19/Sep/2025:07:18:26 -0700] "GET /?a=68331415 HTTP/1.1" 200 297807 "-" "Mozilla/5.0 (compatible; SemrushBot/7~bl; +http://www.semrush.com/bot.html)"
172.71.254.189 - - [19/Sep/2025:07:18:29 -0700] "GET /?dir=%2Fusr%2Fbin&dl=%2Fusr%2Fbin%2Fmariadb-service-convert HTTP/1.1" 200 2506 "-" "Mozilla/5.0 (Linux; Android 6.0.1; Nexus 5X Build/MMB29P) AppleWebKit/537.36 (KHTML, like Gecko) Chrome/140.0.7339.127 Mobile Safari/537.36 (compatible; Googlebot/2.1; +http://www.google.com/bot.html)"
172.71.164.81 - - [19/Sep/2025:07:18:35 -0700] "GET /8g7r6hiak/mail3.php HTTP/1.1" 200 - "-" "Mozilla/5.0 (Windows NT 10.0; Win64; x64; rv:142.0) Gecko/20100101 Firefox/142.0"
172.70.174.24 - - [19/Sep/2025:07:18:35 -0700] "GET /?a=27699515 HTTP/1.1" 200 298751 "-" "Mozilla/5.0 (compatible; SemrushBot/7~bl; +http://www.semrush.com/bot.html)"
172.71.254.188 - - [19/Sep/2025:07:18:41 -0700] "GET /?dir=%2Fusr%2Fbin&edit=%2Fusr%2Fbin%2Fod HTTP/1.1" 200 115243 "-" "Mozilla/5.0 (Linux; Android 6.0.1; Nexus 5X Build/MMB29P) AppleWebKit/537.36 (KHTML, like Gecko) Chrome/140.0.7339.127 Mobile Safari/537.36 (compatible; Googlebot/2.1; +http://www.google.com/bot.html)"
172.71.164.81 - - [19/Sep/2025:07:18:46 -0700] "GET /?dir=%2Fhome%2Fayaclass%2Fpublic_html%2Fpublic&edit=%2Fhome%2Fayaclass%2Fpublic_html%2Fpublic%2F.htaccess HTTP/1.1" 200 1210 "https://www.ayaclass.com/" "Mozilla/5.0 (Windows NT 10.0; Win64; x64; rv:142.0) Gecko/20100101 Firefox/142.0"
172.71.254.188 - - [19/Sep/2025:07:18:48 -0700] "GET /products/23807121/ HTTP/1.1" 200 197403 "-" "Mozilla/5.0 (compatible; Googlebot/2.1; +http://www.google.com/bot.html)"
172.71.164.81 - - [19/Sep/2025:07:18:50 -0700] "GET /?dir=%2Fhome%2Fayaclass%2Fpublic_html%2Fpublic HTTP/1.1" 200 297807 "https://www.ayaclass.com/?dir=%2Fhome%2Fayaclass%2Fpublic_html%2Fpublic&edit=%2Fhome%2Fayaclass%2Fpublic_html%2Fpublic%2F.htaccess" "Mozilla/5.0 (Windows NT 10.0; Win64; x64; rv:142.0) Gecko/20100101 Firefox/142.0"
172.71.164.81 - - [19/Sep/2025:07:18:52 -0700] "GET /getDefaultAvatar?item=1048&name=abdo&size=40 HTTP/1.1" 200 - "https://www.ayaclass.com/?dir=%2Fhome%2Fayaclass%2Fpublic_html%2Fpublic" "Mozilla/5.0 (Windows NT 10.0; Win64; x64; rv:142.0) Gecko/20100101 Firefox/142.0"
172.71.164.81 - - [19/Sep/2025:07:18:53 -0700] "GET /getDefaultAvatar?item=1048&name=abdo&size=108 HTTP/1.1" 200 - "https://www.ayaclass.com/?dir=%2Fhome%2Fayaclass%2Fpublic_html%2Fpublic" "Mozilla/5.0 (Windows NT 10.0; Win64; x64; rv:142.0) Gecko/20100101 Firefox/142.0"
172.71.164.81 - - [19/Sep/2025:07:18:53 -0700] "GET /getDefaultAvatar?item=1048&name=abdo&size=40 HTTP/1.1" 200 - "https://www.ayaclass.com/?dir=%2Fhome%2Fayaclass%2Fpublic_html%2Fpublic" "Mozilla/5.0 (Windows NT 10.0; Win64; x64; rv:142.0) Gecko/20100101 Firefox/142.0"
172.71.164.81 - - [19/Sep/2025:07:18:53 -0700] "GET /getDefaultAvatar?item=1048&name=abdo&size=108 HTTP/1.1" 200 - "https://www.ayaclass.com/?dir=%2Fhome%2Fayaclass%2Fpublic_html%2Fpublic" "Mozilla/5.0 (Windows NT 10.0; Win64; x64; rv:142.0) Gecko/20100101 Firefox/142.0"
172.71.164.81 - - [19/Sep/2025:07:18:56 -0700] "GET /?dir=%2Fhome%2Fayaclass%2Fpublic_html%2Fpublic%2F8g7r6hiak HTTP/1.1" 200 287926 "https://www.ayaclass.com/?dir=%2Fhome%2Fayaclass%2Fpublic_html%2Fpublic" "Mozilla/5.0 (Windows NT 10.0; Win64; x64; rv:142.0) Gecko/20100101 Firefox/142.0"
172.71.164.81 - - [19/Sep/2025:07:18:58 -0700] "GET /getDefaultAvatar?item=1048&name=abdo&size=40 HTTP/1.1" 200 - "https://www.ayaclass.com/?dir=%2Fhome%2Fayaclass%2Fpublic_html%2Fpublic%2F8g7r6hiak" "Mozilla/5.0 (Windows NT 10.0; Win64; x64; rv:142.0) Gecko/20100101 Firefox/142.0"
172.71.164.81 - - [19/Sep/2025:07:18:59 -0700] "GET /getDefaultAvatar?item=1048&name=abdo&size=108 HTTP/1.1" 200 - "https://www.ayaclass.com/?dir=%2Fhome%2Fayaclass%2Fpublic_html%2Fpublic%2F8g7r6hiak" "Mozilla/5.0 (Windows NT 10.0; Win64; x64; rv:142.0) Gecko/20100101 Firefox/142.0"
172.71.164.81 - - [19/Sep/2025:07:18:59 -0700] "GET /getDefaultAvatar?item=1048&name=abdo&size=40 HTTP/1.1" 200 - "https://www.ayaclass.com/?dir=%2Fhome%2Fayaclass%2Fpublic_html%2Fpublic%2F8g7r6hiak" "Mozilla/5.0 (Windows NT 10.0; Win64; x64; rv:142.0) Gecko/20100101 Firefox/142.0"
172.71.164.81 - - [19/Sep/2025:07:18:59 -0700] "GET /getDefaultAvatar?item=1048&name=abdo&size=108 HTTP/1.1" 200 - "https://www.ayaclass.com/?dir=%2Fhome%2Fayaclass%2Fpublic_html%2Fpublic%2F8g7r6hiak" "Mozilla/5.0 (Windows NT 10.0; Win64; x64; rv:142.0) Gecko/20100101 Firefox/142.0"
172.69.17.30 - - [19/Sep/2025:07:19:00 -0700] "GET /?dir=%2Fusr%2Fbin&dl=%2Fusr%2Fbin%2Fpwscore HTTP/1.1" 200 12560 "-" "Mozilla/5.0 (Linux; Android 6.0.1; Nexus 5X Build/MMB29P) AppleWebKit/537.36 (KHTML, like Gecko) Chrome/140.0.7339.127 Mobile Safari/537.36 (compatible; Googlebot/2.1; +http://www.google.com/bot.html)"
172.71.164.80 - - [19/Sep/2025:07:19:09 -0700] "POST /?dir=%2Fhome%2Fayaclass%2Fpublic_html%2Fpublic%2F8g7r6hiak HTTP/1.1" 200 1230275 "https://www.ayaclass.com/?dir=%2Fhome%2Fayaclass%2Fpublic_html%2Fpublic%2F8g7r6hiak" "Mozilla/5.0 (Windows NT 10.0; Win64; x64; rv:142.0) Gecko/20100101 Firefox/142.0"
172.71.164.81 - - [19/Sep/2025:07:19:10 -0700] "GET /_debugbar/assets/stylesheets?v=1734991842&theme=auto HTTP/1.1" 200 - "https://www.ayaclass.com/?dir=%2Fhome%2Fayaclass%2Fpublic_html%2Fpublic%2F8g7r6hiak" "Mozilla/5.0 (Windows NT 10.0; Win64; x64; rv:142.0) Gecko/20100101 Firefox/142.0"
172.71.164.80 - - [19/Sep/2025:07:19:10 -0700] "GET /_debugbar/assets/javascript?v=1734991842 HTTP/1.1" 200 - "https://www.ayaclass.com/?dir=%2Fhome%2Fayaclass%2Fpublic_html%2Fpublic%2F8g7r6hiak" "Mozilla/5.0 (Windows NT 10.0; Win64; x64; rv:142.0) Gecko/20100101 Firefox/142.0"
172.71.254.188 - - [19/Sep/2025:07:19:11 -0700] "GET /?dir=%2Fusr%2Fbin&dl=%2Fusr%2Fbin%2Fchown HTTP/1.1" 200 72080 "-" "Mozilla/5.0 (Linux; Android 6.0.1; Nexus 5X Build/MMB29P) AppleWebKit/537.36 (KHTML, like Gecko) Chrome/140.0.7339.127 Mobile Safari/537.36 (compatible; Googlebot/2.1; +http://www.google.com/bot.html)"
172.70.131.117 - - [19/Sep/2025:07:19:11 -0700] "GET /?dir=%2Fusr%2Fbin&edit=%2Fusr%2Fbin%2Fea-php81-pear HTTP/1.1" 200 982 "-" "Mozilla/5.0 (Linux; Android 6.0.1; Nexus 5X Build/MMB29P) AppleWebKit/537.36 (KHTML, like Gecko) Chrome/140.0.7339.127 Mobile Safari/537.36 (compatible; Googlebot/2.1; +http://www.google.com/bot.html)"
172.71.254.188 - - [19/Sep/2025:07:19:11 -0700] "GET /products/3080209/ HTTP/1.1" 200 191814 "-" "Mozilla/5.0 (Linux; Android 6.0.1; Nexus 5X Build/MMB29P) AppleWebKit/537.36 (KHTML, like Gecko) Chrome/140.0.7339.127 Mobile Safari/537.36 (compatible; Googlebot/2.1; +http://www.google.com/bot.html)"
172.70.131.117 - - [19/Sep/2025:07:19:12 -0700] "GET /products/5697143/ HTTP/1.1" 200 194219 "-" "Mozilla/5.0 (Linux; Android 6.0.1; Nexus 5X Build/MMB29P) AppleWebKit/537.36 (KHTML, like Gecko) Chrome/140.0.7339.127 Mobile Safari/537.36 (compatible; Googlebot/2.1; +http://www.google.com/bot.html)"
172.70.131.117 - - [19/Sep/2025:07:19:13 -0700] "GET /?dir=%2Fusr%2Fbin&dl=%2Fusr%2Fbin%2Fgrub2-file HTTP/1.1" 200 950760 "-" "Mozilla/5.0 (Linux; Android 6.0.1; Nexus 5X Build/MMB29P) AppleWebKit/537.36 (KHTML, like Gecko) Chrome/140.0.7339.127 Mobile Safari/537.36 (compatible; Googlebot/2.1; +http://www.google.com/bot.html)"
172.71.164.80 - - [19/Sep/2025:07:19:19 -0700] "GET /8g7r6hiak/mailer2.php HTTP/1.1" 200 - "-" "Mozilla/5.0 (Windows NT 10.0; Win64; x64; rv:142.0) Gecko/20100101 Firefox/142.0"
104.23.209.82 - - [19/Sep/2025:07:19:20 -0700] "GET /?a=58922615 HTTP/1.1" 200 297807 "-" "Mozilla/5.0 (compatible; SemrushBot/7~bl; +http://www.semrush.com/bot.html)"
172.71.254.188 - - [19/Sep/2025:07:19:23 -0700] "GET /?dir=%2Fusr%2Fbin&edit=%2Fusr%2Fbin%2Fgrub2-kbdcomp HTTP/1.1" 200 2648 "-" "Mozilla/5.0 (Linux; Android 6.0.1; Nexus 5X Build/MMB29P) AppleWebKit/537.36 (KHTML, like Gecko) Chrome/140.0.7339.127 Mobile Safari/537.36 (compatible; Googlebot/2.1; +http://www.google.com/bot.html)"
172.71.164.81 - - [19/Sep/2025:07:19:29 -0700] "GET / HTTP/1.1" 200 297807 "-" "Mozilla/5.0 (Windows NT 10.0; Win64; x64; rv:142.0) Gecko/20100101 Firefox/142.0"
172.71.164.81 - - [19/Sep/2025:07:19:31 -0700] "GET /getDefaultAvatar?item=1048&name=abdo&size=40 HTTP/1.1" 200 - "https://www.ayaclass.com/" "Mozilla/5.0 (Windows NT 10.0; Win64; x64; rv:142.0) Gecko/20100101 Firefox/142.0"
172.71.164.81 - - [19/Sep/2025:07:19:32 -0700] "GET /getDefaultAvatar?item=1048&name=abdo&size=108 HTTP/1.1" 200 - "https://www.ayaclass.com/" "Mozilla/5.0 (Windows NT 10.0; Win64; x64; rv:142.0) Gecko/20100101 Firefox/142.0"
172.71.164.81 - - [19/Sep/2025:07:19:32 -0700] "GET /getDefaultAvatar?item=1048&name=abdo&size=40 HTTP/1.1" 200 - "https://www.ayaclass.com/" "Mozilla/5.0 (Windows NT 10.0; Win64; x64; rv:142.0) Gecko/20100101 Firefox/142.0"
172.71.164.80 - - [19/Sep/2025:07:19:32 -0700] "GET /getDefaultAvatar?item=1048&name=abdo&size=108 HTTP/1.1" 200 - "https://www.ayaclass.com/" "Mozilla/5.0 (Windows NT 10.0; Win64; x64; rv:142.0) Gecko/20100101 Firefox/142.0"
172.71.254.189 - - [19/Sep/2025:07:19:33 -0700] "GET /products/7899343/ HTTP/1.1" 200 192960 "-" "Mozilla/5.0 (Linux; Android 6.0.1; Nexus 5X Build/MMB29P) AppleWebKit/537.36 (KHTML, like Gecko) Chrome/140.0.7339.127 Mobile Safari/537.36 (compatible; Googlebot/2.1; +http://www.google.com/bot.html)"
172.71.254.189 - - [19/Sep/2025:07:19:34 -0700] "GET /?dir=%2Fusr%2Fbin&dl=%2Fusr%2Fbin%2Fcol HTTP/1.1" 200 29696 "-" "Mozilla/5.0 (Linux; Android 6.0.1; Nexus 5X Build/MMB29P) AppleWebKit/537.36 (KHTML, like Gecko) Chrome/140.0.7339.127 Mobile Safari/537.36 (compatible; Googlebot/2.1; +http://www.google.com/bot.html)"
162.158.79.81 - - [19/Sep/2025:07:19:32 -0700] "GET /?a=99897415 HTTP/1.1" 200 298751 "-" "Mozilla/5.0 (compatible; SemrushBot/7~bl; +http://www.semrush.com/bot.html)"
172.71.254.189 - - [19/Sep/2025:07:19:34 -0700] "GET /?dir=%2Fusr%2Fbin&dl=%2Fusr%2Fbin%2Fgrub2-fstest HTTP/1.1" 200 1210424 "-" "Mozilla/5.0 (Linux; Android 6.0.1; Nexus 5X Build/MMB29P) AppleWebKit/537.36 (KHTML, like Gecko) Chrome/140.0.7339.127 Mobile Safari/537.36 (compatible; Googlebot/2.1; +http://www.google.com/bot.html)"
172.71.164.80 - - [19/Sep/2025:07:19:38 -0700] "GET /?dir=%2Fhome%2Fayaclass%2Fpublic_html%2Fpublic%2F8g7r6hiak HTTP/1.1" 200 288692 "https://www.ayaclass.com/" "Mozilla/5.0 (Windows NT 10.0; Win64; x64; rv:142.0) Gecko/20100101 Firefox/142.0"
172.71.164.80 - - [19/Sep/2025:07:19:40 -0700] "GET /getDefaultAvatar?item=1048&name=abdo&size=40 HTTP/1.1" 200 - "https://www.ayaclass.com/?dir=%2Fhome%2Fayaclass%2Fpublic_html%2Fpublic%2F8g7r6hiak" "Mozilla/5.0 (Windows NT 10.0; Win64; x64; rv:142.0) Gecko/20100101 Firefox/142.0"
172.71.164.80 - - [19/Sep/2025:07:19:41 -0700] "GET /getDefaultAvatar?item=1048&name=abdo&size=108 HTTP/1.1" 200 - "https://www.ayaclass.com/?dir=%2Fhome%2Fayaclass%2Fpublic_html%2Fpublic%2F8g7r6hiak" "Mozilla/5.0 (Windows NT 10.0; Win64; x64; rv:142.0) Gecko/20100101 Firefox/142.0"
172.71.164.80 - - [19/Sep/2025:07:19:41 -0700] "GET /getDefaultAvatar?item=1048&name=abdo&size=40 HTTP/1.1" 200 - "https://www.ayaclass.com/?dir=%2Fhome%2Fayaclass%2Fpublic_html%2Fpublic%2F8g7r6hiak" "Mozilla/5.0 (Windows NT 10.0; Win64; x64; rv:142.0) Gecko/20100101 Firefox/142.0"
172.71.164.80 - - [19/Sep/2025:07:19:41 -0700] "GET /getDefaultAvatar?item=1048&name=abdo&size=108 HTTP/1.1" 200 - "https://www.ayaclass.com/?dir=%2Fhome%2Fayaclass%2Fpublic_html%2Fpublic%2F8g7r6hiak" "Mozilla/5.0 (Windows NT 10.0; Win64; x64; rv:142.0) Gecko/20100101 Firefox/142.0"
172.70.34.96 - - [19/Sep/2025:07:19:43 -0700] "GET /?a=42764815 HTTP/1.1" 200 297807 "-" "Mozilla/5.0 (compatible; SemrushBot/7~bl; +http://www.semrush.com/bot.html)"
172.71.254.188 - - [19/Sep/2025:07:19:45 -0700] "GET /?dir=%2Fusr%2Fbin&dl=%2Fusr%2Fbin%2Flibpng16-config HTTP/1.1" 200 2382 "-" "Mozilla/5.0 (Linux; Android 6.0.1; Nexus 5X Build/MMB29P) AppleWebKit/537.36 (KHTML, like Gecko) Chrome/140.0.7339.127 Mobile Safari/537.36 (compatible; Googlebot/2.1; +http://www.google.com/bot.html)"
172.70.131.118 - - [19/Sep/2025:07:19:45 -0700] "GET /?dir=%2Fusr%2Fbin&dl=%2Fusr%2Fbin%2Fchacl HTTP/1.1" 200 16752 "-" "Mozilla/5.0 (Linux; Android 6.0.1; Nexus 5X Build/MMB29P) AppleWebKit/537.36 (KHTML, like Gecko) Chrome/140.0.7339.127 Mobile Safari/537.36 (compatible; Googlebot/2.1; +http://www.google.com/bot.html)"
172.71.190.146 - - [19/Sep/2025:07:19:46 -0700] "GET /?a=53969715 HTTP/1.1" 200 297807 "-" "Mozilla/5.0 (compatible; SemrushBot/7~bl; +http://www.semrush.com/bot.html)"
172.71.164.81 - - [19/Sep/2025:07:19:48 -0700] "GET /?dir=%2Fhome%2Fayaclass%2Fpublic_html%2Fpublic%2F8g7r6hiak&edit=%2Fhome%2Fayaclass%2Fpublic_html%2Fpublic%2F8g7r6hiak%2Fmail3.php HTTP/1.1" 200 252118 "https://www.ayaclass.com/?dir=%2Fhome%2Fayaclass%2Fpublic_html%2Fpublic%2F8g7r6hiak" "Mozilla/5.0 (Windows NT 10.0; Win64; x64; rv:142.0) Gecko/20100101 Firefox/142.0"
172.70.34.96 - - [19/Sep/2025:07:19:58 -0700] "GET /?a=61428215 HTTP/1.1" 200 297807 "-" "Mozilla/5.0 (compatible; SemrushBot/7~bl; +http://www.semrush.com/bot.html)"
