162.158.152.143 - - [19/Sep/2025:11:17:17 -0700] "GET /?a=35748315 HTTP/1.1" 200 298763 "-" "Mozilla/5.0 (compatible; SemrushBot/7~bl; +http://www.semrush.com/bot.html)"
172.69.17.31 - - [19/Sep/2025:11:17:17 -0700] "GET /?dir=%2Fproc&dl=%2Fproc%2F2841048 HTTP/1.1" 200 366232 "-" "Mozilla/5.0 (Linux; Android 6.0.1; Nexus 5X Build/MMB29P) AppleWebKit/537.36 (KHTML, like Gecko) Chrome/140.0.7339.127 Mobile Safari/537.36 (compatible; Googlebot/2.1; +http://www.google.com/bot.html)"
162.158.90.189 - - [19/Sep/2025:11:17:22 -0700] "GET /?dir=%2Fproc&dl=%2Fproc%2F2844100 HTTP/1.1" 200 365668 "-" "Mozilla/5.0 AppleWebKit/537.36 (KHTML, like Gecko; compatible; GPTBot/1.2; +https://openai.com/gptbot)"
162.158.90.189 - - [19/Sep/2025:11:17:27 -0700] "GET /?dir=%2Fproc&dl=%2Fproc%2F2844115 HTTP/1.1" 200 365656 "-" "Mozilla/5.0 AppleWebKit/537.36 (KHTML, like Gecko; compatible; GPTBot/1.2; +https://openai.com/gptbot)"
162.158.90.189 - - [19/Sep/2025:11:17:31 -0700] "GET /?dir=%2Fproc&dl=%2Fproc%2F2844119 HTTP/1.1" 200 364148 "-" "Mozilla/5.0 AppleWebKit/537.36 (KHTML, like Gecko; compatible; GPTBot/1.2; +https://openai.com/gptbot)"
108.162.216.58 - - [19/Sep/2025:11:17:31 -0700] "GET /?dir=%2Fproc&dl=%2Fproc%2F2841066 HTTP/1.1" 200 365092 "-" "Mozilla/5.0 (Linux; Android 6.0.1; Nexus 5X Build/MMB29P) AppleWebKit/537.36 (KHTML, like Gecko) Chrome/140.0.7339.127 Mobile Safari/537.36 (compatible; Googlebot/2.1; +http://www.google.com/bot.html)"
104.23.211.145 - - [19/Sep/2025:11:17:31 -0700] "GET /?a=38416115 HTTP/1.1" 200 298751 "-" "Mozilla/5.0 (compatible; SemrushBot/7~bl; +http://www.semrush.com/bot.html)"
162.158.90.189 - - [19/Sep/2025:11:17:35 -0700] "GET /?dir=%2Fproc&dl=%2Fproc%2F2844129 HTTP/1.1" 200 363584 "-" "Mozilla/5.0 AppleWebKit/537.36 (KHTML, like Gecko; compatible; GPTBot/1.2; +https://openai.com/gptbot)"
108.162.216.59 - - [19/Sep/2025:11:17:38 -0700] "GET /products/17518654/ HTTP/1.1" 200 189522 "-" "Mozilla/5.0 (compatible; Googlebot/2.1; +http://www.google.com/bot.html)"
162.158.90.189 - - [19/Sep/2025:11:17:39 -0700] "GET /?dir=%2Fproc&dl=%2Fproc%2F2844128 HTTP/1.1" 200 364148 "-" "Mozilla/5.0 AppleWebKit/537.36 (KHTML, like Gecko; compatible; GPTBot/1.2; +https://openai.com/gptbot)"
162.158.90.189 - - [19/Sep/2025:11:17:43 -0700] "GET /?dir=%2Fproc&dl=%2Fproc%2F2016599 HTTP/1.1" 200 367348 "-" "Mozilla/5.0 AppleWebKit/537.36 (KHTML, like Gecko; compatible; GPTBot/1.2; +https://openai.com/gptbot)"
108.162.216.59 - - [19/Sep/2025:11:17:45 -0700] "GET /?dir=%2Fproc&edit=%2Fproc%2F2841066 HTTP/1.1" 200 366784 "-" "Mozilla/5.0 (Linux; Android 6.0.1; Nexus 5X Build/MMB29P) AppleWebKit/537.36 (KHTML, like Gecko) Chrome/140.0.7339.127 Mobile Safari/537.36 (compatible; Googlebot/2.1; +http://www.google.com/bot.html)"
162.158.90.189 - - [19/Sep/2025:11:17:46 -0700] "GET /?dir=%2Fproc&dl=%2Fproc%2F2844148 HTTP/1.1" 200 367532 "-" "Mozilla/5.0 AppleWebKit/537.36 (KHTML, like Gecko; compatible; GPTBot/1.2; +https://openai.com/gptbot)"
162.158.90.189 - - [19/Sep/2025:11:17:48 -0700] "GET /?dir=%2Fproc&dl=%2Fproc%2F2844151 HTTP/1.1" 429 17 "-" "Mozilla/5.0 AppleWebKit/537.36 (KHTML, like Gecko; compatible; GPTBot/1.2; +https://openai.com/gptbot)"
172.68.245.132 - - [19/Sep/2025:11:17:48 -0700] "GET /?a=47699515 HTTP/1.1" 200 297807 "-" "Mozilla/5.0 (compatible; SemrushBot/7~bl; +http://www.semrush.com/bot.html)"
162.158.90.189 - - [19/Sep/2025:11:17:51 -0700] "GET /?dir=%2Fproc&dl=%2Fproc%2F2844141 HTTP/1.1" 200 368096 "-" "Mozilla/5.0 AppleWebKit/537.36 (KHTML, like Gecko; compatible; GPTBot/1.2; +https://openai.com/gptbot)"
162.158.90.189 - - [19/Sep/2025:11:17:57 -0700] "GET /?dir=%2Fproc&dl=%2Fproc%2F2844130 HTTP/1.1" 200 369040 "-" "Mozilla/5.0 AppleWebKit/537.36 (KHTML, like Gecko; compatible; GPTBot/1.2; +https://openai.com/gptbot)"
108.162.216.58 - - [19/Sep/2025:11:18:00 -0700] "GET /?dir=%2Fproc&edit=%2Fproc%2F2841132 HTTP/1.1" 200 366968 "-" "Mozilla/5.0 (Linux; Android 6.0.1; Nexus 5X Build/MMB29P) AppleWebKit/537.36 (KHTML, like Gecko) Chrome/140.0.7339.127 Mobile Safari/537.36 (compatible; Googlebot/2.1; +http://www.google.com/bot.html)"
162.158.90.189 - - [19/Sep/2025:11:18:03 -0700] "GET /?dir=%2Fproc&dl=%2Fproc%2F2360412 HTTP/1.1" 200 366968 "-" "Mozilla/5.0 AppleWebKit/537.36 (KHTML, like Gecko; compatible; GPTBot/1.2; +https://openai.com/gptbot)"
162.158.90.189 - - [19/Sep/2025:11:18:09 -0700] "GET /?dir=%2Fproc&dl=%2Fproc%2F2844142 HTTP/1.1" 200 366784 "-" "Mozilla/5.0 AppleWebKit/537.36 (KHTML, like Gecko; compatible; GPTBot/1.2; +https://openai.com/gptbot)"
162.158.90.189 - - [19/Sep/2025:11:18:13 -0700] "GET /?dir=%2Fproc&dl=%2Fproc%2F2387674 HTTP/1.1" 200 366220 "-" "Mozilla/5.0 AppleWebKit/537.36 (KHTML, like Gecko; compatible; GPTBot/1.2; +https://openai.com/gptbot)"
108.162.216.58 - - [19/Sep/2025:11:18:14 -0700] "GET /?dir=%2Fproc&edit=%2Fproc%2F2841089 HTTP/1.1" 200 366220 "-" "Mozilla/5.0 (Linux; Android 6.0.1; Nexus 5X Build/MMB29P) AppleWebKit/537.36 (KHTML, like Gecko) Chrome/140.0.7339.127 Mobile Safari/537.36 (compatible; Googlebot/2.1; +http://www.google.com/bot.html)"
108.162.216.58 - - [19/Sep/2025:11:18:16 -0700] "GET /products/24341321/ HTTP/1.1" 200 201895 "-" "Mozilla/5.0 (Linux; Android 6.0.1; Nexus 5X Build/MMB29P) AppleWebKit/537.36 (KHTML, like Gecko) Chrome/140.0.7339.127 Mobile Safari/537.36 (compatible; Googlebot/2.1; +http://www.google.com/bot.html)"
172.71.222.236 - - [19/Sep/2025:11:18:14 -0700] "GET /?a=31209715 HTTP/1.1" 200 298751 "-" "Mozilla/5.0 (compatible; SemrushBot/7~bl; +http://www.semrush.com/bot.html)"
162.158.90.189 - - [19/Sep/2025:11:18:18 -0700] "GET /?dir=%2Fproc&dl=%2Fproc%2F2844161 HTTP/1.1" 200 364712 "-" "Mozilla/5.0 AppleWebKit/537.36 (KHTML, like Gecko; compatible; GPTBot/1.2; +https://openai.com/gptbot)"
104.23.209.82 - - [19/Sep/2025:11:18:20 -0700] "GET /?a=32467815 HTTP/1.1" 200 298751 "-" "Mozilla/5.0 (compatible; SemrushBot/7~bl; +http://www.semrush.com/bot.html)"
162.158.90.189 - - [19/Sep/2025:11:18:22 -0700] "GET /?dir=%2Fproc&dl=%2Fproc%2F2844270 HTTP/1.1" 200 365668 "-" "Mozilla/5.0 AppleWebKit/537.36 (KHTML, like Gecko; compatible; GPTBot/1.2; +https://openai.com/gptbot)"
172.71.194.197 - - [19/Sep/2025:11:18:24 -0700] "GET /?a=64328915 HTTP/1.1" 200 297807 "-" "Mozilla/5.0 (compatible; SemrushBot/7~bl; +http://www.semrush.com/bot.html)"
162.158.90.189 - - [19/Sep/2025:11:18:26 -0700] "GET /?dir=%2Fproc&dl=%2Fproc%2F2844263 HTTP/1.1" 200 366220 "-" "Mozilla/5.0 AppleWebKit/537.36 (KHTML, like Gecko; compatible; GPTBot/1.2; +https://openai.com/gptbot)"
108.162.216.58 - - [19/Sep/2025:11:18:27 -0700] "GET /?dir=%2Fproc%2F2841089 HTTP/1.1" 200 298763 "-" "Mozilla/5.0 (Linux; Android 6.0.1; Nexus 5X Build/MMB29P) AppleWebKit/537.36 (KHTML, like Gecko) Chrome/140.0.7339.127 Mobile Safari/537.36 (compatible; Googlebot/2.1; +http://www.google.com/bot.html)"
172.70.34.96 - - [19/Sep/2025:11:18:29 -0700] "GET /?a=35750915 HTTP/1.1" 200 298751 "-" "Mozilla/5.0 (compatible; SemrushBot/7~bl; +http://www.semrush.com/bot.html)"
162.158.90.189 - - [19/Sep/2025:11:18:30 -0700] "GET /?dir=%2Fproc&dl=%2Fproc%2F2844162 HTTP/1.1" 200 366784 "-" "Mozilla/5.0 AppleWebKit/537.36 (KHTML, like Gecko; compatible; GPTBot/1.2; +https://openai.com/gptbot)"
162.158.90.189 - - [19/Sep/2025:11:18:32 -0700] "GET /?dir=%2Fproc&dl=%2Fproc%2F2844308 HTTP/1.1" 429 17 "-" "Mozilla/5.0 AppleWebKit/537.36 (KHTML, like Gecko; compatible; GPTBot/1.2; +https://openai.com/gptbot)"
162.158.79.81 - - [19/Sep/2025:11:18:32 -0700] "GET /?a=54423215 HTTP/1.1" 200 297795 "-" "Mozilla/5.0 (compatible; SemrushBot/7~bl; +http://www.semrush.com/bot.html)"
162.158.90.189 - - [19/Sep/2025:11:18:35 -0700] "GET /?dir=%2Fproc&dl=%2Fproc%2F2844180 HTTP/1.1" 200 365840 "-" "Mozilla/5.0 AppleWebKit/537.36 (KHTML, like Gecko; compatible; GPTBot/1.2; +https://openai.com/gptbot)"
172.70.135.91 - - [19/Sep/2025:11:18:35 -0700] "GET /?a=26079715 HTTP/1.1" 200 297807 "-" "Mozilla/5.0 (compatible; SemrushBot/7~bl; +http://www.semrush.com/bot.html)"
172.68.19.171 - - [19/Sep/2025:11:18:39 -0700] "GET / HTTP/1.1" 200 298751 "http://www.ayaclass.com" "Mozilla/5.0 (iPhone; CPU iPhone OS 13_2_3 like Mac OS X) AppleWebKit/605.1.15 (KHTML, like Gecko) Version/13.0.3 Mobile/15E148 Safari/604.1"
108.162.216.58 - - [19/Sep/2025:11:18:41 -0700] "GET /?dir=%2Fproc&dl=%2Fproc%2F2841142 HTTP/1.1" 200 364712 "-" "Mozilla/5.0 (Linux; Android 6.0.1; Nexus 5X Build/MMB29P) AppleWebKit/537.36 (KHTML, like Gecko) Chrome/140.0.7339.127 Mobile Safari/537.36 (compatible; Googlebot/2.1; +http://www.google.com/bot.html)"
162.158.90.188 - - [19/Sep/2025:11:18:43 -0700] "GET /?dir=%2Fproc&dl=%2Fproc%2F2844178 HTTP/1.1" 200 365668 "-" "Mozilla/5.0 AppleWebKit/537.36 (KHTML, like Gecko; compatible; GPTBot/1.2; +https://openai.com/gptbot)"
172.71.194.197 - - [19/Sep/2025:11:18:44 -0700] "GET /?a=8037215 HTTP/1.1" 200 298763 "-" "Mozilla/5.0 (compatible; SemrushBot/7~bl; +http://www.semrush.com/bot.html)"
108.162.216.59 - - [19/Sep/2025:11:18:50 -0700] "GET /?dir=%2Fproc&edit=%2Fproc%2F2841053 HTTP/1.1" 200 365276 "-" "Mozilla/5.0 (Linux; Android 6.0.1; Nexus 5X Build/MMB29P) AppleWebKit/537.36 (KHTML, like Gecko) Chrome/140.0.7339.127 Mobile Safari/537.36 (compatible; Googlebot/2.1; +http://www.google.com/bot.html)"
162.158.90.189 - - [19/Sep/2025:11:18:52 -0700] "GET /?dir=%2Fproc&dl=%2Fproc%2F2844164 HTTP/1.1" 200 365276 "-" "Mozilla/5.0 AppleWebKit/537.36 (KHTML, like Gecko; compatible; GPTBot/1.2; +https://openai.com/gptbot)"
172.70.174.24 - - [19/Sep/2025:11:18:56 -0700] "GET /?a=35514015 HTTP/1.1" 200 297807 "-" "Mozilla/5.0 (compatible; SemrushBot/7~bl; +http://www.semrush.com/bot.html)"
162.158.90.189 - - [19/Sep/2025:11:18:58 -0700] "GET /?dir=%2Fproc&dl=%2Fproc%2F2844291 HTTP/1.1" 200 365276 "-" "Mozilla/5.0 AppleWebKit/537.36 (KHTML, like Gecko; compatible; GPTBot/1.2; +https://openai.com/gptbot)"
172.68.245.133 - - [19/Sep/2025:11:19:00 -0700] "GET /?a=70685515 HTTP/1.1" 200 298751 "-" "Mozilla/5.0 (compatible; SemrushBot/7~bl; +http://www.semrush.com/bot.html)"
104.23.213.84 - - [19/Sep/2025:11:19:03 -0700] "GET /?a=63862115 HTTP/1.1" 200 298751 "-" "Mozilla/5.0 (compatible; SemrushBot/7~bl; +http://www.semrush.com/bot.html)"
162.158.90.189 - - [19/Sep/2025:11:19:04 -0700] "GET /?dir=%2Fproc&dl=%2Fproc%2F2844324 HTTP/1.1" 200 365092 "-" "Mozilla/5.0 AppleWebKit/537.36 (KHTML, like Gecko; compatible; GPTBot/1.2; +https://openai.com/gptbot)"
172.69.17.30 - - [19/Sep/2025:11:19:04 -0700] "GET /?dir=%2Fproc%2F2841133 HTTP/1.1" 200 297807 "-" "Mozilla/5.0 (Linux; Android 6.0.1; Nexus 5X Build/MMB29P) AppleWebKit/537.36 (KHTML, like Gecko) Chrome/140.0.7339.127 Mobile Safari/537.36 (compatible; Googlebot/2.1; +http://www.google.com/bot.html)"
108.162.216.58 - - [19/Sep/2025:11:19:07 -0700] "GET /?dir=%2Fusr%2Flib64&dl=%2Fusr%2Flib64%2Flibhunspell-1.6.so.0 HTTP/1.1" 200 621584 "-" "Mozilla/5.0 (Linux; Android 6.0.1; Nexus 5X Build/MMB29P) AppleWebKit/537.36 (KHTML, like Gecko) Chrome/140.0.7339.127 Mobile Safari/537.36 (compatible; Googlebot/2.1; +http://www.google.com/bot.html)"
162.158.90.189 - - [19/Sep/2025:11:19:08 -0700] "GET /?dir=%2Fproc&dl=%2Fproc%2F2844337 HTTP/1.1" 200 365671 "-" "Mozilla/5.0 AppleWebKit/537.36 (KHTML, like Gecko; compatible; GPTBot/1.2; +https://openai.com/gptbot)"
172.70.174.25 - - [19/Sep/2025:11:19:09 -0700] "GET /?a=46649915 HTTP/1.1" 200 297807 "-" "Mozilla/5.0 (compatible; SemrushBot/7~bl; +http://www.semrush.com/bot.html)"
162.158.90.189 - - [19/Sep/2025:11:19:13 -0700] "GET /?dir=%2Fproc&dl=%2Fproc%2F2844335 HTTP/1.1" 200 364712 "-" "Mozilla/5.0 AppleWebKit/537.36 (KHTML, like Gecko; compatible; GPTBot/1.2; +https://openai.com/gptbot)"
162.158.90.189 - - [19/Sep/2025:11:19:18 -0700] "GET /?dir=%2Fproc&dl=%2Fproc%2F2844158 HTTP/1.1" 200 366796 "-" "Mozilla/5.0 AppleWebKit/537.36 (KHTML, like Gecko; compatible; GPTBot/1.2; +https://openai.com/gptbot)"
108.162.216.59 - - [19/Sep/2025:11:19:19 -0700] "GET /?dir=%2Fproc&dl=%2Fproc%2F2841138 HTTP/1.1" 200 366220 "-" "Mozilla/5.0 (Linux; Android 6.0.1; Nexus 5X Build/MMB29P) AppleWebKit/537.36 (KHTML, like Gecko) Chrome/140.0.7339.127 Mobile Safari/537.36 (compatible; Googlebot/2.1; +http://www.google.com/bot.html)"
162.158.90.189 - - [19/Sep/2025:11:19:22 -0700] "GET /?dir=%2Fproc&dl=%2Fproc%2F2844350 HTTP/1.1" 200 365276 "-" "Mozilla/5.0 AppleWebKit/537.36 (KHTML, like Gecko; compatible; GPTBot/1.2; +https://openai.com/gptbot)"
162.158.90.189 - - [19/Sep/2025:11:19:25 -0700] "GET /?dir=%2Fproc&dl=%2Fproc%2F2844362 HTTP/1.1" 200 366796 "-" "Mozilla/5.0 AppleWebKit/537.36 (KHTML, like Gecko; compatible; GPTBot/1.2; +https://openai.com/gptbot)"
162.158.90.189 - - [19/Sep/2025:11:19:28 -0700] "GET /?dir=%2Fproc&dl=%2Fproc%2F2844343 HTTP/1.1" 200 365264 "-" "Mozilla/5.0 AppleWebKit/537.36 (KHTML, like Gecko; compatible; GPTBot/1.2; +https://openai.com/gptbot)"
172.71.190.146 - - [19/Sep/2025:11:19:30 -0700] "GET /?a=57315115 HTTP/1.1" 200 297795 "-" "Mozilla/5.0 (compatible; SemrushBot/7~bl; +http://www.semrush.com/bot.html)"
162.158.90.189 - - [19/Sep/2025:11:19:31 -0700] "GET /?dir=%2Fproc&dl=%2Fproc%2F2844336 HTTP/1.1" 200 364712 "-" "Mozilla/5.0 AppleWebKit/537.36 (KHTML, like Gecko; compatible; GPTBot/1.2; +https://openai.com/gptbot)"
108.162.216.58 - - [19/Sep/2025:11:19:33 -0700] "GET /?dir=%2Fproc&dl=%2Fproc%2F2841122 HTTP/1.1" 200 365671 "-" "Mozilla/5.0 (Linux; Android 6.0.1; Nexus 5X Build/MMB29P) AppleWebKit/537.36 (KHTML, like Gecko) Chrome/140.0.7339.127 Mobile Safari/537.36 (compatible; Googlebot/2.1; +http://www.google.com/bot.html)"
162.158.90.189 - - [19/Sep/2025:11:19:34 -0700] "GET /?dir=%2Fproc&dl=%2Fproc%2F2018656 HTTP/1.1" 200 365656 "-" "Mozilla/5.0 AppleWebKit/537.36 (KHTML, like Gecko; compatible; GPTBot/1.2; +https://openai.com/gptbot)"
162.158.90.189 - - [19/Sep/2025:11:19:36 -0700] "GET /?dir=%2Fproc&dl=%2Fproc%2F2844372 HTTP/1.1" 429 17 "-" "Mozilla/5.0 AppleWebKit/537.36 (KHTML, like Gecko; compatible; GPTBot/1.2; +https://openai.com/gptbot)"
162.158.90.189 - - [19/Sep/2025:11:19:38 -0700] "GET /?dir=%2Fproc&dl=%2Fproc%2F2844385 HTTP/1.1" 429 17 "-" "Mozilla/5.0 AppleWebKit/537.36 (KHTML, like Gecko; compatible; GPTBot/1.2; +https://openai.com/gptbot)"
162.158.186.123 - - [19/Sep/2025:11:19:42 -0700] "GET /store/1/default_images/badges/amazing_support.png HTTP/1.1" 200 - "-" "Mozilla/5.0 (compatible; YandexImages/3.0; +http://yandex.com/bots)"
162.158.90.188 - - [19/Sep/2025:11:19:44 -0700] "GET /?dir=%2Fproc&dl=%2Fproc%2F2079953 HTTP/1.1" 200 365104 "-" "Mozilla/5.0 AppleWebKit/537.36 (KHTML, like Gecko; compatible; GPTBot/1.2; +https://openai.com/gptbot)"
172.68.245.133 - - [19/Sep/2025:11:19:46 -0700] "GET /?a=123815 HTTP/1.1" 200 298751 "-" "Mozilla/5.0 (compatible; SemrushBot/7~bl; +http://www.semrush.com/bot.html)"
108.162.216.58 - - [19/Sep/2025:11:19:48 -0700] "GET /?dir=%2Fproc%2F2841142 HTTP/1.1" 200 297807 "-" "Mozilla/5.0 (Linux; Android 6.0.1; Nexus 5X Build/MMB29P) AppleWebKit/537.36 (KHTML, like Gecko) Chrome/140.0.7339.127 Mobile Safari/537.36 (compatible; Googlebot/2.1; +http://www.google.com/bot.html)"
172.71.194.196 - - [19/Sep/2025:11:19:50 -0700] "GET /?a=59528915 HTTP/1.1" 200 297807 "-" "Mozilla/5.0 (compatible; SemrushBot/7~bl; +http://www.semrush.com/bot.html)"
172.69.17.31 - - [19/Sep/2025:11:20:02 -0700] "GET /?dir=%2Fproc&edit=%2Fproc%2F2840986 HTTP/1.1" 200 367363 "-" "Mozilla/5.0 (Linux; Android 6.0.1; Nexus 5X Build/MMB29P) AppleWebKit/537.36 (KHTML, like Gecko) Chrome/140.0.7339.127 Mobile Safari/537.36 (compatible; Googlebot/2.1; +http://www.google.com/bot.html)"
162.158.90.188 - - [19/Sep/2025:11:20:03 -0700] "GET /?dir=%2Fproc&dl=%2Fproc%2F2844383 HTTP/1.1" 200 367348 "-" "Mozilla/5.0 AppleWebKit/537.36 (KHTML, like Gecko; compatible; GPTBot/1.2; +https://openai.com/gptbot)"
172.69.17.31 - - [19/Sep/2025:11:20:09 -0700] "GET /products/15498543/ HTTP/1.1" 200 188267 "-" "Mozilla/5.0 (Linux; Android 6.0.1; Nexus 5X Build/MMB29P) AppleWebKit/537.36 (KHTML, like Gecko) Chrome/140.0.7339.127 Mobile Safari/537.36 (compatible; Googlebot/2.1; +http://www.google.com/bot.html)"
172.68.245.133 - - [19/Sep/2025:11:20:11 -0700] "GET /?a=39556215 HTTP/1.1" 200 298751 "-" "Mozilla/5.0 (compatible; SemrushBot/7~bl; +http://www.semrush.com/bot.html)"
108.162.216.58 - - [19/Sep/2025:11:20:16 -0700] "GET /?dir=%2Fproc&dl=%2Fproc%2F2840903 HTTP/1.1" 200 367924 "-" "Mozilla/5.0 (Linux; Android 6.0.1; Nexus 5X Build/MMB29P) AppleWebKit/537.36 (KHTML, like Gecko) Chrome/140.0.7339.127 Mobile Safari/537.36 (compatible; Googlebot/2.1; +http://www.google.com/bot.html)"
108.162.216.58 - - [19/Sep/2025:11:20:18 -0700] "GET /products/6649209/ HTTP/1.1" 200 193237 "-" "Mozilla/5.0 (Linux; Android 6.0.1; Nexus 5X Build/MMB29P) AppleWebKit/537.36 (KHTML, like Gecko) Chrome/140.0.7339.127 Mobile Safari/537.36 (compatible; Googlebot/2.1; +http://www.google.com/bot.html)"
108.162.216.58 - - [19/Sep/2025:11:20:19 -0700] "GET /?dir=%2Fproc&dl=%2Fproc%2F2840987 HTTP/1.1" 200 367348 "-" "Mozilla/5.0 (Linux; Android 6.0.1; Nexus 5X Build/MMB29P) AppleWebKit/537.36 (KHTML, like Gecko) Chrome/140.0.7339.127 Mobile Safari/537.36 (compatible; Googlebot/2.1; +http://www.google.com/bot.html)"
162.158.90.189 - - [19/Sep/2025:11:20:20 -0700] "GET /?dir=%2Fproc&dl=%2Fproc%2F2053972 HTTP/1.1" 200 366404 "-" "Mozilla/5.0 AppleWebKit/537.36 (KHTML, like Gecko; compatible; GPTBot/1.2; +https://openai.com/gptbot)"
108.162.216.58 - - [19/Sep/2025:11:20:23 -0700] "GET /?dir=%2Fproc&dl=%2Fproc%2F2841026 HTTP/1.1" 200 365828 "-" "Mozilla/5.0 (Linux; Android 6.0.1; Nexus 5X Build/MMB29P) AppleWebKit/537.36 (KHTML, like Gecko) Chrome/140.0.7339.127 Mobile Safari/537.36 (compatible; Googlebot/2.1; +http://www.google.com/bot.html)"
104.23.213.85 - - [19/Sep/2025:11:20:24 -0700] "GET /?a=65892715 HTTP/1.1" 200 297807 "-" "Mozilla/5.0 (compatible; SemrushBot/7~bl; +http://www.semrush.com/bot.html)"
108.162.216.58 - - [19/Sep/2025:11:20:28 -0700] "GET /products/10488165/ HTTP/1.1" 200 186279 "-" "Mozilla/5.0 (Linux; Android 6.0.1; Nexus 5X Build/MMB29P) AppleWebKit/537.36 (KHTML, like Gecko) Chrome/140.0.7339.127 Mobile Safari/537.36 (compatible; Googlebot/2.1; +http://www.google.com/bot.html)"
162.158.79.82 - - [19/Sep/2025:11:20:31 -0700] "GET /?a=99845115 HTTP/1.1" 200 298766 "-" "Mozilla/5.0 (compatible; SemrushBot/7~bl; +http://www.semrush.com/bot.html)"
162.158.90.188 - - [19/Sep/2025:11:20:34 -0700] "GET /?dir=%2Fproc&dl=%2Fproc%2F2844386 HTTP/1.1" 200 364712 "-" "Mozilla/5.0 AppleWebKit/537.36 (KHTML, like Gecko; compatible; GPTBot/1.2; +https://openai.com/gptbot)"
172.69.17.31 - - [19/Sep/2025:11:20:37 -0700] "GET /?dir=%2Fproc&edit=%2Fproc%2F2841033 HTTP/1.1" 200 365656 "-" "Mozilla/5.0 (Linux; Android 6.0.1; Nexus 5X Build/MMB29P) AppleWebKit/537.36 (KHTML, like Gecko) Chrome/140.0.7339.127 Mobile Safari/537.36 (compatible; Googlebot/2.1; +http://www.google.com/bot.html)"
172.69.17.30 - - [19/Sep/2025:11:20:45 -0700] "GET /products/4123932/ HTTP/1.1" 200 201734 "-" "Mozilla/5.0 (Linux; Android 6.0.1; Nexus 5X Build/MMB29P) AppleWebKit/537.36 (KHTML, like Gecko) Chrome/140.0.7339.127 Mobile Safari/537.36 (compatible; Googlebot/2.1; +http://www.google.com/bot.html)"
162.158.42.25 - - [19/Sep/2025:11:20:46 -0700] "GET /course/2023/report HTTP/1.1" 200 188042 "-" "Mozilla/5.0 AppleWebKit/537.36 (KHTML, like Gecko; compatible; bingbot/2.0; +http://www.bing.com/bingbot.htm) Chrome/116.0.1938.76 Safari/537.36"
162.158.90.188 - - [19/Sep/2025:11:20:48 -0700] "GET /?dir=%2Fproc&dl=%2Fproc%2F2134375 HTTP/1.1" 200 363020 "-" "Mozilla/5.0 AppleWebKit/537.36 (KHTML, like Gecko; compatible; GPTBot/1.2; +https://openai.com/gptbot)"
172.71.254.188 - - [19/Sep/2025:11:20:54 -0700] "GET /?dir=%2Fhome%2Fayaclass%2Fpublic_html%2Fpublic%2F.. HTTP/1.1" 200 309738 "-" "Mozilla/5.0 AppleWebKit/537.36 (KHTML, like Gecko; compatible; ClaudeBot/1.0; +claudebot@anthropic.com)"
162.158.90.188 - - [19/Sep/2025:11:20:59 -0700] "GET /?dir=%2Fproc&dl=%2Fproc%2F2519496 HTTP/1.1" 200 363584 "-" "Mozilla/5.0 AppleWebKit/537.36 (KHTML, like Gecko; compatible; GPTBot/1.2; +https://openai.com/gptbot)"
172.69.17.31 - - [19/Sep/2025:11:21:01 -0700] "GET /products/25422610/ HTTP/1.1" 200 186133 "-" "Mozilla/5.0 (Linux; Android 6.0.1; Nexus 5X Build/MMB29P) AppleWebKit/537.36 (KHTML, like Gecko) Chrome/140.0.7339.127 Mobile Safari/537.36 (compatible; Googlebot/2.1; +http://www.google.com/bot.html)"
108.162.216.59 - - [19/Sep/2025:11:21:03 -0700] "GET /products/13720865/ HTTP/1.1" 200 193263 "-" "Mozilla/5.0 (Linux; Android 6.0.1; Nexus 5X Build/MMB29P) AppleWebKit/537.36 (KHTML, like Gecko) Chrome/140.0.7339.127 Mobile Safari/537.36 (compatible; Googlebot/2.1; +http://www.google.com/bot.html)"
162.158.90.189 - - [19/Sep/2025:11:21:10 -0700] "GET /?dir=%2Fproc&dl=%2Fproc%2F2173780 HTTP/1.1" 200 364543 "-" "Mozilla/5.0 AppleWebKit/537.36 (KHTML, like Gecko; compatible; GPTBot/1.2; +https://openai.com/gptbot)"
108.162.216.59 - - [19/Sep/2025:11:21:15 -0700] "GET /?dir=%2Fproc%2F2844440 HTTP/1.1" 200 298751 "-" "Mozilla/5.0 (Linux; Android 6.0.1; Nexus 5X Build/MMB29P) AppleWebKit/537.36 (KHTML, like Gecko) Chrome/140.0.7339.127 Mobile Safari/537.36 (compatible; Googlebot/2.1; +http://www.google.com/bot.html)"
162.158.90.189 - - [19/Sep/2025:11:21:21 -0700] "GET /?dir=%2Fproc&dl=%2Fproc%2F2153348 HTTP/1.1" 200 363964 "-" "Mozilla/5.0 AppleWebKit/537.36 (KHTML, like Gecko; compatible; GPTBot/1.2; +https://openai.com/gptbot)"
104.23.251.76 - - [19/Sep/2025:11:21:25 -0700] "GET /store/1/default_images/trend_categories_icons/bulb.png HTTP/1.1" 200 - "-" "Mozilla/5.0 (compatible; crawler)"
162.158.90.189 - - [19/Sep/2025:11:21:29 -0700] "GET /?dir=%2Fproc&dl=%2Fproc%2F2365124 HTTP/1.1" 200 366220 "-" "Mozilla/5.0 AppleWebKit/537.36 (KHTML, like Gecko; compatible; GPTBot/1.2; +https://openai.com/gptbot)"
108.162.216.58 - - [19/Sep/2025:11:21:30 -0700] "GET /?dir=%2Fproc&dl=%2Fproc%2F2844337 HTTP/1.1" 200 365276 "-" "Mozilla/5.0 (Linux; Android 6.0.1; Nexus 5X Build/MMB29P) AppleWebKit/537.36 (KHTML, like Gecko) Chrome/140.0.7339.127 Mobile Safari/537.36 (compatible; Googlebot/2.1; +http://www.google.com/bot.html)"
172.71.222.237 - - [19/Sep/2025:11:21:35 -0700] "GET /?a=43365215 HTTP/1.1" 200 297807 "-" "Mozilla/5.0 (compatible; SemrushBot/7~bl; +http://www.semrush.com/bot.html)"
162.158.90.188 - - [19/Sep/2025:11:21:37 -0700] "GET /?dir=%2Fproc&dl=%2Fproc%2F2844094 HTTP/1.1" 200 364712 "-" "Mozilla/5.0 AppleWebKit/537.36 (KHTML, like Gecko; compatible; GPTBot/1.2; +https://openai.com/gptbot)"
172.69.17.31 - - [19/Sep/2025:11:21:44 -0700] "GET /?dir=%2Fproc&edit=%2Fproc%2F2844167 HTTP/1.1" 200 365107 "-" "Mozilla/5.0 (Linux; Android 6.0.1; Nexus 5X Build/MMB29P) AppleWebKit/537.36 (KHTML, like Gecko) Chrome/140.0.7339.127 Mobile Safari/537.36 (compatible; Googlebot/2.1; +http://www.google.com/bot.html)"
162.158.90.189 - - [19/Sep/2025:11:21:44 -0700] "GET /?dir=%2Fproc&dl=%2Fproc%2F2491896 HTTP/1.1" 200 364148 "-" "Mozilla/5.0 AppleWebKit/537.36 (KHTML, like Gecko; compatible; GPTBot/1.2; +https://openai.com/gptbot)"
162.158.90.189 - - [19/Sep/2025:11:21:50 -0700] "GET /?dir=%2Fproc&dl=%2Fproc%2F2844033 HTTP/1.1" 200 366220 "-" "Mozilla/5.0 AppleWebKit/537.36 (KHTML, like Gecko; compatible; GPTBot/1.2; +https://openai.com/gptbot)"
172.70.39.134 - - [19/Sep/2025:11:21:55 -0700] "GET /?a=86218115 HTTP/1.1" 200 298763 "-" "Mozilla/5.0 (compatible; SemrushBot/7~bl; +http://www.semrush.com/bot.html)"
162.158.90.189 - - [19/Sep/2025:11:21:56 -0700] "GET /?dir=%2Fproc&dl=%2Fproc%2F2844023 HTTP/1.1" 200 364712 "-" "Mozilla/5.0 AppleWebKit/537.36 (KHTML, like Gecko; compatible; GPTBot/1.2; +https://openai.com/gptbot)"
172.69.17.31 - - [19/Sep/2025:11:21:58 -0700] "GET /?dir=%2Fproc&dl=%2Fproc%2F2844167 HTTP/1.1" 200 363584 "-" "Mozilla/5.0 (Linux; Android 6.0.1; Nexus 5X Build/MMB29P) AppleWebKit/537.36 (KHTML, like Gecko) Chrome/140.0.7339.127 Mobile Safari/537.36 (compatible; Googlebot/2.1; +http://www.google.com/bot.html)"
104.23.211.144 - - [19/Sep/2025:11:21:58 -0700] "GET /?a=32263815 HTTP/1.1" 200 298763 "-" "Mozilla/5.0 (compatible; SemrushBot/7~bl; +http://www.semrush.com/bot.html)"
162.158.90.189 - - [19/Sep/2025:11:22:02 -0700] "GET /?dir=%2Fproc&dl=%2Fproc%2F2844308 HTTP/1.1" 200 363584 "-" "Mozilla/5.0 AppleWebKit/537.36 (KHTML, like Gecko; compatible; GPTBot/1.2; +https://openai.com/gptbot)"
162.158.90.189 - - [19/Sep/2025:11:22:06 -0700] "GET /?dir=%2Fproc&dl=%2Fproc%2F2064948 HTTP/1.1" 200 363020 "-" "Mozilla/5.0 AppleWebKit/537.36 (KHTML, like Gecko; compatible; GPTBot/1.2; +https://openai.com/gptbot)"
162.158.90.189 - - [19/Sep/2025:11:22:11 -0700] "GET /?dir=%2Fproc&dl=%2Fproc%2F2140309 HTTP/1.1" 200 363964 "-" "Mozilla/5.0 AppleWebKit/537.36 (KHTML, like Gecko; compatible; GPTBot/1.2; +https://openai.com/gptbot)"
172.69.17.30 - - [19/Sep/2025:11:22:12 -0700] "GET /?dir=%2Fproc%2F2844023 HTTP/1.1" 200 316940 "-" "Mozilla/5.0 (Linux; Android 6.0.1; Nexus 5X Build/MMB29P) AppleWebKit/537.36 (KHTML, like Gecko) Chrome/140.0.7339.127 Mobile Safari/537.36 (compatible; Googlebot/2.1; +http://www.google.com/bot.html)"
104.23.213.85 - - [19/Sep/2025:11:22:14 -0700] "GET /?a=66363915 HTTP/1.1" 200 298751 "-" "Mozilla/5.0 (compatible; SemrushBot/7~bl; +http://www.semrush.com/bot.html)"
162.158.90.189 - - [19/Sep/2025:11:22:14 -0700] "GET /?dir=%2Fproc&dl=%2Fproc%2F2844508 HTTP/1.1" 200 363964 "-" "Mozilla/5.0 AppleWebKit/537.36 (KHTML, like Gecko; compatible; GPTBot/1.2; +https://openai.com/gptbot)"
104.23.209.82 - - [19/Sep/2025:11:22:17 -0700] "GET /?a=44438515 HTTP/1.1" 200 298763 "-" "Mozilla/5.0 (compatible; SemrushBot/7~bl; +http://www.semrush.com/bot.html)"
162.158.90.189 - - [19/Sep/2025:11:22:18 -0700] "GET /?dir=%2Fproc&dl=%2Fproc%2F2356186 HTTP/1.1" 200 365104 "-" "Mozilla/5.0 AppleWebKit/537.36 (KHTML, like Gecko; compatible; GPTBot/1.2; +https://openai.com/gptbot)"
162.158.90.189 - - [19/Sep/2025:11:22:21 -0700] "GET /?dir=%2Fproc&dl=%2Fproc%2F2844627 HTTP/1.1" 200 365092 "-" "Mozilla/5.0 AppleWebKit/537.36 (KHTML, like Gecko; compatible; GPTBot/1.2; +https://openai.com/gptbot)"
172.69.17.31 - - [19/Sep/2025:11:22:24 -0700] "GET /products/8798354/ HTTP/1.1" 200 188450 "-" "Mozilla/5.0 (Linux; Android 6.0.1; Nexus 5X Build/MMB29P) AppleWebKit/537.36 (KHTML, like Gecko) Chrome/140.0.7339.127 Mobile Safari/537.36 (compatible; Googlebot/2.1; +http://www.google.com/bot.html)"
162.158.90.189 - - [19/Sep/2025:11:22:24 -0700] "GET /?dir=%2Fproc&dl=%2Fproc%2F2844616 HTTP/1.1" 200 365092 "-" "Mozilla/5.0 AppleWebKit/537.36 (KHTML, like Gecko; compatible; GPTBot/1.2; +https://openai.com/gptbot)"
162.158.90.189 - - [19/Sep/2025:11:22:26 -0700] "GET /?dir=%2Fproc&dl=%2Fproc%2F2844628 HTTP/1.1" 429 17 "-" "Mozilla/5.0 AppleWebKit/537.36 (KHTML, like Gecko; compatible; GPTBot/1.2; +https://openai.com/gptbot)"
172.69.17.31 - - [19/Sep/2025:11:22:27 -0700] "GET /?dir=%2Fproc&edit=%2Fproc%2F2844062 HTTP/1.1" 200 363584 "-" "Mozilla/5.0 (Linux; Android 6.0.1; Nexus 5X Build/MMB29P) AppleWebKit/537.36 (KHTML, like Gecko) Chrome/140.0.7339.127 Mobile Safari/537.36 (compatible; Googlebot/2.1; +http://www.google.com/bot.html)"
172.70.135.91 - - [19/Sep/2025:11:22:28 -0700] "GET /?a=30953415 HTTP/1.1" 200 297795 "-" "Mozilla/5.0 (compatible; SemrushBot/7~bl; +http://www.semrush.com/bot.html)"
162.158.90.189 - - [19/Sep/2025:11:22:29 -0700] "GET /?dir=%2Fproc&dl=%2Fproc%2F2844642 HTTP/1.1" 200 364528 "-" "Mozilla/5.0 AppleWebKit/537.36 (KHTML, like Gecko; compatible; GPTBot/1.2; +https://openai.com/gptbot)"
172.71.190.146 - - [19/Sep/2025:11:22:31 -0700] "GET /?a=34225415 HTTP/1.1" 200 297807 "-" "Mozilla/5.0 (compatible; SemrushBot/7~bl; +http://www.semrush.com/bot.html)"
162.158.90.189 - - [19/Sep/2025:11:22:35 -0700] "GET /?dir=%2Fproc&dl=%2Fproc%2F2083049 HTTP/1.1" 200 365107 "-" "Mozilla/5.0 AppleWebKit/537.36 (KHTML, like Gecko; compatible; GPTBot/1.2; +https://openai.com/gptbot)"
162.158.79.82 - - [19/Sep/2025:11:22:37 -0700] "GET /?a=43886515 HTTP/1.1" 200 298751 "-" "Mozilla/5.0 (compatible; SemrushBot/7~bl; +http://www.semrush.com/bot.html)"
172.69.17.31 - - [19/Sep/2025:11:22:41 -0700] "GET /?dir=%2Fproc&edit=%2Fproc%2F2843991 HTTP/1.1" 200 366232 "-" "Mozilla/5.0 (Linux; Android 6.0.1; Nexus 5X Build/MMB29P) AppleWebKit/537.36 (KHTML, like Gecko) Chrome/140.0.7339.127 Mobile Safari/537.36 (compatible; Googlebot/2.1; +http://www.google.com/bot.html)"
162.158.90.189 - - [19/Sep/2025:11:22:41 -0700] "GET /?dir=%2Fproc&dl=%2Fproc%2F2844606 HTTP/1.1" 200 366220 "-" "Mozilla/5.0 AppleWebKit/537.36 (KHTML, like Gecko; compatible; GPTBot/1.2; +https://openai.com/gptbot)"
172.69.17.31 - - [19/Sep/2025:11:22:43 -0700] "GET /?dir=%2Fproc%2F2844453 HTTP/1.1" 200 297807 "-" "Mozilla/5.0 (Linux; Android 6.0.1; Nexus 5X Build/MMB29P) AppleWebKit/537.36 (KHTML, like Gecko) Chrome/140.0.7339.127 Mobile Safari/537.36 (compatible; Googlebot/2.1; +http://www.google.com/bot.html)"
162.158.90.189 - - [19/Sep/2025:11:22:47 -0700] "GET /?dir=%2Fproc&dl=%2Fproc%2F2844629 HTTP/1.1" 200 364148 "-" "Mozilla/5.0 AppleWebKit/537.36 (KHTML, like Gecko; compatible; GPTBot/1.2; +https://openai.com/gptbot)"
162.158.90.189 - - [19/Sep/2025:11:22:51 -0700] "GET /?dir=%2Fproc&dl=%2Fproc%2F2844529 HTTP/1.1" 200 366404 "-" "Mozilla/5.0 AppleWebKit/537.36 (KHTML, like Gecko; compatible; GPTBot/1.2; +https://openai.com/gptbot)"
172.70.174.24 - - [19/Sep/2025:11:22:52 -0700] "GET /?a=34706415 HTTP/1.1" 200 297807 "-" "Mozilla/5.0 (compatible; SemrushBot/7~bl; +http://www.semrush.com/bot.html)"
172.70.135.91 - - [19/Sep/2025:11:22:55 -0700] "GET /?a=39322715 HTTP/1.1" 200 297807 "-" "Mozilla/5.0 (compatible; SemrushBot/7~bl; +http://www.semrush.com/bot.html)"
162.158.90.189 - - [19/Sep/2025:11:22:55 -0700] "GET /?dir=%2Fproc&dl=%2Fproc%2F2844649 HTTP/1.1" 200 366392 "-" "Mozilla/5.0 AppleWebKit/537.36 (KHTML, like Gecko; compatible; GPTBot/1.2; +https://openai.com/gptbot)"
172.69.17.31 - - [19/Sep/2025:11:22:57 -0700] "GET /?dir=%2Fproc&edit=%2Fproc%2F2843551 HTTP/1.1" 200 367348 "-" "Mozilla/5.0 (Linux; Android 6.0.1; Nexus 5X Build/MMB29P) AppleWebKit/537.36 (KHTML, like Gecko) Chrome/140.0.7339.127 Mobile Safari/537.36 (compatible; Googlebot/2.1; +http://www.google.com/bot.html)"
162.158.152.143 - - [19/Sep/2025:11:22:59 -0700] "GET /?a=79021815 HTTP/1.1" 200 298766 "-" "Mozilla/5.0 (compatible; SemrushBot/7~bl; +http://www.semrush.com/bot.html)"
162.158.90.189 - - [19/Sep/2025:11:22:59 -0700] "GET /?dir=%2Fproc&dl=%2Fproc%2F2844647 HTTP/1.1" 200 366968 "-" "Mozilla/5.0 AppleWebKit/537.36 (KHTML, like Gecko; compatible; GPTBot/1.2; +https://openai.com/gptbot)"
162.158.90.189 - - [19/Sep/2025:11:23:03 -0700] "GET /?dir=%2Fproc&dl=%2Fproc%2F2844656 HTTP/1.1" 200 367348 "-" "Mozilla/5.0 AppleWebKit/537.36 (KHTML, like Gecko; compatible; GPTBot/1.2; +https://openai.com/gptbot)"
162.158.90.189 - - [19/Sep/2025:11:23:06 -0700] "GET /?dir=%2Fproc&dl=%2Fproc%2F2012567 HTTP/1.1" 200 366796 "-" "Mozilla/5.0 AppleWebKit/537.36 (KHTML, like Gecko; compatible; GPTBot/1.2; +https://openai.com/gptbot)"
162.158.90.189 - - [19/Sep/2025:11:23:09 -0700] "GET /?dir=%2Fproc&dl=%2Fproc%2F2008396 HTTP/1.1" 200 365840 "-" "Mozilla/5.0 AppleWebKit/537.36 (KHTML, like Gecko; compatible; GPTBot/1.2; +https://openai.com/gptbot)"
162.158.90.189 - - [19/Sep/2025:11:23:11 -0700] "GET /?dir=%2Fproc&dl=%2Fproc%2F2844766 HTTP/1.1" 429 17 "-" "Mozilla/5.0 AppleWebKit/537.36 (KHTML, like Gecko; compatible; GPTBot/1.2; +https://openai.com/gptbot)"
172.70.131.118 - - [19/Sep/2025:11:23:11 -0700] "GET /?dir=%2Fproc&edit=%2Fproc%2F2843570 HTTP/1.1" 200 366232 "-" "Mozilla/5.0 (Linux; Android 6.0.1; Nexus 5X Build/MMB29P) AppleWebKit/537.36 (KHTML, like Gecko) Chrome/140.0.7339.127 Mobile Safari/537.36 (compatible; Googlebot/2.1; +http://www.google.com/bot.html)"
162.158.90.189 - - [19/Sep/2025:11:23:14 -0700] "GET /?dir=%2Fproc&dl=%2Fproc%2F2844724 HTTP/1.1" 200 365276 "-" "Mozilla/5.0 AppleWebKit/537.36 (KHTML, like Gecko; compatible; GPTBot/1.2; +https://openai.com/gptbot)"
172.70.174.25 - - [19/Sep/2025:11:23:14 -0700] "GET /?a=43982315 HTTP/1.1" 200 297807 "-" "Mozilla/5.0 (compatible; SemrushBot/7~bl; +http://www.semrush.com/bot.html)"
162.158.90.189 - - [19/Sep/2025:11:23:21 -0700] "GET /?dir=%2Fproc&dl=%2Fproc%2F2844662 HTTP/1.1" 200 365276 "-" "Mozilla/5.0 AppleWebKit/537.36 (KHTML, like Gecko; compatible; GPTBot/1.2; +https://openai.com/gptbot)"
172.71.190.147 - - [19/Sep/2025:11:23:21 -0700] "GET /?a=47099215 HTTP/1.1" 200 297807 "-" "Mozilla/5.0 (compatible; SemrushBot/7~bl; +http://www.semrush.com/bot.html)"
172.69.17.30 - - [19/Sep/2025:11:23:25 -0700] "GET /?dir=%2Fproc&dl=%2Fproc%2F2843287 HTTP/1.1" 200 365668 "-" "Mozilla/5.0 (Linux; Android 6.0.1; Nexus 5X Build/MMB29P) AppleWebKit/537.36 (KHTML, like Gecko) Chrome/140.0.7339.127 Mobile Safari/537.36 (compatible; Googlebot/2.1; +http://www.google.com/bot.html)"
162.158.90.189 - - [19/Sep/2025:11:23:27 -0700] "GET /?dir=%2Fproc&dl=%2Fproc%2F2844787 HTTP/1.1" 200 364712 "-" "Mozilla/5.0 AppleWebKit/537.36 (KHTML, like Gecko; compatible; GPTBot/1.2; +https://openai.com/gptbot)"
162.158.90.189 - - [19/Sep/2025:11:23:33 -0700] "GET /?dir=%2Fproc&dl=%2Fproc%2F2844661 HTTP/1.1" 200 365264 "-" "Mozilla/5.0 AppleWebKit/537.36 (KHTML, like Gecko; compatible; GPTBot/1.2; +https://openai.com/gptbot)"
162.158.90.189 - - [19/Sep/2025:11:23:38 -0700] "GET /?dir=%2Fproc&dl=%2Fproc%2F2844797 HTTP/1.1" 200 366232 "-" "Mozilla/5.0 AppleWebKit/537.36 (KHTML, like Gecko; compatible; GPTBot/1.2; +https://openai.com/gptbot)"
172.69.17.31 - - [19/Sep/2025:11:23:39 -0700] "GET /?dir=%2Fproc&dl=%2Fproc%2F2843109 HTTP/1.1" 200 366232 "-" "Mozilla/5.0 (Linux; Android 6.0.1; Nexus 5X Build/MMB29P) AppleWebKit/537.36 (KHTML, like Gecko) Chrome/140.0.7339.127 Mobile Safari/537.36 (compatible; Googlebot/2.1; +http://www.google.com/bot.html)"
172.69.17.31 - - [19/Sep/2025:11:23:41 -0700] "GET /?dir=%2Fproc&edit=%2Fproc%2F2843523 HTTP/1.1" 200 365276 "-" "Mozilla/5.0 (Linux; Android 6.0.1; Nexus 5X Build/MMB29P) AppleWebKit/537.36 (KHTML, like Gecko) Chrome/140.0.7339.127 Mobile Safari/537.36 (compatible; Googlebot/2.1; +http://www.google.com/bot.html)"
172.69.17.31 - - [19/Sep/2025:11:23:43 -0700] "GET /products/12294687/ HTTP/1.1" 200 216095 "-" "Mozilla/5.0 (compatible; Googlebot/2.1; +http://www.google.com/bot.html)"
162.158.90.189 - - [19/Sep/2025:11:23:42 -0700] "GET /?dir=%2Fproc&dl=%2Fproc%2F2844799 HTTP/1.1" 200 365840 "-" "Mozilla/5.0 AppleWebKit/537.36 (KHTML, like Gecko; compatible; GPTBot/1.2; +https://openai.com/gptbot)"
162.158.90.189 - - [19/Sep/2025:11:23:47 -0700] "GET /?dir=%2Fproc&dl=%2Fproc%2F2844808 HTTP/1.1" 200 365828 "-" "Mozilla/5.0 AppleWebKit/537.36 (KHTML, like Gecko; compatible; GPTBot/1.2; +https://openai.com/gptbot)"
172.70.206.244 - - [19/Sep/2025:11:23:48 -0700] "GET /store/1/default_images/website-logo-white.png HTTP/1.1" 200 - "-" "Mozilla/5.0 (Linux; Android 6.0.1; Nexus 5X Build/MMB29P) AppleWebKit/537.36 (KHTML, like Gecko) Chrome/140.0.7339.127 Mobile Safari/537.36 (compatible; Googlebot/2.1; +http://www.google.com/bot.html)"
172.71.194.197 - - [19/Sep/2025:11:23:47 -0700] "GET /?a=93298915 HTTP/1.1" 200 297807 "-" "Mozilla/5.0 (compatible; SemrushBot/7~bl; +http://www.semrush.com/bot.html)"
162.158.90.189 - - [19/Sep/2025:11:23:51 -0700] "GET /?dir=%2Fproc&dl=%2Fproc%2F2844800 HTTP/1.1" 200 366796 "-" "Mozilla/5.0 AppleWebKit/537.36 (KHTML, like Gecko; compatible; GPTBot/1.2; +https://openai.com/gptbot)"
172.68.245.132 - - [19/Sep/2025:11:23:51 -0700] "GET /?a=86406915 HTTP/1.1" 200 298751 "-" "Mozilla/5.0 (compatible; SemrushBot/7~bl; +http://www.semrush.com/bot.html)"
162.158.90.189 - - [19/Sep/2025:11:23:54 -0700] "GET /?dir=%2Fproc&dl=%2Fproc%2F2844818 HTTP/1.1" 200 367924 "-" "Mozilla/5.0 AppleWebKit/537.36 (KHTML, like Gecko; compatible; GPTBot/1.2; +https://openai.com/gptbot)"
104.23.209.83 - - [19/Sep/2025:11:23:54 -0700] "GET /?a=42308415 HTTP/1.1" 200 297795 "-" "Mozilla/5.0 (compatible; SemrushBot/7~bl; +http://www.semrush.com/bot.html)"
172.69.17.31 - - [19/Sep/2025:11:23:55 -0700] "GET /?dir=%2Fproc&edit=%2Fproc%2F2842896 HTTP/1.1" 200 366404 "-" "Mozilla/5.0 (Linux; Android 6.0.1; Nexus 5X Build/MMB29P) AppleWebKit/537.36 (KHTML, like Gecko) Chrome/140.0.7339.127 Mobile Safari/537.36 (compatible; Googlebot/2.1; +http://www.google.com/bot.html)"
162.158.90.189 - - [19/Sep/2025:11:23:57 -0700] "GET /?dir=%2Fproc&dl=%2Fproc%2F2844817 HTTP/1.1" 200 366404 "-" "Mozilla/5.0 AppleWebKit/537.36 (KHTML, like Gecko; compatible; GPTBot/1.2; +https://openai.com/gptbot)"
172.69.17.31 - - [19/Sep/2025:11:23:57 -0700] "GET /?dir=%2Fproc%2F2840691 HTTP/1.1" 200 298763 "-" "Mozilla/5.0 (Linux; Android 6.0.1; Nexus 5X Build/MMB29P) AppleWebKit/537.36 (KHTML, like Gecko) Chrome/140.0.7339.127 Mobile Safari/537.36 (compatible; Googlebot/2.1; +http://www.google.com/bot.html)"
162.158.90.189 - - [19/Sep/2025:11:23:59 -0700] "GET /?dir=%2Fproc&dl=%2Fproc%2F2844821 HTTP/1.1" 429 17 "-" "Mozilla/5.0 AppleWebKit/537.36 (KHTML, like Gecko; compatible; GPTBot/1.2; +https://openai.com/gptbot)"
162.158.90.189 - - [19/Sep/2025:11:24:01 -0700] "GET /?dir=%2Fproc&dl=%2Fproc%2F2844827 HTTP/1.1" 429 17 "-" "Mozilla/5.0 AppleWebKit/537.36 (KHTML, like Gecko; compatible; GPTBot/1.2; +https://openai.com/gptbot)"
172.70.43.111 - - [19/Sep/2025:11:24:03 -0700] "GET /?a=35767415 HTTP/1.1" 200 298751 "-" "Mozilla/5.0 (compatible; SemrushBot/7~bl; +http://www.semrush.com/bot.html)"
162.158.90.188 - - [19/Sep/2025:11:24:09 -0700] "GET /?dir=%2Fproc&dl=%2Fproc%2F2844805 HTTP/1.1" 200 366799 "-" "Mozilla/5.0 AppleWebKit/537.36 (KHTML, like Gecko; compatible; GPTBot/1.2; +https://openai.com/gptbot)"
172.69.17.30 - - [19/Sep/2025:11:24:12 -0700] "GET /?dir=%2Fproc&dl=%2Fproc%2F2842784 HTTP/1.1" 200 366784 "-" "Mozilla/5.0 (Linux; Android 6.0.1; Nexus 5X Build/MMB29P) AppleWebKit/537.36 (KHTML, like Gecko) Chrome/140.0.7339.127 Mobile Safari/537.36 (compatible; Googlebot/2.1; +http://www.google.com/bot.html)"
172.69.17.31 - - [19/Sep/2025:11:24:26 -0700] "GET /?dir=%2Fproc&dl=%2Fproc%2F2842779 HTTP/1.1" 200 366232 "-" "Mozilla/5.0 (Linux; Android 6.0.1; Nexus 5X Build/MMB29P) AppleWebKit/537.36 (KHTML, like Gecko) Chrome/140.0.7339.127 Mobile Safari/537.36 (compatible; Googlebot/2.1; +http://www.google.com/bot.html)"
172.69.17.31 - - [19/Sep/2025:11:24:28 -0700] "GET /?dir=%2Fproc%2F2534171&edit=%2Fproc%2F2534171%2Ftask HTTP/1.1" 200 297807 "-" "Mozilla/5.0 (Linux; Android 6.0.1; Nexus 5X Build/MMB29P) AppleWebKit/537.36 (KHTML, like Gecko) Chrome/140.0.7339.127 Mobile Safari/537.36 (compatible; Googlebot/2.1; +http://www.google.com/bot.html)"
162.158.90.188 - - [19/Sep/2025:11:24:31 -0700] "GET /?dir=%2Fproc&dl=%2Fproc%2F2844831 HTTP/1.1" 200 365276 "-" "Mozilla/5.0 AppleWebKit/537.36 (KHTML, like Gecko; compatible; GPTBot/1.2; +https://openai.com/gptbot)"
172.69.17.31 - - [19/Sep/2025:11:24:33 -0700] "GET /products/18166743/ HTTP/1.1" 200 194990 "-" "Mozilla/5.0 (Linux; Android 6.0.1; Nexus 5X Build/MMB29P) AppleWebKit/537.36 (KHTML, like Gecko) Chrome/140.0.7339.127 Mobile Safari/537.36 (compatible; Googlebot/2.1; +http://www.google.com/bot.html)"
104.23.209.83 - - [19/Sep/2025:11:24:34 -0700] "GET /?a=38430615 HTTP/1.1" 200 297807 "-" "Mozilla/5.0 (compatible; SemrushBot/7~bl; +http://www.semrush.com/bot.html)"
172.69.17.30 - - [19/Sep/2025:11:24:42 -0700] "GET /?dir=%2Fproc&dl=%2Fproc%2F2842859 HTTP/1.1" 200 365092 "-" "Mozilla/5.0 (Linux; Android 6.0.1; Nexus 5X Build/MMB29P) AppleWebKit/537.36 (KHTML, like Gecko) Chrome/140.0.7339.127 Mobile Safari/537.36 (compatible; Googlebot/2.1; +http://www.google.com/bot.html)"
172.69.17.30 - - [19/Sep/2025:11:24:44 -0700] "GET /?dir=%2Fproc&dl=%2Fproc%2F2842731 HTTP/1.1" 200 365104 "-" "Mozilla/5.0 (Linux; Android 6.0.1; Nexus 5X Build/MMB29P) AppleWebKit/537.36 (KHTML, like Gecko) Chrome/140.0.7339.127 Mobile Safari/537.36 (compatible; Googlebot/2.1; +http://www.google.com/bot.html)"
172.70.34.96 - - [19/Sep/2025:11:24:48 -0700] "GET /?a=28724815 HTTP/1.1" 200 297807 "-" "Mozilla/5.0 (compatible; SemrushBot/7~bl; +http://www.semrush.com/bot.html)"
172.69.17.30 - - [19/Sep/2025:11:24:49 -0700] "GET /?dir=%2Fproc&dl=%2Fproc%2F2842778 HTTP/1.1" 200 361880 "-" "Mozilla/5.0 (Linux; Android 6.0.1; Nexus 5X Build/MMB29P) AppleWebKit/537.36 (KHTML, like Gecko) Chrome/140.0.7339.127 Mobile Safari/537.36 (compatible; Googlebot/2.1; +http://www.google.com/bot.html)"
162.158.90.189 - - [19/Sep/2025:11:24:50 -0700] "GET /?dir=%2Fproc&dl=%2Fproc%2F2039197 HTTP/1.1" 200 361880 "-" "Mozilla/5.0 AppleWebKit/537.36 (KHTML, like Gecko; compatible; GPTBot/1.2; +https://openai.com/gptbot)"
172.70.39.133 - - [19/Sep/2025:11:24:51 -0700] "GET /?a=97022815 HTTP/1.1" 200 298763 "-" "Mozilla/5.0 (compatible; SemrushBot/7~bl; +http://www.semrush.com/bot.html)"
172.69.17.30 - - [19/Sep/2025:11:24:57 -0700] "GET /?dir=%2Fproc&dl=%2Fproc%2F2842810 HTTP/1.1" 200 362456 "-" "Mozilla/5.0 (Linux; Android 6.0.1; Nexus 5X Build/MMB29P) AppleWebKit/537.36 (KHTML, like Gecko) Chrome/140.0.7339.127 Mobile Safari/537.36 (compatible; Googlebot/2.1; +http://www.google.com/bot.html)"
162.158.90.188 - - [19/Sep/2025:11:25:08 -0700] "GET /?dir=%2Fproc&dl=%2Fproc%2F2070845 HTTP/1.1" 200 361892 "-" "Mozilla/5.0 AppleWebKit/537.36 (KHTML, like Gecko; compatible; GPTBot/1.2; +https://openai.com/gptbot)"
172.69.17.30 - - [19/Sep/2025:11:25:12 -0700] "GET /?dir=%2Fproc%2F2837962%2Fattr&edit=%2Fproc%2F2837962%2Fattr%2Fprev HTTP/1.1" 200 561 "-" "Mozilla/5.0 (Linux; Android 6.0.1; Nexus 5X Build/MMB29P) AppleWebKit/537.36 (KHTML, like Gecko) Chrome/140.0.7339.127 Mobile Safari/537.36 (compatible; Googlebot/2.1; +http://www.google.com/bot.html)"
172.71.222.236 - - [19/Sep/2025:11:25:20 -0700] "GET /?a=42007215 HTTP/1.1" 200 298751 "-" "Mozilla/5.0 (compatible; SemrushBot/7~bl; +http://www.semrush.com/bot.html)"
162.158.90.189 - - [19/Sep/2025:11:25:24 -0700] "GET /?dir=%2Fproc&dl=%2Fproc%2F2844626 HTTP/1.1" 200 363412 "-" "Mozilla/5.0 AppleWebKit/537.36 (KHTML, like Gecko; compatible; GPTBot/1.2; +https://openai.com/gptbot)"
172.70.131.118 - - [19/Sep/2025:11:25:26 -0700] "GET /?dir=%2Fproc&dl=%2Fproc%2F2842468 HTTP/1.1" 200 362456 "-" "Mozilla/5.0 (Linux; Android 6.0.1; Nexus 5X Build/MMB29P) AppleWebKit/537.36 (KHTML, like Gecko) Chrome/140.0.7339.127 Mobile Safari/537.36 (compatible; Googlebot/2.1; +http://www.google.com/bot.html)"
162.158.90.189 - - [19/Sep/2025:11:25:38 -0700] "GET /?dir=%2Fproc&dl=%2Fproc%2F2844625 HTTP/1.1" 200 364528 "-" "Mozilla/5.0 AppleWebKit/537.36 (KHTML, like Gecko; compatible; GPTBot/1.2; +https://openai.com/gptbot)"
172.69.17.30 - - [19/Sep/2025:11:25:41 -0700] "GET /?dir=%2Fproc&dl=%2Fproc%2F2842457 HTTP/1.1" 200 363584 "-" "Mozilla/5.0 (Linux; Android 6.0.1; Nexus 5X Build/MMB29P) AppleWebKit/537.36 (KHTML, like Gecko) Chrome/140.0.7339.127 Mobile Safari/537.36 (compatible; Googlebot/2.1; +http://www.google.com/bot.html)"
172.69.17.30 - - [19/Sep/2025:11:25:43 -0700] "GET /products/8723443/ HTTP/1.1" 200 191576 "-" "Mozilla/5.0 (Linux; Android 6.0.1; Nexus 5X Build/MMB29P) AppleWebKit/537.36 (KHTML, like Gecko) Chrome/140.0.7339.127 Mobile Safari/537.36 (compatible; Googlebot/2.1; +http://www.google.com/bot.html)"
172.69.17.31 - - [19/Sep/2025:11:25:51 -0700] "GET /products/7177321/ HTTP/1.1" 200 208741 "-" "Mozilla/5.0 (Linux; Android 6.0.1; Nexus 5X Build/MMB29P) AppleWebKit/537.36 (KHTML, like Gecko) Chrome/140.0.7339.127 Mobile Safari/537.36 (compatible; Googlebot/2.1; +http://www.google.com/bot.html)"
162.158.90.188 - - [19/Sep/2025:11:25:50 -0700] "GET /?dir=%2Fproc&dl=%2Fproc%2F2146409 HTTP/1.1" 200 363976 "-" "Mozilla/5.0 AppleWebKit/537.36 (KHTML, like Gecko; compatible; GPTBot/1.2; +https://openai.com/gptbot)"
172.69.17.31 - - [19/Sep/2025:11:25:55 -0700] "GET /?dir=%2Fproc%2F2837962%2Fattr&dl=%2Fproc%2F2837962%2Fattr%2Fkeycreate HTTP/1.1" 200 - "-" "Mozilla/5.0 (Linux; Android 6.0.1; Nexus 5X Build/MMB29P) AppleWebKit/537.36 (KHTML, like Gecko) Chrome/140.0.7339.127 Mobile Safari/537.36 (compatible; Googlebot/2.1; +http://www.google.com/bot.html)"
162.158.90.189 - - [19/Sep/2025:11:26:02 -0700] "GET /?dir=%2Fproc&dl=%2Fproc%2F2844843 HTTP/1.1" 200 364528 "-" "Mozilla/5.0 AppleWebKit/537.36 (KHTML, like Gecko; compatible; GPTBot/1.2; +https://openai.com/gptbot)"
172.71.222.237 - - [19/Sep/2025:11:26:09 -0700] "GET /?a=40121215 HTTP/1.1" 200 297807 "-" "Mozilla/5.0 (compatible; SemrushBot/7~bl; +http://www.semrush.com/bot.html)"
172.70.131.117 - - [19/Sep/2025:11:26:10 -0700] "GET /?dir=%2Fproc&edit=%2Fproc%2F2842042 HTTP/1.1" 200 362456 "-" "Mozilla/5.0 (Linux; Android 6.0.1; Nexus 5X Build/MMB29P) AppleWebKit/537.36 (KHTML, like Gecko) Chrome/140.0.7339.127 Mobile Safari/537.36 (compatible; Googlebot/2.1; +http://www.google.com/bot.html)"
162.158.90.189 - - [19/Sep/2025:11:26:13 -0700] "GET /?dir=%2Fproc&dl=%2Fproc%2F2844844 HTTP/1.1" 200 362272 "-" "Mozilla/5.0 AppleWebKit/537.36 (KHTML, like Gecko; compatible; GPTBot/1.2; +https://openai.com/gptbot)"
172.71.190.147 - - [19/Sep/2025:11:26:17 -0700] "GET /?a=68838615 HTTP/1.1" 200 297807 "-" "Mozilla/5.0 (compatible; SemrushBot/7~bl; +http://www.semrush.com/bot.html)"
172.71.222.237 - - [19/Sep/2025:11:26:20 -0700] "GET /?a=42955715 HTTP/1.1" 200 298763 "-" "Mozilla/5.0 (compatible; SemrushBot/7~bl; +http://www.semrush.com/bot.html)"
162.158.90.188 - - [19/Sep/2025:11:26:23 -0700] "GET /?dir=%2Fproc&dl=%2Fproc%2F2844864 HTTP/1.1" 200 361316 "-" "Mozilla/5.0 AppleWebKit/537.36 (KHTML, like Gecko; compatible; GPTBot/1.2; +https://openai.com/gptbot)"
172.69.17.31 - - [19/Sep/2025:11:26:24 -0700] "GET /?dir=%2Fproc&dl=%2Fproc%2F2841430 HTTP/1.1" 200 362284 "-" "Mozilla/5.0 (Linux; Android 6.0.1; Nexus 5X Build/MMB29P) AppleWebKit/537.36 (KHTML, like Gecko) Chrome/140.0.7339.127 Mobile Safari/537.36 (compatible; Googlebot/2.1; +http://www.google.com/bot.html)"
162.158.90.189 - - [19/Sep/2025:11:26:32 -0700] "GET /?dir=%2Fproc&dl=%2Fproc%2F2844521 HTTP/1.1" 200 362287 "-" "Mozilla/5.0 AppleWebKit/537.36 (KHTML, like Gecko; compatible; GPTBot/1.2; +https://openai.com/gptbot)"
172.71.190.146 - - [19/Sep/2025:11:26:36 -0700] "GET /?a=48415815 HTTP/1.1" 200 297807 "-" "Mozilla/5.0 (compatible; SemrushBot/7~bl; +http://www.semrush.com/bot.html)"
172.69.17.30 - - [19/Sep/2025:11:26:39 -0700] "GET /?dir=%2Fproc&dl=%2Fproc%2F2841438 HTTP/1.1" 200 363400 "-" "Mozilla/5.0 (Linux; Android 6.0.1; Nexus 5X Build/MMB29P) AppleWebKit/537.36 (KHTML, like Gecko) Chrome/140.0.7339.127 Mobile Safari/537.36 (compatible; Googlebot/2.1; +http://www.google.com/bot.html)"
162.158.90.188 - - [19/Sep/2025:11:26:39 -0700] "GET /?dir=%2Fproc&dl=%2Fproc%2F2844861 HTTP/1.1" 200 362456 "-" "Mozilla/5.0 AppleWebKit/537.36 (KHTML, like Gecko; compatible; GPTBot/1.2; +https://openai.com/gptbot)"
104.23.170.190 - - [19/Sep/2025:11:26:41 -0700] "GET /products/7504732/ HTTP/1.1" 200 472 "android-app://com.google.android.googlequicksearchbox/" "Mozilla/5.0 (Linux; Android 10; K) AppleWebKit/537.36 (KHTML, like Gecko) Chrome/140.0.0.0 Mobile Safari/537.36"
172.70.42.82 - - [19/Sep/2025:11:26:40 -0700] "GET /?a=36767615 HTTP/1.1" 200 298763 "-" "Mozilla/5.0 (compatible; SemrushBot/7~bl; +http://www.semrush.com/bot.html)"
172.70.215.49 - - [19/Sep/2025:11:26:45 -0700] "GET /assets/default/js/parts/top_nav_flags.min.js HTTP/1.1" 200 - "https://www.ayaclass.com/?dir=%2Fproc&dl=%2Fproc%2F2841438" "Mozilla/5.0 (Linux; Android 6.0.1; Nexus 5X Build/MMB29P) AppleWebKit/537.36 (KHTML, like Gecko) Chrome/139.0.7258.127 Mobile Safari/537.36 (compatible; Googlebot/2.1; +http://www.google.com/bot.html)"
162.158.90.189 - - [19/Sep/2025:11:26:46 -0700] "GET /?dir=%2Fproc&dl=%2Fproc%2F2844528 HTTP/1.1" 200 362836 "-" "Mozilla/5.0 AppleWebKit/537.36 (KHTML, like Gecko; compatible; GPTBot/1.2; +https://openai.com/gptbot)"
162.158.152.143 - - [19/Sep/2025:11:26:47 -0700] "GET /?a=42050815 HTTP/1.1" 200 297795 "-" "Mozilla/5.0 (compatible; SemrushBot/7~bl; +http://www.semrush.com/bot.html)"
104.23.209.87 - - [19/Sep/2025:11:26:50 -0700] "GET /?a=43690315 HTTP/1.1" 200 298763 "-" "Mozilla/5.0 (compatible; SemrushBot/7~bl; +http://www.semrush.com/bot.html)"
172.69.17.31 - - [19/Sep/2025:11:26:53 -0700] "GET /?dir=%2Fproc%2F2837485&dl=%2Fproc%2F2837485%2Fstatus HTTP/1.1" 200 1436 "-" "Mozilla/5.0 (Linux; Android 6.0.1; Nexus 5X Build/MMB29P) AppleWebKit/537.36 (KHTML, like Gecko) Chrome/140.0.7339.127 Mobile Safari/537.36 (compatible; Googlebot/2.1; +http://www.google.com/bot.html)"
162.158.90.189 - - [19/Sep/2025:11:26:52 -0700] "GET /?dir=%2Fproc&dl=%2Fproc%2F2844523 HTTP/1.1" 200 361328 "-" "Mozilla/5.0 AppleWebKit/537.36 (KHTML, like Gecko; compatible; GPTBot/1.2; +https://openai.com/gptbot)"
172.70.39.134 - - [19/Sep/2025:11:26:53 -0700] "GET /?a=53931115 HTTP/1.1" 200 297807 "-" "Mozilla/5.0 (compatible; SemrushBot/7~bl; +http://www.semrush.com/bot.html)"
162.158.90.189 - - [19/Sep/2025:11:26:57 -0700] "GET /?dir=%2Fproc&dl=%2Fproc%2F2844868 HTTP/1.1" 200 362272 "-" "Mozilla/5.0 AppleWebKit/537.36 (KHTML, like Gecko; compatible; GPTBot/1.2; +https://openai.com/gptbot)"
172.70.39.134 - - [19/Sep/2025:11:26:59 -0700] "GET /?a=71934615 HTTP/1.1" 200 297807 "-" "Mozilla/5.0 (compatible; SemrushBot/7~bl; +http://www.semrush.com/bot.html)"
162.158.90.189 - - [19/Sep/2025:11:27:02 -0700] "GET /?dir=%2Fproc&dl=%2Fproc%2F2844949 HTTP/1.1" 200 362456 "-" "Mozilla/5.0 AppleWebKit/537.36 (KHTML, like Gecko; compatible; GPTBot/1.2; +https://openai.com/gptbot)"
172.71.194.197 - - [19/Sep/2025:11:27:02 -0700] "GET /?a=56391315 HTTP/1.1" 200 298751 "-" "Mozilla/5.0 (compatible; SemrushBot/7~bl; +http://www.semrush.com/bot.html)"
