162.158.18.122 - - [19/Sep/2025:08:09:45 -0700] "GET /?dir=%2Fhome HTTP/1.1" 200 286096 "https://www.ayaclass.com/" "Mozilla/5.0 (Windows NT 10.0; WOW64; x64) AppleWebKit/537.36 (KHTML, like Gecko) Chrome/114.0.0.0 Safari/537.36 OPR/89.0.4447.51"
104.23.199.118 - - [19/Sep/2025:08:09:48 -0700] "GET /Aya HTTP/1.1" 200 - "http://www.ayaclass.com/Aya" "Mozilla/5.0 (Windows NT 10.0; WOW64; x64) AppleWebKit/537.36 (KHTML, like Gecko) Chrome/114.0.0.0 Safari/537.36 OPR/89.0.4447.51"
172.69.17.30 - - [19/Sep/2025:08:09:47 -0700] "GET /?dir=%2Fproc%2F2563824 HTTP/1.1" 200 297795 "-" "Mozilla/5.0 (Linux; Android 6.0.1; Nexus 5X Build/MMB29P) AppleWebKit/537.36 (KHTML, like Gecko) Chrome/140.0.7339.127 Mobile Safari/537.36 (compatible; Googlebot/2.1; +http://www.google.com/bot.html)"
172.70.126.44 - - [19/Sep/2025:08:09:48 -0700] "GET /?dir=%2Fhome%2Fayaclass%2Fpublic_html%2Fpublic%2Fvendor HTTP/1.1" 200 288974 "-" "Mozilla/5.0 AppleWebKit/537.36 (KHTML, like Gecko; compatible; ClaudeBot/1.0; +claudebot@anthropic.com)"
162.158.18.122 - - [19/Sep/2025:08:09:49 -0700] "GET /?dir=%2Fhome%2Fayaclass HTTP/1.1" 200 304159 "https://www.ayaclass.com/" "Mozilla/5.0 (Windows NT 10.0; WOW64; x64) AppleWebKit/537.36 (KHTML, like Gecko) Chrome/114.0.0.0 Safari/537.36 OPR/89.0.4447.51"
172.70.126.44 - - [19/Sep/2025:08:09:53 -0700] "GET /course/Learn-Linux-in-5-Days HTTP/1.1" 403 - "-" "Mozilla/5.0 AppleWebKit/537.36 (KHTML, like Gecko; compatible; ClaudeBot/1.0; +claudebot@anthropic.com)"
104.23.199.118 - - [19/Sep/2025:08:09:53 -0700] "GET /en_US HTTP/1.1" 200 - "http://www.ayaclass.com/en_US" "Mozilla/5.0 (Windows NT 10.0; WOW64; x64) AppleWebKit/537.36 (KHTML, like Gecko) Chrome/114.0.0.0 Safari/537.36 OPR/89.0.4447.51"
162.158.14.204 - - [19/Sep/2025:08:09:54 -0700] "GET /?dir=%2Fhome%2Fayaclass%2Fpublic_html HTTP/1.1" 200 308782 "https://www.ayaclass.com/" "Mozilla/5.0 (Windows NT 10.0; WOW64; x64) AppleWebKit/537.36 (KHTML, like Gecko) Chrome/114.0.0.0 Safari/537.36 OPR/89.0.4447.51"
162.158.14.204 - - [19/Sep/2025:08:09:57 -0700] "GET / HTTP/1.1" 200 298763 "https://www.ayaclass.com/" "Mozilla/5.0 (Windows NT 10.0; WOW64; x64) AppleWebKit/537.36 (KHTML, like Gecko) Chrome/114.0.0.0 Safari/537.36 OPR/89.0.4447.51"
172.69.34.223 - - [19/Sep/2025:08:09:58 -0700] "GET /?dir=%2Fproc&dl=%2Fproc%2F2826241 HTTP/1.1" 200 371872 "-" "Mozilla/5.0 AppleWebKit/537.36 (KHTML, like Gecko; compatible; GPTBot/1.2; +https://openai.com/gptbot)"
172.69.34.223 - - [19/Sep/2025:08:10:00 -0700] "GET /?dir=%2Fproc&dl=%2Fproc%2F2825395 HTTP/1.1" 429 17 "-" "Mozilla/5.0 AppleWebKit/537.36 (KHTML, like Gecko; compatible; GPTBot/1.2; +https://openai.com/gptbot)"
172.70.126.45 - - [19/Sep/2025:08:09:58 -0700] "GET /?dir=%2Fhome%2Fayaclass%2Fpublic_html%2Fpublic&dl=%2Fhome%2Fayaclass%2Fpublic_html%2Fpublic%2F8g7r6hiak HTTP/1.1" 200 297807 "-" "Mozilla/5.0 AppleWebKit/537.36 (KHTML, like Gecko; compatible; ClaudeBot/1.0; +claudebot@anthropic.com)"
172.69.17.30 - - [19/Sep/2025:08:09:59 -0700] "GET /?dir=%2Fproc%2F2566626 HTTP/1.1" 200 298751 "-" "Mozilla/5.0 (Linux; Android 6.0.1; Nexus 5X Build/MMB29P) AppleWebKit/537.36 (KHTML, like Gecko) Chrome/140.0.7339.127 Mobile Safari/537.36 (compatible; Googlebot/2.1; +http://www.google.com/bot.html)"
162.158.18.123 - - [19/Sep/2025:08:10:00 -0700] "GET /?dir=%2Fhome%2Fayaclass%2Fpublic_html%2Fpublic HTTP/1.1" 200 297807 "https://www.ayaclass.com/" "Mozilla/5.0 (Windows NT 10.0; WOW64; x64) AppleWebKit/537.36 (KHTML, like Gecko) Chrome/114.0.0.0 Safari/537.36 OPR/89.0.4447.51"
172.70.126.45 - - [19/Sep/2025:08:10:03 -0700] "GET /?dir=%2Fhome%2Fayaclass%2Fpublic_html%2Fpublic&edit=%2Fhome%2Fayaclass%2Fpublic_html%2Fpublic%2F8g7r6hiak HTTP/1.1" 200 298763 "-" "Mozilla/5.0 AppleWebKit/537.36 (KHTML, like Gecko; compatible; ClaudeBot/1.0; +claudebot@anthropic.com)"
162.158.18.123 - - [19/Sep/2025:08:10:04 -0700] "GET /?dir=%2Fhome%2Fayaclass%2Fpublic_html%2Fpublic%2F.. HTTP/1.1" 200 308782 "https://www.ayaclass.com/" "Mozilla/5.0 (Windows NT 10.0; WOW64; x64) AppleWebKit/537.36 (KHTML, like Gecko) Chrome/114.0.0.0 Safari/537.36 OPR/89.0.4447.51"
162.158.152.143 - - [19/Sep/2025:08:10:08 -0700] "GET /?a=68446815 HTTP/1.1" 200 297807 "-" "Mozilla/5.0 (compatible; SemrushBot/7~bl; +http://www.semrush.com/bot.html)"
162.158.14.101 - - [19/Sep/2025:08:10:07 -0700] "GET / HTTP/1.1" 200 298751 "https://www.ayaclass.com/" "Mozilla/5.0 (Windows NT 10.0; WOW64; x64) AppleWebKit/537.36 (KHTML, like Gecko) Chrome/114.0.0.0 Safari/537.36 OPR/89.0.4447.51"
162.158.14.205 - - [19/Sep/2025:08:10:10 -0700] "GET /?dir=%2Fhome%2Fayaclass%2Fpublic_html%2Fpublic&dl=%2Fhome%2Fayaclass%2Fpublic_html%2Fpublic%2F.. HTTP/1.1" 200 298766 "https://www.ayaclass.com/" "Mozilla/5.0 (Windows NT 10.0; WOW64; x64) AppleWebKit/537.36 (KHTML, like Gecko) Chrome/114.0.0.0 Safari/537.36 OPR/89.0.4447.51"
172.69.17.30 - - [19/Sep/2025:08:10:11 -0700] "GET /?dir=%2Fproc&dl=%2Fproc%2F2564252 HTTP/1.1" 200 373000 "-" "Mozilla/5.0 (Linux; Android 6.0.1; Nexus 5X Build/MMB29P) AppleWebKit/537.36 (KHTML, like Gecko) Chrome/140.0.7339.127 Mobile Safari/537.36 (compatible; Googlebot/2.1; +http://www.google.com/bot.html)"
162.158.14.205 - - [19/Sep/2025:08:10:14 -0700] "GET /pages/about HTTP/1.1" 200 - "https://www.ayaclass.com/" "Mozilla/5.0 (Windows NT 10.0; WOW64; x64) AppleWebKit/537.36 (KHTML, like Gecko) Chrome/114.0.0.0 Safari/537.36 OPR/89.0.4447.51"
172.69.34.224 - - [19/Sep/2025:08:10:14 -0700] "GET /?dir=%2Fproc&dl=%2Fproc%2F2824290 HTTP/1.1" 200 372596 "-" "Mozilla/5.0 AppleWebKit/537.36 (KHTML, like Gecko; compatible; GPTBot/1.2; +https://openai.com/gptbot)"
162.158.14.205 - - [19/Sep/2025:08:10:14 -0700] "GET /?dir=%2Fhome%2Fayaclass%2Fpublic_html%2Fpublic&edit=%2Fhome%2Fayaclass%2Fpublic_html%2Fpublic%2F.. HTTP/1.1" 200 297795 "https://www.ayaclass.com/" "Mozilla/5.0 (Windows NT 10.0; WOW64; x64) AppleWebKit/537.36 (KHTML, like Gecko) Chrome/114.0.0.0 Safari/537.36 OPR/89.0.4447.51"
162.158.18.123 - - [19/Sep/2025:08:10:17 -0700] "GET /pages/terms HTTP/1.1" 200 - "https://www.ayaclass.com/" "Mozilla/5.0 (Windows NT 10.0; WOW64; x64) AppleWebKit/537.36 (KHTML, like Gecko) Chrome/114.0.0.0 Safari/537.36 OPR/89.0.4447.51"
162.158.18.123 - - [19/Sep/2025:08:10:18 -0700] "GET /?dir=%2Fhome%2Fayaclass%2Fpublic_html%2Fpublic&dl=%2Fhome%2Fayaclass%2Fpublic_html%2Fpublic%2F.htaccess HTTP/1.1" 200 603 "https://www.ayaclass.com/" "Mozilla/5.0 (Windows NT 10.0; WOW64; x64) AppleWebKit/537.36 (KHTML, like Gecko) Chrome/114.0.0.0 Safari/537.36 OPR/89.0.4447.51"
162.158.18.123 - - [19/Sep/2025:08:10:18 -0700] "GET /become-instructor HTTP/1.1" 200 - "https://www.ayaclass.com/" "Mozilla/5.0 (Windows NT 10.0; WOW64; x64) AppleWebKit/537.36 (KHTML, like Gecko) Chrome/114.0.0.0 Safari/537.36 OPR/89.0.4447.51"
162.158.18.123 - - [19/Sep/2025:08:10:19 -0700] "GET /?dir=%2Fhome%2Fayaclass%2Fpublic_html%2Fpublic&edit=%2Fhome%2Fayaclass%2Fpublic_html%2Fpublic%2F.htaccess HTTP/1.1" 200 1210 "https://www.ayaclass.com/" "Mozilla/5.0 (Windows NT 10.0; WOW64; x64) AppleWebKit/537.36 (KHTML, like Gecko) Chrome/114.0.0.0 Safari/537.36 OPR/89.0.4447.51"
162.158.14.205 - - [19/Sep/2025:08:10:19 -0700] "GET /certificate_validation HTTP/1.1" 200 - "https://www.ayaclass.com/" "Mozilla/5.0 (Windows NT 10.0; WOW64; x64) AppleWebKit/537.36 (KHTML, like Gecko) Chrome/114.0.0.0 Safari/537.36 OPR/89.0.4447.51"
162.158.79.81 - - [19/Sep/2025:08:10:19 -0700] "GET /?a=73172115 HTTP/1.1" 200 297807 "-" "Mozilla/5.0 (compatible; SemrushBot/7~bl; +http://www.semrush.com/bot.html)"
162.158.18.123 - - [19/Sep/2025:08:10:19 -0700] "GET /?dir=%2Fhome%2Fayaclass%2Fpublic_html%2Fpublic%2F8g7r6hiak HTTP/1.1" 200 290197 "https://www.ayaclass.com/" "Mozilla/5.0 (Windows NT 10.0; WOW64; x64) AppleWebKit/537.36 (KHTML, like Gecko) Chrome/114.0.0.0 Safari/537.36 OPR/89.0.4447.51"
162.158.18.123 - - [19/Sep/2025:08:10:22 -0700] "GET /contact HTTP/1.1" 200 - "https://www.ayaclass.com/" "Mozilla/5.0 (Windows NT 10.0; WOW64; x64) AppleWebKit/537.36 (KHTML, like Gecko) Chrome/114.0.0.0 Safari/537.36 OPR/89.0.4447.51"
162.158.14.205 - - [19/Sep/2025:08:10:23 -0700] "GET /?dir=%2Fhome%2Fayaclass%2Fpublic_html%2Fpublic&dl=%2Fhome%2Fayaclass%2Fpublic_html%2Fpublic%2F8g7r6hiak HTTP/1.1" 200 298751 "https://www.ayaclass.com/" "Mozilla/5.0 (Windows NT 10.0; WOW64; x64) AppleWebKit/537.36 (KHTML, like Gecko) Chrome/114.0.0.0 Safari/537.36 OPR/89.0.4447.51"
172.69.17.31 - - [19/Sep/2025:08:10:23 -0700] "GET /?dir=%2Fproc&dl=%2Fproc%2F2546527 HTTP/1.1" 200 372608 "-" "Mozilla/5.0 (Linux; Android 6.0.1; Nexus 5X Build/MMB29P) AppleWebKit/537.36 (KHTML, like Gecko) Chrome/140.0.7339.127 Mobile Safari/537.36 (compatible; Googlebot/2.1; +http://www.google.com/bot.html)"
162.158.14.205 - - [19/Sep/2025:08:10:26 -0700] "GET /blog HTTP/1.1" 200 - "https://www.ayaclass.com/" "Mozilla/5.0 (Windows NT 10.0; WOW64; x64) AppleWebKit/537.36 (KHTML, like Gecko) Chrome/114.0.0.0 Safari/537.36 OPR/89.0.4447.51"
172.71.190.146 - - [19/Sep/2025:08:10:24 -0700] "GET /?a=37599715 HTTP/1.1" 200 298751 "-" "Mozilla/5.0 (compatible; SemrushBot/7~bl; +http://www.semrush.com/bot.html)"
162.158.14.205 - - [19/Sep/2025:08:10:27 -0700] "GET /?dir=%2Fhome%2Fayaclass%2Fpublic_html%2Fpublic&edit=%2Fhome%2Fayaclass%2Fpublic_html%2Fpublic%2F8g7r6hiak HTTP/1.1" 200 298751 "https://www.ayaclass.com/" "Mozilla/5.0 (Windows NT 10.0; WOW64; x64) AppleWebKit/537.36 (KHTML, like Gecko) Chrome/114.0.0.0 Safari/537.36 OPR/89.0.4447.51"
162.158.18.123 - - [19/Sep/2025:08:10:30 -0700] "GET /register HTTP/1.1" 200 - "https://www.ayaclass.com/" "Mozilla/5.0 (Windows NT 10.0; WOW64; x64) AppleWebKit/537.36 (KHTML, like Gecko) Chrome/114.0.0.0 Safari/537.36 OPR/89.0.4447.51"
172.68.245.133 - - [19/Sep/2025:08:10:29 -0700] "GET /?a=24082715 HTTP/1.1" 200 297807 "-" "Mozilla/5.0 (compatible; SemrushBot/7~bl; +http://www.semrush.com/bot.html)"
162.158.18.123 - - [19/Sep/2025:08:10:30 -0700] "GET /?dir=%2Fhome%2Fayaclass%2Fpublic_html%2Fpublic%2FViewerJS HTTP/1.1" 200 294921 "https://www.ayaclass.com/" "Mozilla/5.0 (Windows NT 10.0; WOW64; x64) AppleWebKit/537.36 (KHTML, like Gecko) Chrome/114.0.0.0 Safari/537.36 OPR/89.0.4447.51"
162.158.18.123 - - [19/Sep/2025:08:10:33 -0700] "GET /login HTTP/1.1" 200 - "https://www.ayaclass.com/" "Mozilla/5.0 (Windows NT 10.0; WOW64; x64) AppleWebKit/537.36 (KHTML, like Gecko) Chrome/114.0.0.0 Safari/537.36 OPR/89.0.4447.51"
162.158.14.205 - - [19/Sep/2025:08:10:34 -0700] "GET /?dir=%2Fhome%2Fayaclass%2Fpublic_html%2Fpublic&dl=%2Fhome%2Fayaclass%2Fpublic_html%2Fpublic%2FViewerJS HTTP/1.1" 200 298763 "https://www.ayaclass.com/" "Mozilla/5.0 (Windows NT 10.0; WOW64; x64) AppleWebKit/537.36 (KHTML, like Gecko) Chrome/114.0.0.0 Safari/537.36 OPR/89.0.4447.51"
162.158.18.123 - - [19/Sep/2025:08:10:37 -0700] "GET /users/868/profile HTTP/1.1" 200 - "https://www.ayaclass.com/" "Mozilla/5.0 (Windows NT 10.0; WOW64; x64) AppleWebKit/537.36 (KHTML, like Gecko) Chrome/114.0.0.0 Safari/537.36 OPR/89.0.4447.51"
172.69.17.31 - - [19/Sep/2025:08:10:36 -0700] "GET /?dir=%2Fproc%2F2542870 HTTP/1.1" 200 297807 "-" "Mozilla/5.0 (Linux; Android 6.0.1; Nexus 5X Build/MMB29P) AppleWebKit/537.36 (KHTML, like Gecko) Chrome/140.0.7339.127 Mobile Safari/537.36 (compatible; Googlebot/2.1; +http://www.google.com/bot.html)"
162.158.14.205 - - [19/Sep/2025:08:10:37 -0700] "GET /?dir=%2Fhome%2Fayaclass%2Fpublic_html%2Fpublic&edit=%2Fhome%2Fayaclass%2Fpublic_html%2Fpublic%2FViewerJS HTTP/1.1" 200 298751 "https://www.ayaclass.com/" "Mozilla/5.0 (Windows NT 10.0; WOW64; x64) AppleWebKit/537.36 (KHTML, like Gecko) Chrome/114.0.0.0 Safari/537.36 OPR/89.0.4447.51"
162.158.14.205 - - [19/Sep/2025:08:10:41 -0700] "GET /users/859/profile HTTP/1.1" 200 - "https://www.ayaclass.com/" "Mozilla/5.0 (Windows NT 10.0; WOW64; x64) AppleWebKit/537.36 (KHTML, like Gecko) Chrome/114.0.0.0 Safari/537.36 OPR/89.0.4447.51"
104.23.209.83 - - [19/Sep/2025:08:10:41 -0700] "GET /?a=44176915 HTTP/1.1" 200 297807 "-" "Mozilla/5.0 (compatible; SemrushBot/7~bl; +http://www.semrush.com/bot.html)"
162.158.14.204 - - [19/Sep/2025:08:10:41 -0700] "GET /?dir=%2Fhome%2Fayaclass%2Fpublic_html%2Fpublic%2Fassets HTTP/1.1" 200 290412 "https://www.ayaclass.com/" "Mozilla/5.0 (Windows NT 10.0; WOW64; x64) AppleWebKit/537.36 (KHTML, like Gecko) Chrome/114.0.0.0 Safari/537.36 OPR/89.0.4447.51"
162.158.14.205 - - [19/Sep/2025:08:10:44 -0700] "GET /users/864/profile HTTP/1.1" 200 - "https://www.ayaclass.com/" "Mozilla/5.0 (Windows NT 10.0; WOW64; x64) AppleWebKit/537.36 (KHTML, like Gecko) Chrome/114.0.0.0 Safari/537.36 OPR/89.0.4447.51"
162.158.18.123 - - [19/Sep/2025:08:10:45 -0700] "GET /?dir=%2Fhome%2Fayaclass%2Fpublic_html%2Fpublic&dl=%2Fhome%2Fayaclass%2Fpublic_html%2Fpublic%2Fassets HTTP/1.1" 200 297795 "https://www.ayaclass.com/" "Mozilla/5.0 (Windows NT 10.0; WOW64; x64) AppleWebKit/537.36 (KHTML, like Gecko) Chrome/114.0.0.0 Safari/537.36 OPR/89.0.4447.51"
162.158.14.205 - - [19/Sep/2025:08:10:48 -0700] "GET /users/863/profile HTTP/1.1" 200 - "https://www.ayaclass.com/" "Mozilla/5.0 (Windows NT 10.0; WOW64; x64) AppleWebKit/537.36 (KHTML, like Gecko) Chrome/114.0.0.0 Safari/537.36 OPR/89.0.4447.51"
104.23.211.144 - - [19/Sep/2025:08:10:46 -0700] "GET /?a=66053315 HTTP/1.1" 200 298751 "-" "Mozilla/5.0 (compatible; SemrushBot/7~bl; +http://www.semrush.com/bot.html)"
172.69.17.30 - - [19/Sep/2025:08:10:48 -0700] "GET /?dir=%2Fproc%2F2576554 HTTP/1.1" 200 297807 "-" "Mozilla/5.0 (Linux; Android 6.0.1; Nexus 5X Build/MMB29P) AppleWebKit/537.36 (KHTML, like Gecko) Chrome/140.0.7339.127 Mobile Safari/537.36 (compatible; Googlebot/2.1; +http://www.google.com/bot.html)"
162.158.18.123 - - [19/Sep/2025:08:10:49 -0700] "GET /?dir=%2Fhome%2Fayaclass%2Fpublic_html%2Fpublic&edit=%2Fhome%2Fayaclass%2Fpublic_html%2Fpublic%2Fassets HTTP/1.1" 200 298751 "https://www.ayaclass.com/" "Mozilla/5.0 (Windows NT 10.0; WOW64; x64) AppleWebKit/537.36 (KHTML, like Gecko) Chrome/114.0.0.0 Safari/537.36 OPR/89.0.4447.51"
108.162.216.59 - - [19/Sep/2025:08:10:51 -0700] "GET /course/live-class HTTP/1.1" 403 - "-" "Mozilla/5.0 AppleWebKit/537.36 (KHTML, like Gecko; compatible; ClaudeBot/1.0; +claudebot@anthropic.com)"
162.158.14.205 - - [19/Sep/2025:08:10:51 -0700] "GET /users/4/profile HTTP/1.1" 200 - "https://www.ayaclass.com/" "Mozilla/5.0 (Windows NT 10.0; WOW64; x64) AppleWebKit/537.36 (KHTML, like Gecko) Chrome/114.0.0.0 Safari/537.36 OPR/89.0.4447.51"
162.158.14.205 - - [19/Sep/2025:08:10:52 -0700] "GET /?dir=%2Fhome%2Fayaclass%2Fpublic_html%2Fpublic&dl=%2Fhome%2Fayaclass%2Fpublic_html%2Fpublic%2Fcheck.php HTTP/1.1" 200 11481 "https://www.ayaclass.com/" "Mozilla/5.0 (Windows NT 10.0; WOW64; x64) AppleWebKit/537.36 (KHTML, like Gecko) Chrome/114.0.0.0 Safari/537.36 OPR/89.0.4447.51"
172.70.39.134 - - [19/Sep/2025:08:10:50 -0700] "GET /?a=55729615 HTTP/1.1" 200 298766 "-" "Mozilla/5.0 (compatible; SemrushBot/7~bl; +http://www.semrush.com/bot.html)"
162.158.18.123 - - [19/Sep/2025:08:10:52 -0700] "GET /users/867/profile HTTP/1.1" 200 - "https://www.ayaclass.com/" "Mozilla/5.0 (Windows NT 10.0; WOW64; x64) AppleWebKit/537.36 (KHTML, like Gecko) Chrome/114.0.0.0 Safari/537.36 OPR/89.0.4447.51"
162.158.14.205 - - [19/Sep/2025:08:10:53 -0700] "GET /?dir=%2Fhome%2Fayaclass%2Fpublic_html%2Fpublic&edit=%2Fhome%2Fayaclass%2Fpublic_html%2Fpublic%2Fcheck.php HTTP/1.1" 200 16183 "https://www.ayaclass.com/" "Mozilla/5.0 (Windows NT 10.0; WOW64; x64) AppleWebKit/537.36 (KHTML, like Gecko) Chrome/114.0.0.0 Safari/537.36 OPR/89.0.4447.51"
162.158.18.123 - - [19/Sep/2025:08:10:53 -0700] "GET /organizations HTTP/1.1" 200 - "https://www.ayaclass.com/" "Mozilla/5.0 (Windows NT 10.0; WOW64; x64) AppleWebKit/537.36 (KHTML, like Gecko) Chrome/114.0.0.0 Safari/537.36 OPR/89.0.4447.51"
162.158.18.123 - - [19/Sep/2025:08:10:54 -0700] "GET /?dir=%2Fhome%2Fayaclass%2Fpublic_html%2Fpublic&dl=%2Fhome%2Fayaclass%2Fpublic_html%2Fpublic%2Fdoc.php HTTP/1.1" 200 5227 "https://www.ayaclass.com/" "Mozilla/5.0 (Windows NT 10.0; WOW64; x64) AppleWebKit/537.36 (KHTML, like Gecko) Chrome/114.0.0.0 Safari/537.36 OPR/89.0.4447.51"
162.158.18.123 - - [19/Sep/2025:08:10:54 -0700] "GET /blog/Better-Relationship-Between-You-and-Your-Student-s-Parent HTTP/1.1" 200 - "https://www.ayaclass.com/" "Mozilla/5.0 (Windows NT 10.0; WOW64; x64) AppleWebKit/537.36 (KHTML, like Gecko) Chrome/114.0.0.0 Safari/537.36 OPR/89.0.4447.51"
162.158.14.205 - - [19/Sep/2025:08:10:55 -0700] "GET /?dir=%2Fhome%2Fayaclass%2Fpublic_html%2Fpublic&edit=%2Fhome%2Fayaclass%2Fpublic_html%2Fpublic%2Fdoc.php HTTP/1.1" 200 5824 "https://www.ayaclass.com/" "Mozilla/5.0 (Windows NT 10.0; WOW64; x64) AppleWebKit/537.36 (KHTML, like Gecko) Chrome/114.0.0.0 Safari/537.36 OPR/89.0.4447.51"
108.162.216.59 - - [19/Sep/2025:08:10:55 -0700] "GET /course/Installment-feature HTTP/1.1" 403 - "-" "Mozilla/5.0 AppleWebKit/537.36 (KHTML, like Gecko; compatible; ClaudeBot/1.0; +claudebot@anthropic.com)"
162.158.79.81 - - [19/Sep/2025:08:10:53 -0700] "GET /?a=37419515 HTTP/1.1" 200 297807 "-" "Mozilla/5.0 (compatible; SemrushBot/7~bl; +http://www.semrush.com/bot.html)"
162.158.18.123 - - [19/Sep/2025:08:10:55 -0700] "GET /blog/How-To-Teach-Your-Kid-Anything-Easily HTTP/1.1" 200 - "https://www.ayaclass.com/" "Mozilla/5.0 (Windows NT 10.0; WOW64; x64) AppleWebKit/537.36 (KHTML, like Gecko) Chrome/114.0.0.0 Safari/537.36 OPR/89.0.4447.51"
162.158.18.123 - - [19/Sep/2025:08:10:56 -0700] "GET /?dir=%2Fhome%2Fayaclass%2Fpublic_html%2Fpublic&dl=%2Fhome%2Fayaclass%2Fpublic_html%2Fpublic%2Ffile.php HTTP/1.1" 200 83002 "https://www.ayaclass.com/" "Mozilla/5.0 (Windows NT 10.0; WOW64; x64) AppleWebKit/537.36 (KHTML, like Gecko) Chrome/114.0.0.0 Safari/537.36 OPR/89.0.4447.51"
162.158.18.123 - - [19/Sep/2025:08:10:57 -0700] "GET /blog/3-Laws-to-Become-a-Straight-A-Student HTTP/1.1" 200 - "https://www.ayaclass.com/" "Mozilla/5.0 (Windows NT 10.0; WOW64; x64) AppleWebKit/537.36 (KHTML, like Gecko) Chrome/114.0.0.0 Safari/537.36 OPR/89.0.4447.51"
162.158.14.205 - - [19/Sep/2025:08:10:58 -0700] "GET /?dir=%2Fhome%2Fayaclass%2Fpublic_html%2Fpublic&edit=%2Fhome%2Fayaclass%2Fpublic_html%2Fpublic%2Ffile.php HTTP/1.1" 200 107560 "https://www.ayaclass.com/" "Mozilla/5.0 (Windows NT 10.0; WOW64; x64) AppleWebKit/537.36 (KHTML, like Gecko) Chrome/114.0.0.0 Safari/537.36 OPR/89.0.4447.51"
172.69.34.224 - - [19/Sep/2025:08:10:57 -0700] "GET /?dir=%2Fproc&dl=%2Fproc%2F2826123 HTTP/1.1" 200 370352 "-" "Mozilla/5.0 AppleWebKit/537.36 (KHTML, like Gecko; compatible; GPTBot/1.2; +https://openai.com/gptbot)"
162.158.18.123 - - [19/Sep/2025:08:10:59 -0700] "GET /instructors HTTP/1.1" 200 - "https://www.ayaclass.com/" "Mozilla/5.0 (Windows NT 10.0; WOW64; x64) AppleWebKit/537.36 (KHTML, like Gecko) Chrome/114.0.0.0 Safari/537.36 OPR/89.0.4447.51"
162.158.14.205 - - [19/Sep/2025:08:10:59 -0700] "GET /?dir=%2Fhome%2Fayaclass%2Fpublic_html%2Fpublic&dl=%2Fhome%2Fayaclass%2Fpublic_html%2Fpublic%2Findex.php HTTP/1.1" 200 1710 "https://www.ayaclass.com/" "Mozilla/5.0 (Windows NT 10.0; WOW64; x64) AppleWebKit/537.36 (KHTML, like Gecko) Chrome/114.0.0.0 Safari/537.36 OPR/89.0.4447.51"
162.158.18.123 - - [19/Sep/2025:08:11:00 -0700] "GET /users/1048/profile HTTP/1.1" 200 - "https://www.ayaclass.com/" "Mozilla/5.0 (Windows NT 10.0; WOW64; x64) AppleWebKit/537.36 (KHTML, like Gecko) Chrome/114.0.0.0 Safari/537.36 OPR/89.0.4447.51"
108.162.216.59 - - [19/Sep/2025:08:11:00 -0700] "GET /?dir=%2Fhome%2Fayaclass%2Fpublic_html%2Fpublic&dl=%2Fhome%2Fayaclass%2Fpublic_html%2Fpublic%2Fmix-manifest.json HTTP/1.1" 200 99 "-" "Mozilla/5.0 AppleWebKit/537.36 (KHTML, like Gecko; compatible; ClaudeBot/1.0; +claudebot@anthropic.com)"
162.158.18.123 - - [19/Sep/2025:08:11:00 -0700] "GET /?dir=%2Fhome%2Fayaclass%2Fpublic_html%2Fpublic&edit=%2Fhome%2Fayaclass%2Fpublic_html%2Fpublic%2Findex.php HTTP/1.1" 200 2378 "https://www.ayaclass.com/" "Mozilla/5.0 (Windows NT 10.0; WOW64; x64) AppleWebKit/537.36 (KHTML, like Gecko) Chrome/114.0.0.0 Safari/537.36 OPR/89.0.4447.51"
162.158.18.123 - - [19/Sep/2025:08:11:00 -0700] "GET /users/1016/profile?tab=appointments HTTP/1.1" 200 - "https://www.ayaclass.com/" "Mozilla/5.0 (Windows NT 10.0; WOW64; x64) AppleWebKit/537.36 (KHTML, like Gecko) Chrome/114.0.0.0 Safari/537.36 OPR/89.0.4447.51"
162.158.18.123 - - [19/Sep/2025:08:11:01 -0700] "GET /?dir=%2Fhome%2Fayaclass%2Fpublic_html%2Fpublic&dl=%2Fhome%2Fayaclass%2Fpublic_html%2Fpublic%2Fmix-manifest.json HTTP/1.1" 200 99 "https://www.ayaclass.com/" "Mozilla/5.0 (Windows NT 10.0; WOW64; x64) AppleWebKit/537.36 (KHTML, like Gecko) Chrome/114.0.0.0 Safari/537.36 OPR/89.0.4447.51"
162.158.14.204 - - [19/Sep/2025:08:11:02 -0700] "GET /users/1016/profile HTTP/1.1" 200 - "https://www.ayaclass.com/" "Mozilla/5.0 (Windows NT 10.0; WOW64; x64) AppleWebKit/537.36 (KHTML, like Gecko) Chrome/114.0.0.0 Safari/537.36 OPR/89.0.4447.51"
162.158.18.123 - - [19/Sep/2025:08:11:02 -0700] "GET /?dir=%2Fhome%2Fayaclass%2Fpublic_html%2Fpublic&edit=%2Fhome%2Fayaclass%2Fpublic_html%2Fpublic%2Fmix-manifest.json HTTP/1.1" 200 710 "https://www.ayaclass.com/" "Mozilla/5.0 (Windows NT 10.0; WOW64; x64) AppleWebKit/537.36 (KHTML, like Gecko) Chrome/114.0.0.0 Safari/537.36 OPR/89.0.4447.51"
172.70.179.169 - - [19/Sep/2025:08:11:00 -0700] "GET /?dir=%2Fproc&dl=%2Fproc%2F2569065 HTTP/1.1" 200 370747 "-" "Mozilla/5.0 (Linux; Android 6.0.1; Nexus 5X Build/MMB29P) AppleWebKit/537.36 (KHTML, like Gecko) Chrome/140.0.7339.127 Mobile Safari/537.36 (compatible; Googlebot/2.1; +http://www.google.com/bot.html)"
162.158.18.123 - - [19/Sep/2025:08:11:03 -0700] "GET /users/1015/profile?tab=appointments HTTP/1.1" 200 - "https://www.ayaclass.com/" "Mozilla/5.0 (Windows NT 10.0; WOW64; x64) AppleWebKit/537.36 (KHTML, like Gecko) Chrome/114.0.0.0 Safari/537.36 OPR/89.0.4447.51"
162.158.18.123 - - [19/Sep/2025:08:11:03 -0700] "GET /?dir=%2Fhome%2Fayaclass%2Fpublic_html%2Fpublic&dl=%2Fhome%2Fayaclass%2Fpublic_html%2Fpublic%2Frobots.txt HTTP/1.1" 200 24 "https://www.ayaclass.com/" "Mozilla/5.0 (Windows NT 10.0; WOW64; x64) AppleWebKit/537.36 (KHTML, like Gecko) Chrome/114.0.0.0 Safari/537.36 OPR/89.0.4447.51"
162.158.14.204 - - [19/Sep/2025:08:11:03 -0700] "GET /users/1015/profile HTTP/1.1" 200 - "https://www.ayaclass.com/" "Mozilla/5.0 (Windows NT 10.0; WOW64; x64) AppleWebKit/537.36 (KHTML, like Gecko) Chrome/114.0.0.0 Safari/537.36 OPR/89.0.4447.51"
162.158.18.123 - - [19/Sep/2025:08:11:04 -0700] "GET /?dir=%2Fhome%2Fayaclass%2Fpublic_html%2Fpublic&edit=%2Fhome%2Fayaclass%2Fpublic_html%2Fpublic%2Frobots.txt HTTP/1.1" 200 608 "https://www.ayaclass.com/" "Mozilla/5.0 (Windows NT 10.0; WOW64; x64) AppleWebKit/537.36 (KHTML, like Gecko) Chrome/114.0.0.0 Safari/537.36 OPR/89.0.4447.51"
162.158.18.123 - - [19/Sep/2025:08:11:04 -0700] "GET /users/934/profile?tab=appointments HTTP/1.1" 200 - "https://www.ayaclass.com/" "Mozilla/5.0 (Windows NT 10.0; WOW64; x64) AppleWebKit/537.36 (KHTML, like Gecko) Chrome/114.0.0.0 Safari/537.36 OPR/89.0.4447.51"
108.162.216.59 - - [19/Sep/2025:08:11:05 -0700] "GET /course/New-Update-Features HTTP/1.1" 403 - "-" "Mozilla/5.0 AppleWebKit/537.36 (KHTML, like Gecko; compatible; ClaudeBot/1.0; +claudebot@anthropic.com)"
162.158.14.204 - - [19/Sep/2025:08:11:05 -0700] "GET /?dir=%2Fhome%2Fayaclass%2Fpublic_html%2Fpublic%2Fstore HTTP/1.1" 200 315371 "https://www.ayaclass.com/" "Mozilla/5.0 (Windows NT 10.0; WOW64; x64) AppleWebKit/537.36 (KHTML, like Gecko) Chrome/114.0.0.0 Safari/537.36 OPR/89.0.4447.51"
162.158.18.123 - - [19/Sep/2025:08:11:08 -0700] "GET /users/934/profile HTTP/1.1" 200 - "https://www.ayaclass.com/" "Mozilla/5.0 (Windows NT 10.0; WOW64; x64) AppleWebKit/537.36 (KHTML, like Gecko) Chrome/114.0.0.0 Safari/537.36 OPR/89.0.4447.51"
172.70.174.24 - - [19/Sep/2025:08:11:08 -0700] "GET /?a=33128215 HTTP/1.1" 200 297807 "-" "Mozilla/5.0 (compatible; SemrushBot/7~bl; +http://www.semrush.com/bot.html)"
108.162.216.58 - - [19/Sep/2025:08:11:10 -0700] "GET /?dir=%2Fhome%2Fayaclass%2Fpublic_html%2Fpublic&edit=%2Fhome%2Fayaclass%2Fpublic_html%2Fpublic%2Fmix-manifest.json HTTP/1.1" 200 710 "-" "Mozilla/5.0 AppleWebKit/537.36 (KHTML, like Gecko; compatible; ClaudeBot/1.0; +claudebot@anthropic.com)"
162.158.18.123 - - [19/Sep/2025:08:11:09 -0700] "GET /?dir=%2Fhome%2Fayaclass%2Fpublic_html%2Fpublic&dl=%2Fhome%2Fayaclass%2Fpublic_html%2Fpublic%2Fstore HTTP/1.1" 200 297807 "https://www.ayaclass.com/" "Mozilla/5.0 (Windows NT 10.0; WOW64; x64) AppleWebKit/537.36 (KHTML, like Gecko) Chrome/114.0.0.0 Safari/537.36 OPR/89.0.4447.51"
162.158.18.123 - - [19/Sep/2025:08:11:12 -0700] "GET /users/929/profile?tab=appointments HTTP/1.1" 200 - "https://www.ayaclass.com/" "Mozilla/5.0 (Windows NT 10.0; WOW64; x64) AppleWebKit/537.36 (KHTML, like Gecko) Chrome/114.0.0.0 Safari/537.36 OPR/89.0.4447.51"
162.158.18.123 - - [19/Sep/2025:08:11:12 -0700] "GET /?dir=%2Fhome%2Fayaclass%2Fpublic_html%2Fpublic&edit=%2Fhome%2Fayaclass%2Fpublic_html%2Fpublic%2Fstore HTTP/1.1" 200 298763 "https://www.ayaclass.com/" "Mozilla/5.0 (Windows NT 10.0; WOW64; x64) AppleWebKit/537.36 (KHTML, like Gecko) Chrome/114.0.0.0 Safari/537.36 OPR/89.0.4447.51"
172.69.17.30 - - [19/Sep/2025:08:11:13 -0700] "GET /?dir=%2Fproc&edit=%2Fproc%2F2529337 HTTP/1.1" 200 369788 "-" "Mozilla/5.0 (Linux; Android 6.0.1; Nexus 5X Build/MMB29P) AppleWebKit/537.36 (KHTML, like Gecko) Chrome/140.0.7339.127 Mobile Safari/537.36 (compatible; Googlebot/2.1; +http://www.google.com/bot.html)"
108.162.216.58 - - [19/Sep/2025:08:11:15 -0700] "GET /blog HTTP/1.1" 403 - "-" "Mozilla/5.0 AppleWebKit/537.36 (KHTML, like Gecko; compatible; ClaudeBot/1.0; +claudebot@anthropic.com)"
162.158.14.204 - - [19/Sep/2025:08:11:16 -0700] "GET /users/929/profile HTTP/1.1" 200 - "https://www.ayaclass.com/" "Mozilla/5.0 (Windows NT 10.0; WOW64; x64) AppleWebKit/537.36 (KHTML, like Gecko) Chrome/114.0.0.0 Safari/537.36 OPR/89.0.4447.51"
162.158.18.123 - - [19/Sep/2025:08:11:16 -0700] "GET /?dir=%2Fhome%2Fayaclass%2Fpublic_html%2Fpublic&dl=%2Fhome%2Fayaclass%2Fpublic_html%2Fpublic%2Ftask.php HTTP/1.1" 200 38287 "https://www.ayaclass.com/" "Mozilla/5.0 (Windows NT 10.0; WOW64; x64) AppleWebKit/537.36 (KHTML, like Gecko) Chrome/114.0.0.0 Safari/537.36 OPR/89.0.4447.51"
172.70.179.170 - - [19/Sep/2025:08:11:15 -0700] "GET /?dir=%2Fproc&dl=%2Fproc%2F2546498 HTTP/1.1" 200 370180 "-" "Mozilla/5.0 (Linux; Android 6.0.1; Nexus 5X Build/MMB29P) AppleWebKit/537.36 (KHTML, like Gecko) Chrome/140.0.7339.127 Mobile Safari/537.36 (compatible; Googlebot/2.1; +http://www.google.com/bot.html)"
162.158.14.204 - - [19/Sep/2025:08:11:17 -0700] "GET /users/923/profile?tab=appointments HTTP/1.1" 200 - "https://www.ayaclass.com/" "Mozilla/5.0 (Windows NT 10.0; WOW64; x64) AppleWebKit/537.36 (KHTML, like Gecko) Chrome/114.0.0.0 Safari/537.36 OPR/89.0.4447.51"
162.158.18.123 - - [19/Sep/2025:08:11:17 -0700] "GET /?dir=%2Fhome%2Fayaclass%2Fpublic_html%2Fpublic&edit=%2Fhome%2Fayaclass%2Fpublic_html%2Fpublic%2Ftask.php HTTP/1.1" 200 45590 "https://www.ayaclass.com/" "Mozilla/5.0 (Windows NT 10.0; WOW64; x64) AppleWebKit/537.36 (KHTML, like Gecko) Chrome/114.0.0.0 Safari/537.36 OPR/89.0.4447.51"
162.158.18.123 - - [19/Sep/2025:08:11:18 -0700] "GET /users/923/profile HTTP/1.1" 200 - "https://www.ayaclass.com/" "Mozilla/5.0 (Windows NT 10.0; WOW64; x64) AppleWebKit/537.36 (KHTML, like Gecko) Chrome/114.0.0.0 Safari/537.36 OPR/89.0.4447.51"
108.162.216.58 - - [19/Sep/2025:08:11:20 -0700] "GET /classes HTTP/1.1" 403 - "-" "Mozilla/5.0 AppleWebKit/537.36 (KHTML, like Gecko; compatible; ClaudeBot/1.0; +claudebot@anthropic.com)"
162.158.18.123 - - [19/Sep/2025:08:11:19 -0700] "GET /?dir=%2Fhome%2Fayaclass%2Fpublic_html%2Fpublic%2Fvendor HTTP/1.1" 200 288030 "https://www.ayaclass.com/" "Mozilla/5.0 (Windows NT 10.0; WOW64; x64) AppleWebKit/537.36 (KHTML, like Gecko) Chrome/114.0.0.0 Safari/537.36 OPR/89.0.4447.51"
162.158.79.81 - - [19/Sep/2025:08:11:18 -0700] "GET /?a=52875015 HTTP/1.1" 200 297807 "-" "Mozilla/5.0 (compatible; SemrushBot/7~bl; +http://www.semrush.com/bot.html)"
162.158.14.204 - - [19/Sep/2025:08:11:21 -0700] "GET /users/870/profile?tab=appointments HTTP/1.1" 200 - "https://www.ayaclass.com/" "Mozilla/5.0 (Windows NT 10.0; WOW64; x64) AppleWebKit/537.36 (KHTML, like Gecko) Chrome/114.0.0.0 Safari/537.36 OPR/89.0.4447.51"
162.158.18.123 - - [19/Sep/2025:08:11:22 -0700] "GET /?dir=%2Fhome%2Fayaclass%2Fpublic_html%2Fpublic&dl=%2Fhome%2Fayaclass%2Fpublic_html%2Fpublic%2Fvendor HTTP/1.1" 200 298763 "https://www.ayaclass.com/" "Mozilla/5.0 (Windows NT 10.0; WOW64; x64) AppleWebKit/537.36 (KHTML, like Gecko) Chrome/114.0.0.0 Safari/537.36 OPR/89.0.4447.51"
162.158.18.123 - - [19/Sep/2025:08:11:25 -0700] "GET /users/870/profile HTTP/1.1" 200 - "https://www.ayaclass.com/" "Mozilla/5.0 (Windows NT 10.0; WOW64; x64) AppleWebKit/537.36 (KHTML, like Gecko) Chrome/114.0.0.0 Safari/537.36 OPR/89.0.4447.51"
172.69.17.31 - - [19/Sep/2025:08:11:24 -0700] "GET /?dir=%2Fproc%2F2561626 HTTP/1.1" 200 297807 "-" "Mozilla/5.0 (Linux; Android 6.0.1; Nexus 5X Build/MMB29P) AppleWebKit/537.36 (KHTML, like Gecko) Chrome/140.0.7339.127 Mobile Safari/537.36 (compatible; Googlebot/2.1; +http://www.google.com/bot.html)"
108.162.216.58 - - [19/Sep/2025:08:11:25 -0700] "GET /?dir=%2Fhome%2Fayaclass%2Fpublic_html%2Fpublic%2F8g7r6hiak HTTP/1.1" 200 290185 "-" "Mozilla/5.0 AppleWebKit/537.36 (KHTML, like Gecko; compatible; ClaudeBot/1.0; +claudebot@anthropic.com)"
162.158.14.205 - - [19/Sep/2025:08:11:25 -0700] "GET /?dir=%2Fhome%2Fayaclass%2Fpublic_html%2Fpublic&edit=%2Fhome%2Fayaclass%2Fpublic_html%2Fpublic%2Fvendor HTTP/1.1" 200 297807 "https://www.ayaclass.com/" "Mozilla/5.0 (Windows NT 10.0; WOW64; x64) AppleWebKit/537.36 (KHTML, like Gecko) Chrome/114.0.0.0 Safari/537.36 OPR/89.0.4447.51"
162.158.18.123 - - [19/Sep/2025:08:11:28 -0700] "GET /users/3/profile HTTP/1.1" 200 - "https://www.ayaclass.com/" "Mozilla/5.0 (Windows NT 10.0; WOW64; x64) AppleWebKit/537.36 (KHTML, like Gecko) Chrome/114.0.0.0 Safari/537.36 OPR/89.0.4447.51"
162.158.18.123 - - [19/Sep/2025:08:11:29 -0700] "GET /?dir=%2Fhome%2Fayaclass%2Fpublic_html%2Fpublic&dl=%2Fhome%2Fayaclass%2Fpublic_html%2Fpublic%2Fweb.config HTTP/1.1" 200 1194 "https://www.ayaclass.com/" "Mozilla/5.0 (Windows NT 10.0; WOW64; x64) AppleWebKit/537.36 (KHTML, like Gecko) Chrome/114.0.0.0 Safari/537.36 OPR/89.0.4447.51"
162.158.18.123 - - [19/Sep/2025:08:11:29 -0700] "GET /panel/rewards HTTP/1.1" 200 - "https://www.ayaclass.com/" "Mozilla/5.0 (Windows NT 10.0; WOW64; x64) AppleWebKit/537.36 (KHTML, like Gecko) Chrome/114.0.0.0 Safari/537.36 OPR/89.0.4447.51"
162.158.18.123 - - [19/Sep/2025:08:11:30 -0700] "GET /?dir=%2Fhome%2Fayaclass%2Fpublic_html%2Fpublic&edit=%2Fhome%2Fayaclass%2Fpublic_html%2Fpublic%2Fweb.config HTTP/1.1" 200 2172 "https://www.ayaclass.com/" "Mozilla/5.0 (Windows NT 10.0; WOW64; x64) AppleWebKit/537.36 (KHTML, like Gecko) Chrome/114.0.0.0 Safari/537.36 OPR/89.0.4447.51"
108.162.216.58 - - [19/Sep/2025:08:11:30 -0700] "GET /course/Effective-Time-Management HTTP/1.1" 403 - "-" "Mozilla/5.0 AppleWebKit/537.36 (KHTML, like Gecko; compatible; ClaudeBot/1.0; +claudebot@anthropic.com)"
162.158.18.123 - - [19/Sep/2025:08:11:30 -0700] "GET /reward-courses HTTP/1.1" 200 - "https://www.ayaclass.com/" "Mozilla/5.0 (Windows NT 10.0; WOW64; x64) AppleWebKit/537.36 (KHTML, like Gecko) Chrome/114.0.0.0 Safari/537.36 OPR/89.0.4447.51"
162.158.14.204 - - [19/Sep/2025:08:11:31 -0700] "GET /?dir=%2Fhome%2Fayaclass%2Fpublic_html%2Fpublic&dl=%2Fhome%2Fayaclass%2Fpublic_html%2Fpublic%2Fz8s2cw HTTP/1.1" 200 - "https://www.ayaclass.com/" "Mozilla/5.0 (Windows NT 10.0; WOW64; x64) AppleWebKit/537.36 (KHTML, like Gecko) Chrome/114.0.0.0 Safari/537.36 OPR/89.0.4447.51"
162.158.18.123 - - [19/Sep/2025:08:11:31 -0700] "GET /classes HTTP/1.1" 200 - "https://www.ayaclass.com/" "Mozilla/5.0 (Windows NT 10.0; WOW64; x64) AppleWebKit/537.36 (KHTML, like Gecko) Chrome/114.0.0.0 Safari/537.36 OPR/89.0.4447.51"
162.158.14.204 - - [19/Sep/2025:08:11:32 -0700] "GET /?dir=%2Fhome%2Fayaclass%2Fpublic_html%2Fpublic&edit=%2Fhome%2Fayaclass%2Fpublic_html%2Fpublic%2Fz8s2cw HTTP/1.1" 200 580 "https://www.ayaclass.com/" "Mozilla/5.0 (Windows NT 10.0; WOW64; x64) AppleWebKit/537.36 (KHTML, like Gecko) Chrome/114.0.0.0 Safari/537.36 OPR/89.0.4447.51"
162.158.14.204 - - [19/Sep/2025:08:11:32 -0700] "GET /instructor-finder HTTP/1.1" 200 - "https://www.ayaclass.com/" "Mozilla/5.0 (Windows NT 10.0; WOW64; x64) AppleWebKit/537.36 (KHTML, like Gecko) Chrome/114.0.0.0 Safari/537.36 OPR/89.0.4447.51"
162.158.18.123 - - [19/Sep/2025:08:11:33 -0700] "GET /categories/%D8%A7%D9%84%D9%85%D8%B1%D8%AD%D9%84%D8%A9-%D8%A7%D9%84%D8%A3%D8%A8%D8%AA%D8%AF%D8%A7%D8%A6%D9%8A%D8%A9 HTTP/1.1" 200 - "https://www.ayaclass.com/" "Mozilla/5.0 (Windows NT 10.0; WOW64; x64) AppleWebKit/537.36 (KHTML, like Gecko) Chrome/114.0.0.0 Safari/537.36 OPR/89.0.4447.51"
172.70.34.96 - - [19/Sep/2025:08:11:31 -0700] "GET /?a=50266015 HTTP/1.1" 200 298766 "-" "Mozilla/5.0 (compatible; SemrushBot/7~bl; +http://www.semrush.com/bot.html)"
162.158.14.204 - - [19/Sep/2025:08:11:33 -0700] "GET /instructor-finder/wizard HTTP/1.1" 200 - "https://www.ayaclass.com/" "Mozilla/5.0 (Windows NT 10.0; WOW64; x64) AppleWebKit/537.36 (KHTML, like Gecko) Chrome/114.0.0.0 Safari/537.36 OPR/89.0.4447.51"
162.158.18.123 - - [19/Sep/2025:08:11:33 -0700] "GET /categories/%D8%A7%D9%84%D9%85%D8%B1%D8%AD%D9%84%D8%A9-%D8%A7%D9%84%D8%A3%D8%A8%D8%AA%D8%AF%D8%A7%D8%A6%D9%8A%D8%A9/Mobile-Development HTTP/1.1" 200 - "https://www.ayaclass.com/" "Mozilla/5.0 (Windows NT 10.0; WOW64; x64) AppleWebKit/537.36 (KHTML, like Gecko) Chrome/114.0.0.0 Safari/537.36 OPR/89.0.4447.51"
162.158.14.204 - - [19/Sep/2025:08:11:34 -0700] "GET /forums HTTP/1.1" 200 - "https://www.ayaclass.com/" "Mozilla/5.0 (Windows NT 10.0; WOW64; x64) AppleWebKit/537.36 (KHTML, like Gecko) Chrome/114.0.0.0 Safari/537.36 OPR/89.0.4447.51"
162.158.14.204 - - [19/Sep/2025:08:11:34 -0700] "GET /categories/%D8%A7%D9%84%D9%85%D8%B1%D8%AD%D9%84%D8%A9-%D8%A7%D9%84%D8%A3%D8%A8%D8%AA%D8%AF%D8%A7%D8%A6%D9%8A%D8%A9/Game-Development HTTP/1.1" 200 - "https://www.ayaclass.com/" "Mozilla/5.0 (Windows NT 10.0; WOW64; x64) AppleWebKit/537.36 (KHTML, like Gecko) Chrome/114.0.0.0 Safari/537.36 OPR/89.0.4447.51"
162.158.14.205 - - [19/Sep/2025:08:11:35 -0700] "GET /forums/create-topic HTTP/1.1" 200 - "https://www.ayaclass.com/" "Mozilla/5.0 (Windows NT 10.0; WOW64; x64) AppleWebKit/537.36 (KHTML, like Gecko) Chrome/114.0.0.0 Safari/537.36 OPR/89.0.4447.51"
162.158.14.204 - - [19/Sep/2025:08:11:35 -0700] "GET /categories/%D8%A7%D9%84%D9%85%D8%B1%D8%AD%D9%84%D8%A9-%D8%A7%D9%84%D8%A3%D8%A8%D8%AA%D8%AF%D8%A7%D8%A6%D9%8A%D8%A9/%D8%A7%D9%84%D8%B1%D8%A7%D8%A8%D8%B9-%D8%A7%D9%84%D8%A3%D8%A8%D8%AA%D8%AF%D8%A7%D8%A6%D9%89 HTTP/1.1" 200 - "https://www.ayaclass.com/" "Mozilla/5.0 (Windows NT 10.0; WOW64; x64) AppleWebKit/537.36 (KHTML, like Gecko) Chrome/114.0.0.0 Safari/537.36 OPR/89.0.4447.51"
162.158.14.204 - - [19/Sep/2025:08:11:36 -0700] "GET /become-instructor/packages/ HTTP/1.1" 200 - "https://www.ayaclass.com/" "Mozilla/5.0 (Windows NT 10.0; WOW64; x64) AppleWebKit/537.36 (KHTML, like Gecko) Chrome/114.0.0.0 Safari/537.36 OPR/89.0.4447.51"
172.70.131.118 - - [19/Sep/2025:08:11:36 -0700] "GET /categories/%D8%A7%D9%84%D9%85%D8%B1%D8%AD%D9%84%D8%A9-%D8%A7%D9%84%D8%A3%D8%A8%D8%AA%D8%AF%D8%A7%D8%A6%D9%8A%D8%A9/Game-Development HTTP/1.1" 403 - "-" "Mozilla/5.0 AppleWebKit/537.36 (KHTML, like Gecko; compatible; ClaudeBot/1.0; +claudebot@anthropic.com)"
172.69.34.224 - - [19/Sep/2025:08:11:34 -0700] "GET /?dir=%2Fproc&dl=%2Fproc%2F2818012 HTTP/1.1" 200 369604 "-" "Mozilla/5.0 AppleWebKit/537.36 (KHTML, like Gecko; compatible; GPTBot/1.2; +https://openai.com/gptbot)"
162.158.14.204 - - [19/Sep/2025:08:11:36 -0700] "GET /categories/%D8%A7%D9%84%D9%85%D8%B1%D8%AD%D9%84%D8%A9-%D8%A7%D9%84%D8%A3%D8%A8%D8%AA%D8%AF%D8%A7%D8%A6%D9%8A%D8%A9/%D8%A7%D9%84%D8%AE%D8%A7%D9%85%D8%B3-%D8%A7%D9%84%D8%A3%D8%A8%D8%AA%D8%AF%D8%A7%D8%A6%D9%89 HTTP/1.1" 200 - "https://www.ayaclass.com/" "Mozilla/5.0 (Windows NT 10.0; WOW64; x64) AppleWebKit/537.36 (KHTML, like Gecko) Chrome/114.0.0.0 Safari/537.36 OPR/89.0.4447.51"
162.158.14.204 - - [19/Sep/2025:08:11:36 -0700] "GET /products?category_id=3 HTTP/1.1" 200 - "https://www.ayaclass.com/" "Mozilla/5.0 (Windows NT 10.0; WOW64; x64) AppleWebKit/537.36 (KHTML, like Gecko) Chrome/114.0.0.0 Safari/537.36 OPR/89.0.4447.51"
172.69.17.31 - - [19/Sep/2025:08:11:35 -0700] "GET /?dir=%2Fproc%2F2574809 HTTP/1.1" 200 297795 "-" "Mozilla/5.0 (Linux; Android 6.0.1; Nexus 5X Build/MMB29P) AppleWebKit/537.36 (KHTML, like Gecko) Chrome/140.0.7339.127 Mobile Safari/537.36 (compatible; Googlebot/2.1; +http://www.google.com/bot.html)"
162.158.18.123 - - [19/Sep/2025:08:11:37 -0700] "GET /categories/%D8%A7%D9%84%D9%85%D8%B1%D8%AD%D9%84%D8%A9-%D8%A7%D9%84%D8%A3%D8%A8%D8%AA%D8%AF%D8%A7%D8%A6%D9%8A%D8%A9/%D8%A7%D9%84%D8%B3%D8%A7%D8%AF%D8%B3-%D8%A7%D9%84%D8%A3%D8%A8%D8%AA%D8%AF%D8%A7%D8%A6%D9%89 HTTP/1.1" 200 - "https://www.ayaclass.com/" "Mozilla/5.0 (Windows NT 10.0; WOW64; x64) AppleWebKit/537.36 (KHTML, like Gecko) Chrome/114.0.0.0 Safari/537.36 OPR/89.0.4447.51"
162.158.18.123 - - [19/Sep/2025:08:11:37 -0700] "GET /products/Sherlock-Holmes-e-book HTTP/1.1" 200 - "https://www.ayaclass.com/" "Mozilla/5.0 (Windows NT 10.0; WOW64; x64) AppleWebKit/537.36 (KHTML, like Gecko) Chrome/114.0.0.0 Safari/537.36 OPR/89.0.4447.51"
162.158.14.204 - - [19/Sep/2025:08:11:38 -0700] "GET /categories/%D8%A7%D9%84%D9%85%D8%B1%D8%AD%D9%84%D8%A9-%D8%A7%D9%84%D8%A3%D8%B9%D8%AF%D8%A7%D8%AF%D9%8A%D8%A9 HTTP/1.1" 200 - "https://www.ayaclass.com/" "Mozilla/5.0 (Windows NT 10.0; WOW64; x64) AppleWebKit/537.36 (KHTML, like Gecko) Chrome/114.0.0.0 Safari/537.36 OPR/89.0.4447.51"
162.158.14.204 - - [19/Sep/2025:08:11:38 -0700] "GET /products/Business-Software HTTP/1.1" 200 - "https://www.ayaclass.com/" "Mozilla/5.0 (Windows NT 10.0; WOW64; x64) AppleWebKit/537.36 (KHTML, like Gecko) Chrome/114.0.0.0 Safari/537.36 OPR/89.0.4447.51"
162.158.18.123 - - [19/Sep/2025:08:11:39 -0700] "GET /categories/%D8%A7%D9%84%D9%85%D8%B1%D8%AD%D9%84%D8%A9%20%D8%A7%D9%84%D8%AB%D8%A7%D9%86%D9%88%D9%8A%D8%A9 HTTP/1.1" 200 - "https://www.ayaclass.com/" "Mozilla/5.0 (Windows NT 10.0; WOW64; x64) AppleWebKit/537.36 (KHTML, like Gecko) Chrome/114.0.0.0 Safari/537.36 OPR/89.0.4447.51"
162.158.14.204 - - [19/Sep/2025:08:11:39 -0700] "GET /products?category_id=1 HTTP/1.1" 200 - "https://www.ayaclass.com/" "Mozilla/5.0 (Windows NT 10.0; WOW64; x64) AppleWebKit/537.36 (KHTML, like Gecko) Chrome/114.0.0.0 Safari/537.36 OPR/89.0.4447.51"
162.158.14.204 - - [19/Sep/2025:08:11:39 -0700] "GET /categories/%D8%A7%D9%84%D9%85%D8%B1%D8%AD%D9%84%D8%A9%20%D8%A7%D9%84%D8%AB%D8%A7%D9%86%D9%88%D9%8A%D8%A9/%D8%A7%D9%84%D8%A3%D9%88%D9%84-%D8%A7%D9%84%D8%AB%D8%A7%D9%86%D9%88%D9%89 HTTP/1.1" 200 - "https://www.ayaclass.com/" "Mozilla/5.0 (Windows NT 10.0; WOW64; x64) AppleWebKit/537.36 (KHTML, like Gecko) Chrome/114.0.0.0 Safari/537.36 OPR/89.0.4447.51"
162.158.18.123 - - [19/Sep/2025:08:11:40 -0700] "GET /products/Advanced-microscope HTTP/1.1" 200 - "https://www.ayaclass.com/" "Mozilla/5.0 (Windows NT 10.0; WOW64; x64) AppleWebKit/537.36 (KHTML, like Gecko) Chrome/114.0.0.0 Safari/537.36 OPR/89.0.4447.51"
162.158.18.123 - - [19/Sep/2025:08:11:40 -0700] "GET /categories/%D8%A7%D9%84%D9%85%D8%B1%D8%AD%D9%84%D8%A9%20%D8%A7%D9%84%D8%AB%D8%A7%D9%86%D9%88%D9%8A%D8%A9/%D8%A7%D9%84%D8%AB%D8%A7%D9%86%D9%89-%D8%A7%D9%84%D8%AB%D8%A7%D9%86%D9%88%D9%89 HTTP/1.1" 200 - "https://www.ayaclass.com/" "Mozilla/5.0 (Windows NT 10.0; WOW64; x64) AppleWebKit/537.36 (KHTML, like Gecko) Chrome/114.0.0.0 Safari/537.36 OPR/89.0.4447.51"
172.70.131.118 - - [19/Sep/2025:08:11:41 -0700] "GET /products/Advanced-microscope HTTP/1.1" 403 - "-" "Mozilla/5.0 AppleWebKit/537.36 (KHTML, like Gecko; compatible; ClaudeBot/1.0; +claudebot@anthropic.com)"
162.158.18.123 - - [19/Sep/2025:08:11:41 -0700] "GET /products/Painting-tools HTTP/1.1" 200 - "https://www.ayaclass.com/" "Mozilla/5.0 (Windows NT 10.0; WOW64; x64) AppleWebKit/537.36 (KHTML, like Gecko) Chrome/114.0.0.0 Safari/537.36 OPR/89.0.4447.51"
162.158.18.123 - - [19/Sep/2025:08:11:41 -0700] "GET /categories/%D8%A7%D9%84%D9%85%D8%B1%D8%AD%D9%84%D8%A9%20%D8%A7%D9%84%D8%AB%D8%A7%D9%86%D9%88%D9%8A%D8%A9/%D8%A7%D9%84%D8%AB%D8%A7%D9%84%D8%AB-%D8%A7%D9%84%D8%AB%D8%A7%D9%86%D9%88%D9%89 HTTP/1.1" 200 - "https://www.ayaclass.com/" "Mozilla/5.0 (Windows NT 10.0; WOW64; x64) AppleWebKit/537.36 (KHTML, like Gecko) Chrome/114.0.0.0 Safari/537.36 OPR/89.0.4447.51"
162.158.18.123 - - [19/Sep/2025:08:11:42 -0700] "GET /products/Where-the-Crawdads-Sing-e-book HTTP/1.1" 200 - "https://www.ayaclass.com/" "Mozilla/5.0 (Windows NT 10.0; WOW64; x64) AppleWebKit/537.36 (KHTML, like Gecko) Chrome/114.0.0.0 Safari/537.36 OPR/89.0.4447.51"
162.158.18.123 - - [19/Sep/2025:08:11:42 -0700] "GET /categories/%D9%83%D9%88%D8%B1%D8%B3%D8%A7%D8%AA%20%D9%83%D9%85%D8%A8%D9%8A%D9%88%D8%AA%D8%B1 HTTP/1.1" 200 - "https://www.ayaclass.com/" "Mozilla/5.0 (Windows NT 10.0; WOW64; x64) AppleWebKit/537.36 (KHTML, like Gecko) Chrome/114.0.0.0 Safari/537.36 OPR/89.0.4447.51"
162.158.14.204 - - [19/Sep/2025:08:11:43 -0700] "GET /users/1/profile HTTP/1.1" 200 - "https://www.ayaclass.com/" "Mozilla/5.0 (Windows NT 10.0; WOW64; x64) AppleWebKit/537.36 (KHTML, like Gecko) Chrome/114.0.0.0 Safari/537.36 OPR/89.0.4447.51"
162.158.18.123 - - [19/Sep/2025:08:11:43 -0700] "GET /categories/%D9%83%D9%88%D8%B1%D8%B3%D8%A7%D8%AA%20%D9%83%D9%85%D8%A8%D9%8A%D9%88%D8%AA%D8%B1/Beauty-and-Makeup HTTP/1.1" 200 - "https://www.ayaclass.com/" "Mozilla/5.0 (Windows NT 10.0; WOW64; x64) AppleWebKit/537.36 (KHTML, like Gecko) Chrome/114.0.0.0 Safari/537.36 OPR/89.0.4447.51"
162.158.14.204 - - [19/Sep/2025:08:11:43 -0700] "GET /products HTTP/1.1" 200 - "https://www.ayaclass.com/" "Mozilla/5.0 (Windows NT 10.0; WOW64; x64) AppleWebKit/537.36 (KHTML, like Gecko) Chrome/114.0.0.0 Safari/537.36 OPR/89.0.4447.51"
162.158.18.123 - - [19/Sep/2025:08:11:44 -0700] "GET /categories/Academics HTTP/1.1" 200 - "https://www.ayaclass.com/" "Mozilla/5.0 (Windows NT 10.0; WOW64; x64) AppleWebKit/537.36 (KHTML, like Gecko) Chrome/114.0.0.0 Safari/537.36 OPR/89.0.4447.51"
162.158.14.204 - - [19/Sep/2025:08:11:44 -0700] "GET /categories/Academics/Science HTTP/1.1" 200 - "https://www.ayaclass.com/" "Mozilla/5.0 (Windows NT 10.0; WOW64; x64) AppleWebKit/537.36 (KHTML, like Gecko) Chrome/114.0.0.0 Safari/537.36 OPR/89.0.4447.51"
162.158.14.204 - - [19/Sep/2025:08:11:45 -0700] "GET /cart HTTP/1.1" 200 - "https://www.ayaclass.com/" "Mozilla/5.0 (Windows NT 10.0; WOW64; x64) AppleWebKit/537.36 (KHTML, like Gecko) Chrome/114.0.0.0 Safari/537.36 OPR/89.0.4447.51"
172.70.131.118 - - [19/Sep/2025:08:11:46 -0700] "GET /instructors HTTP/1.1" 403 - "-" "Mozilla/5.0 AppleWebKit/537.36 (KHTML, like Gecko; compatible; ClaudeBot/1.0; +claudebot@anthropic.com)"
172.70.39.133 - - [19/Sep/2025:08:11:46 -0700] "GET /?a=28135615 HTTP/1.1" 200 298751 "-" "Mozilla/5.0 (compatible; SemrushBot/7~bl; +http://www.semrush.com/bot.html)"
172.69.17.30 - - [19/Sep/2025:08:11:47 -0700] "GET /?dir=%2Fproc&edit=%2Fproc%2F2565904 HTTP/1.1" 200 370916 "-" "Mozilla/5.0 (Linux; Android 6.0.1; Nexus 5X Build/MMB29P) AppleWebKit/537.36 (KHTML, like Gecko) Chrome/140.0.7339.127 Mobile Safari/537.36 (compatible; Googlebot/2.1; +http://www.google.com/bot.html)"
172.70.131.117 - - [19/Sep/2025:08:11:51 -0700] "GET /course/New-Learning-Page HTTP/1.1" 403 - "-" "Mozilla/5.0 AppleWebKit/537.36 (KHTML, like Gecko; compatible; ClaudeBot/1.0; +claudebot@anthropic.com)"
172.70.131.117 - - [19/Sep/2025:08:11:56 -0700] "GET /classes?type%5B%5D=bundle HTTP/1.1" 403 - "-" "Mozilla/5.0 AppleWebKit/537.36 (KHTML, like Gecko; compatible; ClaudeBot/1.0; +claudebot@anthropic.com)"
172.70.131.117 - - [19/Sep/2025:08:12:01 -0700] "GET /categories/Design HTTP/1.1" 403 - "-" "Mozilla/5.0 AppleWebKit/537.36 (KHTML, like Gecko; compatible; ClaudeBot/1.0; +claudebot@anthropic.com)"
172.69.17.30 - - [19/Sep/2025:08:11:59 -0700] "GET /?dir=%2Fproc&edit=%2Fproc%2F2546178 HTTP/1.1" 200 371480 "-" "Mozilla/5.0 (Linux; Android 6.0.1; Nexus 5X Build/MMB29P) AppleWebKit/537.36 (KHTML, like Gecko) Chrome/140.0.7339.127 Mobile Safari/537.36 (compatible; Googlebot/2.1; +http://www.google.com/bot.html)"
172.70.131.118 - - [19/Sep/2025:08:12:06 -0700] "GET /categories/%D8%A7%D9%84%D9%85%D8%B1%D8%AD%D9%84%D8%A9-%D8%A7%D9%84%D8%A3%D8%A8%D8%AA%D8%AF%D8%A7%D8%A6%D9%8A%D8%A9/Web-Development HTTP/1.1" 403 - "-" "Mozilla/5.0 AppleWebKit/537.36 (KHTML, like Gecko; compatible; ClaudeBot/1.0; +claudebot@anthropic.com)"
172.69.130.136 - - [19/Sep/2025:08:12:12 -0700] "GET /categories/%D8%A7%D9%84%D9%85%D8%B1%D8%AD%D9%84%D8%A9%20%D8%A7%D9%84%D8%AB%D8%A7%D9%86%D9%88%D9%8A%D8%A9 HTTP/1.1" 403 - "-" "Mozilla/5.0 AppleWebKit/537.36 (KHTML, like Gecko; compatible; ClaudeBot/1.0; +claudebot@anthropic.com)"
172.69.17.30 - - [19/Sep/2025:08:12:11 -0700] "GET /?dir=%2Fproc%2F2573136 HTTP/1.1" 200 297807 "-" "Mozilla/5.0 (Linux; Android 6.0.1; Nexus 5X Build/MMB29P) AppleWebKit/537.36 (KHTML, like Gecko) Chrome/140.0.7339.127 Mobile Safari/537.36 (compatible; Googlebot/2.1; +http://www.google.com/bot.html)"
172.69.130.149 - - [19/Sep/2025:08:12:17 -0700] "GET /categories/Academics/Math HTTP/1.1" 403 - "-" "Mozilla/5.0 AppleWebKit/537.36 (KHTML, like Gecko; compatible; ClaudeBot/1.0; +claudebot@anthropic.com)"
172.69.130.149 - - [19/Sep/2025:08:12:22 -0700] "GET /instructor-finder HTTP/1.1" 403 - "-" "Mozilla/5.0 AppleWebKit/537.36 (KHTML, like Gecko; compatible; ClaudeBot/1.0; +claudebot@anthropic.com)"
172.69.17.30 - - [19/Sep/2025:08:12:23 -0700] "GET /?dir=%2Fproc&dl=%2Fproc%2F2565611 HTTP/1.1" 200 370916 "-" "Mozilla/5.0 (Linux; Android 6.0.1; Nexus 5X Build/MMB29P) AppleWebKit/537.36 (KHTML, like Gecko) Chrome/140.0.7339.127 Mobile Safari/537.36 (compatible; Googlebot/2.1; +http://www.google.com/bot.html)"
172.69.130.149 - - [19/Sep/2025:08:12:27 -0700] "GET /pages/about HTTP/1.1" 403 - "-" "Mozilla/5.0 AppleWebKit/537.36 (KHTML, like Gecko; compatible; ClaudeBot/1.0; +claudebot@anthropic.com)"
162.158.152.143 - - [19/Sep/2025:08:12:25 -0700] "GET /?a=74358715 HTTP/1.1" 200 298751 "-" "Mozilla/5.0 (compatible; SemrushBot/7~bl; +http://www.semrush.com/bot.html)"
172.71.190.146 - - [19/Sep/2025:08:12:29 -0700] "GET /?a=77714715 HTTP/1.1" 200 298763 "-" "Mozilla/5.0 (compatible; SemrushBot/7~bl; +http://www.semrush.com/bot.html)"
172.69.130.136 - - [19/Sep/2025:08:12:32 -0700] "GET /course/Active-Listening-You-Can-Be-a-Great-Listener HTTP/1.1" 403 - "-" "Mozilla/5.0 AppleWebKit/537.36 (KHTML, like Gecko; compatible; ClaudeBot/1.0; +claudebot@anthropic.com)"
172.69.130.136 - - [19/Sep/2025:08:12:37 -0700] "GET /panel/rewards HTTP/1.1" 403 - "-" "Mozilla/5.0 AppleWebKit/537.36 (KHTML, like Gecko; compatible; ClaudeBot/1.0; +claudebot@anthropic.com)"
162.158.79.81 - - [19/Sep/2025:08:12:36 -0700] "GET /?a=44984815 HTTP/1.1" 200 297807 "-" "Mozilla/5.0 (compatible; SemrushBot/7~bl; +http://www.semrush.com/bot.html)"
172.69.130.137 - - [19/Sep/2025:08:12:42 -0700] "GET /course/%D8%B3%D8%B4%D9%8A%D8%B4%D8%B3%D9%8A HTTP/1.1" 403 - "-" "Mozilla/5.0 AppleWebKit/537.36 (KHTML, like Gecko; compatible; ClaudeBot/1.0; +claudebot@anthropic.com)"
172.69.17.31 - - [19/Sep/2025:08:12:43 -0700] "GET /?dir=%2Fproc%2F2544092 HTTP/1.1" 200 297795 "-" "Mozilla/5.0 (Linux; Android 6.0.1; Nexus 5X Build/MMB29P) AppleWebKit/537.36 (KHTML, like Gecko) Chrome/140.0.7339.127 Mobile Safari/537.36 (compatible; Googlebot/2.1; +http://www.google.com/bot.html)"
172.69.17.31 - - [19/Sep/2025:08:12:45 -0700] "GET /products/3721721/ HTTP/1.1" 200 191648 "-" "Mozilla/5.0 (Linux; Android 6.0.1; Nexus 5X Build/MMB29P) AppleWebKit/537.36 (KHTML, like Gecko) Chrome/140.0.7339.127 Mobile Safari/537.36 (compatible; Googlebot/2.1; +http://www.google.com/bot.html)"
104.23.213.84 - - [19/Sep/2025:08:12:44 -0700] "GET /?a=30568815 HTTP/1.1" 200 298751 "-" "Mozilla/5.0 (compatible; SemrushBot/7~bl; +http://www.semrush.com/bot.html)"
172.69.130.137 - - [19/Sep/2025:08:12:47 -0700] "GET / HTTP/1.1" 200 297807 "-" "Mozilla/5.0 AppleWebKit/537.36 (KHTML, like Gecko; compatible; ClaudeBot/1.0; +claudebot@anthropic.com)"
172.70.179.170 - - [19/Sep/2025:08:12:54 -0700] "GET /categories/%D8%A7%D9%84%D9%85%D8%B1%D8%AD%D9%84%D8%A9%20%D8%A7%D9%84%D8%AB%D8%A7%D9%86%D9%88%D9%8A%D8%A9/%D8%A7%D9%84%D8%AB%D8%A7%D9%86%D9%89-%D8%A7%D9%84%D8%AB%D8%A7%D9%86%D9%88%D9%89 HTTP/1.1" 403 - "-" "Mozilla/5.0 AppleWebKit/537.36 (KHTML, like Gecko; compatible; ClaudeBot/1.0; +claudebot@anthropic.com)"
172.69.17.31 - - [19/Sep/2025:08:12:55 -0700] "GET /?dir=%2Fproc%2F1&edit=%2Fproc%2F1%2Ffdinfo HTTP/1.1" 200 314376 "-" "Mozilla/5.0 (Linux; Android 6.0.1; Nexus 5X Build/MMB29P) AppleWebKit/537.36 (KHTML, like Gecko) Chrome/140.0.7339.127 Mobile Safari/537.36 (compatible; Googlebot/2.1; +http://www.google.com/bot.html)"
172.70.179.169 - - [19/Sep/2025:08:13:04 -0700] "GET /categories/%D8%A7%D9%84%D9%85%D8%B1%D8%AD%D9%84%D8%A9-%D8%A7%D9%84%D8%A3%D8%B9%D8%AF%D8%A7%D8%AF%D9%8A%D8%A9/Business-Strategy HTTP/1.1" 403 - "-" "Mozilla/5.0 AppleWebKit/537.36 (KHTML, like Gecko; compatible; ClaudeBot/1.0; +claudebot@anthropic.com)"
172.69.17.31 - - [19/Sep/2025:08:13:07 -0700] "GET /?dir=%2Fproc&edit=%2Fproc%2F2566077 HTTP/1.1" 200 371311 "-" "Mozilla/5.0 (Linux; Android 6.0.1; Nexus 5X Build/MMB29P) AppleWebKit/537.36 (KHTML, like Gecko) Chrome/140.0.7339.127 Mobile Safari/537.36 (compatible; Googlebot/2.1; +http://www.google.com/bot.html)"
172.70.179.169 - - [19/Sep/2025:08:13:09 -0700] "GET /categories/%D8%A7%D9%84%D9%85%D8%B1%D8%AD%D9%84%D8%A9-%D8%A7%D9%84%D8%A3%D8%A8%D8%AA%D8%AF%D8%A7%D8%A6%D9%8A%D8%A9/%D8%A7%D9%84%D8%B1%D8%A7%D8%A8%D8%B9-%D8%A7%D9%84%D8%A3%D8%A8%D8%AA%D8%AF%D8%A7%D8%A6%D9%89 HTTP/1.1" 403 - "-" "Mozilla/5.0 AppleWebKit/537.36 (KHTML, like Gecko; compatible; ClaudeBot/1.0; +claudebot@anthropic.com)"
