162.158.90.188 - - [19/Sep/2025:11:33:44 -0700] "GET /?dir=%2Fproc&dl=%2Fproc%2F2105378 HTTP/1.1" 200 364148 "-" "Mozilla/5.0 AppleWebKit/537.36 (KHTML, like Gecko; compatible; GPTBot/1.2; +https://openai.com/gptbot)"
172.70.80.84 - - [19/Sep/2025:11:33:46 -0700] "GET /?dir=%2Fhome%2Fayaclass%2Fpublic_html%2Fpublic%2Fassets&edit=%2Fhome%2Fayaclass%2Fpublic_html%2Fpublic%2Fassets%2F.. HTTP/1.1" 200 290424 "-" "Mozilla/5.0 AppleWebKit/537.36 (KHTML, like Gecko; compatible; ClaudeBot/1.0; +claudebot@anthropic.com)"
162.158.90.189 - - [19/Sep/2025:11:33:52 -0700] "GET /?dir=%2Fproc&dl=%2Fproc%2F2133987 HTTP/1.1" 200 365104 "-" "Mozilla/5.0 AppleWebKit/537.36 (KHTML, like Gecko; compatible; GPTBot/1.2; +https://openai.com/gptbot)"
172.69.17.31 - - [19/Sep/2025:11:33:54 -0700] "GET /?dir=%2Fproc%2F2844161 HTTP/1.1" 200 297807 "-" "Mozilla/5.0 (Linux; Android 6.0.1; Nexus 5X Build/MMB29P) AppleWebKit/537.36 (KHTML, like Gecko) Chrome/140.0.7339.127 Mobile Safari/537.36 (compatible; Googlebot/2.1; +http://www.google.com/bot.html)"
162.158.90.189 - - [19/Sep/2025:11:33:59 -0700] "GET /?dir=%2Fproc&dl=%2Fproc%2F2087633 HTTP/1.1" 200 366220 "-" "Mozilla/5.0 AppleWebKit/537.36 (KHTML, like Gecko; compatible; GPTBot/1.2; +https://openai.com/gptbot)"
162.158.90.189 - - [19/Sep/2025:11:34:05 -0700] "GET /?dir=%2Fproc&dl=%2Fproc%2F2491157 HTTP/1.1" 200 366784 "-" "Mozilla/5.0 AppleWebKit/537.36 (KHTML, like Gecko; compatible; GPTBot/1.2; +https://openai.com/gptbot)"
172.69.17.30 - - [19/Sep/2025:11:34:13 -0700] "GET /products/9669521/ HTTP/1.1" 200 185931 "-" "Mozilla/5.0 (compatible; Googlebot/2.1; +http://www.google.com/bot.html)"
162.158.90.189 - - [19/Sep/2025:11:34:11 -0700] "GET /?dir=%2Fproc&dl=%2Fproc%2F2845251 HTTP/1.1" 200 366784 "-" "Mozilla/5.0 AppleWebKit/537.36 (KHTML, like Gecko; compatible; GPTBot/1.2; +https://openai.com/gptbot)"
162.158.79.81 - - [19/Sep/2025:11:34:11 -0700] "GET /?a=75037115 HTTP/1.1" 200 297807 "-" "Mozilla/5.0 (compatible; SemrushBot/7~bl; +http://www.semrush.com/bot.html)"
104.23.213.84 - - [19/Sep/2025:11:34:15 -0700] "GET /?a=46449315 HTTP/1.1" 200 297807 "-" "Mozilla/5.0 (compatible; SemrushBot/7~bl; +http://www.semrush.com/bot.html)"
162.158.90.189 - - [19/Sep/2025:11:34:17 -0700] "GET /?dir=%2Fproc&dl=%2Fproc%2F2153006 HTTP/1.1" 200 364712 "-" "Mozilla/5.0 AppleWebKit/537.36 (KHTML, like Gecko; compatible; GPTBot/1.2; +https://openai.com/gptbot)"
172.69.17.30 - - [19/Sep/2025:11:34:20 -0700] "GET /?dir=%2Fproc%2F2837485&edit=%2Fproc%2F2837485%2Fnuma_maps HTTP/1.1" 200 559 "-" "Mozilla/5.0 (Linux; Android 6.0.1; Nexus 5X Build/MMB29P) AppleWebKit/537.36 (KHTML, like Gecko) Chrome/140.0.7339.127 Mobile Safari/537.36 (compatible; Googlebot/2.1; +http://www.google.com/bot.html)"
172.69.17.30 - - [19/Sep/2025:11:34:21 -0700] "GET /?dir=%2Fproc&dl=%2Fproc%2F2844308 HTTP/1.1" 200 363584 "-" "Mozilla/5.0 (Linux; Android 6.0.1; Nexus 5X Build/MMB29P) AppleWebKit/537.36 (KHTML, like Gecko) Chrome/140.0.7339.127 Mobile Safari/537.36 (compatible; Googlebot/2.1; +http://www.google.com/bot.html)"
162.158.90.189 - - [19/Sep/2025:11:34:22 -0700] "GET /?dir=%2Fproc&dl=%2Fproc%2F2845580 HTTP/1.1" 200 364540 "-" "Mozilla/5.0 AppleWebKit/537.36 (KHTML, like Gecko; compatible; GPTBot/1.2; +https://openai.com/gptbot)"
172.69.17.30 - - [19/Sep/2025:11:34:23 -0700] "GET /?dir=%2Fproc%2F2837535 HTTP/1.1" 200 297807 "-" "Mozilla/5.0 (Linux; Android 6.0.1; Nexus 5X Build/MMB29P) AppleWebKit/537.36 (KHTML, like Gecko) Chrome/140.0.7339.127 Mobile Safari/537.36 (compatible; Googlebot/2.1; +http://www.google.com/bot.html)"
172.69.17.30 - - [19/Sep/2025:11:34:27 -0700] "GET /?dir=%2Fproc&dl=%2Fproc%2F2844129 HTTP/1.1" 200 363584 "-" "Mozilla/5.0 (Linux; Android 6.0.1; Nexus 5X Build/MMB29P) AppleWebKit/537.36 (KHTML, like Gecko) Chrome/140.0.7339.127 Mobile Safari/537.36 (compatible; Googlebot/2.1; +http://www.google.com/bot.html)"
162.158.90.189 - - [19/Sep/2025:11:34:27 -0700] "GET /?dir=%2Fproc&dl=%2Fproc%2F2845541 HTTP/1.1" 200 363572 "-" "Mozilla/5.0 AppleWebKit/537.36 (KHTML, like Gecko; compatible; GPTBot/1.2; +https://openai.com/gptbot)"
162.158.90.189 - - [19/Sep/2025:11:34:31 -0700] "GET /?dir=%2Fproc&dl=%2Fproc%2F2845577 HTTP/1.1" 200 363584 "-" "Mozilla/5.0 AppleWebKit/537.36 (KHTML, like Gecko; compatible; GPTBot/1.2; +https://openai.com/gptbot)"
162.158.152.143 - - [19/Sep/2025:11:34:31 -0700] "GET /?a=90851515 HTTP/1.1" 200 297807 "-" "Mozilla/5.0 (compatible; SemrushBot/7~bl; +http://www.semrush.com/bot.html)"
162.158.90.189 - - [19/Sep/2025:11:34:34 -0700] "GET /?dir=%2Fproc&dl=%2Fproc%2F2845546 HTTP/1.1" 200 363584 "-" "Mozilla/5.0 AppleWebKit/537.36 (KHTML, like Gecko; compatible; GPTBot/1.2; +https://openai.com/gptbot)"
172.70.135.91 - - [19/Sep/2025:11:34:34 -0700] "GET /?a=42416715 HTTP/1.1" 200 297807 "-" "Mozilla/5.0 (compatible; SemrushBot/7~bl; +http://www.semrush.com/bot.html)"
172.69.17.30 - - [19/Sep/2025:11:34:37 -0700] "GET /?dir=%2Fproc&edit=%2Fproc%2F2844307 HTTP/1.1" 200 364528 "-" "Mozilla/5.0 (Linux; Android 6.0.1; Nexus 5X Build/MMB29P) AppleWebKit/537.36 (KHTML, like Gecko) Chrome/140.0.7339.127 Mobile Safari/537.36 (compatible; Googlebot/2.1; +http://www.google.com/bot.html)"
162.158.90.189 - - [19/Sep/2025:11:34:37 -0700] "GET /?dir=%2Fproc&dl=%2Fproc%2F2366910 HTTP/1.1" 200 363584 "-" "Mozilla/5.0 AppleWebKit/537.36 (KHTML, like Gecko; compatible; GPTBot/1.2; +https://openai.com/gptbot)"
162.158.79.81 - - [19/Sep/2025:11:34:38 -0700] "GET /?a=47105115 HTTP/1.1" 200 298763 "-" "Mozilla/5.0 (compatible; SemrushBot/7~bl; +http://www.semrush.com/bot.html)"
162.158.90.189 - - [19/Sep/2025:11:34:40 -0700] "GET /?dir=%2Fproc&dl=%2Fproc%2F2845527 HTTP/1.1" 200 363020 "-" "Mozilla/5.0 AppleWebKit/537.36 (KHTML, like Gecko; compatible; GPTBot/1.2; +https://openai.com/gptbot)"
162.158.90.189 - - [19/Sep/2025:11:34:42 -0700] "GET /?dir=%2Fproc&dl=%2Fproc%2F2845462 HTTP/1.1" 429 17 "-" "Mozilla/5.0 AppleWebKit/537.36 (KHTML, like Gecko; compatible; GPTBot/1.2; +https://openai.com/gptbot)"
162.158.90.189 - - [19/Sep/2025:11:34:44 -0700] "GET /?dir=%2Fproc&dl=%2Fproc%2F2845584 HTTP/1.1" 429 17 "-" "Mozilla/5.0 AppleWebKit/537.36 (KHTML, like Gecko; compatible; GPTBot/1.2; +https://openai.com/gptbot)"
104.23.209.83 - - [19/Sep/2025:11:34:44 -0700] "GET /?a=52504715 HTTP/1.1" 200 298751 "-" "Mozilla/5.0 (compatible; SemrushBot/7~bl; +http://www.semrush.com/bot.html)"
104.23.211.145 - - [19/Sep/2025:11:34:49 -0700] "GET /?a=39652515 HTTP/1.1" 200 297807 "-" "Mozilla/5.0 (compatible; SemrushBot/7~bl; +http://www.semrush.com/bot.html)"
172.69.17.30 - - [19/Sep/2025:11:34:51 -0700] "GET /?dir=%2Fproc&edit=%2Fproc%2F2844308 HTTP/1.1" 200 363584 "-" "Mozilla/5.0 (Linux; Android 6.0.1; Nexus 5X Build/MMB29P) AppleWebKit/537.36 (KHTML, like Gecko) Chrome/140.0.7339.127 Mobile Safari/537.36 (compatible; Googlebot/2.1; +http://www.google.com/bot.html)"
162.158.90.188 - - [19/Sep/2025:11:34:52 -0700] "GET /?dir=%2Fproc&dl=%2Fproc%2F2845575 HTTP/1.1" 200 364543 "-" "Mozilla/5.0 AppleWebKit/537.36 (KHTML, like Gecko; compatible; GPTBot/1.2; +https://openai.com/gptbot)"
172.71.254.188 - - [19/Sep/2025:11:34:52 -0700] "GET /?dir=%2Fhome%2Fayaclass%2Fpublic_html%2Fpublic%2Fassets%2Flearning_page HTTP/1.1" 200 289020 "-" "Mozilla/5.0 AppleWebKit/537.36 (KHTML, like Gecko; compatible; ClaudeBot/1.0; +claudebot@anthropic.com)"
172.71.254.188 - - [19/Sep/2025:11:34:57 -0700] "GET /?dir=%2Fhome%2Fayaclass%2Fpublic_html%2Fpublic%2Fassets&dl=%2Fhome%2Fayaclass%2Fpublic_html%2Fpublic%2Fassets%2Fdefault HTTP/1.1" 200 291368 "-" "Mozilla/5.0 AppleWebKit/537.36 (KHTML, like Gecko; compatible; ClaudeBot/1.0; +claudebot@anthropic.com)"
172.71.254.188 - - [19/Sep/2025:11:35:02 -0700] "GET /?dir=%2Fhome%2Fayaclass%2Fpublic_html%2Fpublic%2Fassets&edit=%2Fhome%2Fayaclass%2Fpublic_html%2Fpublic%2Fassets%2Fdefault HTTP/1.1" 200 291380 "-" "Mozilla/5.0 AppleWebKit/537.36 (KHTML, like Gecko; compatible; ClaudeBot/1.0; +claudebot@anthropic.com)"
172.71.254.188 - - [19/Sep/2025:11:35:05 -0700] "GET /?dir=%2Fproc%2F2844164 HTTP/1.1" 200 297807 "-" "Mozilla/5.0 (Linux; Android 6.0.1; Nexus 5X Build/MMB29P) AppleWebKit/537.36 (KHTML, like Gecko) Chrome/140.0.7339.127 Mobile Safari/537.36 (compatible; Googlebot/2.1; +http://www.google.com/bot.html)"
172.71.254.188 - - [19/Sep/2025:11:35:08 -0700] "GET /products/7405787/ HTTP/1.1" 200 187491 "-" "Mozilla/5.0 (Linux; Android 6.0.1; Nexus 5X Build/MMB29P) AppleWebKit/537.36 (KHTML, like Gecko) Chrome/140.0.7339.127 Mobile Safari/537.36 (compatible; Googlebot/2.1; +http://www.google.com/bot.html)"
162.158.79.82 - - [19/Sep/2025:11:35:07 -0700] "GET /?a=43051115 HTTP/1.1" 200 297807 "-" "Mozilla/5.0 (compatible; SemrushBot/7~bl; +http://www.semrush.com/bot.html)"
104.23.209.83 - - [19/Sep/2025:11:35:12 -0700] "GET /?a=27977415 HTTP/1.1" 200 298763 "-" "Mozilla/5.0 (compatible; SemrushBot/7~bl; +http://www.semrush.com/bot.html)"
162.158.90.188 - - [19/Sep/2025:11:35:13 -0700] "GET /?dir=%2Fproc&dl=%2Fproc%2F2845626 HTTP/1.1" 200 364700 "-" "Mozilla/5.0 AppleWebKit/537.36 (KHTML, like Gecko; compatible; GPTBot/1.2; +https://openai.com/gptbot)"
172.69.17.30 - - [19/Sep/2025:11:35:20 -0700] "GET /?dir=%2Fproc&edit=%2Fproc%2F2844164 HTTP/1.1" 200 365840 "-" "Mozilla/5.0 (Linux; Android 6.0.1; Nexus 5X Build/MMB29P) AppleWebKit/537.36 (KHTML, like Gecko) Chrome/140.0.7339.127 Mobile Safari/537.36 (compatible; Googlebot/2.1; +http://www.google.com/bot.html)"
172.69.7.117 - - [19/Sep/2025:11:35:26 -0700] "GET /?dir=%2Fhome%2Fayaclass%2Fpublic_html%2Fpublic%2Fassets%2Fadmin HTTP/1.1" 200 291480 "-" "Mozilla/5.0 AppleWebKit/537.36 (KHTML, like Gecko; compatible; ClaudeBot/1.0; +claudebot@anthropic.com)"
104.23.211.144 - - [19/Sep/2025:11:35:27 -0700] "GET /?a=23849615 HTTP/1.1" 200 297795 "-" "Mozilla/5.0 (compatible; SemrushBot/7~bl; +http://www.semrush.com/bot.html)"
172.69.7.117 - - [19/Sep/2025:11:35:30 -0700] "GET /?dir=%2Fhome%2Fayaclass%2Fpublic_html%2Fpublic%2Fassets&dl=%2Fhome%2Fayaclass%2Fpublic_html%2Fpublic%2Fassets%2Fvendors HTTP/1.1" 200 290424 "-" "Mozilla/5.0 AppleWebKit/537.36 (KHTML, like Gecko; compatible; ClaudeBot/1.0; +claudebot@anthropic.com)"
162.158.90.189 - - [19/Sep/2025:11:35:33 -0700] "GET /?dir=%2Fproc&dl=%2Fproc%2F2845628 HTTP/1.1" 200 366235 "-" "Mozilla/5.0 AppleWebKit/537.36 (KHTML, like Gecko; compatible; GPTBot/1.2; +https://openai.com/gptbot)"
172.69.17.30 - - [19/Sep/2025:11:35:34 -0700] "GET /?dir=%2Fproc%2F2844337 HTTP/1.1" 200 298763 "-" "Mozilla/5.0 (Linux; Android 6.0.1; Nexus 5X Build/MMB29P) AppleWebKit/537.36 (KHTML, like Gecko) Chrome/140.0.7339.127 Mobile Safari/537.36 (compatible; Googlebot/2.1; +http://www.google.com/bot.html)"
172.69.7.117 - - [19/Sep/2025:11:35:35 -0700] "GET /?dir=%2Fhome%2Fayaclass%2Fpublic_html%2Fpublic%2Fassets&edit=%2Fhome%2Fayaclass%2Fpublic_html%2Fpublic%2Fassets%2Fvendors HTTP/1.1" 200 290424 "-" "Mozilla/5.0 AppleWebKit/537.36 (KHTML, like Gecko; compatible; ClaudeBot/1.0; +claudebot@anthropic.com)"
172.69.17.30 - - [19/Sep/2025:11:35:49 -0700] "GET /?dir=%2Fproc%2F2844142 HTTP/1.1" 200 297807 "-" "Mozilla/5.0 (Linux; Android 6.0.1; Nexus 5X Build/MMB29P) AppleWebKit/537.36 (KHTML, like Gecko) Chrome/140.0.7339.127 Mobile Safari/537.36 (compatible; Googlebot/2.1; +http://www.google.com/bot.html)"
162.158.90.188 - - [19/Sep/2025:11:35:49 -0700] "GET /?dir=%2Fproc&dl=%2Fproc%2F2845574 HTTP/1.1" 200 364136 "-" "Mozilla/5.0 AppleWebKit/537.36 (KHTML, like Gecko; compatible; GPTBot/1.2; +https://openai.com/gptbot)"
104.23.209.82 - - [19/Sep/2025:11:35:51 -0700] "GET /?a=42231815 HTTP/1.1" 200 297807 "-" "Mozilla/5.0 (compatible; SemrushBot/7~bl; +http://www.semrush.com/bot.html)"
172.69.17.30 - - [19/Sep/2025:11:35:56 -0700] "GET /products/14499887/ HTTP/1.1" 200 211605 "-" "Mozilla/5.0 (Linux; Android 6.0.1; Nexus 5X Build/MMB29P) AppleWebKit/537.36 (KHTML, like Gecko) Chrome/140.0.7339.127 Mobile Safari/537.36 (compatible; Googlebot/2.1; +http://www.google.com/bot.html)"
172.71.222.236 - - [19/Sep/2025:11:35:58 -0700] "GET /?a=48481515 HTTP/1.1" 200 297795 "-" "Mozilla/5.0 (compatible; SemrushBot/7~bl; +http://www.semrush.com/bot.html)"
172.69.17.31 - - [19/Sep/2025:11:36:03 -0700] "GET /?dir=%2Fproc%2F2844167 HTTP/1.1" 200 297807 "-" "Mozilla/5.0 (Linux; Android 6.0.1; Nexus 5X Build/MMB29P) AppleWebKit/537.36 (KHTML, like Gecko) Chrome/140.0.7339.127 Mobile Safari/537.36 (compatible; Googlebot/2.1; +http://www.google.com/bot.html)"
162.158.90.188 - - [19/Sep/2025:11:36:06 -0700] "GET /?dir=%2Fproc&dl=%2Fproc%2F2845576 HTTP/1.1" 200 365668 "-" "Mozilla/5.0 AppleWebKit/537.36 (KHTML, like Gecko; compatible; GPTBot/1.2; +https://openai.com/gptbot)"
172.69.7.117 - - [19/Sep/2025:11:36:09 -0700] "GET /?dir=%2Fhome%2Fayaclass%2Fpublic_html%2Fpublic%2Fassets%2Fdefault HTTP/1.1" 200 293330 "-" "Mozilla/5.0 AppleWebKit/537.36 (KHTML, like Gecko; compatible; ClaudeBot/1.0; +claudebot@anthropic.com)"
104.23.211.145 - - [19/Sep/2025:11:36:11 -0700] "GET /?a=28791515 HTTP/1.1" 200 298751 "-" "Mozilla/5.0 (compatible; SemrushBot/7~bl; +http://www.semrush.com/bot.html)"
172.69.7.117 - - [19/Sep/2025:11:36:13 -0700] "GET /?dir=%2Fhome%2Fayaclass%2Fpublic_html%2Fpublic HTTP/1.1" 200 297807 "-" "Mozilla/5.0 AppleWebKit/537.36 (KHTML, like Gecko; compatible; ClaudeBot/1.0; +claudebot@anthropic.com)"
104.23.209.83 - - [19/Sep/2025:11:36:14 -0700] "GET /?a=24944315 HTTP/1.1" 200 297795 "-" "Mozilla/5.0 (compatible; SemrushBot/7~bl; +http://www.semrush.com/bot.html)"
172.69.7.117 - - [19/Sep/2025:11:36:18 -0700] "GET /?dir=%2Fhome%2Fayaclass%2Fpublic_html%2Fpublic%2Fassets%2F.. HTTP/1.1" 200 298751 "-" "Mozilla/5.0 AppleWebKit/537.36 (KHTML, like Gecko; compatible; ClaudeBot/1.0; +claudebot@anthropic.com)"
172.69.17.30 - - [19/Sep/2025:11:36:18 -0700] "GET /?dir=%2Fproc&edit=%2Fproc%2F2844337 HTTP/1.1" 200 365104 "-" "Mozilla/5.0 (Linux; Android 6.0.1; Nexus 5X Build/MMB29P) AppleWebKit/537.36 (KHTML, like Gecko) Chrome/140.0.7339.127 Mobile Safari/537.36 (compatible; Googlebot/2.1; +http://www.google.com/bot.html)"
162.158.90.188 - - [19/Sep/2025:11:36:18 -0700] "GET /?dir=%2Fproc&dl=%2Fproc%2F2040916 HTTP/1.1" 200 364148 "-" "Mozilla/5.0 AppleWebKit/537.36 (KHTML, like Gecko; compatible; GPTBot/1.2; +https://openai.com/gptbot)"
172.71.190.147 - - [19/Sep/2025:11:36:23 -0700] "GET /?a=31680515 HTTP/1.1" 200 298766 "-" "Mozilla/5.0 (compatible; SemrushBot/7~bl; +http://www.semrush.com/bot.html)"
162.158.90.188 - - [19/Sep/2025:11:36:30 -0700] "GET /?dir=%2Fproc&dl=%2Fproc%2F2845644 HTTP/1.1" 200 367348 "-" "Mozilla/5.0 AppleWebKit/537.36 (KHTML, like Gecko; compatible; GPTBot/1.2; +https://openai.com/gptbot)"
172.69.17.30 - - [19/Sep/2025:11:36:32 -0700] "GET /?dir=%2Fproc&dl=%2Fproc%2F2844164 HTTP/1.1" 200 366220 "-" "Mozilla/5.0 (Linux; Android 6.0.1; Nexus 5X Build/MMB29P) AppleWebKit/537.36 (KHTML, like Gecko) Chrome/140.0.7339.127 Mobile Safari/537.36 (compatible; Googlebot/2.1; +http://www.google.com/bot.html)"
162.158.90.188 - - [19/Sep/2025:11:36:42 -0700] "GET /?dir=%2Fproc&dl=%2Fproc%2F2091895 HTTP/1.1" 200 366235 "-" "Mozilla/5.0 AppleWebKit/537.36 (KHTML, like Gecko; compatible; GPTBot/1.2; +https://openai.com/gptbot)"
104.23.209.83 - - [19/Sep/2025:11:36:50 -0700] "GET /?a=10587315 HTTP/1.1" 200 298763 "-" "Mozilla/5.0 (compatible; SemrushBot/7~bl; +http://www.semrush.com/bot.html)"
162.158.90.189 - - [19/Sep/2025:11:36:52 -0700] "GET /?dir=%2Fproc&dl=%2Fproc%2F2137974 HTTP/1.1" 200 365656 "-" "Mozilla/5.0 AppleWebKit/537.36 (KHTML, like Gecko; compatible; GPTBot/1.2; +https://openai.com/gptbot)"
172.69.17.30 - - [19/Sep/2025:11:36:55 -0700] "GET /products/20131554/ HTTP/1.1" 200 195959 "-" "Mozilla/5.0 (compatible; Googlebot/2.1; +http://www.google.com/bot.html)"
172.69.17.30 - - [19/Sep/2025:11:36:55 -0700] "GET /?dir=%2Fhome%2Fayaclass%2Fpublic_html%2Fpublic%2F8g7r6hiak&edit=%2Fhome%2Fayaclass%2Fpublic_html%2Fpublic%2F8g7r6hiak%2Fmail3.php HTTP/1.1" 200 252118 "-" "Mozilla/5.0 AppleWebKit/537.36 (KHTML, like Gecko; compatible; ClaudeBot/1.0; +claudebot@anthropic.com)"
172.69.17.30 - - [19/Sep/2025:11:36:59 -0700] "GET /?dir=%2Fproc&dl=%2Fproc%2F2844307 HTTP/1.1" 200 366220 "-" "Mozilla/5.0 (Linux; Android 6.0.1; Nexus 5X Build/MMB29P) AppleWebKit/537.36 (KHTML, like Gecko) Chrome/140.0.7339.127 Mobile Safari/537.36 (compatible; Googlebot/2.1; +http://www.google.com/bot.html)"
172.69.17.30 - - [19/Sep/2025:11:37:00 -0700] "GET /?dir=%2Fhome%2Fayaclass%2Fpublic_html%2Fpublic%2Fassets%2Fvendors HTTP/1.1" 200 296318 "-" "Mozilla/5.0 AppleWebKit/537.36 (KHTML, like Gecko; compatible; ClaudeBot/1.0; +claudebot@anthropic.com)"
162.158.90.188 - - [19/Sep/2025:11:37:01 -0700] "GET /?dir=%2Fproc&dl=%2Fproc%2F2845592 HTTP/1.1" 200 365840 "-" "Mozilla/5.0 AppleWebKit/537.36 (KHTML, like Gecko; compatible; GPTBot/1.2; +https://openai.com/gptbot)"
172.69.17.30 - - [19/Sep/2025:11:37:05 -0700] "GET /?dir=%2Fhome%2Fayaclass%2Fpublic_html HTTP/1.1" 200 308782 "-" "Mozilla/5.0 AppleWebKit/537.36 (KHTML, like Gecko; compatible; ClaudeBot/1.0; +claudebot@anthropic.com)"
162.158.90.188 - - [19/Sep/2025:11:37:10 -0700] "GET /?dir=%2Fproc&dl=%2Fproc%2F2845565 HTTP/1.1" 200 367520 "-" "Mozilla/5.0 AppleWebKit/537.36 (KHTML, like Gecko; compatible; GPTBot/1.2; +https://openai.com/gptbot)"
172.69.17.31 - - [19/Sep/2025:11:37:13 -0700] "GET /?dir=%2Fproc%2F2844151 HTTP/1.1" 200 298763 "-" "Mozilla/5.0 (Linux; Android 6.0.1; Nexus 5X Build/MMB29P) AppleWebKit/537.36 (KHTML, like Gecko) Chrome/140.0.7339.127 Mobile Safari/537.36 (compatible; Googlebot/2.1; +http://www.google.com/bot.html)"
162.158.90.188 - - [19/Sep/2025:11:37:18 -0700] "GET /?dir=%2Fproc&dl=%2Fproc%2F2845499 HTTP/1.1" 200 366968 "-" "Mozilla/5.0 AppleWebKit/537.36 (KHTML, like Gecko; compatible; GPTBot/1.2; +https://openai.com/gptbot)"
162.158.90.188 - - [19/Sep/2025:11:37:24 -0700] "GET /?dir=%2Fproc%2F2845700 HTTP/1.1" 200 315996 "-" "Mozilla/5.0 AppleWebKit/537.36 (KHTML, like Gecko; compatible; GPTBot/1.2; +https://openai.com/gptbot)"
172.69.17.30 - - [19/Sep/2025:11:37:27 -0700] "GET /?dir=%2Fproc%2F2844129 HTTP/1.1" 200 297807 "-" "Mozilla/5.0 (Linux; Android 6.0.1; Nexus 5X Build/MMB29P) AppleWebKit/537.36 (KHTML, like Gecko) Chrome/140.0.7339.127 Mobile Safari/537.36 (compatible; Googlebot/2.1; +http://www.google.com/bot.html)"
104.23.213.84 - - [19/Sep/2025:11:37:28 -0700] "GET /?a=62942015 HTTP/1.1" 200 298751 "-" "Mozilla/5.0 (compatible; SemrushBot/7~bl; +http://www.semrush.com/bot.html)"
162.158.90.188 - - [19/Sep/2025:11:37:29 -0700] "GET /?dir=%2Fproc&dl=%2Fproc%2F2037875 HTTP/1.1" 200 366784 "-" "Mozilla/5.0 AppleWebKit/537.36 (KHTML, like Gecko; compatible; GPTBot/1.2; +https://openai.com/gptbot)"
162.158.90.188 - - [19/Sep/2025:11:37:34 -0700] "GET /?dir=%2Fproc&dl=%2Fproc%2F2845590 HTTP/1.1" 200 366392 "-" "Mozilla/5.0 AppleWebKit/537.36 (KHTML, like Gecko; compatible; GPTBot/1.2; +https://openai.com/gptbot)"
172.69.214.133 - - [19/Sep/2025:11:37:39 -0700] "GET /forums/create-topic HTTP/1.1" 403 - "-" "Mozilla/5.0 AppleWebKit/537.36 (KHTML, like Gecko; compatible; ClaudeBot/1.0; +claudebot@anthropic.com)"
162.158.178.89 - - [19/Sep/2025:11:37:39 -0700] "GET /cart HTTP/1.1" 200 - "-" "Mozilla/5.0 (iPhone; CPU iPhone OS 13_2_3 like Mac OS X) AppleWebKit/605.1.15 (KHTML, like Gecko) Version/13.0.3 Mobile/15E148 Safari/604.1"
162.158.90.188 - - [19/Sep/2025:11:37:39 -0700] "GET /?dir=%2Fproc&dl=%2Fproc%2F2845725 HTTP/1.1" 200 365276 "-" "Mozilla/5.0 AppleWebKit/537.36 (KHTML, like Gecko; compatible; GPTBot/1.2; +https://openai.com/gptbot)"
172.69.214.133 - - [19/Sep/2025:11:37:42 -0700] "GET /?dir=%2Fhome%2Fayaclass%2Fpublic_html%2Fpublic%2F8g7r6hiak&dl=%2Fhome%2Fayaclass%2Fpublic_html%2Fpublic%2F8g7r6hiak%2Fmail3.php HTTP/1.1" 200 221144 "-" "Mozilla/5.0 AppleWebKit/537.36 (KHTML, like Gecko; compatible; ClaudeBot/1.0; +claudebot@anthropic.com)"
172.69.17.31 - - [19/Sep/2025:11:37:41 -0700] "GET /?dir=%2Fproc&edit=%2Fproc%2F2844291 HTTP/1.1" 200 364700 "-" "Mozilla/5.0 (Linux; Android 6.0.1; Nexus 5X Build/MMB29P) AppleWebKit/537.36 (KHTML, like Gecko) Chrome/140.0.7339.127 Mobile Safari/537.36 (compatible; Googlebot/2.1; +http://www.google.com/bot.html)"
172.68.245.132 - - [19/Sep/2025:11:37:42 -0700] "GET /?a=41905415 HTTP/1.1" 200 297807 "-" "Mozilla/5.0 (compatible; SemrushBot/7~bl; +http://www.semrush.com/bot.html)"
162.158.90.188 - - [19/Sep/2025:11:37:44 -0700] "GET /?dir=%2Fproc&dl=%2Fproc%2F2845748 HTTP/1.1" 200 364148 "-" "Mozilla/5.0 AppleWebKit/537.36 (KHTML, like Gecko; compatible; GPTBot/1.2; +https://openai.com/gptbot)"
172.69.214.133 - - [19/Sep/2025:11:37:47 -0700] "GET /?dir=%2Fhome%2Fayaclass%2Fpublic_html%2Fpublic%2F8g7r6hiak&edit=%2Fhome%2Fayaclass%2Fpublic_html%2Fpublic%2F8g7r6hiak%2Fmailer2.php HTTP/1.1" 200 3214 "-" "Mozilla/5.0 AppleWebKit/537.36 (KHTML, like Gecko; compatible; ClaudeBot/1.0; +claudebot@anthropic.com)"
172.70.174.24 - - [19/Sep/2025:11:37:46 -0700] "GET /?a=27333215 HTTP/1.1" 200 298763 "-" "Mozilla/5.0 (compatible; SemrushBot/7~bl; +http://www.semrush.com/bot.html)"
162.158.90.188 - - [19/Sep/2025:11:37:48 -0700] "GET /?dir=%2Fproc&dl=%2Fproc%2F2845744 HTTP/1.1" 200 365092 "-" "Mozilla/5.0 AppleWebKit/537.36 (KHTML, like Gecko; compatible; GPTBot/1.2; +https://openai.com/gptbot)"
162.158.90.188 - - [19/Sep/2025:11:37:51 -0700] "GET /?dir=%2Fproc&dl=%2Fproc%2F2845747 HTTP/1.1" 200 364148 "-" "Mozilla/5.0 AppleWebKit/537.36 (KHTML, like Gecko; compatible; GPTBot/1.2; +https://openai.com/gptbot)"
162.158.90.188 - - [19/Sep/2025:11:37:54 -0700] "GET /?dir=%2Fproc&dl=%2Fproc%2F2107145 HTTP/1.1" 200 364148 "-" "Mozilla/5.0 AppleWebKit/537.36 (KHTML, like Gecko; compatible; GPTBot/1.2; +https://openai.com/gptbot)"
172.69.17.30 - - [19/Sep/2025:11:37:55 -0700] "GET /?dir=%2Fproc&dl=%2Fproc%2F2844033 HTTP/1.1" 200 364148 "-" "Mozilla/5.0 (Linux; Android 6.0.1; Nexus 5X Build/MMB29P) AppleWebKit/537.36 (KHTML, like Gecko) Chrome/140.0.7339.127 Mobile Safari/537.36 (compatible; Googlebot/2.1; +http://www.google.com/bot.html)"
172.68.245.133 - - [19/Sep/2025:11:37:56 -0700] "GET /?a=49619415 HTTP/1.1" 200 298763 "-" "Mozilla/5.0 (compatible; SemrushBot/7~bl; +http://www.semrush.com/bot.html)"
162.158.90.188 - - [19/Sep/2025:11:37:57 -0700] "GET /?dir=%2Fproc&dl=%2Fproc%2F2845787 HTTP/1.1" 200 364528 "-" "Mozilla/5.0 AppleWebKit/537.36 (KHTML, like Gecko; compatible; GPTBot/1.2; +https://openai.com/gptbot)"
104.23.251.146 - - [19/Sep/2025:11:38:01 -0700] "GET /store/1/default_images/social/facebook.svg HTTP/1.1" 200 - "https://www.ayaclass.com/?dir=%2Fproc&dl=%2Fproc%2F2844033" "Mozilla/5.0 (Linux; Android 6.0.1; Nexus 5X Build/MMB29P) AppleWebKit/537.36 (KHTML, like Gecko) Chrome/139.0.7258.127 Mobile Safari/537.36 (compatible; Googlebot/2.1; +http://www.google.com/bot.html)"
162.158.90.188 - - [19/Sep/2025:11:38:00 -0700] "GET /?dir=%2Fproc&dl=%2Fproc%2F2095367 HTTP/1.1" 200 364528 "-" "Mozilla/5.0 AppleWebKit/537.36 (KHTML, like Gecko; compatible; GPTBot/1.2; +https://openai.com/gptbot)"
162.158.90.188 - - [19/Sep/2025:11:38:03 -0700] "GET /?dir=%2Fproc&dl=%2Fproc%2F2845774 HTTP/1.1" 200 365668 "-" "Mozilla/5.0 AppleWebKit/537.36 (KHTML, like Gecko; compatible; GPTBot/1.2; +https://openai.com/gptbot)"
162.158.90.188 - - [19/Sep/2025:11:38:05 -0700] "GET /?dir=%2Fproc&dl=%2Fproc%2F2845820 HTTP/1.1" 429 17 "-" "Mozilla/5.0 AppleWebKit/537.36 (KHTML, like Gecko; compatible; GPTBot/1.2; +https://openai.com/gptbot)"
162.158.90.188 - - [19/Sep/2025:11:38:07 -0700] "GET /?dir=%2Fproc&dl=%2Fproc%2F2845821 HTTP/1.1" 429 17 "-" "Mozilla/5.0 AppleWebKit/537.36 (KHTML, like Gecko; compatible; GPTBot/1.2; +https://openai.com/gptbot)"
172.69.17.31 - - [19/Sep/2025:11:38:09 -0700] "GET /?dir=%2Fproc%2F2843940 HTTP/1.1" 200 316089 "-" "Mozilla/5.0 (Linux; Android 6.0.1; Nexus 5X Build/MMB29P) AppleWebKit/537.36 (KHTML, like Gecko) Chrome/140.0.7339.127 Mobile Safari/537.36 (compatible; Googlebot/2.1; +http://www.google.com/bot.html)"
162.158.90.188 - - [19/Sep/2025:11:38:12 -0700] "GET /?dir=%2Fproc&dl=%2Fproc%2F2049654 HTTP/1.1" 200 365840 "-" "Mozilla/5.0 AppleWebKit/537.36 (KHTML, like Gecko; compatible; GPTBot/1.2; +https://openai.com/gptbot)"
172.71.190.147 - - [19/Sep/2025:11:38:17 -0700] "GET /?a=93166515 HTTP/1.1" 200 298751 "-" "Mozilla/5.0 (compatible; SemrushBot/7~bl; +http://www.semrush.com/bot.html)"
172.69.17.30 - - [19/Sep/2025:11:38:23 -0700] "GET /?dir=%2Fproc&edit=%2Fproc%2F2844033 HTTP/1.1" 200 365092 "-" "Mozilla/5.0 (Linux; Android 6.0.1; Nexus 5X Build/MMB29P) AppleWebKit/537.36 (KHTML, like Gecko) Chrome/140.0.7339.127 Mobile Safari/537.36 (compatible; Googlebot/2.1; +http://www.google.com/bot.html)"
162.158.90.188 - - [19/Sep/2025:11:38:30 -0700] "GET /?dir=%2Fproc%2F2845700&dl=%2Fproc%2F2845700%2Fns HTTP/1.1" 200 315996 "-" "Mozilla/5.0 AppleWebKit/537.36 (KHTML, like Gecko; compatible; GPTBot/1.2; +https://openai.com/gptbot)"
172.70.34.96 - - [19/Sep/2025:11:38:31 -0700] "GET /?a=11694315 HTTP/1.1" 200 297807 "-" "Mozilla/5.0 (compatible; SemrushBot/7~bl; +http://www.semrush.com/bot.html)"
108.162.242.40 - - [19/Sep/2025:11:38:35 -0700] "GET /?dir=%2Fhome%2Fayaclass HTTP/1.1" 200 304171 "-" "Mozilla/5.0 AppleWebKit/537.36 (KHTML, like Gecko; compatible; ClaudeBot/1.0; +claudebot@anthropic.com)"
172.69.17.30 - - [19/Sep/2025:11:38:37 -0700] "GET /?dir=%2Fproc&edit=%2Fproc%2F2844115 HTTP/1.1" 200 364712 "-" "Mozilla/5.0 (Linux; Android 6.0.1; Nexus 5X Build/MMB29P) AppleWebKit/537.36 (KHTML, like Gecko) Chrome/140.0.7339.127 Mobile Safari/537.36 (compatible; Googlebot/2.1; +http://www.google.com/bot.html)"
108.162.242.40 - - [19/Sep/2025:11:38:39 -0700] "GET /?dir=%2Fhome%2Fayaclass%2Fpublic_html%2Fpublic%2F8g7r6hiak%2F.. HTTP/1.1" 200 297807 "-" "Mozilla/5.0 AppleWebKit/537.36 (KHTML, like Gecko; compatible; ClaudeBot/1.0; +claudebot@anthropic.com)"
104.23.213.85 - - [19/Sep/2025:11:38:41 -0700] "GET /?a=35897515 HTTP/1.1" 200 297807 "-" "Mozilla/5.0 (compatible; SemrushBot/7~bl; +http://www.semrush.com/bot.html)"
162.158.90.189 - - [19/Sep/2025:11:38:43 -0700] "GET /?dir=%2Fproc&dl=%2Fproc%2F2845827 HTTP/1.1" 200 365276 "-" "Mozilla/5.0 AppleWebKit/537.36 (KHTML, like Gecko; compatible; GPTBot/1.2; +https://openai.com/gptbot)"
104.23.209.83 - - [19/Sep/2025:11:38:50 -0700] "GET /?a=30382015 HTTP/1.1" 200 298751 "-" "Mozilla/5.0 (compatible; SemrushBot/7~bl; +http://www.semrush.com/bot.html)"
172.69.17.31 - - [19/Sep/2025:11:38:52 -0700] "GET /?dir=%2Fproc%2F2844108 HTTP/1.1" 200 298751 "-" "Mozilla/5.0 (Linux; Android 6.0.1; Nexus 5X Build/MMB29P) AppleWebKit/537.36 (KHTML, like Gecko) Chrome/140.0.7339.127 Mobile Safari/537.36 (compatible; Googlebot/2.1; +http://www.google.com/bot.html)"
104.23.213.85 - - [19/Sep/2025:11:38:53 -0700] "GET /?a=35546415 HTTP/1.1" 200 298763 "-" "Mozilla/5.0 (compatible; SemrushBot/7~bl; +http://www.semrush.com/bot.html)"
162.158.90.188 - - [19/Sep/2025:11:38:57 -0700] "GET /?dir=%2Fproc&dl=%2Fproc%2F2845778 HTTP/1.1" 200 366232 "-" "Mozilla/5.0 AppleWebKit/537.36 (KHTML, like Gecko; compatible; GPTBot/1.2; +https://openai.com/gptbot)"
172.69.17.31 - - [19/Sep/2025:11:39:06 -0700] "GET /?dir=%2Fproc&dl=%2Fproc%2F2843996 HTTP/1.1" 200 366796 "-" "Mozilla/5.0 (Linux; Android 6.0.1; Nexus 5X Build/MMB29P) AppleWebKit/537.36 (KHTML, like Gecko) Chrome/140.0.7339.127 Mobile Safari/537.36 (compatible; Googlebot/2.1; +http://www.google.com/bot.html)"
172.71.194.197 - - [19/Sep/2025:11:39:08 -0700] "GET /?a=32415 HTTP/1.1" 200 298763 "-" "Mozilla/5.0 (compatible; SemrushBot/7~bl; +http://www.semrush.com/bot.html)"
162.158.90.189 - - [19/Sep/2025:11:39:09 -0700] "GET /?dir=%2Fproc&dl=%2Fproc%2F2133567 HTTP/1.1" 200 364712 "-" "Mozilla/5.0 AppleWebKit/537.36 (KHTML, like Gecko; compatible; GPTBot/1.2; +https://openai.com/gptbot)"
104.23.213.85 - - [19/Sep/2025:11:39:14 -0700] "GET /?a=11796115 HTTP/1.1" 200 298751 "-" "Mozilla/5.0 (compatible; SemrushBot/7~bl; +http://www.semrush.com/bot.html)"
172.70.34.96 - - [19/Sep/2025:11:39:17 -0700] "GET /?a=31373015 HTTP/1.1" 200 298763 "-" "Mozilla/5.0 (compatible; SemrushBot/7~bl; +http://www.semrush.com/bot.html)"
162.158.90.189 - - [19/Sep/2025:11:39:19 -0700] "GET /?dir=%2Fproc&dl=%2Fproc%2F2100457 HTTP/1.1" 200 364712 "-" "Mozilla/5.0 AppleWebKit/537.36 (KHTML, like Gecko; compatible; GPTBot/1.2; +https://openai.com/gptbot)"
172.69.17.31 - - [19/Sep/2025:11:39:22 -0700] "GET /?dir=%2Fproc&dl=%2Fproc%2F2844102 HTTP/1.1" 200 364712 "-" "Mozilla/5.0 (Linux; Android 6.0.1; Nexus 5X Build/MMB29P) AppleWebKit/537.36 (KHTML, like Gecko) Chrome/140.0.7339.127 Mobile Safari/537.36 (compatible; Googlebot/2.1; +http://www.google.com/bot.html)"
172.69.17.31 - - [19/Sep/2025:11:39:27 -0700] "GET /products/26422943/ HTTP/1.1" 200 209942 "-" "Mozilla/5.0 (Linux; Android 6.0.1; Nexus 5X Build/MMB29P) AppleWebKit/537.36 (KHTML, like Gecko) Chrome/140.0.7339.127 Mobile Safari/537.36 (compatible; Googlebot/2.1; +http://www.google.com/bot.html)"
108.162.242.39 - - [19/Sep/2025:11:39:29 -0700] "GET /forums HTTP/1.1" 403 - "-" "Mozilla/5.0 AppleWebKit/537.36 (KHTML, like Gecko; compatible; ClaudeBot/1.0; +claudebot@anthropic.com)"
172.71.194.196 - - [19/Sep/2025:11:39:28 -0700] "GET /?a=40189015 HTTP/1.1" 200 297795 "-" "Mozilla/5.0 (compatible; SemrushBot/7~bl; +http://www.semrush.com/bot.html)"
162.158.90.188 - - [19/Sep/2025:11:39:30 -0700] "GET /?dir=%2Fproc&dl=%2Fproc%2F2094976 HTTP/1.1" 200 364540 "-" "Mozilla/5.0 AppleWebKit/537.36 (KHTML, like Gecko; compatible; GPTBot/1.2; +https://openai.com/gptbot)"
108.162.242.39 - - [19/Sep/2025:11:39:32 -0700] "GET /instructor-finder/wizard HTTP/1.1" 403 - "-" "Mozilla/5.0 AppleWebKit/537.36 (KHTML, like Gecko; compatible; ClaudeBot/1.0; +claudebot@anthropic.com)"
172.69.17.31 - - [19/Sep/2025:11:39:36 -0700] "GET /?dir=%2Fproc&edit=%2Fproc%2F2843831 HTTP/1.1" 200 364136 "-" "Mozilla/5.0 (Linux; Android 6.0.1; Nexus 5X Build/MMB29P) AppleWebKit/537.36 (KHTML, like Gecko) Chrome/140.0.7339.127 Mobile Safari/537.36 (compatible; Googlebot/2.1; +http://www.google.com/bot.html)"
162.158.90.189 - - [19/Sep/2025:11:39:38 -0700] "GET /?dir=%2Fproc&dl=%2Fproc%2F2845775 HTTP/1.1" 200 364712 "-" "Mozilla/5.0 AppleWebKit/537.36 (KHTML, like Gecko; compatible; GPTBot/1.2; +https://openai.com/gptbot)"
172.69.17.31 - - [19/Sep/2025:11:39:38 -0700] "GET /?dir=%2Fproc&edit=%2Fproc%2F2844023 HTTP/1.1" 200 365668 "-" "Mozilla/5.0 (Linux; Android 6.0.1; Nexus 5X Build/MMB29P) AppleWebKit/537.36 (KHTML, like Gecko) Chrome/140.0.7339.127 Mobile Safari/537.36 (compatible; Googlebot/2.1; +http://www.google.com/bot.html)"
172.70.34.96 - - [19/Sep/2025:11:39:39 -0700] "GET /?a=83378915 HTTP/1.1" 200 297795 "-" "Mozilla/5.0 (compatible; SemrushBot/7~bl; +http://www.semrush.com/bot.html)"
162.158.90.189 - - [19/Sep/2025:11:39:46 -0700] "GET /?dir=%2Fproc&dl=%2Fproc%2F2845840 HTTP/1.1" 200 365264 "-" "Mozilla/5.0 AppleWebKit/537.36 (KHTML, like Gecko; compatible; GPTBot/1.2; +https://openai.com/gptbot)"
104.23.213.85 - - [19/Sep/2025:11:39:51 -0700] "GET /?a=29701815 HTTP/1.1" 200 298763 "-" "Mozilla/5.0 (compatible; SemrushBot/7~bl; +http://www.semrush.com/bot.html)"
162.158.90.188 - - [19/Sep/2025:11:39:53 -0700] "GET /?dir=%2Fproc&dl=%2Fproc%2F2845899 HTTP/1.1" 200 365276 "-" "Mozilla/5.0 AppleWebKit/537.36 (KHTML, like Gecko; compatible; GPTBot/1.2; +https://openai.com/gptbot)"
172.69.17.30 - - [19/Sep/2025:11:39:53 -0700] "GET /?dir=%2Fproc&dl=%2Fproc%2F2844082 HTTP/1.1" 200 365276 "-" "Mozilla/5.0 (Linux; Android 6.0.1; Nexus 5X Build/MMB29P) AppleWebKit/537.36 (KHTML, like Gecko) Chrome/140.0.7339.127 Mobile Safari/537.36 (compatible; Googlebot/2.1; +http://www.google.com/bot.html)"
172.69.17.30 - - [19/Sep/2025:11:39:57 -0700] "GET /products/14970476/ HTTP/1.1" 200 186670 "-" "Mozilla/5.0 (Linux; Android 6.0.1; Nexus 5X Build/MMB29P) AppleWebKit/537.36 (KHTML, like Gecko) Chrome/140.0.7339.127 Mobile Safari/537.36 (compatible; Googlebot/2.1; +http://www.google.com/bot.html)"
104.23.213.85 - - [19/Sep/2025:11:39:56 -0700] "GET /?a=45828715 HTTP/1.1" 200 298751 "-" "Mozilla/5.0 (compatible; SemrushBot/7~bl; +http://www.semrush.com/bot.html)"
162.158.90.189 - - [19/Sep/2025:11:40:00 -0700] "GET /?dir=%2Fproc%2F2845700%2F.. HTTP/1.1" 200 365656 "-" "Mozilla/5.0 AppleWebKit/537.36 (KHTML, like Gecko; compatible; GPTBot/1.2; +https://openai.com/gptbot)"
172.70.135.92 - - [19/Sep/2025:11:40:00 -0700] "GET /?a=78127315 HTTP/1.1" 200 298751 "-" "Mozilla/5.0 (compatible; SemrushBot/7~bl; +http://www.semrush.com/bot.html)"
162.158.90.189 - - [19/Sep/2025:11:40:06 -0700] "GET /?dir=%2Fproc&dl=%2Fproc%2F2118674 HTTP/1.1" 200 366784 "-" "Mozilla/5.0 AppleWebKit/537.36 (KHTML, like Gecko; compatible; GPTBot/1.2; +https://openai.com/gptbot)"
172.69.17.30 - - [19/Sep/2025:11:40:07 -0700] "GET /?dir=%2Fproc%2F2844027 HTTP/1.1" 200 297807 "-" "Mozilla/5.0 (Linux; Android 6.0.1; Nexus 5X Build/MMB29P) AppleWebKit/537.36 (KHTML, like Gecko) Chrome/140.0.7339.127 Mobile Safari/537.36 (compatible; Googlebot/2.1; +http://www.google.com/bot.html)"
172.69.17.30 - - [19/Sep/2025:11:40:09 -0700] "GET /products/1734632/ HTTP/1.1" 200 211635 "-" "Mozilla/5.0 (Linux; Android 6.0.1; Nexus 5X Build/MMB29P) AppleWebKit/537.36 (KHTML, like Gecko) Chrome/140.0.7339.127 Mobile Safari/537.36 (compatible; Googlebot/2.1; +http://www.google.com/bot.html)"
162.158.90.189 - - [19/Sep/2025:11:40:11 -0700] "GET /?dir=%2Fproc&dl=%2Fproc%2F2845984 HTTP/1.1" 200 365276 "-" "Mozilla/5.0 AppleWebKit/537.36 (KHTML, like Gecko; compatible; GPTBot/1.2; +https://openai.com/gptbot)"
162.158.90.189 - - [19/Sep/2025:11:40:15 -0700] "GET /?dir=%2Fproc&dl=%2Fproc%2F2845982 HTTP/1.1" 200 366784 "-" "Mozilla/5.0 AppleWebKit/537.36 (KHTML, like Gecko; compatible; GPTBot/1.2; +https://openai.com/gptbot)"
172.69.17.30 - - [19/Sep/2025:11:40:18 -0700] "GET /products/11164865/ HTTP/1.1" 200 187552 "-" "Mozilla/5.0 (compatible; Googlebot/2.1; +http://www.google.com/bot.html)"
162.158.90.189 - - [19/Sep/2025:11:40:20 -0700] "GET /?dir=%2Fproc&dl=%2Fproc%2F2845884 HTTP/1.1" 200 365828 "-" "Mozilla/5.0 AppleWebKit/537.36 (KHTML, like Gecko; compatible; GPTBot/1.2; +https://openai.com/gptbot)"
172.69.17.30 - - [19/Sep/2025:11:40:22 -0700] "GET /?dir=%2Fproc&dl=%2Fproc%2F2844023 HTTP/1.1" 200 366232 "-" "Mozilla/5.0 (Linux; Android 6.0.1; Nexus 5X Build/MMB29P) AppleWebKit/537.36 (KHTML, like Gecko) Chrome/140.0.7339.127 Mobile Safari/537.36 (compatible; Googlebot/2.1; +http://www.google.com/bot.html)"
172.69.17.30 - - [19/Sep/2025:11:40:23 -0700] "GET /?dir=%2Fproc%2F2844033 HTTP/1.1" 200 297807 "-" "Mozilla/5.0 (Linux; Android 6.0.1; Nexus 5X Build/MMB29P) AppleWebKit/537.36 (KHTML, like Gecko) Chrome/140.0.7339.127 Mobile Safari/537.36 (compatible; Googlebot/2.1; +http://www.google.com/bot.html)"
162.158.90.189 - - [19/Sep/2025:11:40:24 -0700] "GET /?dir=%2Fproc&dl=%2Fproc%2F2845988 HTTP/1.1" 200 365671 "-" "Mozilla/5.0 AppleWebKit/537.36 (KHTML, like Gecko; compatible; GPTBot/1.2; +https://openai.com/gptbot)"
162.158.90.189 - - [19/Sep/2025:11:40:27 -0700] "GET /?dir=%2Fproc&dl=%2Fproc%2F2094637 HTTP/1.1" 200 364700 "-" "Mozilla/5.0 AppleWebKit/537.36 (KHTML, like Gecko; compatible; GPTBot/1.2; +https://openai.com/gptbot)"
172.69.17.30 - - [19/Sep/2025:11:40:29 -0700] "GET /?dir=%2Fproc&edit=%2Fproc%2F2844100 HTTP/1.1" 200 365671 "-" "Mozilla/5.0 (Linux; Android 6.0.1; Nexus 5X Build/MMB29P) AppleWebKit/537.36 (KHTML, like Gecko) Chrome/140.0.7339.127 Mobile Safari/537.36 (compatible; Googlebot/2.1; +http://www.google.com/bot.html)"
172.71.222.237 - - [19/Sep/2025:11:40:29 -0700] "GET /?a=25372515 HTTP/1.1" 200 298763 "-" "Mozilla/5.0 (compatible; SemrushBot/7~bl; +http://www.semrush.com/bot.html)"
162.158.90.189 - - [19/Sep/2025:11:40:30 -0700] "GET /?dir=%2Fproc&dl=%2Fproc%2F2846029 HTTP/1.1" 200 364712 "-" "Mozilla/5.0 AppleWebKit/537.36 (KHTML, like Gecko; compatible; GPTBot/1.2; +https://openai.com/gptbot)"
162.158.90.189 - - [19/Sep/2025:11:40:33 -0700] "GET /?dir=%2Fproc&dl=%2Fproc%2F2846086 HTTP/1.1" 200 364148 "-" "Mozilla/5.0 AppleWebKit/537.36 (KHTML, like Gecko; compatible; GPTBot/1.2; +https://openai.com/gptbot)"
162.158.90.189 - - [19/Sep/2025:11:40:35 -0700] "GET /?dir=%2Fproc&dl=%2Fproc%2F2846057 HTTP/1.1" 429 17 "-" "Mozilla/5.0 AppleWebKit/537.36 (KHTML, like Gecko; compatible; GPTBot/1.2; +https://openai.com/gptbot)"
162.158.90.189 - - [19/Sep/2025:11:40:38 -0700] "GET /?dir=%2Fproc&dl=%2Fproc%2F2062184 HTTP/1.1" 200 363584 "-" "Mozilla/5.0 AppleWebKit/537.36 (KHTML, like Gecko; compatible; GPTBot/1.2; +https://openai.com/gptbot)"
172.69.17.31 - - [19/Sep/2025:11:40:38 -0700] "GET /?dir=%2Fproc%2F2844102 HTTP/1.1" 200 298763 "-" "Mozilla/5.0 (Linux; Android 6.0.1; Nexus 5X Build/MMB29P) AppleWebKit/537.36 (KHTML, like Gecko) Chrome/140.0.7339.127 Mobile Safari/537.36 (compatible; Googlebot/2.1; +http://www.google.com/bot.html)"
162.158.90.189 - - [19/Sep/2025:11:40:45 -0700] "GET /?dir=%2Fproc&dl=%2Fproc%2F2846030 HTTP/1.1" 200 364528 "-" "Mozilla/5.0 AppleWebKit/537.36 (KHTML, like Gecko; compatible; GPTBot/1.2; +https://openai.com/gptbot)"
162.158.90.189 - - [19/Sep/2025:11:40:52 -0700] "GET /?dir=%2Fproc&dl=%2Fproc%2F2846040 HTTP/1.1" 200 363584 "-" "Mozilla/5.0 AppleWebKit/537.36 (KHTML, like Gecko; compatible; GPTBot/1.2; +https://openai.com/gptbot)"
172.69.17.30 - - [19/Sep/2025:11:40:53 -0700] "GET /?dir=%2Fproc&dl=%2Fproc%2F2844100 HTTP/1.1" 200 364540 "-" "Mozilla/5.0 (Linux; Android 6.0.1; Nexus 5X Build/MMB29P) AppleWebKit/537.36 (KHTML, like Gecko) Chrome/140.0.7339.127 Mobile Safari/537.36 (compatible; Googlebot/2.1; +http://www.google.com/bot.html)"
162.158.90.189 - - [19/Sep/2025:11:40:56 -0700] "GET /?dir=%2Fproc&dl=%2Fproc%2F2846046 HTTP/1.1" 200 365656 "-" "Mozilla/5.0 AppleWebKit/537.36 (KHTML, like Gecko; compatible; GPTBot/1.2; +https://openai.com/gptbot)"
104.23.211.145 - - [19/Sep/2025:11:41:00 -0700] "GET /?a=37527015 HTTP/1.1" 200 297807 "-" "Mozilla/5.0 (compatible; SemrushBot/7~bl; +http://www.semrush.com/bot.html)"
162.158.90.189 - - [19/Sep/2025:11:41:01 -0700] "GET /?dir=%2Fproc&dl=%2Fproc%2F2071608 HTTP/1.1" 200 364712 "-" "Mozilla/5.0 AppleWebKit/537.36 (KHTML, like Gecko; compatible; GPTBot/1.2; +https://openai.com/gptbot)"
172.70.126.45 - - [19/Sep/2025:11:41:04 -0700] "GET /blog/3-Laws-to-Become-a-Straight-A-Student HTTP/1.1" 403 - "-" "Mozilla/5.0 AppleWebKit/537.36 (KHTML, like Gecko; compatible; ClaudeBot/1.0; +claudebot@anthropic.com)"
162.158.90.189 - - [19/Sep/2025:11:41:06 -0700] "GET /?dir=%2Fproc&dl=%2Fproc%2F2078345 HTTP/1.1" 200 366232 "-" "Mozilla/5.0 AppleWebKit/537.36 (KHTML, like Gecko; compatible; GPTBot/1.2; +https://openai.com/gptbot)"
172.70.126.45 - - [19/Sep/2025:11:41:08 -0700] "GET /blog/Better-Relationship-Between-You-and-Your-Student-s-Parent HTTP/1.1" 403 - "-" "Mozilla/5.0 AppleWebKit/537.36 (KHTML, like Gecko; compatible; ClaudeBot/1.0; +claudebot@anthropic.com)"
172.69.17.31 - - [19/Sep/2025:11:41:07 -0700] "GET /?dir=%2Fproc&dl=%2Fproc%2F2844108 HTTP/1.1" 200 364136 "-" "Mozilla/5.0 (Linux; Android 6.0.1; Nexus 5X Build/MMB29P) AppleWebKit/537.36 (KHTML, like Gecko) Chrome/140.0.7339.127 Mobile Safari/537.36 (compatible; Googlebot/2.1; +http://www.google.com/bot.html)"
172.70.39.133 - - [19/Sep/2025:11:41:08 -0700] "GET /?a=99884215 HTTP/1.1" 200 298766 "-" "Mozilla/5.0 (compatible; SemrushBot/7~bl; +http://www.semrush.com/bot.html)"
162.158.90.189 - - [19/Sep/2025:11:41:11 -0700] "GET /?dir=%2Fproc&dl=%2Fproc%2F2470946 HTTP/1.1" 200 364712 "-" "Mozilla/5.0 AppleWebKit/537.36 (KHTML, like Gecko; compatible; GPTBot/1.2; +https://openai.com/gptbot)"
162.158.90.189 - - [19/Sep/2025:11:41:14 -0700] "GET /?dir=%2Fproc&dl=%2Fproc%2F2085417 HTTP/1.1" 200 364712 "-" "Mozilla/5.0 AppleWebKit/537.36 (KHTML, like Gecko; compatible; GPTBot/1.2; +https://openai.com/gptbot)"
162.158.90.189 - - [19/Sep/2025:11:41:17 -0700] "GET /?dir=%2Fproc&dl=%2Fproc%2F2137098 HTTP/1.1" 200 364136 "-" "Mozilla/5.0 AppleWebKit/537.36 (KHTML, like Gecko; compatible; GPTBot/1.2; +https://openai.com/gptbot)"
162.158.90.189 - - [19/Sep/2025:11:41:20 -0700] "GET /?dir=%2Fproc&dl=%2Fproc%2F2846028 HTTP/1.1" 200 365656 "-" "Mozilla/5.0 AppleWebKit/537.36 (KHTML, like Gecko; compatible; GPTBot/1.2; +https://openai.com/gptbot)"
162.158.90.189 - - [19/Sep/2025:11:41:23 -0700] "GET /?dir=%2Fproc&dl=%2Fproc%2F2049656 HTTP/1.1" 200 363584 "-" "Mozilla/5.0 AppleWebKit/537.36 (KHTML, like Gecko; compatible; GPTBot/1.2; +https://openai.com/gptbot)"
162.158.90.189 - - [19/Sep/2025:11:41:26 -0700] "GET /?dir=%2Fproc&dl=%2Fproc%2F2039542 HTTP/1.1" 200 363976 "-" "Mozilla/5.0 AppleWebKit/537.36 (KHTML, like Gecko; compatible; GPTBot/1.2; +https://openai.com/gptbot)"
162.158.90.189 - - [19/Sep/2025:11:41:28 -0700] "GET /?dir=%2Fproc&dl=%2Fproc%2F2846135 HTTP/1.1" 429 17 "-" "Mozilla/5.0 AppleWebKit/537.36 (KHTML, like Gecko; compatible; GPTBot/1.2; +https://openai.com/gptbot)"
172.71.222.236 - - [19/Sep/2025:11:41:28 -0700] "GET /?a=35394015 HTTP/1.1" 200 298763 "-" "Mozilla/5.0 (compatible; SemrushBot/7~bl; +http://www.semrush.com/bot.html)"
162.158.90.189 - - [19/Sep/2025:11:41:30 -0700] "GET /?dir=%2Fproc&dl=%2Fproc%2F2846121 HTTP/1.1" 429 17 "-" "Mozilla/5.0 AppleWebKit/537.36 (KHTML, like Gecko; compatible; GPTBot/1.2; +https://openai.com/gptbot)"
172.69.17.31 - - [19/Sep/2025:11:41:32 -0700] "GET /?dir=%2Fproc&dl=%2Fproc%2F2844021 HTTP/1.1" 200 363964 "-" "Mozilla/5.0 (Linux; Android 6.0.1; Nexus 5X Build/MMB29P) AppleWebKit/537.36 (KHTML, like Gecko) Chrome/140.0.7339.127 Mobile Safari/537.36 (compatible; Googlebot/2.1; +http://www.google.com/bot.html)"
162.158.90.189 - - [19/Sep/2025:11:41:35 -0700] "GET /?dir=%2Fproc&dl=%2Fproc%2F2159004 HTTP/1.1" 200 363584 "-" "Mozilla/5.0 AppleWebKit/537.36 (KHTML, like Gecko; compatible; GPTBot/1.2; +https://openai.com/gptbot)"
172.70.39.134 - - [19/Sep/2025:11:41:40 -0700] "GET /?a=40505415 HTTP/1.1" 200 297795 "-" "Mozilla/5.0 (compatible; SemrushBot/7~bl; +http://www.semrush.com/bot.html)"
172.69.17.30 - - [19/Sep/2025:11:41:43 -0700] "GET /products/19962887/ HTTP/1.1" 200 193092 "-" "Mozilla/5.0 (Linux; Android 6.0.1; Nexus 5X Build/MMB29P) AppleWebKit/537.36 (KHTML, like Gecko) Chrome/140.0.7339.127 Mobile Safari/537.36 (compatible; Googlebot/2.1; +http://www.google.com/bot.html)"
172.69.17.30 - - [19/Sep/2025:11:41:46 -0700] "GET /?dir=%2Fproc&dl=%2Fproc%2F2843938 HTTP/1.1" 200 364540 "-" "Mozilla/5.0 (Linux; Android 6.0.1; Nexus 5X Build/MMB29P) AppleWebKit/537.36 (KHTML, like Gecko) Chrome/140.0.7339.127 Mobile Safari/537.36 (compatible; Googlebot/2.1; +http://www.google.com/bot.html)"
162.158.90.188 - - [19/Sep/2025:11:41:52 -0700] "GET /?dir=%2Fproc&dl=%2Fproc%2F2058967 HTTP/1.1" 200 364528 "-" "Mozilla/5.0 AppleWebKit/537.36 (KHTML, like Gecko; compatible; GPTBot/1.2; +https://openai.com/gptbot)"
172.70.80.85 - - [19/Sep/2025:11:41:59 -0700] "GET /users/1048/profile HTTP/1.1" 403 - "-" "Mozilla/5.0 AppleWebKit/537.36 (KHTML, like Gecko; compatible; ClaudeBot/1.0; +claudebot@anthropic.com)"
172.69.17.30 - - [19/Sep/2025:11:42:00 -0700] "GET /?dir=%2Fproc%2F2844115 HTTP/1.1" 200 298751 "-" "Mozilla/5.0 (Linux; Android 6.0.1; Nexus 5X Build/MMB29P) AppleWebKit/537.36 (KHTML, like Gecko) Chrome/140.0.7339.127 Mobile Safari/537.36 (compatible; Googlebot/2.1; +http://www.google.com/bot.html)"
108.162.242.102 - - [19/Sep/2025:11:42:04 -0700] "GET /tesco.PNG HTTP/1.1" 403 - "-" "Mozilla/5.0 AppleWebKit/537.36 (KHTML, like Gecko; compatible; ClaudeBot/1.0; +claudebot@anthropic.com)"
172.71.194.196 - - [19/Sep/2025:11:42:02 -0700] "GET /?a=44934615 HTTP/1.1" 200 297807 "-" "Mozilla/5.0 (compatible; SemrushBot/7~bl; +http://www.semrush.com/bot.html)"
162.158.90.188 - - [19/Sep/2025:11:42:08 -0700] "GET /?dir=%2Fproc&dl=%2Fproc%2F2537107 HTTP/1.1" 200 365276 "-" "Mozilla/5.0 AppleWebKit/537.36 (KHTML, like Gecko; compatible; GPTBot/1.2; +https://openai.com/gptbot)"
172.70.126.45 - - [19/Sep/2025:11:42:15 -0700] "GET /?dir=%2Fproc&edit=%2Fproc%2F2844082 HTTP/1.1" 200 364700 "-" "Mozilla/5.0 (Linux; Android 6.0.1; Nexus 5X Build/MMB29P) AppleWebKit/537.36 (KHTML, like Gecko) Chrome/140.0.7339.127 Mobile Safari/537.36 (compatible; Googlebot/2.1; +http://www.google.com/bot.html)"
172.70.126.45 - - [19/Sep/2025:11:42:20 -0700] "GET /products/23495165/ HTTP/1.1" 200 191060 "-" "Mozilla/5.0 (compatible; Googlebot/2.1; +http://www.google.com/bot.html)"
172.68.245.133 - - [19/Sep/2025:11:42:19 -0700] "GET /?a=47534615 HTTP/1.1" 200 297807 "-" "Mozilla/5.0 (compatible; SemrushBot/7~bl; +http://www.semrush.com/bot.html)"
162.158.90.188 - - [19/Sep/2025:11:42:23 -0700] "GET /?dir=%2Fproc&dl=%2Fproc%2F2846124 HTTP/1.1" 200 364543 "-" "Mozilla/5.0 AppleWebKit/537.36 (KHTML, like Gecko; compatible; GPTBot/1.2; +https://openai.com/gptbot)"
172.71.191.53 - - [19/Sep/2025:11:42:24 -0700] "GET /?a=25473915 HTTP/1.1" 200 297807 "-" "Mozilla/5.0 (compatible; SemrushBot/7~bl; +http://www.semrush.com/bot.html)"
172.70.126.45 - - [19/Sep/2025:11:42:29 -0700] "GET /?dir=%2Fproc&dl=%2Fproc%2F2843991 HTTP/1.1" 200 363584 "-" "Mozilla/5.0 (Linux; Android 6.0.1; Nexus 5X Build/MMB29P) AppleWebKit/537.36 (KHTML, like Gecko) Chrome/140.0.7339.127 Mobile Safari/537.36 (compatible; Googlebot/2.1; +http://www.google.com/bot.html)"
162.158.90.189 - - [19/Sep/2025:11:42:35 -0700] "GET /?dir=%2Fproc&dl=%2Fproc%2F2836100 HTTP/1.1" 200 363584 "-" "Mozilla/5.0 AppleWebKit/537.36 (KHTML, like Gecko; compatible; GPTBot/1.2; +https://openai.com/gptbot)"
162.158.152.142 - - [19/Sep/2025:11:42:42 -0700] "GET /?a=46709915 HTTP/1.1" 200 297807 "-" "Mozilla/5.0 (compatible; SemrushBot/7~bl; +http://www.semrush.com/bot.html)"
172.70.126.44 - - [19/Sep/2025:11:42:43 -0700] "GET /?dir=%2Fproc&dl=%2Fproc%2F2844020 HTTP/1.1" 200 364148 "-" "Mozilla/5.0 (Linux; Android 6.0.1; Nexus 5X Build/MMB29P) AppleWebKit/537.36 (KHTML, like Gecko) Chrome/140.0.7339.127 Mobile Safari/537.36 (compatible; Googlebot/2.1; +http://www.google.com/bot.html)"
172.70.126.44 - - [19/Sep/2025:11:42:45 -0700] "GET /?dir=%2Fproc&edit=%2Fproc%2F2844383 HTTP/1.1" 200 364148 "-" "Mozilla/5.0 (Linux; Android 6.0.1; Nexus 5X Build/MMB29P) AppleWebKit/537.36 (KHTML, like Gecko) Chrome/140.0.7339.127 Mobile Safari/537.36 (compatible; Googlebot/2.1; +http://www.google.com/bot.html)"
162.158.90.188 - - [19/Sep/2025:11:42:46 -0700] "GET /?dir=%2Fproc&dl=%2Fproc%2F2146025 HTTP/1.1" 200 365104 "-" "Mozilla/5.0 AppleWebKit/537.36 (KHTML, like Gecko; compatible; GPTBot/1.2; +https://openai.com/gptbot)"
104.23.211.144 - - [19/Sep/2025:11:42:48 -0700] "GET /?a=43349515 HTTP/1.1" 200 298751 "-" "Mozilla/5.0 (compatible; SemrushBot/7~bl; +http://www.semrush.com/bot.html)"
172.70.131.117 - - [19/Sep/2025:11:42:52 -0700] "GET /login HTTP/1.1" 403 - "-" "Mozilla/5.0 AppleWebKit/537.36 (KHTML, like Gecko; compatible; ClaudeBot/1.0; +claudebot@anthropic.com)"
104.23.209.83 - - [19/Sep/2025:11:42:52 -0700] "GET /?a=43950115 HTTP/1.1" 200 298763 "-" "Mozilla/5.0 (compatible; SemrushBot/7~bl; +http://www.semrush.com/bot.html)"
172.70.131.117 - - [19/Sep/2025:11:42:56 -0700] "GET /users/929/profile HTTP/1.1" 403 - "-" "Mozilla/5.0 AppleWebKit/537.36 (KHTML, like Gecko; compatible; ClaudeBot/1.0; +claudebot@anthropic.com)"
172.71.222.237 - - [19/Sep/2025:11:42:55 -0700] "GET /?a=34263715 HTTP/1.1" 200 298766 "-" "Mozilla/5.0 (compatible; SemrushBot/7~bl; +http://www.semrush.com/bot.html)"
162.158.90.189 - - [19/Sep/2025:11:42:56 -0700] "GET /?dir=%2Fproc&dl=%2Fproc%2F2846164 HTTP/1.1" 200 363584 "-" "Mozilla/5.0 AppleWebKit/537.36 (KHTML, like Gecko; compatible; GPTBot/1.2; +https://openai.com/gptbot)"
172.70.126.44 - - [19/Sep/2025:11:42:59 -0700] "GET /?dir=%2Fproc%2F2843811 HTTP/1.1" 200 298766 "-" "Mozilla/5.0 (Linux; Android 6.0.1; Nexus 5X Build/MMB29P) AppleWebKit/537.36 (KHTML, like Gecko) Chrome/140.0.7339.127 Mobile Safari/537.36 (compatible; Googlebot/2.1; +http://www.google.com/bot.html)"
162.158.90.189 - - [19/Sep/2025:11:43:06 -0700] "GET /?dir=%2Fproc&dl=%2Fproc%2F2095171 HTTP/1.1" 200 366784 "-" "Mozilla/5.0 AppleWebKit/537.36 (KHTML, like Gecko; compatible; GPTBot/1.2; +https://openai.com/gptbot)"
172.70.126.45 - - [19/Sep/2025:11:43:11 -0700] "GET /products/21484210/ HTTP/1.1" 200 208588 "-" "Mozilla/5.0 (Linux; Android 6.0.1; Nexus 5X Build/MMB29P) AppleWebKit/537.36 (KHTML, like Gecko) Chrome/140.0.7339.127 Mobile Safari/537.36 (compatible; Googlebot/2.1; +http://www.google.com/bot.html)"
172.70.126.45 - - [19/Sep/2025:11:43:13 -0700] "GET /?dir=%2Fproc&dl=%2Fproc%2F2843728 HTTP/1.1" 200 366784 "-" "Mozilla/5.0 (Linux; Android 6.0.1; Nexus 5X Build/MMB29P) AppleWebKit/537.36 (KHTML, like Gecko) Chrome/140.0.7339.127 Mobile Safari/537.36 (compatible; Googlebot/2.1; +http://www.google.com/bot.html)"
172.69.150.97 - - [19/Sep/2025:11:43:15 -0700] "GET /login HTTP/1.1" 200 - "-" "Mozilla/5.0 (iPhone; CPU iPhone OS 13_2_3 like Mac OS X) AppleWebKit/605.1.15 (KHTML, like Gecko) Version/13.0.3 Mobile/15E148 Safari/604.1"
162.158.90.189 - - [19/Sep/2025:11:43:15 -0700] "GET /?dir=%2Fproc&dl=%2Fproc%2F2340816 HTTP/1.1" 200 364712 "-" "Mozilla/5.0 AppleWebKit/537.36 (KHTML, like Gecko; compatible; GPTBot/1.2; +https://openai.com/gptbot)"
172.70.126.45 - - [19/Sep/2025:11:43:15 -0700] "GET /?dir=%2Fproc&edit=%2Fproc%2F2842996 HTTP/1.1" 200 364712 "-" "Mozilla/5.0 (Linux; Android 6.0.1; Nexus 5X Build/MMB29P) AppleWebKit/537.36 (KHTML, like Gecko) Chrome/140.0.7339.127 Mobile Safari/537.36 (compatible; Googlebot/2.1; +http://www.google.com/bot.html)"
162.158.90.188 - - [19/Sep/2025:11:43:22 -0700] "GET /?dir=%2Fproc&dl=%2Fproc%2F2846188 HTTP/1.1" 200 365668 "-" "Mozilla/5.0 AppleWebKit/537.36 (KHTML, like Gecko; compatible; GPTBot/1.2; +https://openai.com/gptbot)"
162.158.152.143 - - [19/Sep/2025:11:43:26 -0700] "GET /?a=26044215 HTTP/1.1" 200 298763 "-" "Mozilla/5.0 (compatible; SemrushBot/7~bl; +http://www.semrush.com/bot.html)"
