172.70.126.45 - - [19/Sep/2025:06:19:04 -0700] "GET /?dir=%2F&edit=%2F%2Fhome HTTP/1.1" 200 304914 "-" "Mozilla/5.0 (Linux; Android 6.0.1; Nexus 5X Build/MMB29P) AppleWebKit/537.36 (KHTML, like Gecko) Chrome/140.0.7339.127 Mobile Safari/537.36 (compatible; Googlebot/2.1; +http://www.google.com/bot.html)"
172.69.17.30 - - [19/Sep/2025:06:19:06 -0700] "GET /?dir=%2Fusr%2Fbin&dl=%2Fusr%2Fbin%2Fgr2fonttest HTTP/1.1" 200 30672 "-" "Mozilla/5.0 (Linux; Android 6.0.1; Nexus 5X Build/MMB29P) AppleWebKit/537.36 (KHTML, like Gecko) Chrome/140.0.7339.127 Mobile Safari/537.36 (compatible; Googlebot/2.1; +http://www.google.com/bot.html)"
172.71.254.188 - - [19/Sep/2025:06:19:07 -0700] "GET /?dir=%2Fusr%2Fbin&edit=%2Fusr%2Fbin%2Fpmlogger HTTP/1.1" 200 219006 "-" "Mozilla/5.0 (Linux; Android 6.0.1; Nexus 5X Build/MMB29P) AppleWebKit/537.36 (KHTML, like Gecko) Chrome/140.0.7339.127 Mobile Safari/537.36 (compatible; Googlebot/2.1; +http://www.google.com/bot.html)"
172.70.206.123 - - [19/Sep/2025:06:19:05 -0700] "GET /?dir=%2Fproc&dl=%2Fproc%2F2536276 HTTP/1.1" 200 377515 "-" "Mozilla/5.0 AppleWebKit/537.36 (KHTML, like Gecko; compatible; GPTBot/1.2; +https://openai.com/gptbot)"
172.71.254.188 - - [19/Sep/2025:06:19:07 -0700] "GET /products/3185498/ HTTP/1.1" 200 199686 "-" "Mozilla/5.0 (Linux; Android 6.0.1; Nexus 5X Build/MMB29P) AppleWebKit/537.36 (KHTML, like Gecko) Chrome/140.0.7339.127 Mobile Safari/537.36 (compatible; Googlebot/2.1; +http://www.google.com/bot.html)"
172.70.126.45 - - [19/Sep/2025:06:19:08 -0700] "GET /?dir=%2Fusr%2Fbin&edit=%2Fusr%2Fbin%2Fpod2html HTTP/1.1" 200 4868 "-" "Mozilla/5.0 (Linux; Android 6.0.1; Nexus 5X Build/MMB29P) AppleWebKit/537.36 (KHTML, like Gecko) Chrome/140.0.7339.127 Mobile Safari/537.36 (compatible; Googlebot/2.1; +http://www.google.com/bot.html)"
172.71.254.188 - - [19/Sep/2025:06:19:08 -0700] "GET /?dir=%2Fusr%2Fbin&edit=%2Fusr%2Fbin%2Fftp-rfc HTTP/1.1" 200 1439 "-" "Mozilla/5.0 (Linux; Android 6.0.1; Nexus 5X Build/MMB29P) AppleWebKit/537.36 (KHTML, like Gecko) Chrome/140.0.7339.127 Mobile Safari/537.36 (compatible; Googlebot/2.1; +http://www.google.com/bot.html)"
172.70.126.45 - - [19/Sep/2025:06:19:09 -0700] "GET /?dir=%2Fusr%2Fbin&dl=%2Fusr%2Fbin%2Fbootctl HTTP/1.1" 200 46232 "-" "Mozilla/5.0 (Linux; Android 6.0.1; Nexus 5X Build/MMB29P) AppleWebKit/537.36 (KHTML, like Gecko) Chrome/140.0.7339.127 Mobile Safari/537.36 (compatible; Googlebot/2.1; +http://www.google.com/bot.html)"
172.70.206.122 - - [19/Sep/2025:06:19:13 -0700] "GET /?dir=%2Fproc&dl=%2Fproc%2F2535834 HTTP/1.1" 200 373736 "-" "Mozilla/5.0 AppleWebKit/537.36 (KHTML, like Gecko; compatible; GPTBot/1.2; +https://openai.com/gptbot)"
172.70.126.44 - - [19/Sep/2025:06:19:15 -0700] "GET /products/4851809/ HTTP/1.1" 200 192786 "-" "Mozilla/5.0 (compatible; Googlebot/2.1; +http://www.google.com/bot.html)"
172.70.126.44 - - [19/Sep/2025:06:19:19 -0700] "GET /?dir=%2Fusr%2Fbin&dl=%2Fusr%2Fbin%2Fdbus-uuidgen HTTP/1.1" 200 12672 "-" "Mozilla/5.0 (Linux; Android 6.0.1; Nexus 5X Build/MMB29P) AppleWebKit/537.36 (KHTML, like Gecko) Chrome/140.0.7339.127 Mobile Safari/537.36 (compatible; Googlebot/2.1; +http://www.google.com/bot.html)"
172.70.126.44 - - [19/Sep/2025:06:19:19 -0700] "GET /?dir=%2F%2Fbackup HTTP/1.1" 200 286088 "-" "Mozilla/5.0 (Linux; Android 6.0.1; Nexus 5X Build/MMB29P) AppleWebKit/537.36 (KHTML, like Gecko) Chrome/140.0.7339.127 Mobile Safari/537.36 (compatible; Googlebot/2.1; +http://www.google.com/bot.html)"
172.70.126.44 - - [19/Sep/2025:06:19:21 -0700] "GET /products/6433132/ HTTP/1.1" 200 214650 "-" "Mozilla/5.0 (Linux; Android 6.0.1; Nexus 5X Build/MMB29P) AppleWebKit/537.36 (KHTML, like Gecko) Chrome/140.0.7339.127 Mobile Safari/537.36 (compatible; Googlebot/2.1; +http://www.google.com/bot.html)"
172.70.206.122 - - [19/Sep/2025:06:19:21 -0700] "GET /?dir=%2Fproc&dl=%2Fproc%2F2532745 HTTP/1.1" 200 374864 "-" "Mozilla/5.0 AppleWebKit/537.36 (KHTML, like Gecko; compatible; GPTBot/1.2; +https://openai.com/gptbot)"
172.70.126.44 - - [19/Sep/2025:06:19:25 -0700] "GET /products/6125765/ HTTP/1.1" 200 206634 "-" "Mozilla/5.0 (compatible; Googlebot/2.1; +http://www.google.com/bot.html)"
172.68.245.133 - - [19/Sep/2025:06:19:26 -0700] "GET /?a=39473915 HTTP/1.1" 200 298751 "-" "Mozilla/5.0 (compatible; SemrushBot/7~bl; +http://www.semrush.com/bot.html)"
172.70.206.122 - - [19/Sep/2025:06:19:27 -0700] "GET /?dir=%2Fproc&dl=%2Fproc%2F2536256 HTTP/1.1" 200 375808 "-" "Mozilla/5.0 AppleWebKit/537.36 (KHTML, like Gecko; compatible; GPTBot/1.2; +https://openai.com/gptbot)"
172.70.39.134 - - [19/Sep/2025:06:19:29 -0700] "GET /?a=38338115 HTTP/1.1" 200 297807 "-" "Mozilla/5.0 (compatible; SemrushBot/7~bl; +http://www.semrush.com/bot.html)"
172.70.126.44 - - [19/Sep/2025:06:19:32 -0700] "GET /?dir=%2Fusr%2Fbin&dl=%2Fusr%2Fbin%2Fcpapi1 HTTP/1.1" 200 3335960 "-" "Mozilla/5.0 (Linux; Android 6.0.1; Nexus 5X Build/MMB29P) AppleWebKit/537.36 (KHTML, like Gecko) Chrome/140.0.7339.127 Mobile Safari/537.36 (compatible; Googlebot/2.1; +http://www.google.com/bot.html)"
172.69.17.30 - - [19/Sep/2025:06:19:32 -0700] "GET /?dir=%2Fusr%2Fbin&edit=%2Fusr%2Fbin%2Fpldd HTTP/1.1" 200 23032 "-" "Mozilla/5.0 (Linux; Android 6.0.1; Nexus 5X Build/MMB29P) AppleWebKit/537.36 (KHTML, like Gecko) Chrome/140.0.7339.127 Mobile Safari/537.36 (compatible; Googlebot/2.1; +http://www.google.com/bot.html)"
172.70.206.122 - - [19/Sep/2025:06:19:33 -0700] "GET /?dir=%2Fproc&dl=%2Fproc%2F2535995 HTTP/1.1" 200 375808 "-" "Mozilla/5.0 AppleWebKit/537.36 (KHTML, like Gecko; compatible; GPTBot/1.2; +https://openai.com/gptbot)"
172.70.206.122 - - [19/Sep/2025:06:19:39 -0700] "GET /?dir=%2Fproc&dl=%2Fproc%2F2534384 HTTP/1.1" 200 375244 "-" "Mozilla/5.0 AppleWebKit/537.36 (KHTML, like Gecko; compatible; GPTBot/1.2; +https://openai.com/gptbot)"
172.71.254.189 - - [19/Sep/2025:06:19:43 -0700] "GET /?dir=%2Fusr%2Fbin&dl=%2Fusr%2Fbin%2Fpip2 HTTP/1.1" 200 206 "-" "Mozilla/5.0 (Linux; Android 6.0.1; Nexus 5X Build/MMB29P) AppleWebKit/537.36 (KHTML, like Gecko) Chrome/140.0.7339.127 Mobile Safari/537.36 (compatible; Googlebot/2.1; +http://www.google.com/bot.html)"
172.70.206.122 - - [19/Sep/2025:06:19:44 -0700] "GET /?dir=%2Fproc&dl=%2Fproc%2F2535021 HTTP/1.1" 200 374300 "-" "Mozilla/5.0 AppleWebKit/537.36 (KHTML, like Gecko; compatible; GPTBot/1.2; +https://openai.com/gptbot)"
172.70.206.122 - - [19/Sep/2025:06:19:48 -0700] "GET /?dir=%2Fproc&dl=%2Fproc%2F2536166 HTTP/1.1" 200 375244 "-" "Mozilla/5.0 AppleWebKit/537.36 (KHTML, like Gecko; compatible; GPTBot/1.2; +https://openai.com/gptbot)"
172.70.39.133 - - [19/Sep/2025:06:19:48 -0700] "GET /?a=59305115 HTTP/1.1" 200 297807 "-" "Mozilla/5.0 (compatible; SemrushBot/7~bl; +http://www.semrush.com/bot.html)"
172.69.17.31 - - [19/Sep/2025:06:19:53 -0700] "GET /?dir=%2Fusr%2Fbin&edit=%2Fusr%2Fbin%2Fkbd_mode HTTP/1.1" 200 17262 "-" "Mozilla/5.0 (Linux; Android 6.0.1; Nexus 5X Build/MMB29P) AppleWebKit/537.36 (KHTML, like Gecko) Chrome/140.0.7339.127 Mobile Safari/537.36 (compatible; Googlebot/2.1; +http://www.google.com/bot.html)"
104.23.213.84 - - [19/Sep/2025:06:19:51 -0700] "GET /?a=24378915 HTTP/1.1" 200 297795 "-" "Mozilla/5.0 (compatible; SemrushBot/7~bl; +http://www.semrush.com/bot.html)"
172.70.206.122 - - [19/Sep/2025:06:19:52 -0700] "GET /?dir=%2Fproc%2F2536317 HTTP/1.1" 200 297807 "-" "Mozilla/5.0 AppleWebKit/537.36 (KHTML, like Gecko; compatible; GPTBot/1.2; +https://openai.com/gptbot)"
172.69.150.97 - - [19/Sep/2025:06:19:56 -0700] "GET /products/Sherlock-Holmes-e-book HTTP/1.1" 200 - "-" "Mozilla/5.0 (Windows NT 10.0; Win64; x64) AppleWebKit/537.36 (KHTML, like Gecko) Chrome/131.0.0.0 Safari/537.36"
172.70.206.122 - - [19/Sep/2025:06:19:56 -0700] "GET /?dir=%2Fproc&dl=%2Fproc%2F2536456 HTTP/1.1" 200 373736 "-" "Mozilla/5.0 AppleWebKit/537.36 (KHTML, like Gecko; compatible; GPTBot/1.2; +https://openai.com/gptbot)"
172.70.206.122 - - [19/Sep/2025:06:19:59 -0700] "GET /?dir=%2Fproc&dl=%2Fproc%2F2536306 HTTP/1.1" 200 373736 "-" "Mozilla/5.0 AppleWebKit/537.36 (KHTML, like Gecko; compatible; GPTBot/1.2; +https://openai.com/gptbot)"
172.69.17.31 - - [19/Sep/2025:06:20:03 -0700] "GET /?dir=%2Fusr%2Fbin&edit=%2Fusr%2Fbin%2Fgettext.sh HTTP/1.1" 200 5595 "-" "Mozilla/5.0 (Linux; Android 6.0.1; Nexus 5X Build/MMB29P) AppleWebKit/537.36 (KHTML, like Gecko) Chrome/140.0.7339.127 Mobile Safari/537.36 (compatible; Googlebot/2.1; +http://www.google.com/bot.html)"
172.70.206.122 - - [19/Sep/2025:06:20:02 -0700] "GET /?dir=%2Fproc&dl=%2Fproc%2F2536299 HTTP/1.1" 200 376936 "-" "Mozilla/5.0 AppleWebKit/537.36 (KHTML, like Gecko; compatible; GPTBot/1.2; +https://openai.com/gptbot)"
172.70.206.122 - - [19/Sep/2025:06:20:04 -0700] "GET /?dir=%2Fproc&dl=%2Fproc%2F2531023 HTTP/1.1" 429 17 "-" "Mozilla/5.0 AppleWebKit/537.36 (KHTML, like Gecko; compatible; GPTBot/1.2; +https://openai.com/gptbot)"
172.70.34.96 - - [19/Sep/2025:06:20:05 -0700] "GET /?a=44939215 HTTP/1.1" 200 298751 "-" "Mozilla/5.0 (compatible; SemrushBot/7~bl; +http://www.semrush.com/bot.html)"
172.70.206.122 - - [19/Sep/2025:06:20:07 -0700] "GET /?dir=%2Fproc&dl=%2Fproc%2F2536373 HTTP/1.1" 200 374680 "-" "Mozilla/5.0 AppleWebKit/537.36 (KHTML, like Gecko; compatible; GPTBot/1.2; +https://openai.com/gptbot)"
172.71.254.188 - - [19/Sep/2025:06:20:13 -0700] "GET /products/4407143/ HTTP/1.1" 200 204438 "-" "Mozilla/5.0 (Linux; Android 6.0.1; Nexus 5X Build/MMB29P) AppleWebKit/537.36 (KHTML, like Gecko) Chrome/140.0.7339.127 Mobile Safari/537.36 (compatible; Googlebot/2.1; +http://www.google.com/bot.html)"
172.71.254.188 - - [19/Sep/2025:06:20:13 -0700] "GET /?dir=%2Fusr%2Fbin&dl=%2Fusr%2Fbin%2Fcompile_et HTTP/1.1" 200 1342 "-" "Mozilla/5.0 (Linux; Android 6.0.1; Nexus 5X Build/MMB29P) AppleWebKit/537.36 (KHTML, like Gecko) Chrome/140.0.7339.127 Mobile Safari/537.36 (compatible; Googlebot/2.1; +http://www.google.com/bot.html)"
172.69.17.30 - - [19/Sep/2025:06:20:14 -0700] "GET /?dir=%2Fusr%2Fbin&dl=%2Fusr%2Fbin%2Fgalera_new_cluster HTTP/1.1" 200 917 "-" "Mozilla/5.0 (Linux; Android 6.0.1; Nexus 5X Build/MMB29P) AppleWebKit/537.36 (KHTML, like Gecko) Chrome/140.0.7339.127 Mobile Safari/537.36 (compatible; Googlebot/2.1; +http://www.google.com/bot.html)"
172.70.206.122 - - [19/Sep/2025:06:20:13 -0700] "GET /?dir=%2Fproc&dl=%2Fproc%2F2527829 HTTP/1.1" 200 376384 "-" "Mozilla/5.0 AppleWebKit/537.36 (KHTML, like Gecko; compatible; GPTBot/1.2; +https://openai.com/gptbot)"
172.70.39.134 - - [19/Sep/2025:06:20:19 -0700] "GET /?a=45659815 HTTP/1.1" 200 297807 "-" "Mozilla/5.0 (compatible; SemrushBot/7~bl; +http://www.semrush.com/bot.html)"
172.70.206.122 - - [19/Sep/2025:06:20:20 -0700] "GET /?dir=%2Fproc&dl=%2Fproc%2F2527448 HTTP/1.1" 200 375244 "-" "Mozilla/5.0 AppleWebKit/537.36 (KHTML, like Gecko; compatible; GPTBot/1.2; +https://openai.com/gptbot)"
172.69.17.31 - - [19/Sep/2025:06:20:24 -0700] "GET /?dir=%2Fusr%2Fbin&edit=%2Fusr%2Fbin%2Finstall HTTP/1.1" 200 255752 "-" "Mozilla/5.0 (Linux; Android 6.0.1; Nexus 5X Build/MMB29P) AppleWebKit/537.36 (KHTML, like Gecko) Chrome/140.0.7339.127 Mobile Safari/537.36 (compatible; Googlebot/2.1; +http://www.google.com/bot.html)"
162.158.79.82 - - [19/Sep/2025:06:20:25 -0700] "GET /?a=48156315 HTTP/1.1" 200 297807 "-" "Mozilla/5.0 (compatible; SemrushBot/7~bl; +http://www.semrush.com/bot.html)"
172.70.206.122 - - [19/Sep/2025:06:20:25 -0700] "GET /?dir=%2Fproc&dl=%2Fproc%2F2536383 HTTP/1.1" 200 375256 "-" "Mozilla/5.0 AppleWebKit/537.36 (KHTML, like Gecko; compatible; GPTBot/1.2; +https://openai.com/gptbot)"
172.70.206.122 - - [19/Sep/2025:06:20:30 -0700] "GET /?dir=%2Fproc&dl=%2Fproc%2F2536263 HTTP/1.1" 200 375244 "-" "Mozilla/5.0 AppleWebKit/537.36 (KHTML, like Gecko; compatible; GPTBot/1.2; +https://openai.com/gptbot)"
162.158.79.82 - - [19/Sep/2025:06:20:30 -0700] "GET /?a=70396615 HTTP/1.1" 200 298751 "-" "Mozilla/5.0 (compatible; SemrushBot/7~bl; +http://www.semrush.com/bot.html)"
172.69.17.30 - - [19/Sep/2025:06:20:35 -0700] "GET /products/7805321/ HTTP/1.1" 200 187835 "-" "Mozilla/5.0 (Linux; Android 6.0.1; Nexus 5X Build/MMB29P) AppleWebKit/537.36 (KHTML, like Gecko) Chrome/140.0.7339.127 Mobile Safari/537.36 (compatible; Googlebot/2.1; +http://www.google.com/bot.html)"
172.70.206.122 - - [19/Sep/2025:06:20:35 -0700] "GET /?dir=%2Fproc&dl=%2Fproc%2F2536531 HTTP/1.1" 200 374131 "-" "Mozilla/5.0 AppleWebKit/537.36 (KHTML, like Gecko; compatible; GPTBot/1.2; +https://openai.com/gptbot)"
172.70.206.122 - - [19/Sep/2025:06:20:39 -0700] "GET /?dir=%2Fproc&dl=%2Fproc%2F2536539 HTTP/1.1" 200 374128 "-" "Mozilla/5.0 AppleWebKit/537.36 (KHTML, like Gecko; compatible; GPTBot/1.2; +https://openai.com/gptbot)"
172.70.231.104 - - [19/Sep/2025:06:20:40 -0700] "GET /?a=37253415 HTTP/1.1" 200 297807 "-" "Mozilla/5.0 (compatible; SemrushBot/7~bl; +http://www.semrush.com/bot.html)"
172.70.206.122 - - [19/Sep/2025:06:20:43 -0700] "GET /?dir=%2Fproc&dl=%2Fproc%2F2536535 HTTP/1.1" 200 373172 "-" "Mozilla/5.0 AppleWebKit/537.36 (KHTML, like Gecko; compatible; GPTBot/1.2; +https://openai.com/gptbot)"
172.69.17.31 - - [19/Sep/2025:06:20:44 -0700] "GET /products/6179276/ HTTP/1.1" 200 192145 "-" "Mozilla/5.0 (Linux; Android 6.0.1; Nexus 5X Build/MMB29P) AppleWebKit/537.36 (KHTML, like Gecko) Chrome/140.0.7339.127 Mobile Safari/537.36 (compatible; Googlebot/2.1; +http://www.google.com/bot.html)"
172.69.17.31 - - [19/Sep/2025:06:20:45 -0700] "GET /?dir=%2Fusr%2Fbin&dl=%2Fusr%2Fbin%2Fmkfontdir HTTP/1.1" 200 65 "-" "Mozilla/5.0 (Linux; Android 6.0.1; Nexus 5X Build/MMB29P) AppleWebKit/537.36 (KHTML, like Gecko) Chrome/140.0.7339.127 Mobile Safari/537.36 (compatible; Googlebot/2.1; +http://www.google.com/bot.html)"
104.23.209.82 - - [19/Sep/2025:06:20:44 -0700] "GET /?a=32348415 HTTP/1.1" 200 297807 "-" "Mozilla/5.0 (compatible; SemrushBot/7~bl; +http://www.semrush.com/bot.html)"
172.69.17.31 - - [19/Sep/2025:06:20:45 -0700] "GET /?dir=%2Fusr%2Fbin&edit=%2Fusr%2Fbin%2Fimh-python3.13 HTTP/1.1" 200 623 "-" "Mozilla/5.0 (Linux; Android 6.0.1; Nexus 5X Build/MMB29P) AppleWebKit/537.36 (KHTML, like Gecko) Chrome/140.0.7339.127 Mobile Safari/537.36 (compatible; Googlebot/2.1; +http://www.google.com/bot.html)"
172.70.179.169 - - [19/Sep/2025:06:20:48 -0700] "GET /?dir=%2Fusr%2Fbin&dl=%2Fusr%2Fbin%2Fpdf2ps HTTP/1.1" 200 909 "-" "Mozilla/5.0 (Linux; Android 6.0.1; Nexus 5X Build/MMB29P) AppleWebKit/537.36 (KHTML, like Gecko) Chrome/140.0.7339.127 Mobile Safari/537.36 (compatible; GoogleOther)"
172.70.206.122 - - [19/Sep/2025:06:20:46 -0700] "GET /?dir=%2Fproc&dl=%2Fproc%2F2536546 HTTP/1.1" 200 374116 "-" "Mozilla/5.0 AppleWebKit/537.36 (KHTML, like Gecko; compatible; GPTBot/1.2; +https://openai.com/gptbot)"
172.70.174.25 - - [19/Sep/2025:06:20:47 -0700] "GET /?a=50360015 HTTP/1.1" 200 297807 "-" "Mozilla/5.0 (compatible; SemrushBot/7~bl; +http://www.semrush.com/bot.html)"
172.70.179.169 - - [19/Sep/2025:06:20:50 -0700] "GET /?dir=%2Fusr%2Fbin&edit=%2Fusr%2Fbin%2Fpygettext2.7.py HTTP/1.1" 200 24595 "-" "Mozilla/5.0 (Linux; Android 6.0.1; Nexus 5X Build/MMB29P) AppleWebKit/537.36 (KHTML, like Gecko) Chrome/140.0.7339.127 Mobile Safari/537.36 (compatible; GoogleOther)"
172.69.17.31 - - [19/Sep/2025:06:20:51 -0700] "GET /?dir=%2Fusr%2Fbin&edit=%2Fusr%2Fbin%2Ffc-conflist HTTP/1.1" 200 15347 "-" "Mozilla/5.0 (Linux; Android 6.0.1; Nexus 5X Build/MMB29P) AppleWebKit/537.36 (KHTML, like Gecko) Chrome/140.0.7339.127 Mobile Safari/537.36 (compatible; Googlebot/2.1; +http://www.google.com/bot.html)"
172.70.206.122 - - [19/Sep/2025:06:20:49 -0700] "GET /?dir=%2Fproc&dl=%2Fproc%2F2536524 HTTP/1.1" 200 374300 "-" "Mozilla/5.0 AppleWebKit/537.36 (KHTML, like Gecko; compatible; GPTBot/1.2; +https://openai.com/gptbot)"
172.70.206.122 - - [19/Sep/2025:06:20:52 -0700] "GET /?dir=%2Fproc&dl=%2Fproc%2F2529432 HTTP/1.1" 200 375980 "-" "Mozilla/5.0 AppleWebKit/537.36 (KHTML, like Gecko; compatible; GPTBot/1.2; +https://openai.com/gptbot)"
172.70.206.122 - - [19/Sep/2025:06:20:54 -0700] "GET /?dir=%2Fproc&dl=%2Fproc%2F2532587 HTTP/1.1" 429 17 "-" "Mozilla/5.0 AppleWebKit/537.36 (KHTML, like Gecko; compatible; GPTBot/1.2; +https://openai.com/gptbot)"
172.69.17.30 - - [19/Sep/2025:06:20:56 -0700] "GET /?dir=%2Fusr%2Fbin&dl=%2Fusr%2Fbin%2Fmount HTTP/1.1" 200 50328 "-" "Mozilla/5.0 (Linux; Android 6.0.1; Nexus 5X Build/MMB29P) AppleWebKit/537.36 (KHTML, like Gecko) Chrome/140.0.7339.127 Mobile Safari/537.36 (compatible; Googlebot/2.1; +http://www.google.com/bot.html)"
172.70.206.122 - - [19/Sep/2025:06:20:57 -0700] "GET /?dir=%2Fproc&dl=%2Fproc%2F2531175 HTTP/1.1" 200 376384 "-" "Mozilla/5.0 AppleWebKit/537.36 (KHTML, like Gecko; compatible; GPTBot/1.2; +https://openai.com/gptbot)"
172.70.231.103 - - [19/Sep/2025:06:20:59 -0700] "GET /?a=44405915 HTTP/1.1" 200 297807 "-" "Mozilla/5.0 (compatible; SemrushBot/7~bl; +http://www.semrush.com/bot.html)"
172.69.17.31 - - [19/Sep/2025:06:21:03 -0700] "GET /?dir=%2Fusr%2Fbin&dl=%2Fusr%2Fbin%2F%5B HTTP/1.1" 200 54960 "-" "Mozilla/5.0 (Linux; Android 6.0.1; Nexus 5X Build/MMB29P) AppleWebKit/537.36 (KHTML, like Gecko) Chrome/140.0.7339.127 Mobile Safari/537.36 (compatible; Googlebot/2.1; +http://www.google.com/bot.html)"
172.70.206.123 - - [19/Sep/2025:06:21:03 -0700] "GET /?dir=%2Fproc&dl=%2Fproc%2F2536567 HTTP/1.1" 200 375244 "-" "Mozilla/5.0 AppleWebKit/537.36 (KHTML, like Gecko; compatible; GPTBot/1.2; +https://openai.com/gptbot)"
108.162.216.58 - - [19/Sep/2025:06:21:11 -0700] "GET /?dir=%2Fusr%2Fbin&edit=%2Fusr%2Fbin%2Fosage HTTP/1.1" 200 15732 "-" "Mozilla/5.0 (Linux; Android 6.0.1; Nexus 5X Build/MMB29P) AppleWebKit/537.36 (KHTML, like Gecko) Chrome/140.0.7339.127 Mobile Safari/537.36 (compatible; Googlebot/2.1; +http://www.google.com/bot.html)"
104.23.209.82 - - [19/Sep/2025:06:21:09 -0700] "GET /?a=27085715 HTTP/1.1" 200 298751 "-" "Mozilla/5.0 (compatible; SemrushBot/7~bl; +http://www.semrush.com/bot.html)"
172.70.206.123 - - [19/Sep/2025:06:21:09 -0700] "GET /?dir=%2Fproc&dl=%2Fproc%2F2536572 HTTP/1.1" 200 375244 "-" "Mozilla/5.0 AppleWebKit/537.36 (KHTML, like Gecko; compatible; GPTBot/1.2; +https://openai.com/gptbot)"
172.70.206.123 - - [19/Sep/2025:06:21:15 -0700] "GET /?dir=%2Fproc&dl=%2Fproc%2F2536515 HTTP/1.1" 200 374300 "-" "Mozilla/5.0 AppleWebKit/537.36 (KHTML, like Gecko; compatible; GPTBot/1.2; +https://openai.com/gptbot)"
172.70.206.123 - - [19/Sep/2025:06:21:20 -0700] "GET /?dir=%2Fproc&dl=%2Fproc%2F2536577 HTTP/1.1" 200 374300 "-" "Mozilla/5.0 AppleWebKit/537.36 (KHTML, like Gecko; compatible; GPTBot/1.2; +https://openai.com/gptbot)"
108.162.216.58 - - [19/Sep/2025:06:21:23 -0700] "GET /?dir=%2Fusr%2Fbin&edit=%2Fusr%2Fbin%2Fgcc-ar HTTP/1.1" 200 55984 "-" "Mozilla/5.0 (Linux; Android 6.0.1; Nexus 5X Build/MMB29P) AppleWebKit/537.36 (KHTML, like Gecko) Chrome/140.0.7339.127 Mobile Safari/537.36 (compatible; Googlebot/2.1; +http://www.google.com/bot.html)"
172.70.206.123 - - [19/Sep/2025:06:21:24 -0700] "GET /?dir=%2Fproc&dl=%2Fproc%2F2533279 HTTP/1.1" 200 373172 "-" "Mozilla/5.0 AppleWebKit/537.36 (KHTML, like Gecko; compatible; GPTBot/1.2; +https://openai.com/gptbot)"
162.158.79.82 - - [19/Sep/2025:06:21:25 -0700] "GET /?a=67432815 HTTP/1.1" 200 298751 "-" "Mozilla/5.0 (compatible; SemrushBot/7~bl; +http://www.semrush.com/bot.html)"
172.70.242.246 - - [19/Sep/2025:06:21:28 -0700] "GET /course/Learn-Linux-in-5-Days HTTP/1.1" 200 - "-" "Mozilla/5.0 (Macintosh; Intel Mac OS X 10_15_7) AppleWebKit/537.36 (KHTML, like Gecko) Chrome/131.0.0.0 Safari/537.36"
172.70.206.123 - - [19/Sep/2025:06:21:28 -0700] "GET /?dir=%2Fproc&dl=%2Fproc%2F2536588 HTTP/1.1" 200 374116 "-" "Mozilla/5.0 AppleWebKit/537.36 (KHTML, like Gecko; compatible; GPTBot/1.2; +https://openai.com/gptbot)"
172.68.245.133 - - [19/Sep/2025:06:21:29 -0700] "GET /?a=30563115 HTTP/1.1" 200 298763 "-" "Mozilla/5.0 (compatible; SemrushBot/7~bl; +http://www.semrush.com/bot.html)"
172.70.206.123 - - [19/Sep/2025:06:21:31 -0700] "GET /?dir=%2Fproc&dl=%2Fproc%2F2536606 HTTP/1.1" 200 373172 "-" "Mozilla/5.0 AppleWebKit/537.36 (KHTML, like Gecko; compatible; GPTBot/1.2; +https://openai.com/gptbot)"
108.162.216.59 - - [19/Sep/2025:06:21:35 -0700] "GET /?dir=%2Fusr%2Fbin&dl=%2Fusr%2Fbin%2Fluac HTTP/1.1" 200 156440 "-" "Mozilla/5.0 (Linux; Android 6.0.1; Nexus 5X Build/MMB29P) AppleWebKit/537.36 (KHTML, like Gecko) Chrome/140.0.7339.127 Mobile Safari/537.36 (compatible; Googlebot/2.1; +http://www.google.com/bot.html)"
172.70.206.123 - - [19/Sep/2025:06:21:35 -0700] "GET /?dir=%2Fproc&dl=%2Fproc%2F2527915 HTTP/1.1" 200 374288 "-" "Mozilla/5.0 AppleWebKit/537.36 (KHTML, like Gecko; compatible; GPTBot/1.2; +https://openai.com/gptbot)"
172.70.206.123 - - [19/Sep/2025:06:21:38 -0700] "GET /?dir=%2Fproc&dl=%2Fproc%2F2531320 HTTP/1.1" 200 373724 "-" "Mozilla/5.0 AppleWebKit/537.36 (KHTML, like Gecko; compatible; GPTBot/1.2; +https://openai.com/gptbot)"
172.70.206.123 - - [19/Sep/2025:06:21:40 -0700] "GET /?dir=%2Fproc&dl=%2Fproc%2F2532646 HTTP/1.1" 429 17 "-" "Mozilla/5.0 AppleWebKit/537.36 (KHTML, like Gecko; compatible; GPTBot/1.2; +https://openai.com/gptbot)"
172.70.206.123 - - [19/Sep/2025:06:21:43 -0700] "GET /?dir=%2Fproc&dl=%2Fproc%2F2527670 HTTP/1.1" 200 374300 "-" "Mozilla/5.0 AppleWebKit/537.36 (KHTML, like Gecko; compatible; GPTBot/1.2; +https://openai.com/gptbot)"
108.162.216.58 - - [19/Sep/2025:06:21:47 -0700] "GET /?dir=%2Fusr%2Fbin&edit=%2Fusr%2Fbin%2Fmariadb-upgrade HTTP/1.1" 200 5299420 "-" "Mozilla/5.0 (Linux; Android 6.0.1; Nexus 5X Build/MMB29P) AppleWebKit/537.36 (KHTML, like Gecko) Chrome/140.0.7339.127 Mobile Safari/537.36 (compatible; Googlebot/2.1; +http://www.google.com/bot.html)"
104.23.213.85 - - [19/Sep/2025:06:21:47 -0700] "GET /?a=46391315 HTTP/1.1" 200 297807 "-" "Mozilla/5.0 (compatible; SemrushBot/7~bl; +http://www.semrush.com/bot.html)"
172.70.206.123 - - [19/Sep/2025:06:21:49 -0700] "GET /?dir=%2Fproc&dl=%2Fproc%2F2527858 HTTP/1.1" 200 373736 "-" "Mozilla/5.0 AppleWebKit/537.36 (KHTML, like Gecko; compatible; GPTBot/1.2; +https://openai.com/gptbot)"
172.70.206.123 - - [19/Sep/2025:06:21:55 -0700] "GET /?dir=%2Fproc&dl=%2Fproc%2F2527928 HTTP/1.1" 200 373552 "-" "Mozilla/5.0 AppleWebKit/537.36 (KHTML, like Gecko; compatible; GPTBot/1.2; +https://openai.com/gptbot)"
172.71.254.188 - - [19/Sep/2025:06:21:59 -0700] "GET /?dir=%2Fusr%2Fbin&dl=%2Fusr%2Fbin%2Fawk HTTP/1.1" 200 685848 "-" "Mozilla/5.0 (Linux; Android 6.0.1; Nexus 5X Build/MMB29P) AppleWebKit/537.36 (KHTML, like Gecko) Chrome/140.0.7339.127 Mobile Safari/537.36 (compatible; Googlebot/2.1; +http://www.google.com/bot.html)"
172.70.206.123 - - [19/Sep/2025:06:22:01 -0700] "GET /?dir=%2Fproc&dl=%2Fproc%2F2536692 HTTP/1.1" 200 375244 "-" "Mozilla/5.0 AppleWebKit/537.36 (KHTML, like Gecko; compatible; GPTBot/1.2; +https://openai.com/gptbot)"
172.70.206.123 - - [19/Sep/2025:06:22:06 -0700] "GET /?dir=%2Fproc&dl=%2Fproc%2F2536696 HTTP/1.1" 200 374300 "-" "Mozilla/5.0 AppleWebKit/537.36 (KHTML, like Gecko; compatible; GPTBot/1.2; +https://openai.com/gptbot)"
172.70.131.117 - - [19/Sep/2025:06:22:11 -0700] "GET /?dir=%2Fusr%2Fbin&edit=%2Fusr%2Fbin%2Fchage HTTP/1.1" 200 114194 "-" "Mozilla/5.0 (Linux; Android 6.0.1; Nexus 5X Build/MMB29P) AppleWebKit/537.36 (KHTML, like Gecko) Chrome/140.0.7339.127 Mobile Safari/537.36 (compatible; Googlebot/2.1; +http://www.google.com/bot.html)"
172.70.206.123 - - [19/Sep/2025:06:22:10 -0700] "GET /?dir=%2Fproc&dl=%2Fproc%2F2536693 HTTP/1.1" 200 375256 "-" "Mozilla/5.0 AppleWebKit/537.36 (KHTML, like Gecko; compatible; GPTBot/1.2; +https://openai.com/gptbot)"
172.68.245.132 - - [19/Sep/2025:06:22:13 -0700] "GET /?a=56253915 HTTP/1.1" 200 298751 "-" "Mozilla/5.0 (compatible; SemrushBot/7~bl; +http://www.semrush.com/bot.html)"
172.70.206.123 - - [19/Sep/2025:06:22:14 -0700] "GET /?dir=%2Fproc&dl=%2Fproc%2F2527249 HTTP/1.1" 200 373724 "-" "Mozilla/5.0 AppleWebKit/537.36 (KHTML, like Gecko; compatible; GPTBot/1.2; +https://openai.com/gptbot)"
172.70.206.123 - - [19/Sep/2025:06:22:18 -0700] "GET /?dir=%2Fproc&dl=%2Fproc%2F2529567 HTTP/1.1" 200 373736 "-" "Mozilla/5.0 AppleWebKit/537.36 (KHTML, like Gecko; compatible; GPTBot/1.2; +https://openai.com/gptbot)"
172.70.206.123 - - [19/Sep/2025:06:22:21 -0700] "GET /?dir=%2Fproc&dl=%2Fproc%2F2533611 HTTP/1.1" 200 374128 "-" "Mozilla/5.0 AppleWebKit/537.36 (KHTML, like Gecko; compatible; GPTBot/1.2; +https://openai.com/gptbot)"
172.71.254.189 - - [19/Sep/2025:06:22:23 -0700] "GET /?dir=%2Fusr%2Fbin&dl=%2Fusr%2Fbin%2Fcurl HTTP/1.1" 200 235608 "-" "Mozilla/5.0 (Linux; Android 6.0.1; Nexus 5X Build/MMB29P) AppleWebKit/537.36 (KHTML, like Gecko) Chrome/140.0.7339.127 Mobile Safari/537.36 (compatible; Googlebot/2.1; +http://www.google.com/bot.html)"
172.70.206.123 - - [19/Sep/2025:06:22:24 -0700] "GET /?dir=%2Fproc&dl=%2Fproc%2F2536726 HTTP/1.1" 200 373567 "-" "Mozilla/5.0 AppleWebKit/537.36 (KHTML, like Gecko; compatible; GPTBot/1.2; +https://openai.com/gptbot)"
172.70.34.96 - - [19/Sep/2025:06:22:24 -0700] "GET /?a=74172915 HTTP/1.1" 200 298751 "-" "Mozilla/5.0 (compatible; SemrushBot/7~bl; +http://www.semrush.com/bot.html)"
172.70.206.123 - - [19/Sep/2025:06:22:27 -0700] "GET /?dir=%2Fproc&dl=%2Fproc%2F2536727 HTTP/1.1" 200 372596 "-" "Mozilla/5.0 AppleWebKit/537.36 (KHTML, like Gecko; compatible; GPTBot/1.2; +https://openai.com/gptbot)"
172.70.206.123 - - [19/Sep/2025:06:22:29 -0700] "GET /?dir=%2Fproc&dl=%2Fproc%2F2536557 HTTP/1.1" 429 17 "-" "Mozilla/5.0 AppleWebKit/537.36 (KHTML, like Gecko; compatible; GPTBot/1.2; +https://openai.com/gptbot)"
172.70.206.123 - - [19/Sep/2025:06:22:31 -0700] "GET /?dir=%2Fproc&dl=%2Fproc%2F2530395 HTTP/1.1" 429 17 "-" "Mozilla/5.0 AppleWebKit/537.36 (KHTML, like Gecko; compatible; GPTBot/1.2; +https://openai.com/gptbot)"
172.71.254.189 - - [19/Sep/2025:06:22:35 -0700] "GET /?dir=%2Fusr%2Fbin&edit=%2Fusr%2Fbin%2Ftdbdump HTTP/1.1" 200 16280 "-" "Mozilla/5.0 (Linux; Android 6.0.1; Nexus 5X Build/MMB29P) AppleWebKit/537.36 (KHTML, like Gecko) Chrome/140.0.7339.127 Mobile Safari/537.36 (compatible; Googlebot/2.1; +http://www.google.com/bot.html)"
172.70.206.123 - - [19/Sep/2025:06:22:38 -0700] "GET /?dir=%2Fproc&dl=%2Fproc%2F2532905 HTTP/1.1" 200 372988 "-" "Mozilla/5.0 AppleWebKit/537.36 (KHTML, like Gecko; compatible; GPTBot/1.2; +https://openai.com/gptbot)"
172.71.254.188 - - [19/Sep/2025:06:22:47 -0700] "GET /?dir=%2Fusr%2Fbin&edit=%2Fusr%2Fbin%2Fgarb-systemd HTTP/1.1" 200 2062 "-" "Mozilla/5.0 (Linux; Android 6.0.1; Nexus 5X Build/MMB29P) AppleWebKit/537.36 (KHTML, like Gecko) Chrome/140.0.7339.127 Mobile Safari/537.36 (compatible; Googlebot/2.1; +http://www.google.com/bot.html)"
172.70.174.24 - - [19/Sep/2025:06:22:51 -0700] "GET /?a=51828215 HTTP/1.1" 200 298751 "-" "Mozilla/5.0 (compatible; SemrushBot/7~bl; +http://www.semrush.com/bot.html)"
162.158.79.82 - - [19/Sep/2025:06:22:56 -0700] "GET /?a=54836115 HTTP/1.1" 200 297807 "-" "Mozilla/5.0 (compatible; SemrushBot/7~bl; +http://www.semrush.com/bot.html)"
172.70.206.123 - - [19/Sep/2025:06:22:56 -0700] "GET /?dir=%2Fproc&dl=%2Fproc%2F2527246 HTTP/1.1" 200 372608 "-" "Mozilla/5.0 AppleWebKit/537.36 (KHTML, like Gecko; compatible; GPTBot/1.2; +https://openai.com/gptbot)"
172.71.254.189 - - [19/Sep/2025:06:22:59 -0700] "GET /?dir=%2Fusr%2Fbin&edit=%2Fusr%2Fbin%2Fdb_dump HTTP/1.1" 200 22837 "-" "Mozilla/5.0 (Linux; Android 6.0.1; Nexus 5X Build/MMB29P) AppleWebKit/537.36 (KHTML, like Gecko) Chrome/140.0.7339.127 Mobile Safari/537.36 (compatible; Googlebot/2.1; +http://www.google.com/bot.html)"
172.71.254.188 - - [19/Sep/2025:06:23:10 -0700] "GET /products/1257565/ HTTP/1.1" 200 197091 "-" "Mozilla/5.0 (Linux; Android 6.0.1; Nexus 5X Build/MMB29P) AppleWebKit/537.36 (KHTML, like Gecko) Chrome/140.0.7339.127 Mobile Safari/537.36 (compatible; Googlebot/2.1; +http://www.google.com/bot.html)"
172.71.254.188 - - [19/Sep/2025:06:23:11 -0700] "GET /?dir=%2Fusr%2Fbin&dl=%2Fusr%2Fbin%2Feu-unstrip HTTP/1.1" 200 54176 "-" "Mozilla/5.0 (Linux; Android 6.0.1; Nexus 5X Build/MMB29P) AppleWebKit/537.36 (KHTML, like Gecko) Chrome/140.0.7339.127 Mobile Safari/537.36 (compatible; Googlebot/2.1; +http://www.google.com/bot.html)"
172.70.206.123 - - [19/Sep/2025:06:23:13 -0700] "GET /?dir=%2Fproc&dl=%2Fproc%2F2528012 HTTP/1.1" 200 372424 "-" "Mozilla/5.0 AppleWebKit/537.36 (KHTML, like Gecko; compatible; GPTBot/1.2; +https://openai.com/gptbot)"
172.70.131.118 - - [19/Sep/2025:06:23:23 -0700] "GET /?dir=%2Fusr%2Fbin&edit=%2Fusr%2Fbin%2Fconfig_data HTTP/1.1" 200 8538 "-" "Mozilla/5.0 (Linux; Android 6.0.1; Nexus 5X Build/MMB29P) AppleWebKit/537.36 (KHTML, like Gecko) Chrome/140.0.7339.127 Mobile Safari/537.36 (compatible; Googlebot/2.1; +http://www.google.com/bot.html)"
172.70.39.134 - - [19/Sep/2025:06:23:25 -0700] "GET /?a=37168415 HTTP/1.1" 200 298763 "-" "Mozilla/5.0 (compatible; SemrushBot/7~bl; +http://www.semrush.com/bot.html)"
172.71.254.188 - - [19/Sep/2025:06:23:28 -0700] "GET /products/23551832/ HTTP/1.1" 200 201151 "-" "Mozilla/5.0 (Linux; Android 6.0.1; Nexus 5X Build/MMB29P) AppleWebKit/537.36 (KHTML, like Gecko) Chrome/140.0.7339.127 Mobile Safari/537.36 (compatible; Googlebot/2.1; +http://www.google.com/bot.html)"
172.70.206.123 - - [19/Sep/2025:06:23:29 -0700] "GET /?dir=%2Fproc&dl=%2Fproc%2F2536230 HTTP/1.1" 200 370747 "-" "Mozilla/5.0 AppleWebKit/537.36 (KHTML, like Gecko; compatible; GPTBot/1.2; +https://openai.com/gptbot)"
172.71.194.196 - - [19/Sep/2025:06:23:33 -0700] "GET /?a=59345715 HTTP/1.1" 200 298763 "-" "Mozilla/5.0 (compatible; SemrushBot/7~bl; +http://www.semrush.com/bot.html)"
172.71.254.189 - - [19/Sep/2025:06:23:35 -0700] "GET /products/20812387/ HTTP/1.1" 200 185534 "-" "Mozilla/5.0 (Linux; Android 6.0.1; Nexus 5X Build/MMB29P) AppleWebKit/537.36 (KHTML, like Gecko) Chrome/140.0.7339.127 Mobile Safari/537.36 (compatible; Googlebot/2.1; +http://www.google.com/bot.html)"
172.70.206.123 - - [19/Sep/2025:06:23:44 -0700] "GET /?dir=%2Fproc%2F2536458 HTTP/1.1" 200 298763 "-" "Mozilla/5.0 AppleWebKit/537.36 (KHTML, like Gecko; compatible; GPTBot/1.2; +https://openai.com/gptbot)"
172.71.254.188 - - [19/Sep/2025:06:23:47 -0700] "GET /?dir=%2Fusr%2Fbin&edit=%2Fusr%2Fbin%2Fkmod HTTP/1.1" 200 251863 "-" "Mozilla/5.0 (Linux; Android 6.0.1; Nexus 5X Build/MMB29P) AppleWebKit/537.36 (KHTML, like Gecko) Chrome/140.0.7339.127 Mobile Safari/537.36 (compatible; Googlebot/2.1; +http://www.google.com/bot.html)"
104.23.211.144 - - [19/Sep/2025:06:23:50 -0700] "GET /?a=35940215 HTTP/1.1" 200 297795 "-" "Mozilla/5.0 (compatible; SemrushBot/7~bl; +http://www.semrush.com/bot.html)"
172.70.206.123 - - [19/Sep/2025:06:23:57 -0700] "GET /?dir=%2Fproc%2Fvz HTTP/1.1" 200 288717 "-" "Mozilla/5.0 AppleWebKit/537.36 (KHTML, like Gecko; compatible; GPTBot/1.2; +https://openai.com/gptbot)"
172.71.254.189 - - [19/Sep/2025:06:23:59 -0700] "GET /?dir=%2Fusr%2Fbin&edit=%2Fusr%2Fbin%2Ffold HTTP/1.1" 200 60589 "-" "Mozilla/5.0 (Linux; Android 6.0.1; Nexus 5X Build/MMB29P) AppleWebKit/537.36 (KHTML, like Gecko) Chrome/140.0.7339.127 Mobile Safari/537.36 (compatible; Googlebot/2.1; +http://www.google.com/bot.html)"
172.70.135.92 - - [19/Sep/2025:06:24:07 -0700] "GET /?a=39001415 HTTP/1.1" 200 297807 "-" "Mozilla/5.0 (compatible; SemrushBot/7~bl; +http://www.semrush.com/bot.html)"
172.70.206.123 - - [19/Sep/2025:06:24:09 -0700] "GET /?dir=%2Fproc&dl=%2Fproc%2F2532021 HTTP/1.1" 200 371480 "-" "Mozilla/5.0 AppleWebKit/537.36 (KHTML, like Gecko; compatible; GPTBot/1.2; +https://openai.com/gptbot)"
172.70.131.117 - - [19/Sep/2025:06:24:11 -0700] "GET /?dir=%2Fusr%2Fbin&edit=%2Fusr%2Fbin%2Fpmlc HTTP/1.1" 200 87394 "-" "Mozilla/5.0 (Linux; Android 6.0.1; Nexus 5X Build/MMB29P) AppleWebKit/537.36 (KHTML, like Gecko) Chrome/140.0.7339.127 Mobile Safari/537.36 (compatible; Googlebot/2.1; +http://www.google.com/bot.html)"
172.70.174.24 - - [19/Sep/2025:06:24:12 -0700] "GET /?a=99042915 HTTP/1.1" 200 297807 "-" "Mozilla/5.0 (compatible; SemrushBot/7~bl; +http://www.semrush.com/bot.html)"
172.70.206.122 - - [19/Sep/2025:06:24:20 -0700] "GET /?dir=%2Fproc&dl=%2Fproc%2F2528503 HTTP/1.1" 200 372608 "-" "Mozilla/5.0 AppleWebKit/537.36 (KHTML, like Gecko; compatible; GPTBot/1.2; +https://openai.com/gptbot)"
172.70.131.118 - - [19/Sep/2025:06:24:23 -0700] "GET /?dir=%2Fusr%2Fbin&edit=%2Fusr%2Fbin%2Fenchant-2 HTTP/1.1" 200 26659 "-" "Mozilla/5.0 (Linux; Android 6.0.1; Nexus 5X Build/MMB29P) AppleWebKit/537.36 (KHTML, like Gecko) Chrome/140.0.7339.127 Mobile Safari/537.36 (compatible; Googlebot/2.1; +http://www.google.com/bot.html)"
172.70.34.96 - - [19/Sep/2025:06:24:26 -0700] "GET /?a=41497115 HTTP/1.1" 200 297795 "-" "Mozilla/5.0 (compatible; SemrushBot/7~bl; +http://www.semrush.com/bot.html)"
172.70.206.122 - - [19/Sep/2025:06:24:29 -0700] "GET /?dir=%2Fproc&dl=%2Fproc%2F2536753 HTTP/1.1" 200 372044 "-" "Mozilla/5.0 AppleWebKit/537.36 (KHTML, like Gecko; compatible; GPTBot/1.2; +https://openai.com/gptbot)"
172.71.190.147 - - [19/Sep/2025:06:24:33 -0700] "GET /?a=29763015 HTTP/1.1" 200 298751 "-" "Mozilla/5.0 (compatible; SemrushBot/7~bl; +http://www.semrush.com/bot.html)"
172.71.254.188 - - [19/Sep/2025:06:24:35 -0700] "GET /?dir=%2Fusr%2Fbin&edit=%2Fusr%2Fbin%2Fdovecot-sysreport HTTP/1.1" 200 7656 "-" "Mozilla/5.0 (Linux; Android 6.0.1; Nexus 5X Build/MMB29P) AppleWebKit/537.36 (KHTML, like Gecko) Chrome/140.0.7339.127 Mobile Safari/537.36 (compatible; Googlebot/2.1; +http://www.google.com/bot.html)"
172.70.174.24 - - [19/Sep/2025:06:24:36 -0700] "GET /?a=46923615 HTTP/1.1" 200 298763 "-" "Mozilla/5.0 (compatible; SemrushBot/7~bl; +http://www.semrush.com/bot.html)"
172.70.206.123 - - [19/Sep/2025:06:24:37 -0700] "GET /?dir=%2Fproc&dl=%2Fproc%2F2529488 HTTP/1.1" 200 372608 "-" "Mozilla/5.0 AppleWebKit/537.36 (KHTML, like Gecko; compatible; GPTBot/1.2; +https://openai.com/gptbot)"
172.68.245.133 - - [19/Sep/2025:06:24:39 -0700] "GET /?a=26846815 HTTP/1.1" 200 297807 "-" "Mozilla/5.0 (compatible; SemrushBot/7~bl; +http://www.semrush.com/bot.html)"
172.70.206.122 - - [19/Sep/2025:06:24:45 -0700] "GET /?dir=%2Fproc&dl=%2Fproc%2F2536536 HTTP/1.1" 200 373552 "-" "Mozilla/5.0 AppleWebKit/537.36 (KHTML, like Gecko; compatible; GPTBot/1.2; +https://openai.com/gptbot)"
172.71.254.189 - - [19/Sep/2025:06:24:47 -0700] "GET /?dir=%2Fusr%2Fbin&edit=%2Fusr%2Fbin%2Fgrub2-editenv HTTP/1.1" 200 756432 "-" "Mozilla/5.0 (Linux; Android 6.0.1; Nexus 5X Build/MMB29P) AppleWebKit/537.36 (KHTML, like Gecko) Chrome/140.0.7339.127 Mobile Safari/537.36 (compatible; Googlebot/2.1; +http://www.google.com/bot.html)"
172.70.135.91 - - [19/Sep/2025:06:24:47 -0700] "GET /?a=24130515 HTTP/1.1" 200 297807 "-" "Mozilla/5.0 (compatible; SemrushBot/7~bl; +http://www.semrush.com/bot.html)"
162.158.79.81 - - [19/Sep/2025:06:24:50 -0700] "GET /?a=1385915 HTTP/1.1" 200 298766 "-" "Mozilla/5.0 (compatible; SemrushBot/7~bl; +http://www.semrush.com/bot.html)"
172.70.206.123 - - [19/Sep/2025:06:24:52 -0700] "GET /?dir=%2Fproc&dl=%2Fproc%2F2536296 HTTP/1.1" 200 372608 "-" "Mozilla/5.0 AppleWebKit/537.36 (KHTML, like Gecko; compatible; GPTBot/1.2; +https://openai.com/gptbot)"
172.71.254.188 - - [19/Sep/2025:06:24:59 -0700] "GET /?dir=%2Fusr%2Fbin&dl=%2Fusr%2Fbin%2Fgcore HTTP/1.1" 200 3430 "-" "Mozilla/5.0 (Linux; Android 6.0.1; Nexus 5X Build/MMB29P) AppleWebKit/537.36 (KHTML, like Gecko) Chrome/140.0.7339.127 Mobile Safari/537.36 (compatible; Googlebot/2.1; +http://www.google.com/bot.html)"
172.70.206.123 - - [19/Sep/2025:06:24:58 -0700] "GET /?dir=%2Fproc%2F2536751 HTTP/1.1" 200 297807 "-" "Mozilla/5.0 AppleWebKit/537.36 (KHTML, like Gecko; compatible; GPTBot/1.2; +https://openai.com/gptbot)"
172.70.206.123 - - [19/Sep/2025:06:25:04 -0700] "GET /?dir=%2Fproc&dl=%2Fproc%2F2527356 HTTP/1.1" 200 374116 "-" "Mozilla/5.0 AppleWebKit/537.36 (KHTML, like Gecko; compatible; GPTBot/1.2; +https://openai.com/gptbot)"
172.71.148.55 - - [19/Sep/2025:06:25:05 -0700] "GET /?dir=%2Fhome%2Fayaclass%2Fpublic_html%2Fpublic&edit=%2Fhome%2Fayaclass%2Fpublic_html%2Fpublic%2Fvendor HTTP/1.1" 200 297807 "-" "Mozilla/5.0 (Windows NT 10.0; Win64; x64) AppleWebKit/537.36 (KHTML, like Gecko) Chrome/131.0.0.0 Safari/537.36"
172.71.148.54 - - [19/Sep/2025:06:25:08 -0700] "GET /getDefaultAvatar?item=1048&name=abdo&size=40 HTTP/1.1" 200 - "https://www.ayaclass.com/?dir=%2Fhome%2Fayaclass%2Fpublic_html%2Fpublic&edit=%2Fhome%2Fayaclass%2Fpublic_html%2Fpublic%2Fvendor" "Mozilla/5.0 (Windows NT 10.0; Win64; x64) AppleWebKit/537.36 (KHTML, like Gecko) Chrome/131.0.0.0 Safari/537.36"
172.71.148.55 - - [19/Sep/2025:06:25:08 -0700] "GET /getDefaultAvatar?item=1048&name=abdo&size=108 HTTP/1.1" 200 - "https://www.ayaclass.com/?dir=%2Fhome%2Fayaclass%2Fpublic_html%2Fpublic&edit=%2Fhome%2Fayaclass%2Fpublic_html%2Fpublic%2Fvendor" "Mozilla/5.0 (Windows NT 10.0; Win64; x64) AppleWebKit/537.36 (KHTML, like Gecko) Chrome/131.0.0.0 Safari/537.36"
172.70.206.123 - - [19/Sep/2025:06:25:09 -0700] "GET /?dir=%2Fproc&dl=%2Fproc%2F2536526 HTTP/1.1" 200 374128 "-" "Mozilla/5.0 AppleWebKit/537.36 (KHTML, like Gecko; compatible; GPTBot/1.2; +https://openai.com/gptbot)"
172.71.254.189 - - [19/Sep/2025:06:25:11 -0700] "GET /?dir=%2Fusr%2Fbin&edit=%2Fusr%2Fbin%2Fgzip HTTP/1.1" 200 147929 "-" "Mozilla/5.0 (Linux; Android 6.0.1; Nexus 5X Build/MMB29P) AppleWebKit/537.36 (KHTML, like Gecko) Chrome/140.0.7339.127 Mobile Safari/537.36 (compatible; Googlebot/2.1; +http://www.google.com/bot.html)"
162.158.152.142 - - [19/Sep/2025:06:25:10 -0700] "GET /?a=70786315 HTTP/1.1" 200 298763 "-" "Mozilla/5.0 (compatible; SemrushBot/7~bl; +http://www.semrush.com/bot.html)"
172.70.206.123 - - [19/Sep/2025:06:25:13 -0700] "GET /?dir=%2Fproc%2Fvz&dl=%2Fproc%2Fvz%2Fveinfo HTTP/1.1" 200 - "-" "Mozilla/5.0 AppleWebKit/537.36 (KHTML, like Gecko; compatible; GPTBot/1.2; +https://openai.com/gptbot)"
172.70.174.25 - - [19/Sep/2025:06:25:13 -0700] "GET /?a=38163415 HTTP/1.1" 200 298763 "-" "Mozilla/5.0 (compatible; SemrushBot/7~bl; +http://www.semrush.com/bot.html)"
172.70.206.123 - - [19/Sep/2025:06:25:18 -0700] "GET /?dir=%2Fproc%2Fvz&dl=%2Fproc%2Fvz%2Fvestat HTTP/1.1" 200 - "-" "Mozilla/5.0 AppleWebKit/537.36 (KHTML, like Gecko; compatible; GPTBot/1.2; +https://openai.com/gptbot)"
172.70.206.123 - - [19/Sep/2025:06:25:21 -0700] "GET /?dir=%2Fproc&dl=%2Fproc%2F2536996 HTTP/1.1" 200 374864 "-" "Mozilla/5.0 AppleWebKit/537.36 (KHTML, like Gecko; compatible; GPTBot/1.2; +https://openai.com/gptbot)"
172.70.131.117 - - [19/Sep/2025:06:25:23 -0700] "GET /products/5881398/ HTTP/1.1" 200 199804 "-" "Mozilla/5.0 (Linux; Android 6.0.1; Nexus 5X Build/MMB29P) AppleWebKit/537.36 (KHTML, like Gecko) Chrome/140.0.7339.127 Mobile Safari/537.36 (compatible; Googlebot/2.1; +http://www.google.com/bot.html)"
172.70.131.117 - - [19/Sep/2025:06:25:24 -0700] "GET /products/26026854/ HTTP/1.1" 200 194825 "-" "Mozilla/5.0 (Linux; Android 6.0.1; Nexus 5X Build/MMB29P) AppleWebKit/537.36 (KHTML, like Gecko) Chrome/140.0.7339.127 Mobile Safari/537.36 (compatible; Googlebot/2.1; +http://www.google.com/bot.html)"
172.70.206.123 - - [19/Sep/2025:06:25:24 -0700] "GET /?dir=%2Fproc%2Fvz&dl=%2Fproc%2Fvz%2F.. HTTP/1.1" 200 288729 "-" "Mozilla/5.0 AppleWebKit/537.36 (KHTML, like Gecko; compatible; GPTBot/1.2; +https://openai.com/gptbot)"
172.70.206.123 - - [19/Sep/2025:06:25:27 -0700] "GET /?dir=%2Fproc%2Fvz&edit=%2Fproc%2Fvz%2Fveinfo HTTP/1.1" 200 551 "-" "Mozilla/5.0 AppleWebKit/537.36 (KHTML, like Gecko; compatible; GPTBot/1.2; +https://openai.com/gptbot)"
172.70.231.103 - - [19/Sep/2025:06:25:26 -0700] "GET /?a=29463115 HTTP/1.1" 200 298751 "-" "Mozilla/5.0 (compatible; SemrushBot/7~bl; +http://www.semrush.com/bot.html)"
172.70.206.123 - - [19/Sep/2025:06:25:30 -0700] "GET /?dir=%2Fproc%2Fvz&edit=%2Fproc%2Fvz%2F.. HTTP/1.1" 200 287761 "-" "Mozilla/5.0 AppleWebKit/537.36 (KHTML, like Gecko; compatible; GPTBot/1.2; +https://openai.com/gptbot)"
172.70.206.123 - - [19/Sep/2025:06:25:32 -0700] "GET /?dir=%2Fproc&dl=%2Fproc%2F2527453 HTTP/1.1" 429 17 "-" "Mozilla/5.0 AppleWebKit/537.36 (KHTML, like Gecko; compatible; GPTBot/1.2; +https://openai.com/gptbot)"
172.70.206.123 - - [19/Sep/2025:06:25:34 -0700] "GET /?dir=%2Fproc&dl=%2Fproc%2F2529851 HTTP/1.1" 429 17 "-" "Mozilla/5.0 AppleWebKit/537.36 (KHTML, like Gecko; compatible; GPTBot/1.2; +https://openai.com/gptbot)"
172.71.254.189 - - [19/Sep/2025:06:25:35 -0700] "GET /?dir=%2Fusr%2Fbin&dl=%2Fusr%2Fbin%2Fmysqldump HTTP/1.1" 200 4155392 "-" "Mozilla/5.0 (Linux; Android 6.0.1; Nexus 5X Build/MMB29P) AppleWebKit/537.36 (KHTML, like Gecko) Chrome/140.0.7339.127 Mobile Safari/537.36 (compatible; Googlebot/2.1; +http://www.google.com/bot.html)"
172.70.206.123 - - [19/Sep/2025:06:25:41 -0700] "GET /?dir=%2Fproc&dl=%2Fproc%2F2529615 HTTP/1.1" 200 375256 "-" "Mozilla/5.0 AppleWebKit/537.36 (KHTML, like Gecko; compatible; GPTBot/1.2; +https://openai.com/gptbot)"
172.70.34.96 - - [19/Sep/2025:06:25:45 -0700] "GET /?a=32818215 HTTP/1.1" 200 297807 "-" "Mozilla/5.0 (compatible; SemrushBot/7~bl; +http://www.semrush.com/bot.html)"
172.70.126.45 - - [19/Sep/2025:06:25:47 -0700] "GET /?dir=%2Fusr%2Fbin&dl=%2Fusr%2Fbin%2Fhtdbm HTTP/1.1" 200 32480 "-" "Mozilla/5.0 (Linux; Android 6.0.1; Nexus 5X Build/MMB29P) AppleWebKit/537.36 (KHTML, like Gecko) Chrome/140.0.7339.127 Mobile Safari/537.36 (compatible; Googlebot/2.1; +http://www.google.com/bot.html)"
172.70.174.25 - - [19/Sep/2025:06:25:55 -0700] "GET /?a=31493715 HTTP/1.1" 200 297807 "-" "Mozilla/5.0 (compatible; SemrushBot/7~bl; +http://www.semrush.com/bot.html)"
172.70.126.45 - - [19/Sep/2025:06:25:59 -0700] "GET /?dir=%2Fusr%2Fbin&dl=%2Fusr%2Fbin%2Flwp-download HTTP/1.1" 200 10292 "-" "Mozilla/5.0 (Linux; Android 6.0.1; Nexus 5X Build/MMB29P) AppleWebKit/537.36 (KHTML, like Gecko) Chrome/140.0.7339.127 Mobile Safari/537.36 (compatible; Googlebot/2.1; +http://www.google.com/bot.html)"
172.70.206.122 - - [19/Sep/2025:06:26:00 -0700] "GET /?dir=%2Fproc&dl=%2Fproc%2F2531352 HTTP/1.1" 200 373736 "-" "Mozilla/5.0 AppleWebKit/537.36 (KHTML, like Gecko; compatible; GPTBot/1.2; +https://openai.com/gptbot)"
172.70.126.44 - - [19/Sep/2025:06:26:11 -0700] "GET /?dir=%2Fusr%2Fbin&edit=%2Fusr%2Fbin%2Fdb_log_verify HTTP/1.1" 200 21771 "-" "Mozilla/5.0 (Linux; Android 6.0.1; Nexus 5X Build/MMB29P) AppleWebKit/537.36 (KHTML, like Gecko) Chrome/140.0.7339.127 Mobile Safari/537.36 (compatible; Googlebot/2.1; +http://www.google.com/bot.html)"
172.70.126.44 - - [19/Sep/2025:06:26:16 -0700] "GET /products/26477476/ HTTP/1.1" 200 189352 "-" "Mozilla/5.0 (compatible; Googlebot/2.1; +http://www.google.com/bot.html)"
172.70.206.123 - - [19/Sep/2025:06:26:18 -0700] "GET /?dir=%2Fproc&dl=%2Fproc%2F2536862 HTTP/1.1" 200 375820 "-" "Mozilla/5.0 AppleWebKit/537.36 (KHTML, like Gecko; compatible; GPTBot/1.2; +https://openai.com/gptbot)"
104.23.209.82 - - [19/Sep/2025:06:26:20 -0700] "GET /?a=34910115 HTTP/1.1" 200 298763 "-" "Mozilla/5.0 (compatible; SemrushBot/7~bl; +http://www.semrush.com/bot.html)"
172.70.126.45 - - [19/Sep/2025:06:26:27 -0700] "GET /?dir=%2Fusr%2Fbin&dl=%2Fusr%2Fbin%2Fionice HTTP/1.1" 200 29680 "-" "Mozilla/5.0 (Linux; Android 6.0.1; Nexus 5X Build/MMB29P) AppleWebKit/537.36 (KHTML, like Gecko) Chrome/140.0.7339.127 Mobile Safari/537.36 (compatible; Googlebot/2.1; +http://www.google.com/bot.html)"
172.70.206.122 - - [19/Sep/2025:06:26:34 -0700] "GET /?dir=%2Fproc&dl=%2Fproc%2F2536963 HTTP/1.1" 200 374116 "-" "Mozilla/5.0 AppleWebKit/537.36 (KHTML, like Gecko; compatible; GPTBot/1.2; +https://openai.com/gptbot)"
172.70.126.45 - - [19/Sep/2025:06:26:37 -0700] "GET /?dir=%2Fusr%2Fbin&dl=%2Fusr%2Fbin%2Fmpstat HTTP/1.1" 200 54792 "-" "Mozilla/5.0 (Linux; Android 6.0.1; Nexus 5X Build/MMB29P) AppleWebKit/537.36 (KHTML, like Gecko) Chrome/140.0.7339.127 Mobile Safari/537.36 (compatible; Googlebot/2.1; +http://www.google.com/bot.html)"
172.70.126.45 - - [19/Sep/2025:06:26:37 -0700] "GET /products/20359432/ HTTP/1.1" 200 191790 "-" "Mozilla/5.0 (Linux; Android 6.0.1; Nexus 5X Build/MMB29P) AppleWebKit/537.36 (KHTML, like Gecko) Chrome/140.0.7339.127 Mobile Safari/537.36 (compatible; Googlebot/2.1; +http://www.google.com/bot.html)"
172.71.190.147 - - [19/Sep/2025:06:26:40 -0700] "GET /?a=32588415 HTTP/1.1" 200 298751 "-" "Mozilla/5.0 (compatible; SemrushBot/7~bl; +http://www.semrush.com/bot.html)"
172.70.126.44 - - [19/Sep/2025:06:26:48 -0700] "GET /?dir=%2Fusr%2Fbin&dl=%2Fusr%2Fbin%2Fmariadbd-safe HTTP/1.1" 200 31155 "-" "Mozilla/5.0 (Linux; Android 6.0.1; Nexus 5X Build/MMB29P) AppleWebKit/537.36 (KHTML, like Gecko) Chrome/140.0.7339.127 Mobile Safari/537.36 (compatible; Googlebot/2.1; +http://www.google.com/bot.html)"
172.70.206.123 - - [19/Sep/2025:06:26:47 -0700] "GET /?dir=%2Fproc&dl=%2Fproc%2F2529375 HTTP/1.1" 200 373000 "-" "Mozilla/5.0 AppleWebKit/537.36 (KHTML, like Gecko; compatible; GPTBot/1.2; +https://openai.com/gptbot)"
172.70.174.24 - - [19/Sep/2025:06:26:47 -0700] "GET /?a=58695015 HTTP/1.1" 200 298766 "-" "Mozilla/5.0 (compatible; SemrushBot/7~bl; +http://www.semrush.com/bot.html)"
172.71.194.197 - - [19/Sep/2025:06:26:54 -0700] "GET /?a=69451015 HTTP/1.1" 200 298763 "-" "Mozilla/5.0 (compatible; SemrushBot/7~bl; +http://www.semrush.com/bot.html)"
172.70.206.122 - - [19/Sep/2025:06:27:00 -0700] "GET /?dir=%2Fproc&dl=%2Fproc%2F2529065 HTTP/1.1" 200 370352 "-" "Mozilla/5.0 AppleWebKit/537.36 (KHTML, like Gecko; compatible; GPTBot/1.2; +https://openai.com/gptbot)"
172.70.131.117 - - [19/Sep/2025:06:27:08 -0700] "GET /?dir=%2Fusr%2Fbin&edit=%2Fusr%2Fbin%2Fmariadb-dumpslow HTTP/1.1" 200 9563 "-" "Mozilla/5.0 (Linux; Android 6.0.1; Nexus 5X Build/MMB29P) AppleWebKit/537.36 (KHTML, like Gecko) Chrome/140.0.7339.127 Mobile Safari/537.36 (compatible; Googlebot/2.1; +http://www.google.com/bot.html)"
172.70.206.122 - - [19/Sep/2025:06:27:11 -0700] "GET /?dir=%2Fproc&dl=%2Fproc%2F2536772 HTTP/1.1" 200 371296 "-" "Mozilla/5.0 AppleWebKit/537.36 (KHTML, like Gecko; compatible; GPTBot/1.2; +https://openai.com/gptbot)"
172.70.126.45 - - [19/Sep/2025:06:27:18 -0700] "GET /?dir=%2Fusr%2Fbin&edit=%2Fusr%2Fbin%2Ffincore HTTP/1.1" 200 46110 "-" "Mozilla/5.0 (Linux; Android 6.0.1; Nexus 5X Build/MMB29P) AppleWebKit/537.36 (KHTML, like Gecko) Chrome/140.0.7339.127 Mobile Safari/537.36 (compatible; Googlebot/2.1; +http://www.google.com/bot.html)"
172.70.206.123 - - [19/Sep/2025:06:27:21 -0700] "GET /?dir=%2Fproc&dl=%2Fproc%2F2536534 HTTP/1.1" 200 373552 "-" "Mozilla/5.0 AppleWebKit/537.36 (KHTML, like Gecko; compatible; GPTBot/1.2; +https://openai.com/gptbot)"
172.70.231.104 - - [19/Sep/2025:06:27:27 -0700] "GET /?a=27714215 HTTP/1.1" 200 297807 "-" "Mozilla/5.0 (compatible; SemrushBot/7~bl; +http://www.semrush.com/bot.html)"
172.70.126.44 - - [19/Sep/2025:06:27:29 -0700] "GET /?dir=%2Fusr%2Fbin&dl=%2Fusr%2Fbin%2Fed HTTP/1.1" 200 58656 "-" "Mozilla/5.0 (Linux; Android 6.0.1; Nexus 5X Build/MMB29P) AppleWebKit/537.36 (KHTML, like Gecko) Chrome/140.0.7339.127 Mobile Safari/537.36 (compatible; Googlebot/2.1; +http://www.google.com/bot.html)"
172.70.206.122 - - [19/Sep/2025:06:27:30 -0700] "GET /?dir=%2Fproc&dl=%2Fproc%2F2531852 HTTP/1.1" 200 371480 "-" "Mozilla/5.0 AppleWebKit/537.36 (KHTML, like Gecko; compatible; GPTBot/1.2; +https://openai.com/gptbot)"
172.70.126.44 - - [19/Sep/2025:06:27:39 -0700] "GET /?dir=%2Fusr%2Fbin&edit=%2Fusr%2Fbin%2Feasy_install-2.7 HTTP/1.1" 200 825 "-" "Mozilla/5.0 (Linux; Android 6.0.1; Nexus 5X Build/MMB29P) AppleWebKit/537.36 (KHTML, like Gecko) Chrome/140.0.7339.127 Mobile Safari/537.36 (compatible; Googlebot/2.1; +http://www.google.com/bot.html)"
172.70.206.122 - - [19/Sep/2025:06:27:39 -0700] "GET /?dir=%2Fproc&dl=%2Fproc%2F2536966 HTTP/1.1" 200 371480 "-" "Mozilla/5.0 AppleWebKit/537.36 (KHTML, like Gecko; compatible; GPTBot/1.2; +https://openai.com/gptbot)"
172.68.245.133 - - [19/Sep/2025:06:27:39 -0700] "GET /?a=79833815 HTTP/1.1" 200 297795 "-" "Mozilla/5.0 (compatible; SemrushBot/7~bl; +http://www.semrush.com/bot.html)"
172.70.206.123 - - [19/Sep/2025:06:27:46 -0700] "GET /?dir=%2Fproc&dl=%2Fproc%2F2528869 HTTP/1.1" 200 372424 "-" "Mozilla/5.0 AppleWebKit/537.36 (KHTML, like Gecko; compatible; GPTBot/1.2; +https://openai.com/gptbot)"
172.70.126.45 - - [19/Sep/2025:06:27:49 -0700] "GET /?dir=%2Fusr%2Fbin&edit=%2Fusr%2Fbin%2FMail HTTP/1.1" 200 665642 "-" "Mozilla/5.0 (Linux; Android 6.0.1; Nexus 5X Build/MMB29P) AppleWebKit/537.36 (KHTML, like Gecko) Chrome/140.0.7339.127 Mobile Safari/537.36 (compatible; Googlebot/2.1; +http://www.google.com/bot.html)"
104.23.209.83 - - [19/Sep/2025:06:27:51 -0700] "GET /?a=83842815 HTTP/1.1" 200 298763 "-" "Mozilla/5.0 (compatible; SemrushBot/7~bl; +http://www.semrush.com/bot.html)"
172.70.206.122 - - [19/Sep/2025:06:27:53 -0700] "GET /?dir=%2Fproc&dl=%2Fproc%2F2537053 HTTP/1.1" 200 372596 "-" "Mozilla/5.0 AppleWebKit/537.36 (KHTML, like Gecko; compatible; GPTBot/1.2; +https://openai.com/gptbot)"
172.70.131.117 - - [19/Sep/2025:06:28:00 -0700] "GET /?dir=%2Fusr%2Fbin&dl=%2Fusr%2Fbin%2Fbase32 HTTP/1.1" 200 42544 "-" "Mozilla/5.0 (Linux; Android 6.0.1; Nexus 5X Build/MMB29P) AppleWebKit/537.36 (KHTML, like Gecko) Chrome/140.0.7339.127 Mobile Safari/537.36 (compatible; Googlebot/2.1; +http://www.google.com/bot.html)"
172.70.131.117 - - [19/Sep/2025:06:28:01 -0700] "GET /?dir=%2Fusr%2Fbin&dl=%2Fusr%2Fbin%2Fisosize HTTP/1.1" 200 25472 "-" "Mozilla/5.0 (Linux; Android 6.0.1; Nexus 5X Build/MMB29P) AppleWebKit/537.36 (KHTML, like Gecko) Chrome/140.0.7339.127 Mobile Safari/537.36 (compatible; Googlebot/2.1; +http://www.google.com/bot.html)"
172.70.206.122 - - [19/Sep/2025:06:27:59 -0700] "GET /?dir=%2Fproc&dl=%2Fproc%2F2528412 HTTP/1.1" 200 372596 "-" "Mozilla/5.0 AppleWebKit/537.36 (KHTML, like Gecko; compatible; GPTBot/1.2; +https://openai.com/gptbot)"
172.70.126.45 - - [19/Sep/2025:06:28:01 -0700] "GET /products/1644043/ HTTP/1.1" 200 189128 "-" "Mozilla/5.0 (Linux; Android 6.0.1; Nexus 5X Build/MMB29P) AppleWebKit/537.36 (KHTML, like Gecko) Chrome/140.0.7339.127 Mobile Safari/537.36 (compatible; Googlebot/2.1; +http://www.google.com/bot.html)"
172.70.206.122 - - [19/Sep/2025:06:28:05 -0700] "GET /?dir=%2Fproc&dl=%2Fproc%2F2537121 HTTP/1.1" 200 372988 "-" "Mozilla/5.0 AppleWebKit/537.36 (KHTML, like Gecko; compatible; GPTBot/1.2; +https://openai.com/gptbot)"
