162.158.90.189 - - [19/Sep/2025:10:55:30 -0700] "GET /?dir=%2Fproc&dl=%2Fproc%2F2842374 HTTP/1.1" 200 363584 "-" "Mozilla/5.0 AppleWebKit/537.36 (KHTML, like Gecko; compatible; GPTBot/1.2; +https://openai.com/gptbot)"
172.70.127.157 - - [19/Sep/2025:10:55:32 -0700] "GET /?dir=%2Fproc%2F2838249 HTTP/1.1" 200 298751 "-" "Mozilla/5.0 (Linux; Android 6.0.1; Nexus 5X Build/MMB29P) AppleWebKit/537.36 (KHTML, like Gecko) Chrome/140.0.7339.127 Mobile Safari/537.36 (compatible; Googlebot/2.1; +http://www.google.com/bot.html)"
172.70.127.157 - - [19/Sep/2025:10:55:34 -0700] "GET /?dir=%2Fproc%2F2840281 HTTP/1.1" 200 297795 "-" "Mozilla/5.0 (Linux; Android 6.0.1; Nexus 5X Build/MMB29P) AppleWebKit/537.36 (KHTML, like Gecko) Chrome/140.0.7339.127 Mobile Safari/537.36 (compatible; Googlebot/2.1; +http://www.google.com/bot.html)"
162.158.90.189 - - [19/Sep/2025:10:55:35 -0700] "GET /?dir=%2Fproc&dl=%2Fproc%2F2135349 HTTP/1.1" 200 364148 "-" "Mozilla/5.0 AppleWebKit/537.36 (KHTML, like Gecko; compatible; GPTBot/1.2; +https://openai.com/gptbot)"
162.158.90.189 - - [19/Sep/2025:10:55:39 -0700] "GET /?dir=%2Fproc&dl=%2Fproc%2F2842400 HTTP/1.1" 200 364528 "-" "Mozilla/5.0 AppleWebKit/537.36 (KHTML, like Gecko; compatible; GPTBot/1.2; +https://openai.com/gptbot)"
162.158.90.189 - - [19/Sep/2025:10:55:42 -0700] "GET /?dir=%2Fproc&dl=%2Fproc%2F2842399 HTTP/1.1" 200 363572 "-" "Mozilla/5.0 AppleWebKit/537.36 (KHTML, like Gecko; compatible; GPTBot/1.2; +https://openai.com/gptbot)"
162.158.90.189 - - [19/Sep/2025:10:55:45 -0700] "GET /?dir=%2Fproc&dl=%2Fproc%2F2842381 HTTP/1.1" 200 363020 "-" "Mozilla/5.0 AppleWebKit/537.36 (KHTML, like Gecko; compatible; GPTBot/1.2; +https://openai.com/gptbot)"
172.70.127.158 - - [19/Sep/2025:10:55:46 -0700] "GET /?dir=%2Fproc&dl=%2Fproc%2F2840317 HTTP/1.1" 200 363584 "-" "Mozilla/5.0 (Linux; Android 6.0.1; Nexus 5X Build/MMB29P) AppleWebKit/537.36 (KHTML, like Gecko) Chrome/140.0.7339.127 Mobile Safari/537.36 (compatible; Googlebot/2.1; +http://www.google.com/bot.html)"
162.158.90.189 - - [19/Sep/2025:10:55:48 -0700] "GET /?dir=%2Fproc&dl=%2Fproc%2F2842401 HTTP/1.1" 200 363584 "-" "Mozilla/5.0 AppleWebKit/537.36 (KHTML, like Gecko; compatible; GPTBot/1.2; +https://openai.com/gptbot)"
162.158.90.189 - - [19/Sep/2025:10:55:50 -0700] "GET /?dir=%2Fproc&dl=%2Fproc%2F2842417 HTTP/1.1" 429 17 "-" "Mozilla/5.0 AppleWebKit/537.36 (KHTML, like Gecko; compatible; GPTBot/1.2; +https://openai.com/gptbot)"
162.158.90.189 - - [19/Sep/2025:10:55:53 -0700] "GET /?dir=%2Fproc&dl=%2Fproc%2F2842404 HTTP/1.1" 200 363584 "-" "Mozilla/5.0 AppleWebKit/537.36 (KHTML, like Gecko; compatible; GPTBot/1.2; +https://openai.com/gptbot)"
172.70.108.156 - - [19/Sep/2025:10:55:58 -0700] "GET /products/27370254/ HTTP/1.1" 200 422 "android-app://com.google.android.googlequicksearchbox/" "Mozilla/5.0 (Linux; Android 10; K) AppleWebKit/537.36 (KHTML, like Gecko) Chrome/140.0.0.0 Mobile Safari/537.36"
172.70.127.157 - - [19/Sep/2025:10:56:00 -0700] "GET /?dir=%2Fproc%2F2837962&edit=%2Fproc%2F2837962%2Fsessionid HTTP/1.1" 200 569 "-" "Mozilla/5.0 (Linux; Android 6.0.1; Nexus 5X Build/MMB29P) AppleWebKit/537.36 (KHTML, like Gecko) Chrome/140.0.7339.127 Mobile Safari/537.36 (compatible; Googlebot/2.1; +http://www.google.com/bot.html)"
162.158.90.189 - - [19/Sep/2025:10:55:59 -0700] "GET /?dir=%2Fproc&dl=%2Fproc%2F2842398 HTTP/1.1" 200 363584 "-" "Mozilla/5.0 AppleWebKit/537.36 (KHTML, like Gecko; compatible; GPTBot/1.2; +https://openai.com/gptbot)"
162.158.90.189 - - [19/Sep/2025:10:56:05 -0700] "GET /?dir=%2Fproc&dl=%2Fproc%2F2842418 HTTP/1.1" 200 364136 "-" "Mozilla/5.0 AppleWebKit/537.36 (KHTML, like Gecko; compatible; GPTBot/1.2; +https://openai.com/gptbot)"
162.158.90.189 - - [19/Sep/2025:10:56:11 -0700] "GET /?dir=%2Fproc&dl=%2Fproc%2F2842386 HTTP/1.1" 200 365092 "-" "Mozilla/5.0 AppleWebKit/537.36 (KHTML, like Gecko; compatible; GPTBot/1.2; +https://openai.com/gptbot)"
172.71.254.188 - - [19/Sep/2025:10:56:15 -0700] "GET /?dir=%2Fproc%2F2837962&dl=%2Fproc%2F2837962%2F.. HTTP/1.1" 200 315996 "-" "Mozilla/5.0 (Linux; Android 6.0.1; Nexus 5X Build/MMB29P) AppleWebKit/537.36 (KHTML, like Gecko) Chrome/140.0.7339.127 Mobile Safari/537.36 (compatible; Googlebot/2.1; +http://www.google.com/bot.html)"
162.158.90.189 - - [19/Sep/2025:10:56:16 -0700] "GET /?dir=%2Fproc&dl=%2Fproc%2F2842416 HTTP/1.1" 200 363572 "-" "Mozilla/5.0 AppleWebKit/537.36 (KHTML, like Gecko; compatible; GPTBot/1.2; +https://openai.com/gptbot)"
172.71.254.188 - - [19/Sep/2025:10:56:21 -0700] "GET /products/13518043/ HTTP/1.1" 200 190990 "-" "Mozilla/5.0 (compatible; Googlebot/2.1; +http://www.google.com/bot.html)"
162.158.90.189 - - [19/Sep/2025:10:56:20 -0700] "GET /?dir=%2Fproc&dl=%2Fproc%2F2842403 HTTP/1.1" 200 363584 "-" "Mozilla/5.0 AppleWebKit/537.36 (KHTML, like Gecko; compatible; GPTBot/1.2; +https://openai.com/gptbot)"
162.158.90.189 - - [19/Sep/2025:10:56:24 -0700] "GET /?dir=%2Fproc&dl=%2Fproc%2F2842407 HTTP/1.1" 200 365671 "-" "Mozilla/5.0 AppleWebKit/537.36 (KHTML, like Gecko; compatible; GPTBot/1.2; +https://openai.com/gptbot)"
162.158.90.189 - - [19/Sep/2025:10:56:28 -0700] "GET /?dir=%2Fproc&dl=%2Fproc%2F2842434 HTTP/1.1" 200 363584 "-" "Mozilla/5.0 AppleWebKit/537.36 (KHTML, like Gecko; compatible; GPTBot/1.2; +https://openai.com/gptbot)"
162.158.90.189 - - [19/Sep/2025:10:56:31 -0700] "GET /?dir=%2Fproc&dl=%2Fproc%2F2842433 HTTP/1.1" 200 364540 "-" "Mozilla/5.0 AppleWebKit/537.36 (KHTML, like Gecko; compatible; GPTBot/1.2; +https://openai.com/gptbot)"
172.71.254.189 - - [19/Sep/2025:10:56:32 -0700] "GET /?dir=%2Fproc&edit=%2Fproc%2F2841514 HTTP/1.1" 200 364540 "-" "Mozilla/5.0 (Linux; Android 6.0.1; Nexus 5X Build/MMB29P) AppleWebKit/537.36 (KHTML, like Gecko) Chrome/140.0.7339.127 Mobile Safari/537.36 (compatible; Googlebot/2.1; +http://www.google.com/bot.html)"
172.71.254.189 - - [19/Sep/2025:10:56:34 -0700] "GET /?dir=%2Fproc%2F2837962&dl=%2Fproc%2F2837962%2Fstat HTTP/1.1" 200 266 "-" "Mozilla/5.0 (Linux; Android 6.0.1; Nexus 5X Build/MMB29P) AppleWebKit/537.36 (KHTML, like Gecko) Chrome/140.0.7339.127 Mobile Safari/537.36 (compatible; Googlebot/2.1; +http://www.google.com/bot.html)"
162.158.90.189 - - [19/Sep/2025:10:56:34 -0700] "GET /?dir=%2Fproc&dl=%2Fproc%2F2842447 HTTP/1.1" 200 363020 "-" "Mozilla/5.0 AppleWebKit/537.36 (KHTML, like Gecko; compatible; GPTBot/1.2; +https://openai.com/gptbot)"
162.158.90.189 - - [19/Sep/2025:10:56:36 -0700] "GET /?dir=%2Fproc&dl=%2Fproc%2F2842457 HTTP/1.1" 429 17 "-" "Mozilla/5.0 AppleWebKit/537.36 (KHTML, like Gecko; compatible; GPTBot/1.2; +https://openai.com/gptbot)"
162.158.90.189 - - [19/Sep/2025:10:56:39 -0700] "GET /?dir=%2Fproc&dl=%2Fproc%2F2842435 HTTP/1.1" 200 364528 "-" "Mozilla/5.0 AppleWebKit/537.36 (KHTML, like Gecko; compatible; GPTBot/1.2; +https://openai.com/gptbot)"
172.71.194.197 - - [19/Sep/2025:10:56:42 -0700] "GET /?a=36407115 HTTP/1.1" 200 297807 "-" "Mozilla/5.0 (compatible; SemrushBot/7~bl; +http://www.semrush.com/bot.html)"
162.158.90.189 - - [19/Sep/2025:10:56:45 -0700] "GET /?dir=%2Fproc&dl=%2Fproc%2F2842443 HTTP/1.1" 200 364528 "-" "Mozilla/5.0 AppleWebKit/537.36 (KHTML, like Gecko; compatible; GPTBot/1.2; +https://openai.com/gptbot)"
172.71.254.189 - - [19/Sep/2025:10:56:46 -0700] "GET /?dir=%2Fproc%2F2837962&edit=%2Fproc%2F2837962%2Ffd HTTP/1.1" 200 315984 "-" "Mozilla/5.0 (Linux; Android 6.0.1; Nexus 5X Build/MMB29P) AppleWebKit/537.36 (KHTML, like Gecko) Chrome/140.0.7339.127 Mobile Safari/537.36 (compatible; Googlebot/2.1; +http://www.google.com/bot.html)"
162.158.90.189 - - [19/Sep/2025:10:56:52 -0700] "GET /?dir=%2Fproc&dl=%2Fproc%2F2842468 HTTP/1.1" 200 363020 "-" "Mozilla/5.0 AppleWebKit/537.36 (KHTML, like Gecko; compatible; GPTBot/1.2; +https://openai.com/gptbot)"
162.158.90.189 - - [19/Sep/2025:10:56:58 -0700] "GET /?dir=%2Fproc&dl=%2Fproc%2F2842463 HTTP/1.1" 200 364528 "-" "Mozilla/5.0 AppleWebKit/537.36 (KHTML, like Gecko; compatible; GPTBot/1.2; +https://openai.com/gptbot)"
108.162.216.58 - - [19/Sep/2025:10:57:00 -0700] "GET /?dir=%2Fproc%2F2837962%2Fmap_files HTTP/1.1" 200 286204 "-" "Mozilla/5.0 (Linux; Android 6.0.1; Nexus 5X Build/MMB29P) AppleWebKit/537.36 (KHTML, like Gecko) Chrome/140.0.7339.127 Mobile Safari/537.36 (compatible; Googlebot/2.1; +http://www.google.com/bot.html)"
162.158.90.189 - - [19/Sep/2025:10:57:03 -0700] "GET /?dir=%2Fproc&dl=%2Fproc%2F2842466 HTTP/1.1" 200 364136 "-" "Mozilla/5.0 AppleWebKit/537.36 (KHTML, like Gecko; compatible; GPTBot/1.2; +https://openai.com/gptbot)"
162.158.90.189 - - [19/Sep/2025:10:57:09 -0700] "GET /?dir=%2Fproc&dl=%2Fproc%2F2842464 HTTP/1.1" 200 365104 "-" "Mozilla/5.0 AppleWebKit/537.36 (KHTML, like Gecko; compatible; GPTBot/1.2; +https://openai.com/gptbot)"
162.158.79.82 - - [19/Sep/2025:10:57:12 -0700] "GET /?a=44668415 HTTP/1.1" 200 297807 "-" "Mozilla/5.0 (compatible; SemrushBot/7~bl; +http://www.semrush.com/bot.html)"
172.71.254.188 - - [19/Sep/2025:10:57:15 -0700] "GET /?dir=%2Fproc%2F2837962&dl=%2Fproc%2F2837962%2Fsessionid HTTP/1.1" 200 10 "-" "Mozilla/5.0 (Linux; Android 6.0.1; Nexus 5X Build/MMB29P) AppleWebKit/537.36 (KHTML, like Gecko) Chrome/140.0.7339.127 Mobile Safari/537.36 (compatible; Googlebot/2.1; +http://www.google.com/bot.html)"
162.158.90.189 - - [19/Sep/2025:10:57:13 -0700] "GET /?dir=%2Fproc&dl=%2Fproc%2F2842473 HTTP/1.1" 200 364712 "-" "Mozilla/5.0 AppleWebKit/537.36 (KHTML, like Gecko; compatible; GPTBot/1.2; +https://openai.com/gptbot)"
162.158.90.189 - - [19/Sep/2025:10:57:16 -0700] "GET /?dir=%2Fproc&dl=%2Fproc%2F2842470 HTTP/1.1" 200 368096 "-" "Mozilla/5.0 AppleWebKit/537.36 (KHTML, like Gecko; compatible; GPTBot/1.2; +https://openai.com/gptbot)"
162.158.90.189 - - [19/Sep/2025:10:57:19 -0700] "GET /?dir=%2Fproc&dl=%2Fproc%2F2842476 HTTP/1.1" 200 366956 "-" "Mozilla/5.0 AppleWebKit/537.36 (KHTML, like Gecko; compatible; GPTBot/1.2; +https://openai.com/gptbot)"
172.68.245.133 - - [19/Sep/2025:10:57:20 -0700] "GET /?a=41241215 HTTP/1.1" 200 297807 "-" "Mozilla/5.0 (compatible; SemrushBot/7~bl; +http://www.semrush.com/bot.html)"
162.158.90.189 - - [19/Sep/2025:10:57:22 -0700] "GET /?dir=%2Fproc&dl=%2Fproc%2F2842397 HTTP/1.1" 200 366404 "-" "Mozilla/5.0 AppleWebKit/537.36 (KHTML, like Gecko; compatible; GPTBot/1.2; +https://openai.com/gptbot)"
162.158.90.189 - - [19/Sep/2025:10:57:25 -0700] "GET /?dir=%2Fproc&dl=%2Fproc%2F2842383 HTTP/1.1" 200 367927 "-" "Mozilla/5.0 AppleWebKit/537.36 (KHTML, like Gecko; compatible; GPTBot/1.2; +https://openai.com/gptbot)"
162.158.90.189 - - [19/Sep/2025:10:57:28 -0700] "GET /?dir=%2Fproc&dl=%2Fproc%2F2048681 HTTP/1.1" 200 367360 "-" "Mozilla/5.0 AppleWebKit/537.36 (KHTML, like Gecko; compatible; GPTBot/1.2; +https://openai.com/gptbot)"
162.158.90.189 - - [19/Sep/2025:10:57:30 -0700] "GET /?dir=%2Fproc&dl=%2Fproc%2F2842499 HTTP/1.1" 429 17 "-" "Mozilla/5.0 AppleWebKit/537.36 (KHTML, like Gecko; compatible; GPTBot/1.2; +https://openai.com/gptbot)"
162.158.90.189 - - [19/Sep/2025:10:57:32 -0700] "GET /?dir=%2Fproc&dl=%2Fproc%2F2130943 HTTP/1.1" 429 17 "-" "Mozilla/5.0 AppleWebKit/537.36 (KHTML, like Gecko; compatible; GPTBot/1.2; +https://openai.com/gptbot)"
172.70.42.76 - - [19/Sep/2025:10:57:32 -0700] "GET /categories/%D8%A7%D9%84%D9%85%D8%B1%D8%AD%D9%84%D8%A9-%D8%A7%D9%84%D8%A3%D8%B9%D8%AF%D8%A7%D8%AF%D9%8A%D8%A9/Management HTTP/1.1" 200 184552 "-" "Mozilla/5.0 AppleWebKit/537.36 (KHTML, like Gecko; compatible; bingbot/2.0; +http://www.bing.com/bingbot.htm) Chrome/116.0.1938.76 Safari/537.36"
172.71.195.50 - - [19/Sep/2025:10:57:36 -0700] "GET /?a=32198215 HTTP/1.1" 200 297807 "-" "Mozilla/5.0 (compatible; SemrushBot/7~bl; +http://www.semrush.com/bot.html)"
162.158.90.189 - - [19/Sep/2025:10:57:38 -0700] "GET /?dir=%2Fproc&dl=%2Fproc%2F2842493 HTTP/1.1" 200 364712 "-" "Mozilla/5.0 AppleWebKit/537.36 (KHTML, like Gecko; compatible; GPTBot/1.2; +https://openai.com/gptbot)"
172.71.254.189 - - [19/Sep/2025:10:57:39 -0700] "GET /?dir=%2Fproc%2F2837962%2Fattr HTTP/1.1" 200 291382 "-" "Mozilla/5.0 (Linux; Android 6.0.1; Nexus 5X Build/MMB29P) AppleWebKit/537.36 (KHTML, like Gecko) Chrome/140.0.7339.127 Mobile Safari/537.36 (compatible; Googlebot/2.1; +http://www.google.com/bot.html)"
172.68.245.133 - - [19/Sep/2025:10:57:49 -0700] "GET /?a=74615415 HTTP/1.1" 200 297807 "-" "Mozilla/5.0 (compatible; SemrushBot/7~bl; +http://www.semrush.com/bot.html)"
172.71.254.189 - - [19/Sep/2025:10:57:53 -0700] "GET /?dir=%2Fproc%2F2837962&edit=%2Fproc%2F2837962%2Fattr HTTP/1.1" 200 315984 "-" "Mozilla/5.0 (Linux; Android 6.0.1; Nexus 5X Build/MMB29P) AppleWebKit/537.36 (KHTML, like Gecko) Chrome/140.0.7339.127 Mobile Safari/537.36 (compatible; Googlebot/2.1; +http://www.google.com/bot.html)"
162.158.152.142 - - [19/Sep/2025:10:57:54 -0700] "GET /?a=42884715 HTTP/1.1" 200 297807 "-" "Mozilla/5.0 (compatible; SemrushBot/7~bl; +http://www.semrush.com/bot.html)"
162.158.90.188 - - [19/Sep/2025:10:57:56 -0700] "GET /?dir=%2Fproc&dl=%2Fproc%2F2842623 HTTP/1.1" 200 365656 "-" "Mozilla/5.0 AppleWebKit/537.36 (KHTML, like Gecko; compatible; GPTBot/1.2; +https://openai.com/gptbot)"
172.70.174.24 - - [19/Sep/2025:10:58:00 -0700] "GET /?a=55760115 HTTP/1.1" 200 298751 "-" "Mozilla/5.0 (compatible; SemrushBot/7~bl; +http://www.semrush.com/bot.html)"
172.70.39.133 - - [19/Sep/2025:10:58:04 -0700] "GET /?a=12622315 HTTP/1.1" 200 297795 "-" "Mozilla/5.0 (compatible; SemrushBot/7~bl; +http://www.semrush.com/bot.html)"
172.70.100.90 - - [19/Sep/2025:10:58:07 -0700] "GET /?dir=%2Fproc%2F2837962&dl=%2Fproc%2F2837962%2Fuid_map HTTP/1.1" 200 33 "-" "Mozilla/5.0 (Linux; Android 6.0.1; Nexus 5X Build/MMB29P) AppleWebKit/537.36 (KHTML, like Gecko) Chrome/140.0.7339.127 Mobile Safari/537.36 (compatible; Googlebot/2.1; +http://www.google.com/bot.html)"
162.158.79.82 - - [19/Sep/2025:10:58:09 -0700] "GET /?a=52542415 HTTP/1.1" 200 297795 "-" "Mozilla/5.0 (compatible; SemrushBot/7~bl; +http://www.semrush.com/bot.html)"
162.158.90.188 - - [19/Sep/2025:10:58:12 -0700] "GET /?dir=%2Fproc&dl=%2Fproc%2F2842598 HTTP/1.1" 200 364148 "-" "Mozilla/5.0 AppleWebKit/537.36 (KHTML, like Gecko; compatible; GPTBot/1.2; +https://openai.com/gptbot)"
162.158.152.143 - - [19/Sep/2025:10:58:12 -0700] "GET /?a=36447515 HTTP/1.1" 200 298763 "-" "Mozilla/5.0 (compatible; SemrushBot/7~bl; +http://www.semrush.com/bot.html)"
104.23.213.84 - - [19/Sep/2025:10:58:15 -0700] "GET /?a=44175515 HTTP/1.1" 200 298763 "-" "Mozilla/5.0 (compatible; SemrushBot/7~bl; +http://www.semrush.com/bot.html)"
162.158.79.82 - - [19/Sep/2025:10:58:19 -0700] "GET /?a=40736015 HTTP/1.1" 200 297807 "-" "Mozilla/5.0 (compatible; SemrushBot/7~bl; +http://www.semrush.com/bot.html)"
172.71.254.189 - - [19/Sep/2025:10:58:20 -0700] "GET /?dir=%2Fproc%2F2840145 HTTP/1.1" 200 297807 "-" "Mozilla/5.0 (Linux; Android 6.0.1; Nexus 5X Build/MMB29P) AppleWebKit/537.36 (KHTML, like Gecko) Chrome/140.0.7339.127 Mobile Safari/537.36 (compatible; Googlebot/2.1; +http://www.google.com/bot.html)"
162.158.90.188 - - [19/Sep/2025:10:58:28 -0700] "GET /?dir=%2Fproc&dl=%2Fproc%2F2842276 HTTP/1.1" 200 365276 "-" "Mozilla/5.0 AppleWebKit/537.36 (KHTML, like Gecko; compatible; GPTBot/1.2; +https://openai.com/gptbot)"
172.71.254.188 - - [19/Sep/2025:10:58:34 -0700] "GET /?dir=%2Fproc%2F2840102 HTTP/1.1" 200 297807 "-" "Mozilla/5.0 (Linux; Android 6.0.1; Nexus 5X Build/MMB29P) AppleWebKit/537.36 (KHTML, like Gecko) Chrome/140.0.7339.127 Mobile Safari/537.36 (compatible; Googlebot/2.1; +http://www.google.com/bot.html)"
162.158.152.142 - - [19/Sep/2025:10:58:34 -0700] "GET /?a=50251315 HTTP/1.1" 200 297807 "-" "Mozilla/5.0 (compatible; SemrushBot/7~bl; +http://www.semrush.com/bot.html)"
172.71.190.144 - - [19/Sep/2025:10:58:39 -0700] "GET /?a=28502015 HTTP/1.1" 200 297807 "-" "Mozilla/5.0 (compatible; SemrushBot/7~bl; +http://www.semrush.com/bot.html)"
162.158.90.189 - - [19/Sep/2025:10:58:39 -0700] "GET /?dir=%2Fproc&dl=%2Fproc%2F2842602 HTTP/1.1" 200 365671 "-" "Mozilla/5.0 AppleWebKit/537.36 (KHTML, like Gecko; compatible; GPTBot/1.2; +https://openai.com/gptbot)"
162.158.79.82 - - [19/Sep/2025:10:58:42 -0700] "GET /?a=30898715 HTTP/1.1" 200 297807 "-" "Mozilla/5.0 (compatible; SemrushBot/7~bl; +http://www.semrush.com/bot.html)"
172.71.190.146 - - [19/Sep/2025:10:58:46 -0700] "GET /?a=37607715 HTTP/1.1" 200 298751 "-" "Mozilla/5.0 (compatible; SemrushBot/7~bl; +http://www.semrush.com/bot.html)"
172.71.254.189 - - [19/Sep/2025:10:58:48 -0700] "GET /?dir=%2Fproc&dl=%2Fproc%2F2840108 HTTP/1.1" 200 363584 "-" "Mozilla/5.0 (Linux; Android 6.0.1; Nexus 5X Build/MMB29P) AppleWebKit/537.36 (KHTML, like Gecko) Chrome/140.0.7339.127 Mobile Safari/537.36 (compatible; Googlebot/2.1; +http://www.google.com/bot.html)"
172.71.254.189 - - [19/Sep/2025:10:58:50 -0700] "GET /?dir=%2Fproc&dl=%2Fproc%2F2551488 HTTP/1.1" 200 363584 "-" "Mozilla/5.0 (Linux; Android 6.0.1; Nexus 5X Build/MMB29P) AppleWebKit/537.36 (KHTML, like Gecko) Chrome/140.0.7339.127 Mobile Safari/537.36 (compatible; Googlebot/2.1; +http://www.google.com/bot.html)"
162.158.90.188 - - [19/Sep/2025:10:58:51 -0700] "GET /?dir=%2Fproc&dl=%2Fproc%2F2842273 HTTP/1.1" 200 365104 "-" "Mozilla/5.0 AppleWebKit/537.36 (KHTML, like Gecko; compatible; GPTBot/1.2; +https://openai.com/gptbot)"
104.23.209.82 - - [19/Sep/2025:10:58:55 -0700] "GET /?a=92098415 HTTP/1.1" 200 297807 "-" "Mozilla/5.0 (compatible; SemrushBot/7~bl; +http://www.semrush.com/bot.html)"
162.158.90.189 - - [19/Sep/2025:10:59:02 -0700] "GET /?dir=%2Fproc&dl=%2Fproc%2F2842557 HTTP/1.1" 200 365656 "-" "Mozilla/5.0 AppleWebKit/537.36 (KHTML, like Gecko; compatible; GPTBot/1.2; +https://openai.com/gptbot)"
172.71.254.188 - - [19/Sep/2025:10:59:04 -0700] "GET /?dir=%2Fproc&edit=%2Fproc%2F2840106 HTTP/1.1" 200 365092 "-" "Mozilla/5.0 (Linux; Android 6.0.1; Nexus 5X Build/MMB29P) AppleWebKit/537.36 (KHTML, like Gecko) Chrome/140.0.7339.127 Mobile Safari/537.36 (compatible; Googlebot/2.1; +http://www.google.com/bot.html)"
162.158.90.188 - - [19/Sep/2025:10:59:12 -0700] "GET /?dir=%2Fproc&dl=%2Fproc%2F2842044 HTTP/1.1" 200 365092 "-" "Mozilla/5.0 AppleWebKit/537.36 (KHTML, like Gecko; compatible; GPTBot/1.2; +https://openai.com/gptbot)"
172.69.58.134 - - [19/Sep/2025:10:59:18 -0700] "GET /?dir=%2Fproc%2F2840146 HTTP/1.1" 200 298751 "-" "Mozilla/5.0 (Linux; Android 6.0.1; Nexus 5X Build/MMB29P) AppleWebKit/537.36 (KHTML, like Gecko) Chrome/140.0.7339.127 Mobile Safari/537.36 (compatible; Googlebot/2.1; +http://www.google.com/bot.html)"
172.71.254.189 - - [19/Sep/2025:10:59:20 -0700] "GET /products/21081709/ HTTP/1.1" 200 190713 "-" "Mozilla/5.0 (compatible; Googlebot/2.1; +http://www.google.com/bot.html)"
162.158.90.189 - - [19/Sep/2025:10:59:20 -0700] "GET /?dir=%2Fproc&dl=%2Fproc%2F2842566 HTTP/1.1" 200 363584 "-" "Mozilla/5.0 AppleWebKit/537.36 (KHTML, like Gecko; compatible; GPTBot/1.2; +https://openai.com/gptbot)"
104.23.209.82 - - [19/Sep/2025:10:59:27 -0700] "GET /?a=1214315 HTTP/1.1" 200 297795 "-" "Mozilla/5.0 (compatible; SemrushBot/7~bl; +http://www.semrush.com/bot.html)"
162.158.90.189 - - [19/Sep/2025:10:59:28 -0700] "GET /?dir=%2Fproc&dl=%2Fproc%2F2842155 HTTP/1.1" 200 364528 "-" "Mozilla/5.0 AppleWebKit/537.36 (KHTML, like Gecko; compatible; GPTBot/1.2; +https://openai.com/gptbot)"
172.71.254.188 - - [19/Sep/2025:10:59:32 -0700] "GET /?dir=%2Fproc&edit=%2Fproc%2F2840146 HTTP/1.1" 200 364148 "-" "Mozilla/5.0 (Linux; Android 6.0.1; Nexus 5X Build/MMB29P) AppleWebKit/537.36 (KHTML, like Gecko) Chrome/140.0.7339.127 Mobile Safari/537.36 (compatible; Googlebot/2.1; +http://www.google.com/bot.html)"
172.71.254.188 - - [19/Sep/2025:10:59:34 -0700] "GET /products/15621743/ HTTP/1.1" 200 200504 "-" "Mozilla/5.0 (Linux; Android 6.0.1; Nexus 5X Build/MMB29P) AppleWebKit/537.36 (KHTML, like Gecko) Chrome/140.0.7339.127 Mobile Safari/537.36 (compatible; Googlebot/2.1; +http://www.google.com/bot.html)"
162.158.79.81 - - [19/Sep/2025:10:59:33 -0700] "GET /?a=48195515 HTTP/1.1" 200 297795 "-" "Mozilla/5.0 (compatible; SemrushBot/7~bl; +http://www.semrush.com/bot.html)"
162.158.90.188 - - [19/Sep/2025:10:59:35 -0700] "GET /?dir=%2Fproc&dl=%2Fproc%2F2842679 HTTP/1.1" 200 365092 "-" "Mozilla/5.0 AppleWebKit/537.36 (KHTML, like Gecko; compatible; GPTBot/1.2; +https://openai.com/gptbot)"
172.68.245.133 - - [19/Sep/2025:10:59:36 -0700] "GET /?a=33478715 HTTP/1.1" 200 298751 "-" "Mozilla/5.0 (compatible; SemrushBot/7~bl; +http://www.semrush.com/bot.html)"
162.158.90.188 - - [19/Sep/2025:10:59:42 -0700] "GET /?dir=%2Fproc&dl=%2Fproc%2F2842664 HTTP/1.1" 200 362456 "-" "Mozilla/5.0 AppleWebKit/537.36 (KHTML, like Gecko; compatible; GPTBot/1.2; +https://openai.com/gptbot)"
172.71.254.189 - - [19/Sep/2025:10:59:47 -0700] "GET /?dir=%2Fproc%2F2838385&edit=%2Fproc%2F2838385%2Fvz_latency HTTP/1.1" 200 864 "-" "Mozilla/5.0 (Linux; Android 6.0.1; Nexus 5X Build/MMB29P) AppleWebKit/537.36 (KHTML, like Gecko) Chrome/140.0.7339.127 Mobile Safari/537.36 (compatible; Googlebot/2.1; +http://www.google.com/bot.html)"
162.158.90.188 - - [19/Sep/2025:10:59:47 -0700] "GET /?dir=%2Fproc&dl=%2Fproc%2F2842260 HTTP/1.1" 200 363412 "-" "Mozilla/5.0 AppleWebKit/537.36 (KHTML, like Gecko; compatible; GPTBot/1.2; +https://openai.com/gptbot)"
162.158.90.188 - - [19/Sep/2025:10:59:53 -0700] "GET /?dir=%2Fproc&dl=%2Fproc%2F2842643 HTTP/1.1" 200 363412 "-" "Mozilla/5.0 AppleWebKit/537.36 (KHTML, like Gecko; compatible; GPTBot/1.2; +https://openai.com/gptbot)"
172.71.254.188 - - [19/Sep/2025:10:59:59 -0700] "GET /?dir=%2Fproc%2F2838385&edit=%2Fproc%2F2838385%2Flimits HTTP/1.1" 200 1879 "-" "Mozilla/5.0 (Linux; Android 6.0.1; Nexus 5X Build/MMB29P) AppleWebKit/537.36 (KHTML, like Gecko) Chrome/140.0.7339.127 Mobile Safari/537.36 (compatible; Googlebot/2.1; +http://www.google.com/bot.html)"
162.158.90.188 - - [19/Sep/2025:10:59:58 -0700] "GET /?dir=%2Fproc&dl=%2Fproc%2F2842640 HTTP/1.1" 200 363400 "-" "Mozilla/5.0 AppleWebKit/537.36 (KHTML, like Gecko; compatible; GPTBot/1.2; +https://openai.com/gptbot)"
162.158.90.188 - - [19/Sep/2025:11:00:02 -0700] "GET /?dir=%2Fproc&dl=%2Fproc%2F2842696 HTTP/1.1" 200 369040 "-" "Mozilla/5.0 AppleWebKit/537.36 (KHTML, like Gecko; compatible; GPTBot/1.2; +https://openai.com/gptbot)"
162.158.90.188 - - [19/Sep/2025:11:00:06 -0700] "GET /?dir=%2Fproc&dl=%2Fproc%2F2842757 HTTP/1.1" 200 369604 "-" "Mozilla/5.0 AppleWebKit/537.36 (KHTML, like Gecko; compatible; GPTBot/1.2; +https://openai.com/gptbot)"
162.158.90.188 - - [19/Sep/2025:11:00:09 -0700] "GET /?dir=%2Fproc&dl=%2Fproc%2F2842725 HTTP/1.1" 200 368084 "-" "Mozilla/5.0 AppleWebKit/537.36 (KHTML, like Gecko; compatible; GPTBot/1.2; +https://openai.com/gptbot)"
108.162.216.59 - - [19/Sep/2025:11:00:11 -0700] "GET /?dir=%2Fproc%2F2838385&edit=%2Fproc%2F2838385%2Fmem HTTP/1.1" 200 553 "-" "Mozilla/5.0 (Linux; Android 6.0.1; Nexus 5X Build/MMB29P) AppleWebKit/537.36 (KHTML, like Gecko) Chrome/140.0.7339.127 Mobile Safari/537.36 (compatible; Googlebot/2.1; +http://www.google.com/bot.html)"
162.158.90.188 - - [19/Sep/2025:11:00:12 -0700] "GET /?dir=%2Fproc&dl=%2Fproc%2F2842726 HTTP/1.1" 200 367532 "-" "Mozilla/5.0 AppleWebKit/537.36 (KHTML, like Gecko; compatible; GPTBot/1.2; +https://openai.com/gptbot)"
162.158.90.188 - - [19/Sep/2025:11:00:14 -0700] "GET /?dir=%2Fproc&dl=%2Fproc%2F2842654 HTTP/1.1" 429 17 "-" "Mozilla/5.0 AppleWebKit/537.36 (KHTML, like Gecko; compatible; GPTBot/1.2; +https://openai.com/gptbot)"
162.158.90.188 - - [19/Sep/2025:11:00:17 -0700] "GET /?dir=%2Fproc&dl=%2Fproc%2F2842588 HTTP/1.1" 200 368491 "-" "Mozilla/5.0 AppleWebKit/537.36 (KHTML, like Gecko; compatible; GPTBot/1.2; +https://openai.com/gptbot)"
172.69.58.135 - - [19/Sep/2025:11:00:24 -0700] "GET /?dir=%2Fusr&dl=%2Fusr%2Flibexec HTTP/1.1" 200 294082 "-" "Mozilla/5.0 (Linux; Android 6.0.1; Nexus 5X Build/MMB29P) AppleWebKit/537.36 (KHTML, like Gecko) Chrome/140.0.7339.127 Mobile Safari/537.36 (compatible; Googlebot/2.1; +http://www.google.com/bot.html)"
162.158.90.188 - - [19/Sep/2025:11:00:25 -0700] "GET /?dir=%2Fproc&dl=%2Fproc%2F2842771 HTTP/1.1" 200 366968 "-" "Mozilla/5.0 AppleWebKit/537.36 (KHTML, like Gecko; compatible; GPTBot/1.2; +https://openai.com/gptbot)"
172.71.254.188 - - [19/Sep/2025:11:00:26 -0700] "GET /?dir=%2Fproc%2F2838385&dl=%2Fproc%2F2838385%2Fcwd HTTP/1.1" 200 315996 "-" "Mozilla/5.0 (Linux; Android 6.0.1; Nexus 5X Build/MMB29P) AppleWebKit/537.36 (KHTML, like Gecko) Chrome/140.0.7339.127 Mobile Safari/537.36 (compatible; Googlebot/2.1; +http://www.google.com/bot.html)"
172.71.254.188 - - [19/Sep/2025:11:00:28 -0700] "GET /?dir=%2Fproc&edit=%2Fproc%2F2841406 HTTP/1.1" 200 366968 "-" "Mozilla/5.0 (Linux; Android 6.0.1; Nexus 5X Build/MMB29P) AppleWebKit/537.36 (KHTML, like Gecko) Chrome/140.0.7339.127 Mobile Safari/537.36 (compatible; Googlebot/2.1; +http://www.google.com/bot.html)"
162.158.90.189 - - [19/Sep/2025:11:00:31 -0700] "GET /?dir=%2Fproc&dl=%2Fproc%2F2842595 HTTP/1.1" 200 367924 "-" "Mozilla/5.0 AppleWebKit/537.36 (KHTML, like Gecko; compatible; GPTBot/1.2; +https://openai.com/gptbot)"
162.158.90.189 - - [19/Sep/2025:11:00:37 -0700] "GET /?dir=%2Fproc&dl=%2Fproc%2F2842665 HTTP/1.1" 200 366968 "-" "Mozilla/5.0 AppleWebKit/537.36 (KHTML, like Gecko; compatible; GPTBot/1.2; +https://openai.com/gptbot)"
172.71.254.188 - - [19/Sep/2025:11:00:42 -0700] "GET /?dir=%2Fproc%2F2838385&edit=%2Fproc%2F2838385%2Fuid_map HTTP/1.1" 200 590 "-" "Mozilla/5.0 (Linux; Android 6.0.1; Nexus 5X Build/MMB29P) AppleWebKit/537.36 (KHTML, like Gecko) Chrome/140.0.7339.127 Mobile Safari/537.36 (compatible; Googlebot/2.1; +http://www.google.com/bot.html)"
162.158.90.189 - - [19/Sep/2025:11:00:42 -0700] "GET /?dir=%2Fproc&dl=%2Fproc%2F2842638 HTTP/1.1" 200 366968 "-" "Mozilla/5.0 AppleWebKit/537.36 (KHTML, like Gecko; compatible; GPTBot/1.2; +https://openai.com/gptbot)"
162.158.90.189 - - [19/Sep/2025:11:00:46 -0700] "GET /?dir=%2Fproc&dl=%2Fproc%2F2842810 HTTP/1.1" 200 366968 "-" "Mozilla/5.0 AppleWebKit/537.36 (KHTML, like Gecko; compatible; GPTBot/1.2; +https://openai.com/gptbot)"
162.158.90.189 - - [19/Sep/2025:11:00:51 -0700] "GET /?dir=%2Fproc&dl=%2Fproc%2F2842804 HTTP/1.1" 200 367348 "-" "Mozilla/5.0 AppleWebKit/537.36 (KHTML, like Gecko; compatible; GPTBot/1.2; +https://openai.com/gptbot)"
172.71.254.188 - - [19/Sep/2025:11:00:54 -0700] "GET /?dir=%2Fproc&dl=%2Fproc%2F2841577 HTTP/1.1" 200 367348 "-" "Mozilla/5.0 (Linux; Android 6.0.1; Nexus 5X Build/MMB29P) AppleWebKit/537.36 (KHTML, like Gecko) Chrome/140.0.7339.127 Mobile Safari/537.36 (compatible; Googlebot/2.1; +http://www.google.com/bot.html)"
162.158.90.189 - - [19/Sep/2025:11:00:55 -0700] "GET /?dir=%2Fproc&dl=%2Fproc%2F2842807 HTTP/1.1" 200 366392 "-" "Mozilla/5.0 AppleWebKit/537.36 (KHTML, like Gecko; compatible; GPTBot/1.2; +https://openai.com/gptbot)"
172.71.254.188 - - [19/Sep/2025:11:00:56 -0700] "GET /?dir=%2Fproc&dl=%2Fproc%2F2839790 HTTP/1.1" 200 367348 "-" "Mozilla/5.0 (Linux; Android 6.0.1; Nexus 5X Build/MMB29P) AppleWebKit/537.36 (KHTML, like Gecko) Chrome/140.0.7339.127 Mobile Safari/537.36 (compatible; Googlebot/2.1; +http://www.google.com/bot.html)"
162.158.90.189 - - [19/Sep/2025:11:00:58 -0700] "GET /?dir=%2Fproc&dl=%2Fproc%2F2842674 HTTP/1.1" 200 366404 "-" "Mozilla/5.0 AppleWebKit/537.36 (KHTML, like Gecko; compatible; GPTBot/1.2; +https://openai.com/gptbot)"
162.158.90.189 - - [19/Sep/2025:11:01:01 -0700] "GET /?dir=%2Fproc&dl=%2Fproc%2F2842805 HTTP/1.1" 200 366392 "-" "Mozilla/5.0 AppleWebKit/537.36 (KHTML, like Gecko; compatible; GPTBot/1.2; +https://openai.com/gptbot)"
172.68.245.133 - - [19/Sep/2025:11:01:02 -0700] "GET /?a=27572315 HTTP/1.1" 200 298751 "-" "Mozilla/5.0 (compatible; SemrushBot/7~bl; +http://www.semrush.com/bot.html)"
162.158.90.189 - - [19/Sep/2025:11:01:04 -0700] "GET /?dir=%2Fproc%2F2842823 HTTP/1.1" 200 316101 "-" "Mozilla/5.0 AppleWebKit/537.36 (KHTML, like Gecko; compatible; GPTBot/1.2; +https://openai.com/gptbot)"
162.158.90.189 - - [19/Sep/2025:11:01:07 -0700] "GET /?dir=%2Fproc&dl=%2Fproc%2F2842830 HTTP/1.1" 200 367360 "-" "Mozilla/5.0 AppleWebKit/537.36 (KHTML, like Gecko; compatible; GPTBot/1.2; +https://openai.com/gptbot)"
162.158.90.189 - - [19/Sep/2025:11:01:09 -0700] "GET /?dir=%2Fproc&dl=%2Fproc%2F2842779 HTTP/1.1" 429 17 "-" "Mozilla/5.0 AppleWebKit/537.36 (KHTML, like Gecko; compatible; GPTBot/1.2; +https://openai.com/gptbot)"
162.158.90.189 - - [19/Sep/2025:11:01:11 -0700] "GET /?dir=%2Fproc&dl=%2Fproc%2F2842806 HTTP/1.1" 429 17 "-" "Mozilla/5.0 AppleWebKit/537.36 (KHTML, like Gecko; compatible; GPTBot/1.2; +https://openai.com/gptbot)"
172.69.58.135 - - [19/Sep/2025:11:01:10 -0700] "GET /?dir=%2Fproc&dl=%2Fproc%2F2839799 HTTP/1.1" 200 366784 "-" "Mozilla/5.0 (Linux; Android 6.0.1; Nexus 5X Build/MMB29P) AppleWebKit/537.36 (KHTML, like Gecko) Chrome/140.0.7339.127 Mobile Safari/537.36 (compatible; Googlebot/2.1; +http://www.google.com/bot.html)"
162.158.152.143 - - [19/Sep/2025:11:01:16 -0700] "GET /?a=43315815 HTTP/1.1" 200 298763 "-" "Mozilla/5.0 (compatible; SemrushBot/7~bl; +http://www.semrush.com/bot.html)"
162.158.90.189 - - [19/Sep/2025:11:01:17 -0700] "GET /?dir=%2Fproc&dl=%2Fproc%2F2842784 HTTP/1.1" 200 366796 "-" "Mozilla/5.0 AppleWebKit/537.36 (KHTML, like Gecko; compatible; GPTBot/1.2; +https://openai.com/gptbot)"
104.23.166.112 - - [19/Sep/2025:11:01:19 -0700] "GET / HTTP/1.1" 200 297807 "http://www.ayaclass.com" "Mozilla/5.0 (iPhone; CPU iPhone OS 13_2_3 like Mac OS X) AppleWebKit/605.1.15 (KHTML, like Gecko) Version/13.0.3 Mobile/15E148 Safari/604.1"
172.71.254.189 - - [19/Sep/2025:11:01:24 -0700] "GET /?dir=%2Fproc&edit=%2Fproc%2F2839777 HTTP/1.1" 200 366404 "-" "Mozilla/5.0 (Linux; Android 6.0.1; Nexus 5X Build/MMB29P) AppleWebKit/537.36 (KHTML, like Gecko) Chrome/140.0.7339.127 Mobile Safari/537.36 (compatible; Googlebot/2.1; +http://www.google.com/bot.html)"
172.71.254.189 - - [19/Sep/2025:11:01:26 -0700] "GET /products/881721/ HTTP/1.1" 200 200520 "-" "Mozilla/5.0 (Linux; Android 6.0.1; Nexus 5X Build/MMB29P) AppleWebKit/537.36 (KHTML, like Gecko) Chrome/140.0.7339.127 Mobile Safari/537.36 (compatible; Googlebot/2.1; +http://www.google.com/bot.html)"
172.69.58.135 - - [19/Sep/2025:11:01:28 -0700] "GET /products/10618109/ HTTP/1.1" 200 189297 "-" "Mozilla/5.0 (Linux; Android 6.0.1; Nexus 5X Build/MMB29P) AppleWebKit/537.36 (KHTML, like Gecko) Chrome/140.0.7339.127 Mobile Safari/537.36 (compatible; Googlebot/2.1; +http://www.google.com/bot.html)"
172.68.245.133 - - [19/Sep/2025:11:01:28 -0700] "GET /?a=33543615 HTTP/1.1" 200 297807 "-" "Mozilla/5.0 (compatible; SemrushBot/7~bl; +http://www.semrush.com/bot.html)"
172.70.135.91 - - [19/Sep/2025:11:01:32 -0700] "GET /?a=81100515 HTTP/1.1" 200 297807 "-" "Mozilla/5.0 (compatible; SemrushBot/7~bl; +http://www.semrush.com/bot.html)"
172.71.254.189 - - [19/Sep/2025:11:01:33 -0700] "GET /?dir=%2Fproc%2F2839738 HTTP/1.1" 200 298763 "-" "Mozilla/5.0 (Linux; Android 6.0.1; Nexus 5X Build/MMB29P) AppleWebKit/537.36 (KHTML, like Gecko) Chrome/140.0.7339.127 Mobile Safari/537.36 (compatible; Googlebot/2.1; +http://www.google.com/bot.html)"
162.158.90.189 - - [19/Sep/2025:11:01:35 -0700] "GET /?dir=%2Fproc&dl=%2Fproc%2F2842676 HTTP/1.1" 200 366232 "-" "Mozilla/5.0 AppleWebKit/537.36 (KHTML, like Gecko; compatible; GPTBot/1.2; +https://openai.com/gptbot)"
172.71.254.189 - - [19/Sep/2025:11:01:37 -0700] "GET /products/27296987/ HTTP/1.1" 200 206235 "-" "Mozilla/5.0 (Linux; Android 6.0.1; Nexus 5X Build/MMB29P) AppleWebKit/537.36 (KHTML, like Gecko) Chrome/140.0.7339.127 Mobile Safari/537.36 (compatible; Googlebot/2.1; +http://www.google.com/bot.html)"
172.71.254.188 - - [19/Sep/2025:11:01:48 -0700] "GET /?dir=%2Fproc&dl=%2Fproc%2F2839735 HTTP/1.1" 200 367924 "-" "Mozilla/5.0 (Linux; Android 6.0.1; Nexus 5X Build/MMB29P) AppleWebKit/537.36 (KHTML, like Gecko) Chrome/140.0.7339.127 Mobile Safari/537.36 (compatible; Googlebot/2.1; +http://www.google.com/bot.html)"
172.70.34.96 - - [19/Sep/2025:11:01:52 -0700] "GET /?a=26687315 HTTP/1.1" 200 298751 "-" "Mozilla/5.0 (compatible; SemrushBot/7~bl; +http://www.semrush.com/bot.html)"
162.158.90.188 - - [19/Sep/2025:11:01:52 -0700] "GET /?dir=%2Fproc&dl=%2Fproc%2F2842787 HTTP/1.1" 200 366968 "-" "Mozilla/5.0 AppleWebKit/537.36 (KHTML, like Gecko; compatible; GPTBot/1.2; +https://openai.com/gptbot)"
108.162.216.58 - - [19/Sep/2025:11:02:01 -0700] "GET /products/16041287/ HTTP/1.1" 200 184757 "-" "Mozilla/5.0 (compatible; Googlebot/2.1; +http://www.google.com/bot.html)"
172.71.254.188 - - [19/Sep/2025:11:02:02 -0700] "GET /?dir=%2Fproc&dl=%2Fproc%2F2838852 HTTP/1.1" 200 366232 "-" "Mozilla/5.0 (Linux; Android 6.0.1; Nexus 5X Build/MMB29P) AppleWebKit/537.36 (KHTML, like Gecko) Chrome/140.0.7339.127 Mobile Safari/537.36 (compatible; Googlebot/2.1; +http://www.google.com/bot.html)"
172.70.34.96 - - [19/Sep/2025:11:02:04 -0700] "GET /?a=49022015 HTTP/1.1" 200 297807 "-" "Mozilla/5.0 (compatible; SemrushBot/7~bl; +http://www.semrush.com/bot.html)"
162.158.90.188 - - [19/Sep/2025:11:02:07 -0700] "GET /?dir=%2Fproc&dl=%2Fproc%2F2842813 HTTP/1.1" 200 365276 "-" "Mozilla/5.0 AppleWebKit/537.36 (KHTML, like Gecko; compatible; GPTBot/1.2; +https://openai.com/gptbot)"
172.70.34.96 - - [19/Sep/2025:11:02:08 -0700] "GET /?a=50307315 HTTP/1.1" 200 297807 "-" "Mozilla/5.0 (compatible; SemrushBot/7~bl; +http://www.semrush.com/bot.html)"
172.69.58.134 - - [19/Sep/2025:11:02:13 -0700] "GET /products/6647910/ HTTP/1.1" 200 188029 "-" "Mozilla/5.0 (Linux; Android 6.0.1; Nexus 5X Build/MMB29P) AppleWebKit/537.36 (KHTML, like Gecko) Chrome/140.0.7339.127 Mobile Safari/537.36 (compatible; Googlebot/2.1; +http://www.google.com/bot.html)"
172.70.43.110 - - [19/Sep/2025:11:02:11 -0700] "GET /?a=46109715 HTTP/1.1" 200 297807 "-" "Mozilla/5.0 (compatible; SemrushBot/7~bl; +http://www.semrush.com/bot.html)"
172.70.34.96 - - [19/Sep/2025:11:02:15 -0700] "GET /?a=33113515 HTTP/1.1" 200 297807 "-" "Mozilla/5.0 (compatible; SemrushBot/7~bl; +http://www.semrush.com/bot.html)"
172.69.58.134 - - [19/Sep/2025:11:02:17 -0700] "GET /?dir=%2Fproc%2F2642049 HTTP/1.1" 200 298751 "-" "Mozilla/5.0 (Linux; Android 6.0.1; Nexus 5X Build/MMB29P) AppleWebKit/537.36 (KHTML, like Gecko) Chrome/140.0.7339.127 Mobile Safari/537.36 (compatible; Googlebot/2.1; +http://www.google.com/bot.html)"
162.158.90.189 - - [19/Sep/2025:11:02:20 -0700] "GET /?dir=%2Fproc&dl=%2Fproc%2F2842778 HTTP/1.1" 200 365828 "-" "Mozilla/5.0 AppleWebKit/537.36 (KHTML, like Gecko; compatible; GPTBot/1.2; +https://openai.com/gptbot)"
172.71.190.146 - - [19/Sep/2025:11:02:20 -0700] "GET /?a=72422415 HTTP/1.1" 200 297807 "-" "Mozilla/5.0 (compatible; SemrushBot/7~bl; +http://www.semrush.com/bot.html)"
162.158.152.142 - - [19/Sep/2025:11:02:23 -0700] "GET /?a=27631015 HTTP/1.1" 200 298751 "-" "Mozilla/5.0 (compatible; SemrushBot/7~bl; +http://www.semrush.com/bot.html)"
172.71.254.189 - - [19/Sep/2025:11:02:28 -0700] "GET /products/17197210/ HTTP/1.1" 200 197781 "-" "Mozilla/5.0 (Linux; Android 6.0.1; Nexus 5X Build/MMB29P) AppleWebKit/537.36 (KHTML, like Gecko) Chrome/140.0.7339.127 Mobile Safari/537.36 (compatible; Googlebot/2.1; +http://www.google.com/bot.html)"
172.70.34.96 - - [19/Sep/2025:11:02:26 -0700] "GET /?a=30568915 HTTP/1.1" 200 298763 "-" "Mozilla/5.0 (compatible; SemrushBot/7~bl; +http://www.semrush.com/bot.html)"
172.71.190.146 - - [19/Sep/2025:11:02:30 -0700] "GET /?a=38264315 HTTP/1.1" 200 297807 "-" "Mozilla/5.0 (compatible; SemrushBot/7~bl; +http://www.semrush.com/bot.html)"
172.71.254.189 - - [19/Sep/2025:11:02:31 -0700] "GET /?dir=%2Fproc%2F2534171&dl=%2Fproc%2F2534171%2Fschedstat HTTP/1.1" 200 297807 "-" "Mozilla/5.0 (Linux; Android 6.0.1; Nexus 5X Build/MMB29P) AppleWebKit/537.36 (KHTML, like Gecko) Chrome/140.0.7339.127 Mobile Safari/537.36 (compatible; Googlebot/2.1; +http://www.google.com/bot.html)"
162.158.90.189 - - [19/Sep/2025:11:02:32 -0700] "GET /?dir=%2Fproc%2F2842823&dl=%2Fproc%2F2842823%2Fcoredump_filter HTTP/1.1" 200 297807 "-" "Mozilla/5.0 AppleWebKit/537.36 (KHTML, like Gecko; compatible; GPTBot/1.2; +https://openai.com/gptbot)"
172.70.39.133 - - [19/Sep/2025:11:02:37 -0700] "GET /?a=99149515 HTTP/1.1" 200 297807 "-" "Mozilla/5.0 (compatible; SemrushBot/7~bl; +http://www.semrush.com/bot.html)"
162.158.90.189 - - [19/Sep/2025:11:02:43 -0700] "GET /?dir=%2Fproc&dl=%2Fproc%2F2842900 HTTP/1.1" 200 369788 "-" "Mozilla/5.0 AppleWebKit/537.36 (KHTML, like Gecko; compatible; GPTBot/1.2; +https://openai.com/gptbot)"
172.71.254.189 - - [19/Sep/2025:11:02:46 -0700] "GET /?dir=%2Fproc%2F2534171&dl=%2Fproc%2F2534171%2Fstack HTTP/1.1" 200 297807 "-" "Mozilla/5.0 (Linux; Android 6.0.1; Nexus 5X Build/MMB29P) AppleWebKit/537.36 (KHTML, like Gecko) Chrome/140.0.7339.127 Mobile Safari/537.36 (compatible; Googlebot/2.1; +http://www.google.com/bot.html)"
104.23.209.83 - - [19/Sep/2025:11:02:48 -0700] "GET /?a=28719915 HTTP/1.1" 200 297795 "-" "Mozilla/5.0 (compatible; SemrushBot/7~bl; +http://www.semrush.com/bot.html)"
162.158.90.188 - - [19/Sep/2025:11:02:53 -0700] "GET /?dir=%2Fproc&dl=%2Fproc%2F2842883 HTTP/1.1" 200 369052 "-" "Mozilla/5.0 AppleWebKit/537.36 (KHTML, like Gecko; compatible; GPTBot/1.2; +https://openai.com/gptbot)"
172.71.190.146 - - [19/Sep/2025:11:02:54 -0700] "GET /?a=7974515 HTTP/1.1" 200 297807 "-" "Mozilla/5.0 (compatible; SemrushBot/7~bl; +http://www.semrush.com/bot.html)"
108.162.216.59 - - [19/Sep/2025:11:03:00 -0700] "GET /?dir=%2Fproc%2F2534171&dl=%2Fproc%2F2534171%2Fprojid_map HTTP/1.1" 200 297807 "-" "Mozilla/5.0 (Linux; Android 6.0.1; Nexus 5X Build/MMB29P) AppleWebKit/537.36 (KHTML, like Gecko) Chrome/140.0.7339.127 Mobile Safari/537.36 (compatible; Googlebot/2.1; +http://www.google.com/bot.html)"
162.158.90.189 - - [19/Sep/2025:11:03:02 -0700] "GET /?dir=%2Fproc&dl=%2Fproc%2F2129548 HTTP/1.1" 200 367348 "-" "Mozilla/5.0 AppleWebKit/537.36 (KHTML, like Gecko; compatible; GPTBot/1.2; +https://openai.com/gptbot)"
162.158.90.189 - - [19/Sep/2025:11:03:10 -0700] "GET /?dir=%2Fproc&dl=%2Fproc%2F2842798 HTTP/1.1" 200 366220 "-" "Mozilla/5.0 AppleWebKit/537.36 (KHTML, like Gecko; compatible; GPTBot/1.2; +https://openai.com/gptbot)"
172.70.39.134 - - [19/Sep/2025:11:03:13 -0700] "GET /?a=44212315 HTTP/1.1" 200 297807 "-" "Mozilla/5.0 (compatible; SemrushBot/7~bl; +http://www.semrush.com/bot.html)"
162.158.90.188 - - [19/Sep/2025:11:03:17 -0700] "GET /?dir=%2Fproc&dl=%2Fproc%2F2842803 HTTP/1.1" 200 364136 "-" "Mozilla/5.0 AppleWebKit/537.36 (KHTML, like Gecko; compatible; GPTBot/1.2; +https://openai.com/gptbot)"
172.71.254.188 - - [19/Sep/2025:11:03:22 -0700] "GET /?dir=%2Fproc%2F2841927 HTTP/1.1" 200 297807 "-" "Mozilla/5.0 (Linux; Android 6.0.1; Nexus 5X Build/MMB29P) AppleWebKit/537.36 (KHTML, like Gecko) Chrome/140.0.7339.127 Mobile Safari/537.36 (compatible; Googlebot/2.1; +http://www.google.com/bot.html)"
162.158.90.188 - - [19/Sep/2025:11:03:23 -0700] "GET /?dir=%2Fproc&dl=%2Fproc%2F2842902 HTTP/1.1" 200 365656 "-" "Mozilla/5.0 AppleWebKit/537.36 (KHTML, like Gecko; compatible; GPTBot/1.2; +https://openai.com/gptbot)"
172.68.245.132 - - [19/Sep/2025:11:03:27 -0700] "GET /?a=22769215 HTTP/1.1" 200 298763 "-" "Mozilla/5.0 (compatible; SemrushBot/7~bl; +http://www.semrush.com/bot.html)"
162.158.90.188 - - [19/Sep/2025:11:03:29 -0700] "GET /?dir=%2Fproc&dl=%2Fproc%2F2448691 HTTP/1.1" 200 366220 "-" "Mozilla/5.0 AppleWebKit/537.36 (KHTML, like Gecko; compatible; GPTBot/1.2; +https://openai.com/gptbot)"
172.70.174.25 - - [19/Sep/2025:11:03:31 -0700] "GET /?a=36899215 HTTP/1.1" 200 298763 "-" "Mozilla/5.0 (compatible; SemrushBot/7~bl; +http://www.semrush.com/bot.html)"
162.158.90.188 - - [19/Sep/2025:11:03:34 -0700] "GET /?dir=%2Fproc&dl=%2Fproc%2F2842786 HTTP/1.1" 200 366404 "-" "Mozilla/5.0 AppleWebKit/537.36 (KHTML, like Gecko; compatible; GPTBot/1.2; +https://openai.com/gptbot)"
172.71.254.188 - - [19/Sep/2025:11:03:36 -0700] "GET /?dir=%2Fproc&edit=%2Fproc%2F2841922 HTTP/1.1" 200 367348 "-" "Mozilla/5.0 (Linux; Android 6.0.1; Nexus 5X Build/MMB29P) AppleWebKit/537.36 (KHTML, like Gecko) Chrome/140.0.7339.127 Mobile Safari/537.36 (compatible; Googlebot/2.1; +http://www.google.com/bot.html)"
162.158.90.188 - - [19/Sep/2025:11:03:39 -0700] "GET /?dir=%2Fproc%2F2842823%2F.. HTTP/1.1" 200 297795 "-" "Mozilla/5.0 AppleWebKit/537.36 (KHTML, like Gecko; compatible; GPTBot/1.2; +https://openai.com/gptbot)"
162.158.90.188 - - [19/Sep/2025:11:03:43 -0700] "GET /?dir=%2Fproc&edit=%2Fproc%2F2842928 HTTP/1.1" 200 366784 "-" "Mozilla/5.0 AppleWebKit/537.36 (KHTML, like Gecko; compatible; GPTBot/1.2; +https://openai.com/gptbot)"
172.71.190.147 - - [19/Sep/2025:11:03:44 -0700] "GET /?a=31122515 HTTP/1.1" 200 297807 "-" "Mozilla/5.0 (compatible; SemrushBot/7~bl; +http://www.semrush.com/bot.html)"
162.158.90.188 - - [19/Sep/2025:11:03:47 -0700] "GET /?dir=%2Fhome%2Fayaclass%2Fpublic_html%2Fpublic&dl=%2Fhome%2Fayaclass%2Fpublic_html%2Fpublic%2F.. HTTP/1.1" 200 297807 "-" "Mozilla/5.0 AppleWebKit/537.36 (KHTML, like Gecko; compatible; GPTBot/1.2; +https://openai.com/gptbot)"
162.158.90.188 - - [19/Sep/2025:11:03:50 -0700] "GET /?dir=%2Fproc&dl=%2Fproc%2F2842887 HTTP/1.1" 200 364712 "-" "Mozilla/5.0 AppleWebKit/537.36 (KHTML, like Gecko; compatible; GPTBot/1.2; +https://openai.com/gptbot)"
172.71.254.188 - - [19/Sep/2025:11:03:51 -0700] "GET /?dir=%2Fproc&edit=%2Fproc%2F2841877 HTTP/1.1" 200 364712 "-" "Mozilla/5.0 (Linux; Android 6.0.1; Nexus 5X Build/MMB29P) AppleWebKit/537.36 (KHTML, like Gecko) Chrome/140.0.7339.127 Mobile Safari/537.36 (compatible; Googlebot/2.1; +http://www.google.com/bot.html)"
172.71.254.188 - - [19/Sep/2025:11:03:53 -0700] "GET /?dir=%2Fproc&dl=%2Fproc%2F2841089 HTTP/1.1" 200 365092 "-" "Mozilla/5.0 (Linux; Android 6.0.1; Nexus 5X Build/MMB29P) AppleWebKit/537.36 (KHTML, like Gecko) Chrome/140.0.7339.127 Mobile Safari/537.36 (compatible; Googlebot/2.1; +http://www.google.com/bot.html)"
162.158.90.188 - - [19/Sep/2025:11:03:53 -0700] "GET /?dir=%2Fproc&dl=%2Fproc%2F2843034 HTTP/1.1" 200 364712 "-" "Mozilla/5.0 AppleWebKit/537.36 (KHTML, like Gecko; compatible; GPTBot/1.2; +https://openai.com/gptbot)"
162.158.90.188 - - [19/Sep/2025:11:03:56 -0700] "GET /?dir=%2Fproc&dl=%2Fproc%2F2843097 HTTP/1.1" 200 365840 "-" "Mozilla/5.0 AppleWebKit/537.36 (KHTML, like Gecko; compatible; GPTBot/1.2; +https://openai.com/gptbot)"
162.158.90.188 - - [19/Sep/2025:11:03:59 -0700] "GET /?dir=%2Fproc&dl=%2Fproc%2F2842996 HTTP/1.1" 200 366232 "-" "Mozilla/5.0 AppleWebKit/537.36 (KHTML, like Gecko; compatible; GPTBot/1.2; +https://openai.com/gptbot)"
162.158.90.188 - - [19/Sep/2025:11:04:01 -0700] "GET /?dir=%2Fproc&dl=%2Fproc%2F2842896 HTTP/1.1" 429 17 "-" "Mozilla/5.0 AppleWebKit/537.36 (KHTML, like Gecko; compatible; GPTBot/1.2; +https://openai.com/gptbot)"
162.158.90.188 - - [19/Sep/2025:11:04:03 -0700] "GET /?dir=%2Fproc&dl=%2Fproc%2F2097167 HTTP/1.1" 429 17 "-" "Mozilla/5.0 AppleWebKit/537.36 (KHTML, like Gecko; compatible; GPTBot/1.2; +https://openai.com/gptbot)"
108.162.216.58 - - [19/Sep/2025:11:04:07 -0700] "GET /products/19973709/ HTTP/1.1" 200 189902 "-" "Mozilla/5.0 (Linux; Android 6.0.1; Nexus 5X Build/MMB29P) AppleWebKit/537.36 (KHTML, like Gecko) Chrome/140.0.7339.127 Mobile Safari/537.36 (compatible; Googlebot/2.1; +http://www.google.com/bot.html)"
172.71.254.189 - - [19/Sep/2025:11:04:09 -0700] "GET /?dir=%2Fproc%2F2841911 HTTP/1.1" 200 298751 "-" "Mozilla/5.0 (Linux; Android 6.0.1; Nexus 5X Build/MMB29P) AppleWebKit/537.36 (KHTML, like Gecko) Chrome/140.0.7339.127 Mobile Safari/537.36 (compatible; Googlebot/2.1; +http://www.google.com/bot.html)"
162.158.90.188 - - [19/Sep/2025:11:04:09 -0700] "GET /?dir=%2Fproc&dl=%2Fproc%2F2842859 HTTP/1.1" 200 366392 "-" "Mozilla/5.0 AppleWebKit/537.36 (KHTML, like Gecko; compatible; GPTBot/1.2; +https://openai.com/gptbot)"
172.69.58.135 - - [19/Sep/2025:11:04:22 -0700] "GET /products/1115565/ HTTP/1.1" 200 197921 "-" "Mozilla/5.0 (compatible; Googlebot/2.1; +http://www.google.com/bot.html)"
172.69.58.135 - - [19/Sep/2025:11:04:23 -0700] "GET /?dir=%2Fproc&dl=%2Fproc%2F2841885 HTTP/1.1" 200 366404 "-" "Mozilla/5.0 (Linux; Android 6.0.1; Nexus 5X Build/MMB29P) AppleWebKit/537.36 (KHTML, like Gecko) Chrome/140.0.7339.127 Mobile Safari/537.36 (compatible; Googlebot/2.1; +http://www.google.com/bot.html)"
172.69.34.183 - - [19/Sep/2025:11:04:27 -0700] "GET /assets/default/js/parts/navbar.min.js HTTP/1.1" 200 - "https://www.ayaclass.com/?dir=%2Fproc&dl=%2Fproc%2F2841885" "Mozilla/5.0 (Linux; Android 6.0.1; Nexus 5X Build/MMB29P) AppleWebKit/537.36 (KHTML, like Gecko) Chrome/139.0.7258.127 Mobile Safari/537.36 (compatible; Googlebot/2.1; +http://www.google.com/bot.html)"
162.158.90.189 - - [19/Sep/2025:11:04:27 -0700] "GET /?dir=%2Fproc&dl=%2Fproc%2F2843082 HTTP/1.1" 200 368488 "-" "Mozilla/5.0 AppleWebKit/537.36 (KHTML, like Gecko; compatible; GPTBot/1.2; +https://openai.com/gptbot)"
172.71.254.188 - - [19/Sep/2025:11:04:37 -0700] "GET /?dir=%2Fproc&dl=%2Fproc%2F2841919 HTTP/1.1" 200 366392 "-" "Mozilla/5.0 (Linux; Android 6.0.1; Nexus 5X Build/MMB29P) AppleWebKit/537.36 (KHTML, like Gecko) Chrome/140.0.7339.127 Mobile Safari/537.36 (compatible; Googlebot/2.1; +http://www.google.com/bot.html)"
172.71.254.188 - - [19/Sep/2025:11:04:40 -0700] "GET /products/29608154/ HTTP/1.1" 200 199128 "-" "Mozilla/5.0 (Linux; Android 6.0.1; Nexus 5X Build/MMB29P) AppleWebKit/537.36 (KHTML, like Gecko) Chrome/140.0.7339.127 Mobile Safari/537.36 (compatible; Googlebot/2.1; +http://www.google.com/bot.html)"
162.158.90.188 - - [19/Sep/2025:11:04:43 -0700] "GET /?dir=%2Fproc&dl=%2Fproc%2F2067975 HTTP/1.1" 200 366235 "-" "Mozilla/5.0 AppleWebKit/537.36 (KHTML, like Gecko; compatible; GPTBot/1.2; +https://openai.com/gptbot)"
172.71.254.189 - - [19/Sep/2025:11:04:52 -0700] "GET /?dir=%2Fproc%2F2841890 HTTP/1.1" 200 298751 "-" "Mozilla/5.0 (Linux; Android 6.0.1; Nexus 5X Build/MMB29P) AppleWebKit/537.36 (KHTML, like Gecko) Chrome/140.0.7339.127 Mobile Safari/537.36 (compatible; Googlebot/2.1; +http://www.google.com/bot.html)"
162.158.90.189 - - [19/Sep/2025:11:04:58 -0700] "GET /?dir=%2Fproc&dl=%2Fproc%2F2842989 HTTP/1.1" 200 365092 "-" "Mozilla/5.0 AppleWebKit/537.36 (KHTML, like Gecko; compatible; GPTBot/1.2; +https://openai.com/gptbot)"
172.70.174.25 - - [19/Sep/2025:11:05:04 -0700] "GET /?a=77079215 HTTP/1.1" 200 297807 "-" "Mozilla/5.0 (compatible; SemrushBot/7~bl; +http://www.semrush.com/bot.html)"
172.71.254.188 - - [19/Sep/2025:11:05:06 -0700] "GET /?dir=%2Fproc%2F2841919 HTTP/1.1" 200 298751 "-" "Mozilla/5.0 (Linux; Android 6.0.1; Nexus 5X Build/MMB29P) AppleWebKit/537.36 (KHTML, like Gecko) Chrome/140.0.7339.127 Mobile Safari/537.36 (compatible; Googlebot/2.1; +http://www.google.com/bot.html)"
162.158.90.189 - - [19/Sep/2025:11:05:12 -0700] "GET /?dir=%2Fproc&dl=%2Fproc%2F2843118 HTTP/1.1" 200 364700 "-" "Mozilla/5.0 AppleWebKit/537.36 (KHTML, like Gecko; compatible; GPTBot/1.2; +https://openai.com/gptbot)"
172.69.58.135 - - [19/Sep/2025:11:05:15 -0700] "GET /products/5999465/ HTTP/1.1" 200 199142 "-" "Mozilla/5.0 (compatible; Googlebot/2.1; +http://www.google.com/bot.html)"
172.70.34.96 - - [19/Sep/2025:11:05:18 -0700] "GET /?a=43403415 HTTP/1.1" 200 297807 "-" "Mozilla/5.0 (compatible; SemrushBot/7~bl; +http://www.semrush.com/bot.html)"
172.71.254.189 - - [19/Sep/2025:11:05:20 -0700] "GET /?dir=%2Fproc&edit=%2Fproc%2F2841886 HTTP/1.1" 200 366404 "-" "Mozilla/5.0 (Linux; Android 6.0.1; Nexus 5X Build/MMB29P) AppleWebKit/537.36 (KHTML, like Gecko) Chrome/140.0.7339.127 Mobile Safari/537.36 (compatible; Googlebot/2.1; +http://www.google.com/bot.html)"
172.71.254.189 - - [19/Sep/2025:11:05:22 -0700] "GET /products/11856098/ HTTP/1.1" 200 208770 "-" "Mozilla/5.0 (Linux; Android 6.0.1; Nexus 5X Build/MMB29P) AppleWebKit/537.36 (KHTML, like Gecko) Chrome/140.0.7339.127 Mobile Safari/537.36 (compatible; Googlebot/2.1; +http://www.google.com/bot.html)"
172.70.39.134 - - [19/Sep/2025:11:05:22 -0700] "GET /?a=42132015 HTTP/1.1" 200 297807 "-" "Mozilla/5.0 (compatible; SemrushBot/7~bl; +http://www.semrush.com/bot.html)"
162.158.90.189 - - [19/Sep/2025:11:05:24 -0700] "GET /?dir=%2Fproc&dl=%2Fproc%2F2843141 HTTP/1.1" 200 366796 "-" "Mozilla/5.0 AppleWebKit/537.36 (KHTML, like Gecko; compatible; GPTBot/1.2; +https://openai.com/gptbot)"
172.71.254.188 - - [19/Sep/2025:11:05:28 -0700] "GET /?dir=%2Fproc&dl=%2Fproc%2F2841877 HTTP/1.1" 200 366220 "-" "Mozilla/5.0 (Linux; Android 6.0.1; Nexus 5X Build/MMB29P) AppleWebKit/537.36 (KHTML, like Gecko) Chrome/140.0.7339.127 Mobile Safari/537.36 (compatible; Googlebot/2.1; +http://www.google.com/bot.html)"
162.158.90.189 - - [19/Sep/2025:11:05:36 -0700] "GET /?dir=%2Fproc&dl=%2Fproc%2F2046845 HTTP/1.1" 200 365656 "-" "Mozilla/5.0 AppleWebKit/537.36 (KHTML, like Gecko; compatible; GPTBot/1.2; +https://openai.com/gptbot)"
172.71.254.188 - - [19/Sep/2025:11:05:39 -0700] "GET /?dir=%2Fproc%2F2841906 HTTP/1.1" 200 297807 "-" "Mozilla/5.0 (Linux; Android 6.0.1; Nexus 5X Build/MMB29P) AppleWebKit/537.36 (KHTML, like Gecko) Chrome/140.0.7339.127 Mobile Safari/537.36 (compatible; Googlebot/2.1; +http://www.google.com/bot.html)"
172.70.135.91 - - [19/Sep/2025:11:05:39 -0700] "GET /?a=72138715 HTTP/1.1" 200 298763 "-" "Mozilla/5.0 (compatible; SemrushBot/7~bl; +http://www.semrush.com/bot.html)"
172.71.254.188 - - [19/Sep/2025:11:05:44 -0700] "GET /products/8877310/ HTTP/1.1" 200 191999 "-" "Mozilla/5.0 (compatible; Googlebot/2.1; +http://www.google.com/bot.html)"
162.158.90.189 - - [19/Sep/2025:11:05:45 -0700] "GET /?dir=%2Fproc&dl=%2Fproc%2F2501495 HTTP/1.1" 200 367927 "-" "Mozilla/5.0 AppleWebKit/537.36 (KHTML, like Gecko; compatible; GPTBot/1.2; +https://openai.com/gptbot)"
162.158.90.189 - - [19/Sep/2025:11:05:53 -0700] "GET /?dir=%2Fproc&dl=%2Fproc%2F2843124 HTTP/1.1" 200 367924 "-" "Mozilla/5.0 AppleWebKit/537.36 (KHTML, like Gecko; compatible; GPTBot/1.2; +https://openai.com/gptbot)"
