172.70.179.169 - - [19/Sep/2025:12:22:13 -0700] "GET /?dir=%2Fproc%2F2846130&edit=%2Fproc%2F2846130%2Fcwd HTTP/1.1" 200 316952 "-" "Mozilla/5.0 (Linux; Android 6.0.1; Nexus 5X Build/MMB29P) AppleWebKit/537.36 (KHTML, like Gecko) Chrome/140.0.7339.127 Mobile Safari/537.36 (compatible; Googlebot/2.1; +http://www.google.com/bot.html)"
172.70.179.169 - - [19/Sep/2025:12:22:15 -0700] "GET /?dir=%2Fusr%2Flib64&edit=%2Fusr%2Flib64%2Flibss.so.2.0 HTTP/1.1" 200 42855 "-" "Mozilla/5.0 (Linux; Android 6.0.1; Nexus 5X Build/MMB29P) AppleWebKit/537.36 (KHTML, like Gecko) Chrome/140.0.7339.127 Mobile Safari/537.36 (compatible; Googlebot/2.1; +http://www.google.com/bot.html)"
162.158.90.188 - - [19/Sep/2025:12:22:14 -0700] "GET /?dir=%2Fproc&dl=%2Fproc%2F2389745 HTTP/1.1" 200 388400 "-" "Mozilla/5.0 AppleWebKit/537.36 (KHTML, like Gecko; compatible; GPTBot/1.2; +https://openai.com/gptbot)"
172.69.58.134 - - [19/Sep/2025:12:22:16 -0700] "GET /?dir=%2Fproc%2F2846130&dl=%2Fproc%2F2846130%2Fprojid_map HTTP/1.1" 200 - "-" "Mozilla/5.0 (Linux; Android 6.0.1; Nexus 5X Build/MMB29P) AppleWebKit/537.36 (KHTML, like Gecko) Chrome/140.0.7339.127 Mobile Safari/537.36 (compatible; Googlebot/2.1; +http://www.google.com/bot.html)"
172.69.58.134 - - [19/Sep/2025:12:22:17 -0700] "GET /?dir=%2Fproc%2F2846130&dl=%2Fproc%2F2846130%2Floginuid HTTP/1.1" 200 10 "-" "Mozilla/5.0 (Linux; Android 6.0.1; Nexus 5X Build/MMB29P) AppleWebKit/537.36 (KHTML, like Gecko) Chrome/140.0.7339.127 Mobile Safari/537.36 (compatible; Googlebot/2.1; +http://www.google.com/bot.html)"
172.69.58.134 - - [19/Sep/2025:12:22:19 -0700] "GET /?dir=%2Fproc%2F2846585&dl=%2Fproc%2F2846585%2Fattr HTTP/1.1" 200 315996 "-" "Mozilla/5.0 (Linux; Android 6.0.1; Nexus 5X Build/MMB29P) AppleWebKit/537.36 (KHTML, like Gecko) Chrome/140.0.7339.127 Mobile Safari/537.36 (compatible; Googlebot/2.1; +http://www.google.com/bot.html)"
172.70.179.169 - - [19/Sep/2025:12:22:22 -0700] "GET /?dir=%2Fproc%2F2846585&dl=%2Fproc%2F2846585%2Fuid_map HTTP/1.1" 200 33 "-" "Mozilla/5.0 (Linux; Android 6.0.1; Nexus 5X Build/MMB29P) AppleWebKit/537.36 (KHTML, like Gecko) Chrome/140.0.7339.127 Mobile Safari/537.36 (compatible; Googlebot/2.1; +http://www.google.com/bot.html)"
162.158.90.188 - - [19/Sep/2025:12:22:23 -0700] "GET /?dir=%2Fproc&dl=%2Fproc%2F2849482 HTTP/1.1" 200 388388 "-" "Mozilla/5.0 AppleWebKit/537.36 (KHTML, like Gecko; compatible; GPTBot/1.2; +https://openai.com/gptbot)"
172.69.58.134 - - [19/Sep/2025:12:22:24 -0700] "GET /?dir=%2Fproc%2F2847837 HTTP/1.1" 200 298763 "-" "Mozilla/5.0 (Linux; Android 6.0.1; Nexus 5X Build/MMB29P) AppleWebKit/537.36 (KHTML, like Gecko) Chrome/140.0.7339.127 Mobile Safari/537.36 (compatible; Googlebot/2.1; +http://www.google.com/bot.html)"
172.69.58.134 - - [19/Sep/2025:12:22:26 -0700] "GET /?dir=%2Fproc&dl=%2Fproc%2F2847746 HTTP/1.1" 200 388780 "-" "Mozilla/5.0 (Linux; Android 6.0.1; Nexus 5X Build/MMB29P) AppleWebKit/537.36 (KHTML, like Gecko) Chrome/140.0.7339.127 Mobile Safari/537.36 (compatible; Googlebot/2.1; +http://www.google.com/bot.html)"
172.70.179.169 - - [19/Sep/2025:12:22:28 -0700] "GET /?dir=%2Fproc%2F2846585&edit=%2Fproc%2F2846585%2Ffd HTTP/1.1" 200 316940 "-" "Mozilla/5.0 (Linux; Android 6.0.1; Nexus 5X Build/MMB29P) AppleWebKit/537.36 (KHTML, like Gecko) Chrome/140.0.7339.127 Mobile Safari/537.36 (compatible; Googlebot/2.1; +http://www.google.com/bot.html)"
172.69.58.134 - - [19/Sep/2025:12:22:30 -0700] "GET /?dir=%2Fproc%2F2846585&dl=%2Fproc%2F2846585%2Fsyscall HTTP/1.1" 200 - "-" "Mozilla/5.0 (Linux; Android 6.0.1; Nexus 5X Build/MMB29P) AppleWebKit/537.36 (KHTML, like Gecko) Chrome/140.0.7339.127 Mobile Safari/537.36 (compatible; Googlebot/2.1; +http://www.google.com/bot.html)"
172.70.179.169 - - [19/Sep/2025:12:22:31 -0700] "GET /products/3237576/ HTTP/1.1" 200 206645 "-" "Mozilla/5.0 (Linux; Android 6.0.1; Nexus 5X Build/MMB29P) AppleWebKit/537.36 (KHTML, like Gecko) Chrome/140.0.7339.185 Mobile Safari/537.36 (compatible; Googlebot/2.1; +http://www.google.com/bot.html)"
162.158.90.188 - - [19/Sep/2025:12:22:30 -0700] "GET /?dir=%2Fproc&dl=%2Fproc%2F2849669 HTTP/1.1" 200 388388 "-" "Mozilla/5.0 AppleWebKit/537.36 (KHTML, like Gecko; compatible; GPTBot/1.2; +https://openai.com/gptbot)"
172.70.179.169 - - [19/Sep/2025:12:22:32 -0700] "GET /?dir=%2Fproc&dl=%2Fproc%2F2847752 HTTP/1.1" 200 389344 "-" "Mozilla/5.0 (Linux; Android 6.0.1; Nexus 5X Build/MMB29P) AppleWebKit/537.36 (KHTML, like Gecko) Chrome/140.0.7339.127 Mobile Safari/537.36 (compatible; Googlebot/2.1; +http://www.google.com/bot.html)"
172.69.58.135 - - [19/Sep/2025:12:22:35 -0700] "GET /?dir=%2Fproc%2F2846585&dl=%2Fproc%2F2846585%2Faio HTTP/1.1" 200 - "-" "Mozilla/5.0 (Linux; Android 6.0.1; Nexus 5X Build/MMB29P) AppleWebKit/537.36 (KHTML, like Gecko) Chrome/140.0.7339.127 Mobile Safari/537.36 (compatible; Googlebot/2.1; +http://www.google.com/bot.html)"
172.70.179.169 - - [19/Sep/2025:12:22:37 -0700] "GET /?dir=%2Fproc&dl=%2Fproc%2F2847869 HTTP/1.1" 200 388228 "-" "Mozilla/5.0 (Linux; Android 6.0.1; Nexus 5X Build/MMB29P) AppleWebKit/537.36 (KHTML, like Gecko) Chrome/140.0.7339.127 Mobile Safari/537.36 (compatible; Googlebot/2.1; +http://www.google.com/bot.html)"
162.158.90.188 - - [19/Sep/2025:12:22:37 -0700] "GET /?dir=%2Fproc&dl=%2Fproc%2F2173289 HTTP/1.1" 200 388216 "-" "Mozilla/5.0 AppleWebKit/537.36 (KHTML, like Gecko; compatible; GPTBot/1.2; +https://openai.com/gptbot)"
172.69.17.30 - - [19/Sep/2025:12:22:39 -0700] "GET /?dir=%2Fproc&edit=%2Fproc%2F2847847 HTTP/1.1" 200 386708 "-" "Mozilla/5.0 (Linux; Android 6.0.1; Nexus 5X Build/MMB29P) AppleWebKit/537.36 (KHTML, like Gecko) Chrome/140.0.7339.127 Mobile Safari/537.36 (compatible; Googlebot/2.1; +http://www.google.com/bot.html)"
172.69.58.134 - - [19/Sep/2025:12:22:41 -0700] "GET /?dir=%2Fproc&dl=%2Fproc%2F2847803 HTTP/1.1" 200 386696 "-" "Mozilla/5.0 (Linux; Android 6.0.1; Nexus 5X Build/MMB29P) AppleWebKit/537.36 (KHTML, like Gecko) Chrome/140.0.7339.127 Mobile Safari/537.36 (compatible; Googlebot/2.1; +http://www.google.com/bot.html)"
172.69.17.30 - - [19/Sep/2025:12:22:42 -0700] "GET /?dir=%2Fproc%2F2847848 HTTP/1.1" 200 298751 "-" "Mozilla/5.0 (Linux; Android 6.0.1; Nexus 5X Build/MMB29P) AppleWebKit/537.36 (KHTML, like Gecko) Chrome/140.0.7339.127 Mobile Safari/537.36 (compatible; Googlebot/2.1; +http://www.google.com/bot.html)"
162.158.90.188 - - [19/Sep/2025:12:22:43 -0700] "GET /?dir=%2Fproc&dl=%2Fproc%2F2849802 HTTP/1.1" 200 387272 "-" "Mozilla/5.0 AppleWebKit/537.36 (KHTML, like Gecko; compatible; GPTBot/1.2; +https://openai.com/gptbot)"
172.70.179.170 - - [19/Sep/2025:12:22:44 -0700] "GET /?dir=%2Fproc&dl=%2Fproc%2F2848231 HTTP/1.1" 200 387836 "-" "Mozilla/5.0 (Linux; Android 6.0.1; Nexus 5X Build/MMB29P) AppleWebKit/537.36 (KHTML, like Gecko) Chrome/140.0.7339.127 Mobile Safari/537.36 (compatible; Googlebot/2.1; +http://www.google.com/bot.html)"
172.70.179.170 - - [19/Sep/2025:12:22:46 -0700] "GET /?dir=%2Fproc%2F2846585&dl=%2Fproc%2F2846585%2Froot HTTP/1.1" 200 316955 "-" "Mozilla/5.0 (Linux; Android 6.0.1; Nexus 5X Build/MMB29P) AppleWebKit/537.36 (KHTML, like Gecko) Chrome/140.0.7339.127 Mobile Safari/537.36 (compatible; Googlebot/2.1; +http://www.google.com/bot.html)"
172.69.58.134 - - [19/Sep/2025:12:22:48 -0700] "GET /?dir=%2Fproc%2F2846585&edit=%2Fproc%2F2846585%2Fschedstat HTTP/1.1" 200 588 "-" "Mozilla/5.0 (Linux; Android 6.0.1; Nexus 5X Build/MMB29P) AppleWebKit/537.36 (KHTML, like Gecko) Chrome/140.0.7339.127 Mobile Safari/537.36 (compatible; Googlebot/2.1; +http://www.google.com/bot.html)"
172.69.17.31 - - [19/Sep/2025:12:22:50 -0700] "GET /?dir=%2Fproc%2F2846420&edit=%2Fproc%2F2846420%2Fstatm HTTP/1.1" 200 589 "-" "Mozilla/5.0 (Linux; Android 6.0.1; Nexus 5X Build/MMB29P) AppleWebKit/537.36 (KHTML, like Gecko) Chrome/140.0.7339.127 Mobile Safari/537.36 (compatible; Googlebot/2.1; +http://www.google.com/bot.html)"
162.158.90.188 - - [19/Sep/2025:12:22:48 -0700] "GET /?dir=%2Fproc&dl=%2Fproc%2F2849729 HTTP/1.1" 200 388228 "-" "Mozilla/5.0 AppleWebKit/537.36 (KHTML, like Gecko; compatible; GPTBot/1.2; +https://openai.com/gptbot)"
172.70.131.117 - - [19/Sep/2025:12:22:51 -0700] "GET /products/9251221/ HTTP/1.1" 200 205781 "-" "Mozilla/5.0 (compatible; Googlebot/2.1; +http://www.google.com/bot.html)"
172.69.17.31 - - [19/Sep/2025:12:22:52 -0700] "GET /?dir=%2Fproc%2F2534168&dl=%2Fproc%2F2534168%2Floginuid HTTP/1.1" 200 297795 "-" "Mozilla/5.0 (Linux; Android 6.0.1; Nexus 5X Build/MMB29P) AppleWebKit/537.36 (KHTML, like Gecko) Chrome/140.0.7339.127 Mobile Safari/537.36 (compatible; Googlebot/2.1; +http://www.google.com/bot.html)"
172.69.17.31 - - [19/Sep/2025:12:22:54 -0700] "GET /?dir=%2Fproc%2F2846420&edit=%2Fproc%2F2846420%2Fmountstats HTTP/1.1" 200 560 "-" "Mozilla/5.0 (Linux; Android 6.0.1; Nexus 5X Build/MMB29P) AppleWebKit/537.36 (KHTML, like Gecko) Chrome/140.0.7339.127 Mobile Safari/537.36 (compatible; Googlebot/2.1; +http://www.google.com/bot.html)"
172.70.179.170 - - [19/Sep/2025:12:22:55 -0700] "GET /?dir=%2Fproc%2F2846847&dl=%2Fproc%2F2846847%2Floginuid HTTP/1.1" 200 10 "-" "Mozilla/5.0 (Linux; Android 6.0.1; Nexus 5X Build/MMB29P) AppleWebKit/537.36 (KHTML, like Gecko) Chrome/140.0.7339.127 Mobile Safari/537.36 (compatible; Googlebot/2.1; +http://www.google.com/bot.html)"
162.158.90.188 - - [19/Sep/2025:12:22:54 -0700] "GET /?dir=%2Fproc&dl=%2Fproc%2F2497537 HTTP/1.1" 200 386708 "-" "Mozilla/5.0 AppleWebKit/537.36 (KHTML, like Gecko; compatible; GPTBot/1.2; +https://openai.com/gptbot)"
172.70.131.117 - - [19/Sep/2025:12:22:56 -0700] "GET /?dir=%2Fproc%2F2847691 HTTP/1.1" 200 298763 "-" "Mozilla/5.0 (Linux; Android 6.0.1; Nexus 5X Build/MMB29P) AppleWebKit/537.36 (KHTML, like Gecko) Chrome/140.0.7339.127 Mobile Safari/537.36 (compatible; Googlebot/2.1; +http://www.google.com/bot.html)"
172.69.58.135 - - [19/Sep/2025:12:22:58 -0700] "GET /?dir=%2Fproc%2F2846827&edit=%2Fproc%2F2846827%2Fsetgroups HTTP/1.1" 200 565 "-" "Mozilla/5.0 (Linux; Android 6.0.1; Nexus 5X Build/MMB29P) AppleWebKit/537.36 (KHTML, like Gecko) Chrome/140.0.7339.127 Mobile Safari/537.36 (compatible; Googlebot/2.1; +http://www.google.com/bot.html)"
172.70.179.170 - - [19/Sep/2025:12:22:59 -0700] "GET /?dir=%2Fproc%2F2846827&edit=%2Fproc%2F2846827%2Ftimers HTTP/1.1" 200 556 "-" "Mozilla/5.0 (Linux; Android 6.0.1; Nexus 5X Build/MMB29P) AppleWebKit/537.36 (KHTML, like Gecko) Chrome/140.0.7339.127 Mobile Safari/537.36 (compatible; Googlebot/2.1; +http://www.google.com/bot.html)"
162.158.90.188 - - [19/Sep/2025:12:22:58 -0700] "GET /?dir=%2Fproc%2F2849966 HTTP/1.1" 200 315984 "-" "Mozilla/5.0 AppleWebKit/537.36 (KHTML, like Gecko; compatible; GPTBot/1.2; +https://openai.com/gptbot)"
172.70.179.170 - - [19/Sep/2025:12:23:00 -0700] "GET /?dir=%2Fproc%2F2846847&dl=%2Fproc%2F2846847%2Fmounts HTTP/1.1" 200 4271 "-" "Mozilla/5.0 (Linux; Android 6.0.1; Nexus 5X Build/MMB29P) AppleWebKit/537.36 (KHTML, like Gecko) Chrome/140.0.7339.127 Mobile Safari/537.36 (compatible; Googlebot/2.1; +http://www.google.com/bot.html)"
172.68.245.133 - - [19/Sep/2025:12:23:00 -0700] "GET /?a=37539415 HTTP/1.1" 200 298751 "-" "Mozilla/5.0 (compatible; SemrushBot/7~bl; +http://www.semrush.com/bot.html)"
162.158.90.188 - - [19/Sep/2025:12:23:02 -0700] "GET /?dir=%2Fproc&dl=%2Fproc%2F2849827 HTTP/1.1" 200 387260 "-" "Mozilla/5.0 AppleWebKit/537.36 (KHTML, like Gecko; compatible; GPTBot/1.2; +https://openai.com/gptbot)"
172.69.58.135 - - [19/Sep/2025:12:23:02 -0700] "GET /?dir=%2Fproc&edit=%2Fproc%2F2847557 HTTP/1.1" 200 388216 "-" "Mozilla/5.0 (Linux; Android 6.0.1; Nexus 5X Build/MMB29P) AppleWebKit/537.36 (KHTML, like Gecko) Chrome/140.0.7339.127 Mobile Safari/537.36 (compatible; Googlebot/2.1; +http://www.google.com/bot.html)"
172.69.58.135 - - [19/Sep/2025:12:23:04 -0700] "GET /?dir=%2Fproc%2F2846827&edit=%2Fproc%2F2846827%2Fsched HTTP/1.1" 200 1632 "-" "Mozilla/5.0 (Linux; Android 6.0.1; Nexus 5X Build/MMB29P) AppleWebKit/537.36 (KHTML, like Gecko) Chrome/140.0.7339.127 Mobile Safari/537.36 (compatible; Googlebot/2.1; +http://www.google.com/bot.html)"
172.70.179.170 - - [19/Sep/2025:12:23:05 -0700] "GET /?dir=%2Fproc&edit=%2Fproc%2F2847613 HTTP/1.1" 200 387836 "-" "Mozilla/5.0 (Linux; Android 6.0.1; Nexus 5X Build/MMB29P) AppleWebKit/537.36 (KHTML, like Gecko) Chrome/140.0.7339.127 Mobile Safari/537.36 (compatible; Googlebot/2.1; +http://www.google.com/bot.html)"
162.158.90.188 - - [19/Sep/2025:12:23:05 -0700] "GET /?dir=%2Fproc&dl=%2Fproc%2F2849872 HTTP/1.1" 200 388780 "-" "Mozilla/5.0 AppleWebKit/537.36 (KHTML, like Gecko; compatible; GPTBot/1.2; +https://openai.com/gptbot)"
172.69.58.135 - - [19/Sep/2025:12:23:07 -0700] "GET /?dir=%2Fproc&edit=%2Fproc%2F2847691 HTTP/1.1" 200 387836 "-" "Mozilla/5.0 (Linux; Android 6.0.1; Nexus 5X Build/MMB29P) AppleWebKit/537.36 (KHTML, like Gecko) Chrome/140.0.7339.127 Mobile Safari/537.36 (compatible; Googlebot/2.1; +http://www.google.com/bot.html)"
172.70.179.170 - - [19/Sep/2025:12:23:08 -0700] "GET /?dir=%2Fproc&edit=%2Fproc%2F2847710 HTTP/1.1" 200 386708 "-" "Mozilla/5.0 (Linux; Android 6.0.1; Nexus 5X Build/MMB29P) AppleWebKit/537.36 (KHTML, like Gecko) Chrome/140.0.7339.127 Mobile Safari/537.36 (compatible; Googlebot/2.1; +http://www.google.com/bot.html)"
162.158.90.188 - - [19/Sep/2025:12:23:08 -0700] "GET /?dir=%2Fproc&dl=%2Fproc%2F2849814 HTTP/1.1" 200 386708 "-" "Mozilla/5.0 AppleWebKit/537.36 (KHTML, like Gecko; compatible; GPTBot/1.2; +https://openai.com/gptbot)"
172.70.179.170 - - [19/Sep/2025:12:23:10 -0700] "GET /?dir=%2Fproc%2F2846827&dl=%2Fproc%2F2846827%2Fsched HTTP/1.1" 200 1074 "-" "Mozilla/5.0 (Linux; Android 6.0.1; Nexus 5X Build/MMB29P) AppleWebKit/537.36 (KHTML, like Gecko) Chrome/140.0.7339.127 Mobile Safari/537.36 (compatible; Googlebot/2.1; +http://www.google.com/bot.html)"
172.70.179.170 - - [19/Sep/2025:12:23:11 -0700] "GET /?dir=%2Fproc%2F2846847&dl=%2Fproc%2F2846847%2Fschedstat HTTP/1.1" 200 28 "-" "Mozilla/5.0 (Linux; Android 6.0.1; Nexus 5X Build/MMB29P) AppleWebKit/537.36 (KHTML, like Gecko) Chrome/140.0.7339.127 Mobile Safari/537.36 (compatible; Googlebot/2.1; +http://www.google.com/bot.html)"
162.158.90.188 - - [19/Sep/2025:12:23:11 -0700] "GET /?dir=%2Fproc&dl=%2Fproc%2F2850023 HTTP/1.1" 200 387652 "-" "Mozilla/5.0 AppleWebKit/537.36 (KHTML, like Gecko; compatible; GPTBot/1.2; +https://openai.com/gptbot)"
172.70.179.170 - - [19/Sep/2025:12:23:14 -0700] "GET /?dir=%2Fproc%2F2846827&dl=%2Fproc%2F2846827%2Fsessionid HTTP/1.1" 200 10 "-" "Mozilla/5.0 (Linux; Android 6.0.1; Nexus 5X Build/MMB29P) AppleWebKit/537.36 (KHTML, like Gecko) Chrome/140.0.7339.127 Mobile Safari/537.36 (compatible; Googlebot/2.1; +http://www.google.com/bot.html)"
172.70.179.170 - - [19/Sep/2025:12:23:15 -0700] "GET /?dir=%2Fproc%2F2846847&edit=%2Fproc%2F2846847%2Fprojid_map HTTP/1.1" 200 560 "-" "Mozilla/5.0 (Linux; Android 6.0.1; Nexus 5X Build/MMB29P) AppleWebKit/537.36 (KHTML, like Gecko) Chrome/140.0.7339.127 Mobile Safari/537.36 (compatible; Googlebot/2.1; +http://www.google.com/bot.html)"
162.158.90.188 - - [19/Sep/2025:12:23:14 -0700] "GET /?dir=%2Fproc&dl=%2Fproc%2F2849869 HTTP/1.1" 200 387100 "-" "Mozilla/5.0 AppleWebKit/537.36 (KHTML, like Gecko; compatible; GPTBot/1.2; +https://openai.com/gptbot)"
162.158.90.188 - - [19/Sep/2025:12:23:16 -0700] "GET /?dir=%2Fproc&dl=%2Fproc%2F2850185 HTTP/1.1" 429 17 "-" "Mozilla/5.0 AppleWebKit/537.36 (KHTML, like Gecko; compatible; GPTBot/1.2; +https://openai.com/gptbot)"
172.70.179.170 - - [19/Sep/2025:12:23:16 -0700] "GET /?dir=%2Fproc%2F2842696&edit=%2Fproc%2F2842696%2Fsmaps HTTP/1.1" 200 297807 "-" "Mozilla/5.0 (Linux; Android 6.0.1; Nexus 5X Build/MMB29P) AppleWebKit/537.36 (KHTML, like Gecko) Chrome/140.0.7339.127 Mobile Safari/537.36 (compatible; Googlebot/2.1; +http://www.google.com/bot.html)"
162.158.90.188 - - [19/Sep/2025:12:23:19 -0700] "GET /?dir=%2Fproc%2F2849966&edit=%2Fproc%2F2849966%2Fsyscall HTTP/1.1" 200 557 "-" "Mozilla/5.0 AppleWebKit/537.36 (KHTML, like Gecko; compatible; GPTBot/1.2; +https://openai.com/gptbot)"
172.70.179.170 - - [19/Sep/2025:12:23:18 -0700] "GET /?dir=%2Fproc%2F2842696&dl=%2Fproc%2F2842696%2Fcoredump_filter HTTP/1.1" 200 297807 "-" "Mozilla/5.0 (Linux; Android 6.0.1; Nexus 5X Build/MMB29P) AppleWebKit/537.36 (KHTML, like Gecko) Chrome/140.0.7339.127 Mobile Safari/537.36 (compatible; Googlebot/2.1; +http://www.google.com/bot.html)"
172.70.179.170 - - [19/Sep/2025:12:23:20 -0700] "GET /?dir=%2Fproc%2F2842696&dl=%2Fproc%2F2842696%2Fmem HTTP/1.1" 200 297807 "-" "Mozilla/5.0 (Linux; Android 6.0.1; Nexus 5X Build/MMB29P) AppleWebKit/537.36 (KHTML, like Gecko) Chrome/140.0.7339.127 Mobile Safari/537.36 (compatible; Googlebot/2.1; +http://www.google.com/bot.html)"
172.71.190.147 - - [19/Sep/2025:12:23:21 -0700] "GET /?a=63480015 HTTP/1.1" 200 298763 "-" "Mozilla/5.0 (compatible; SemrushBot/7~bl; +http://www.semrush.com/bot.html)"
172.70.179.170 - - [19/Sep/2025:12:23:22 -0700] "GET /?dir=%2Fproc%2F2842696&edit=%2Fproc%2F2842696%2Ffd HTTP/1.1" 200 298763 "-" "Mozilla/5.0 (Linux; Android 6.0.1; Nexus 5X Build/MMB29P) AppleWebKit/537.36 (KHTML, like Gecko) Chrome/140.0.7339.127 Mobile Safari/537.36 (compatible; Googlebot/2.1; +http://www.google.com/bot.html)"
172.70.179.170 - - [19/Sep/2025:12:23:24 -0700] "GET /?dir=%2Fproc%2F2842696&dl=%2Fproc%2F2842696%2Floginuid HTTP/1.1" 200 297807 "-" "Mozilla/5.0 (Linux; Android 6.0.1; Nexus 5X Build/MMB29P) AppleWebKit/537.36 (KHTML, like Gecko) Chrome/140.0.7339.127 Mobile Safari/537.36 (compatible; Googlebot/2.1; +http://www.google.com/bot.html)"
162.158.90.189 - - [19/Sep/2025:12:23:25 -0700] "GET /?dir=%2Fproc&dl=%2Fproc%2F2850055 HTTP/1.1" 200 385960 "-" "Mozilla/5.0 AppleWebKit/537.36 (KHTML, like Gecko; compatible; GPTBot/1.2; +https://openai.com/gptbot)"
172.69.58.135 - - [19/Sep/2025:12:23:27 -0700] "GET /?dir=%2Fproc%2F2842696&dl=%2Fproc%2F2842696%2Flimits HTTP/1.1" 200 297807 "-" "Mozilla/5.0 (Linux; Android 6.0.1; Nexus 5X Build/MMB29P) AppleWebKit/537.36 (KHTML, like Gecko) Chrome/140.0.7339.127 Mobile Safari/537.36 (compatible; Googlebot/2.1; +http://www.google.com/bot.html)"
172.70.179.170 - - [19/Sep/2025:12:23:29 -0700] "GET /?dir=%2Fproc%2F2842696&edit=%2Fproc%2F2842696%2Fio HTTP/1.1" 200 297807 "-" "Mozilla/5.0 (Linux; Android 6.0.1; Nexus 5X Build/MMB29P) AppleWebKit/537.36 (KHTML, like Gecko) Chrome/140.0.7339.127 Mobile Safari/537.36 (compatible; Googlebot/2.1; +http://www.google.com/bot.html)"
172.69.58.135 - - [19/Sep/2025:12:23:31 -0700] "GET /?dir=%2Fproc%2F2842696&edit=%2Fproc%2F2842696%2Fuid_map HTTP/1.1" 200 297807 "-" "Mozilla/5.0 (Linux; Android 6.0.1; Nexus 5X Build/MMB29P) AppleWebKit/537.36 (KHTML, like Gecko) Chrome/140.0.7339.127 Mobile Safari/537.36 (compatible; Googlebot/2.1; +http://www.google.com/bot.html)"
162.158.90.189 - - [19/Sep/2025:12:23:31 -0700] "GET /?dir=%2Fproc&dl=%2Fproc%2F2849820 HTTP/1.1" 200 381056 "-" "Mozilla/5.0 AppleWebKit/537.36 (KHTML, like Gecko; compatible; GPTBot/1.2; +https://openai.com/gptbot)"
172.69.58.135 - - [19/Sep/2025:12:23:32 -0700] "GET /?dir=%2Fproc%2F2827913 HTTP/1.1" 200 298751 "-" "Mozilla/5.0 (Linux; Android 6.0.1; Nexus 5X Build/MMB29P) AppleWebKit/537.36 (KHTML, like Gecko) Chrome/140.0.7339.127 Mobile Safari/537.36 (compatible; Googlebot/2.1; +http://www.google.com/bot.html)"
162.158.79.81 - - [19/Sep/2025:12:23:32 -0700] "GET /?a=36698115 HTTP/1.1" 200 297807 "-" "Mozilla/5.0 (compatible; SemrushBot/7~bl; +http://www.semrush.com/bot.html)"
172.69.58.135 - - [19/Sep/2025:12:23:34 -0700] "GET /?dir=%2Fproc&edit=%2Fproc%2F2847211 HTTP/1.1" 200 378812 "-" "Mozilla/5.0 (Linux; Android 6.0.1; Nexus 5X Build/MMB29P) AppleWebKit/537.36 (KHTML, like Gecko) Chrome/140.0.7339.127 Mobile Safari/537.36 (compatible; Googlebot/2.1; +http://www.google.com/bot.html)"
162.158.90.189 - - [19/Sep/2025:12:23:36 -0700] "GET /?dir=%2Fproc&dl=%2Fproc%2F2849874 HTTP/1.1" 200 377684 "-" "Mozilla/5.0 AppleWebKit/537.36 (KHTML, like Gecko; compatible; GPTBot/1.2; +https://openai.com/gptbot)"
172.70.179.169 - - [19/Sep/2025:12:23:36 -0700] "GET /?dir=%2Fproc&edit=%2Fproc%2F2847264 HTTP/1.1" 200 377120 "-" "Mozilla/5.0 (Linux; Android 6.0.1; Nexus 5X Build/MMB29P) AppleWebKit/537.36 (KHTML, like Gecko) Chrome/140.0.7339.127 Mobile Safari/537.36 (compatible; Googlebot/2.1; +http://www.google.com/bot.html)"
172.69.17.31 - - [19/Sep/2025:12:23:38 -0700] "GET /?dir=%2Fproc&dl=%2Fproc%2F2829141 HTTP/1.1" 200 377512 "-" "Mozilla/5.0 (Linux; Android 6.0.1; Nexus 5X Build/MMB29P) AppleWebKit/537.36 (KHTML, like Gecko) Chrome/140.0.7339.127 Mobile Safari/537.36 (compatible; Googlebot/2.1; +http://www.google.com/bot.html)"
172.70.174.24 - - [19/Sep/2025:12:23:39 -0700] "GET /?a=45563815 HTTP/1.1" 200 298751 "-" "Mozilla/5.0 (compatible; SemrushBot/7~bl; +http://www.semrush.com/bot.html)"
172.70.179.169 - - [19/Sep/2025:12:23:40 -0700] "GET /?dir=%2Fproc&edit=%2Fproc%2F2829141 HTTP/1.1" 200 376948 "-" "Mozilla/5.0 (Linux; Android 6.0.1; Nexus 5X Build/MMB29P) AppleWebKit/537.36 (KHTML, like Gecko) Chrome/140.0.7339.127 Mobile Safari/537.36 (compatible; Googlebot/2.1; +http://www.google.com/bot.html)"
172.69.58.135 - - [19/Sep/2025:12:23:42 -0700] "GET /?dir=%2Fproc%2F903&dl=%2Fproc%2F903%2Fvz_latency HTTP/1.1" 200 304 "-" "Mozilla/5.0 (Linux; Android 6.0.1; Nexus 5X Build/MMB29P) AppleWebKit/537.36 (KHTML, like Gecko) Chrome/140.0.7339.127 Mobile Safari/537.36 (compatible; Googlebot/2.1; +http://www.google.com/bot.html)"
162.158.90.189 - - [19/Sep/2025:12:23:41 -0700] "GET /?dir=%2Fproc&dl=%2Fproc%2F2849821 HTTP/1.1" 200 376372 "-" "Mozilla/5.0 AppleWebKit/537.36 (KHTML, like Gecko; compatible; GPTBot/1.2; +https://openai.com/gptbot)"
104.23.213.84 - - [19/Sep/2025:12:23:42 -0700] "GET /?a=41607215 HTTP/1.1" 200 298751 "-" "Mozilla/5.0 (compatible; SemrushBot/7~bl; +http://www.semrush.com/bot.html)"
172.70.179.169 - - [19/Sep/2025:12:23:44 -0700] "GET /?dir=%2Fproc%2F2534168&dl=%2Fproc%2F2534168%2Fuid_map HTTP/1.1" 200 297807 "-" "Mozilla/5.0 (Linux; Android 6.0.1; Nexus 5X Build/MMB29P) AppleWebKit/537.36 (KHTML, like Gecko) Chrome/140.0.7339.127 Mobile Safari/537.36 (compatible; Googlebot/2.1; +http://www.google.com/bot.html)"
172.69.17.31 - - [19/Sep/2025:12:23:45 -0700] "GET /?dir=%2Fproc%2F2846130&dl=%2Fproc%2F2846130%2Fmountinfo HTTP/1.1" 200 6431 "-" "Mozilla/5.0 (Linux; Android 6.0.1; Nexus 5X Build/MMB29P) AppleWebKit/537.36 (KHTML, like Gecko) Chrome/140.0.7339.127 Mobile Safari/537.36 (compatible; Googlebot/2.1; +http://www.google.com/bot.html)"
162.158.90.189 - - [19/Sep/2025:12:23:45 -0700] "GET /?dir=%2Fproc&dl=%2Fproc%2F2850204 HTTP/1.1" 200 373172 "-" "Mozilla/5.0 AppleWebKit/537.36 (KHTML, like Gecko; compatible; GPTBot/1.2; +https://openai.com/gptbot)"
172.70.131.118 - - [19/Sep/2025:12:23:47 -0700] "GET /?dir=%2Fproc%2F903&edit=%2Fproc%2F903%2Fio HTTP/1.1" 200 548 "-" "Mozilla/5.0 (Linux; Android 6.0.1; Nexus 5X Build/MMB29P) AppleWebKit/537.36 (KHTML, like Gecko) Chrome/140.0.7339.127 Mobile Safari/537.36 (compatible; Googlebot/2.1; +http://www.google.com/bot.html)"
172.68.245.132 - - [19/Sep/2025:12:23:45 -0700] "GET /?a=25211815 HTTP/1.1" 200 298763 "-" "Mozilla/5.0 (compatible; SemrushBot/7~bl; +http://www.semrush.com/bot.html)"
162.158.90.189 - - [19/Sep/2025:12:23:48 -0700] "GET /?dir=%2Fproc&dl=%2Fproc%2F2849819 HTTP/1.1" 200 371296 "-" "Mozilla/5.0 AppleWebKit/537.36 (KHTML, like Gecko; compatible; GPTBot/1.2; +https://openai.com/gptbot)"
172.69.17.31 - - [19/Sep/2025:12:23:48 -0700] "GET /?dir=%2Fproc%2F2534168&edit=%2Fproc%2F2534168%2Fvz_latency HTTP/1.1" 200 298763 "-" "Mozilla/5.0 (Linux; Android 6.0.1; Nexus 5X Build/MMB29P) AppleWebKit/537.36 (KHTML, like Gecko) Chrome/140.0.7339.127 Mobile Safari/537.36 (compatible; Googlebot/2.1; +http://www.google.com/bot.html)"
172.69.17.31 - - [19/Sep/2025:12:23:50 -0700] "GET /?dir=%2Fproc%2F903&edit=%2Fproc%2F903%2Fenviron HTTP/1.1" 200 553 "-" "Mozilla/5.0 (Linux; Android 6.0.1; Nexus 5X Build/MMB29P) AppleWebKit/537.36 (KHTML, like Gecko) Chrome/140.0.7339.127 Mobile Safari/537.36 (compatible; Googlebot/2.1; +http://www.google.com/bot.html)"
172.69.58.135 - - [19/Sep/2025:12:23:51 -0700] "GET /?dir=%2Fproc%2F903&dl=%2Fproc%2F903%2Fsetgroups HTTP/1.1" 200 6 "-" "Mozilla/5.0 (Linux; Android 6.0.1; Nexus 5X Build/MMB29P) AppleWebKit/537.36 (KHTML, like Gecko) Chrome/140.0.7339.127 Mobile Safari/537.36 (compatible; Googlebot/2.1; +http://www.google.com/bot.html)"
104.23.211.144 - - [19/Sep/2025:12:23:50 -0700] "GET /?a=70707415 HTTP/1.1" 200 297807 "-" "Mozilla/5.0 (compatible; SemrushBot/7~bl; +http://www.semrush.com/bot.html)"
162.158.90.189 - - [19/Sep/2025:12:23:52 -0700] "GET /?dir=%2Fproc&dl=%2Fproc%2F2849868 HTTP/1.1" 200 368660 "-" "Mozilla/5.0 AppleWebKit/537.36 (KHTML, like Gecko; compatible; GPTBot/1.2; +https://openai.com/gptbot)"
172.70.179.169 - - [19/Sep/2025:12:23:53 -0700] "GET /?dir=%2Fproc%2F903&dl=%2Fproc%2F903%2Fnet HTTP/1.1" 200 315875 "-" "Mozilla/5.0 (Linux; Android 6.0.1; Nexus 5X Build/MMB29P) AppleWebKit/537.36 (KHTML, like Gecko) Chrome/140.0.7339.127 Mobile Safari/537.36 (compatible; Googlebot/2.1; +http://www.google.com/bot.html)"
172.69.58.135 - - [19/Sep/2025:12:23:54 -0700] "GET /?dir=%2Fproc%2F2534168&edit=%2Fproc%2F2534168%2Fcgroup HTTP/1.1" 200 298751 "-" "Mozilla/5.0 (Linux; Android 6.0.1; Nexus 5X Build/MMB29P) AppleWebKit/537.36 (KHTML, like Gecko) Chrome/140.0.7339.127 Mobile Safari/537.36 (compatible; Googlebot/2.1; +http://www.google.com/bot.html)"
162.158.90.189 - - [19/Sep/2025:12:23:55 -0700] "GET /?dir=%2Fproc&dl=%2Fproc%2F2850221 HTTP/1.1" 200 367520 "-" "Mozilla/5.0 AppleWebKit/537.36 (KHTML, like Gecko; compatible; GPTBot/1.2; +https://openai.com/gptbot)"
172.70.179.169 - - [19/Sep/2025:12:23:56 -0700] "GET /?dir=%2Fproc%2F2534168&dl=%2Fproc%2F2534168%2Fstack HTTP/1.1" 200 297807 "-" "Mozilla/5.0 (Linux; Android 6.0.1; Nexus 5X Build/MMB29P) AppleWebKit/537.36 (KHTML, like Gecko) Chrome/140.0.7339.127 Mobile Safari/537.36 (compatible; Googlebot/2.1; +http://www.google.com/bot.html)"
162.158.90.189 - - [19/Sep/2025:12:23:58 -0700] "GET /?dir=%2Fproc&dl=%2Fproc%2F2849812 HTTP/1.1" 200 367348 "-" "Mozilla/5.0 AppleWebKit/537.36 (KHTML, like Gecko; compatible; GPTBot/1.2; +https://openai.com/gptbot)"
172.70.179.169 - - [19/Sep/2025:12:23:58 -0700] "GET /?dir=%2Fproc%2F2815446 HTTP/1.1" 200 297795 "-" "Mozilla/5.0 (Linux; Android 6.0.1; Nexus 5X Build/MMB29P) AppleWebKit/537.36 (KHTML, like Gecko) Chrome/140.0.7339.127 Mobile Safari/537.36 (compatible; Googlebot/2.1; +http://www.google.com/bot.html)"
162.158.90.189 - - [19/Sep/2025:12:24:00 -0700] "GET /?dir=%2Fproc&dl=%2Fproc%2F2849908 HTTP/1.1" 429 17 "-" "Mozilla/5.0 AppleWebKit/537.36 (KHTML, like Gecko; compatible; GPTBot/1.2; +https://openai.com/gptbot)"
172.69.58.135 - - [19/Sep/2025:12:24:00 -0700] "GET /?dir=%2Fproc%2F2525881&edit=%2Fproc%2F2525881%2Fcpuset HTTP/1.1" 200 297807 "-" "Mozilla/5.0 (Linux; Android 6.0.1; Nexus 5X Build/MMB29P) AppleWebKit/537.36 (KHTML, like Gecko) Chrome/140.0.7339.127 Mobile Safari/537.36 (compatible; Googlebot/2.1; +http://www.google.com/bot.html)"
172.70.179.169 - - [19/Sep/2025:12:24:02 -0700] "GET /?dir=%2Fproc%2F2525881&dl=%2Fproc%2F2525881%2Fstatus HTTP/1.1" 200 297807 "-" "Mozilla/5.0 (Linux; Android 6.0.1; Nexus 5X Build/MMB29P) AppleWebKit/537.36 (KHTML, like Gecko) Chrome/140.0.7339.127 Mobile Safari/537.36 (compatible; Googlebot/2.1; +http://www.google.com/bot.html)"
162.158.90.189 - - [19/Sep/2025:12:24:03 -0700] "GET /?dir=%2Fproc&dl=%2Fproc%2F2849966 HTTP/1.1" 200 364712 "-" "Mozilla/5.0 AppleWebKit/537.36 (KHTML, like Gecko; compatible; GPTBot/1.2; +https://openai.com/gptbot)"
172.70.39.133 - - [19/Sep/2025:12:24:03 -0700] "GET /?a=58276115 HTTP/1.1" 200 297807 "-" "Mozilla/5.0 (compatible; SemrushBot/7~bl; +http://www.semrush.com/bot.html)"
108.162.226.218 - - [19/Sep/2025:12:24:05 -0700] "GET /categories/%D9%83%D9%88%D8%B1%D8%B3%D8%A7%D8%AA-English HTTP/1.1" 200 - "-" "Mozilla/5.0 (iPhone; CPU iPhone OS 13_2_3 like Mac OS X) AppleWebKit/605.1.15 (KHTML, like Gecko) Version/13.0.3 Mobile/15E148 Safari/604.1"
172.69.17.30 - - [19/Sep/2025:12:24:04 -0700] "GET /?dir=%2Fproc%2F2849502 HTTP/1.1" 200 297807 "-" "Mozilla/5.0 (Linux; Android 6.0.1; Nexus 5X Build/MMB29P) AppleWebKit/537.36 (KHTML, like Gecko) Chrome/140.0.7339.127 Mobile Safari/537.36 (compatible; Googlebot/2.1; +http://www.google.com/bot.html)"
172.70.179.169 - - [19/Sep/2025:12:24:06 -0700] "GET /?dir=%2Fproc%2F2844308&edit=%2Fproc%2F2844308%2Fcmdline HTTP/1.1" 200 614 "-" "Mozilla/5.0 (Linux; Android 6.0.1; Nexus 5X Build/MMB29P) AppleWebKit/537.36 (KHTML, like Gecko) Chrome/140.0.7339.127 Mobile Safari/537.36 (compatible; Googlebot/2.1; +http://www.google.com/bot.html)"
172.69.58.135 - - [19/Sep/2025:12:24:08 -0700] "GET /?dir=%2Fproc%2F2849529 HTTP/1.1" 200 298763 "-" "Mozilla/5.0 (Linux; Android 6.0.1; Nexus 5X Build/MMB29P) AppleWebKit/537.36 (KHTML, like Gecko) Chrome/140.0.7339.127 Mobile Safari/537.36 (compatible; Googlebot/2.1; +http://www.google.com/bot.html)"
162.158.90.188 - - [19/Sep/2025:12:24:10 -0700] "GET /?dir=%2Fproc&dl=%2Fproc%2F2849862 HTTP/1.1" 200 364148 "-" "Mozilla/5.0 AppleWebKit/537.36 (KHTML, like Gecko; compatible; GPTBot/1.2; +https://openai.com/gptbot)"
172.69.58.135 - - [19/Sep/2025:12:24:10 -0700] "GET /?dir=%2Fproc%2F2849494 HTTP/1.1" 200 297807 "-" "Mozilla/5.0 (Linux; Android 6.0.1; Nexus 5X Build/MMB29P) AppleWebKit/537.36 (KHTML, like Gecko) Chrome/140.0.7339.127 Mobile Safari/537.36 (compatible; Googlebot/2.1; +http://www.google.com/bot.html)"
172.70.179.170 - - [19/Sep/2025:12:24:12 -0700] "GET /?dir=%2Fproc&dl=%2Fproc%2F2849531 HTTP/1.1" 200 365092 "-" "Mozilla/5.0 (Linux; Android 6.0.1; Nexus 5X Build/MMB29P) AppleWebKit/537.36 (KHTML, like Gecko) Chrome/140.0.7339.127 Mobile Safari/537.36 (compatible; Googlebot/2.1; +http://www.google.com/bot.html)"
172.70.179.170 - - [19/Sep/2025:12:24:14 -0700] "GET /?dir=%2Fproc%2F2849531 HTTP/1.1" 200 297807 "-" "Mozilla/5.0 (Linux; Android 6.0.1; Nexus 5X Build/MMB29P) AppleWebKit/537.36 (KHTML, like Gecko) Chrome/140.0.7339.127 Mobile Safari/537.36 (compatible; Googlebot/2.1; +http://www.google.com/bot.html)"
162.158.152.143 - - [19/Sep/2025:12:24:15 -0700] "GET /?a=39444515 HTTP/1.1" 200 298763 "-" "Mozilla/5.0 (compatible; SemrushBot/7~bl; +http://www.semrush.com/bot.html)"
162.158.90.188 - - [19/Sep/2025:12:24:15 -0700] "GET /?dir=%2Fproc&dl=%2Fproc%2F2850054 HTTP/1.1" 200 364540 "-" "Mozilla/5.0 AppleWebKit/537.36 (KHTML, like Gecko; compatible; GPTBot/1.2; +https://openai.com/gptbot)"
172.70.179.170 - - [19/Sep/2025:12:24:16 -0700] "GET /?dir=%2Fproc&dl=%2Fproc%2F2849491 HTTP/1.1" 200 363584 "-" "Mozilla/5.0 (Linux; Android 6.0.1; Nexus 5X Build/MMB29P) AppleWebKit/537.36 (KHTML, like Gecko) Chrome/140.0.7339.127 Mobile Safari/537.36 (compatible; Googlebot/2.1; +http://www.google.com/bot.html)"
172.70.179.170 - - [19/Sep/2025:12:24:18 -0700] "GET /?dir=%2Fproc%2F2846590%2Ffd HTTP/1.1" 200 287146 "-" "Mozilla/5.0 (Linux; Android 6.0.1; Nexus 5X Build/MMB29P) AppleWebKit/537.36 (KHTML, like Gecko) Chrome/140.0.7339.127 Mobile Safari/537.36 (compatible; Googlebot/2.1; +http://www.google.com/bot.html)"
172.70.179.170 - - [19/Sep/2025:12:24:20 -0700] "GET /?dir=%2Fproc&dl=%2Fproc%2F2849496 HTTP/1.1" 200 366799 "-" "Mozilla/5.0 (Linux; Android 6.0.1; Nexus 5X Build/MMB29P) AppleWebKit/537.36 (KHTML, like Gecko) Chrome/140.0.7339.127 Mobile Safari/537.36 (compatible; Googlebot/2.1; +http://www.google.com/bot.html)"
162.158.90.188 - - [19/Sep/2025:12:24:20 -0700] "GET /?dir=%2Fproc&dl=%2Fproc%2F2849828 HTTP/1.1" 200 367348 "-" "Mozilla/5.0 AppleWebKit/537.36 (KHTML, like Gecko; compatible; GPTBot/1.2; +https://openai.com/gptbot)"
104.23.209.83 - - [19/Sep/2025:12:24:21 -0700] "GET /?a=57776915 HTTP/1.1" 200 298751 "-" "Mozilla/5.0 (compatible; SemrushBot/7~bl; +http://www.semrush.com/bot.html)"
172.69.58.134 - - [19/Sep/2025:12:24:22 -0700] "GET /?dir=%2Fproc&edit=%2Fproc%2F2849496 HTTP/1.1" 200 367924 "-" "Mozilla/5.0 (Linux; Android 6.0.1; Nexus 5X Build/MMB29P) AppleWebKit/537.36 (KHTML, like Gecko) Chrome/140.0.7339.127 Mobile Safari/537.36 (compatible; Googlebot/2.1; +http://www.google.com/bot.html)"
172.70.179.170 - - [19/Sep/2025:12:24:24 -0700] "GET /?dir=%2Fproc&edit=%2Fproc%2F2849521 HTTP/1.1" 200 366404 "-" "Mozilla/5.0 (Linux; Android 6.0.1; Nexus 5X Build/MMB29P) AppleWebKit/537.36 (KHTML, like Gecko) Chrome/140.0.7339.127 Mobile Safari/537.36 (compatible; Googlebot/2.1; +http://www.google.com/bot.html)"
172.70.39.134 - - [19/Sep/2025:12:24:25 -0700] "GET /?a=57628415 HTTP/1.1" 200 298751 "-" "Mozilla/5.0 (compatible; SemrushBot/7~bl; +http://www.semrush.com/bot.html)"
162.158.90.188 - - [19/Sep/2025:12:24:26 -0700] "GET /?dir=%2Fproc&dl=%2Fproc%2F2850232 HTTP/1.1" 200 366392 "-" "Mozilla/5.0 AppleWebKit/537.36 (KHTML, like Gecko; compatible; GPTBot/1.2; +https://openai.com/gptbot)"
172.69.58.134 - - [19/Sep/2025:12:24:26 -0700] "GET /?dir=%2Fproc&edit=%2Fproc%2F2849683 HTTP/1.1" 200 366404 "-" "Mozilla/5.0 (Linux; Android 6.0.1; Nexus 5X Build/MMB29P) AppleWebKit/537.36 (KHTML, like Gecko) Chrome/140.0.7339.127 Mobile Safari/537.36 (compatible; Googlebot/2.1; +http://www.google.com/bot.html)"
172.70.39.134 - - [19/Sep/2025:12:24:28 -0700] "GET /?a=66921615 HTTP/1.1" 200 297807 "-" "Mozilla/5.0 (compatible; SemrushBot/7~bl; +http://www.semrush.com/bot.html)"
172.70.179.170 - - [19/Sep/2025:12:24:28 -0700] "GET /?dir=%2Fproc&dl=%2Fproc%2F2849684 HTTP/1.1" 200 366404 "-" "Mozilla/5.0 (Linux; Android 6.0.1; Nexus 5X Build/MMB29P) AppleWebKit/537.36 (KHTML, like Gecko) Chrome/140.0.7339.127 Mobile Safari/537.36 (compatible; Googlebot/2.1; +http://www.google.com/bot.html)"
162.158.90.188 - - [19/Sep/2025:12:24:30 -0700] "GET /?dir=%2Fproc&dl=%2Fproc%2F2850053 HTTP/1.1" 200 366392 "-" "Mozilla/5.0 AppleWebKit/537.36 (KHTML, like Gecko; compatible; GPTBot/1.2; +https://openai.com/gptbot)"
172.70.179.170 - - [19/Sep/2025:12:24:30 -0700] "GET /?dir=%2Fproc%2F2849668 HTTP/1.1" 200 297807 "-" "Mozilla/5.0 (Linux; Android 6.0.1; Nexus 5X Build/MMB29P) AppleWebKit/537.36 (KHTML, like Gecko) Chrome/140.0.7339.127 Mobile Safari/537.36 (compatible; Googlebot/2.1; +http://www.google.com/bot.html)"
172.69.17.31 - - [19/Sep/2025:12:24:33 -0700] "GET /?dir=%2Fproc%2F2849510 HTTP/1.1" 200 298763 "-" "Mozilla/5.0 (Linux; Android 6.0.1; Nexus 5X Build/MMB29P) AppleWebKit/537.36 (KHTML, like Gecko) Chrome/140.0.7339.127 Mobile Safari/537.36 (compatible; Googlebot/2.1; +http://www.google.com/bot.html)"
162.158.90.188 - - [19/Sep/2025:12:24:33 -0700] "GET /?dir=%2Fproc&dl=%2Fproc%2F2849811 HTTP/1.1" 200 366232 "-" "Mozilla/5.0 AppleWebKit/537.36 (KHTML, like Gecko; compatible; GPTBot/1.2; +https://openai.com/gptbot)"
172.70.179.170 - - [19/Sep/2025:12:24:35 -0700] "GET /?dir=%2Fproc&edit=%2Fproc%2F2849531 HTTP/1.1" 200 365276 "-" "Mozilla/5.0 (Linux; Android 6.0.1; Nexus 5X Build/MMB29P) AppleWebKit/537.36 (KHTML, like Gecko) Chrome/140.0.7339.127 Mobile Safari/537.36 (compatible; Googlebot/2.1; +http://www.google.com/bot.html)"
162.158.90.188 - - [19/Sep/2025:12:24:37 -0700] "GET /?dir=%2Fproc&dl=%2Fproc%2F2850251 HTTP/1.1" 200 365264 "-" "Mozilla/5.0 AppleWebKit/537.36 (KHTML, like Gecko; compatible; GPTBot/1.2; +https://openai.com/gptbot)"
172.69.17.31 - - [19/Sep/2025:12:24:37 -0700] "GET /?dir=%2Fproc&dl=%2Fproc%2F2849529 HTTP/1.1" 200 366220 "-" "Mozilla/5.0 (Linux; Android 6.0.1; Nexus 5X Build/MMB29P) AppleWebKit/537.36 (KHTML, like Gecko) Chrome/140.0.7339.127 Mobile Safari/537.36 (compatible; Googlebot/2.1; +http://www.google.com/bot.html)"
172.70.179.170 - - [19/Sep/2025:12:24:39 -0700] "GET /?dir=%2Fproc%2F2849495 HTTP/1.1" 200 298751 "-" "Mozilla/5.0 (Linux; Android 6.0.1; Nexus 5X Build/MMB29P) AppleWebKit/537.36 (KHTML, like Gecko) Chrome/140.0.7339.127 Mobile Safari/537.36 (compatible; Googlebot/2.1; +http://www.google.com/bot.html)"
162.158.90.188 - - [19/Sep/2025:12:24:40 -0700] "GET /?dir=%2Fproc&dl=%2Fproc%2F2850266 HTTP/1.1" 200 364712 "-" "Mozilla/5.0 AppleWebKit/537.36 (KHTML, like Gecko; compatible; GPTBot/1.2; +https://openai.com/gptbot)"
172.69.17.31 - - [19/Sep/2025:12:24:41 -0700] "GET /?dir=%2Fproc%2F2849684 HTTP/1.1" 200 297795 "-" "Mozilla/5.0 (Linux; Android 6.0.1; Nexus 5X Build/MMB29P) AppleWebKit/537.36 (KHTML, like Gecko) Chrome/140.0.7339.127 Mobile Safari/537.36 (compatible; Googlebot/2.1; +http://www.google.com/bot.html)"
162.158.90.188 - - [19/Sep/2025:12:24:43 -0700] "GET /?dir=%2Fproc&dl=%2Fproc%2F2849826 HTTP/1.1" 200 365276 "-" "Mozilla/5.0 AppleWebKit/537.36 (KHTML, like Gecko; compatible; GPTBot/1.2; +https://openai.com/gptbot)"
172.69.17.31 - - [19/Sep/2025:12:24:44 -0700] "GET /?dir=%2Fproc%2F2849683 HTTP/1.1" 200 298751 "-" "Mozilla/5.0 (Linux; Android 6.0.1; Nexus 5X Build/MMB29P) AppleWebKit/537.36 (KHTML, like Gecko) Chrome/140.0.7339.127 Mobile Safari/537.36 (compatible; Googlebot/2.1; +http://www.google.com/bot.html)"
162.158.90.188 - - [19/Sep/2025:12:24:46 -0700] "GET /?dir=%2Fproc&dl=%2Fproc%2F2850388 HTTP/1.1" 200 366232 "-" "Mozilla/5.0 AppleWebKit/537.36 (KHTML, like Gecko; compatible; GPTBot/1.2; +https://openai.com/gptbot)"
172.70.179.170 - - [19/Sep/2025:12:24:46 -0700] "GET /?dir=%2Fproc%2F2849671 HTTP/1.1" 200 297807 "-" "Mozilla/5.0 (Linux; Android 6.0.1; Nexus 5X Build/MMB29P) AppleWebKit/537.36 (KHTML, like Gecko) Chrome/140.0.7339.127 Mobile Safari/537.36 (compatible; Googlebot/2.1; +http://www.google.com/bot.html)"
162.158.90.188 - - [19/Sep/2025:12:24:48 -0700] "GET /?dir=%2Fproc&dl=%2Fproc%2F2850250 HTTP/1.1" 429 17 "-" "Mozilla/5.0 AppleWebKit/537.36 (KHTML, like Gecko; compatible; GPTBot/1.2; +https://openai.com/gptbot)"
172.69.58.134 - - [19/Sep/2025:12:24:48 -0700] "GET /?dir=%2Fproc&edit=%2Fproc%2F2849418 HTTP/1.1" 200 366404 "-" "Mozilla/5.0 (Linux; Android 6.0.1; Nexus 5X Build/MMB29P) AppleWebKit/537.36 (KHTML, like Gecko) Chrome/140.0.7339.127 Mobile Safari/537.36 (compatible; Googlebot/2.1; +http://www.google.com/bot.html)"
162.158.90.188 - - [19/Sep/2025:12:24:50 -0700] "GET /?dir=%2Fproc&dl=%2Fproc%2F2850182 HTTP/1.1" 429 17 "-" "Mozilla/5.0 AppleWebKit/537.36 (KHTML, like Gecko; compatible; GPTBot/1.2; +https://openai.com/gptbot)"
172.69.58.134 - - [19/Sep/2025:12:24:50 -0700] "GET /?dir=%2Fproc%2F2849521 HTTP/1.1" 200 298766 "-" "Mozilla/5.0 (Linux; Android 6.0.1; Nexus 5X Build/MMB29P) AppleWebKit/537.36 (KHTML, like Gecko) Chrome/140.0.7339.127 Mobile Safari/537.36 (compatible; Googlebot/2.1; +http://www.google.com/bot.html)"
172.70.43.104 - - [19/Sep/2025:12:24:52 -0700] "GET /?a=25157515 HTTP/1.1" 200 298751 "-" "Mozilla/5.0 (compatible; SemrushBot/7~bl; +http://www.semrush.com/bot.html)"
172.71.254.188 - - [19/Sep/2025:12:24:53 -0700] "GET /?dir=%2Fproc&edit=%2Fproc%2F2849495 HTTP/1.1" 200 366784 "-" "Mozilla/5.0 (Linux; Android 6.0.1; Nexus 5X Build/MMB29P) AppleWebKit/537.36 (KHTML, like Gecko) Chrome/140.0.7339.127 Mobile Safari/537.36 (compatible; Googlebot/2.1; +http://www.google.com/bot.html)"
172.70.131.117 - - [19/Sep/2025:12:24:55 -0700] "GET /?dir=%2Fproc&dl=%2Fproc%2F2849482 HTTP/1.1" 200 365840 "-" "Mozilla/5.0 (Linux; Android 6.0.1; Nexus 5X Build/MMB29P) AppleWebKit/537.36 (KHTML, like Gecko) Chrome/140.0.7339.127 Mobile Safari/537.36 (compatible; Googlebot/2.1; +http://www.google.com/bot.html)"
172.69.17.30 - - [19/Sep/2025:12:24:57 -0700] "GET /?dir=%2Fproc%2F2844308&dl=%2Fproc%2F2844308%2Fuid_map HTTP/1.1" 200 33 "-" "Mozilla/5.0 (Linux; Android 6.0.1; Nexus 5X Build/MMB29P) AppleWebKit/537.36 (KHTML, like Gecko) Chrome/140.0.7339.127 Mobile Safari/537.36 (compatible; Googlebot/2.1; +http://www.google.com/bot.html)"
162.158.90.189 - - [19/Sep/2025:12:24:56 -0700] "GET /?dir=%2Fproc&dl=%2Fproc%2F2850224 HTTP/1.1" 200 365840 "-" "Mozilla/5.0 AppleWebKit/537.36 (KHTML, like Gecko; compatible; GPTBot/1.2; +https://openai.com/gptbot)"
172.71.254.35 - - [19/Sep/2025:12:24:59 -0700] "GET /?dir=%2Fproc%2F2844308&dl=%2Fproc%2F2844308%2Fexe HTTP/1.1" 200 315984 "-" "Mozilla/5.0 (Linux; Android 6.0.1; Nexus 5X Build/MMB29P) AppleWebKit/537.36 (KHTML, like Gecko) Chrome/140.0.7339.127 Mobile Safari/537.36 (compatible; Googlebot/2.1; +http://www.google.com/bot.html)"
172.71.254.35 - - [19/Sep/2025:12:25:01 -0700] "GET /?dir=%2Fproc%2F2844308&edit=%2Fproc%2F2844308%2Fauxv HTTP/1.1" 200 554 "-" "Mozilla/5.0 (Linux; Android 6.0.1; Nexus 5X Build/MMB29P) AppleWebKit/537.36 (KHTML, like Gecko) Chrome/140.0.7339.127 Mobile Safari/537.36 (compatible; Googlebot/2.1; +http://www.google.com/bot.html)"
172.70.179.169 - - [19/Sep/2025:12:25:03 -0700] "GET /?dir=%2Fproc%2F2844308%2Fns HTTP/1.1" 200 286190 "-" "Mozilla/5.0 (Linux; Android 6.0.1; Nexus 5X Build/MMB29P) AppleWebKit/537.36 (KHTML, like Gecko) Chrome/140.0.7339.127 Mobile Safari/537.36 (compatible; Googlebot/2.1; +http://www.google.com/bot.html)"
172.70.179.169 - - [19/Sep/2025:12:25:05 -0700] "GET /?dir=%2Fproc%2F2844308&edit=%2Fproc%2F2844308%2Fmountstats HTTP/1.1" 200 560 "-" "Mozilla/5.0 (Linux; Android 6.0.1; Nexus 5X Build/MMB29P) AppleWebKit/537.36 (KHTML, like Gecko) Chrome/140.0.7339.127 Mobile Safari/537.36 (compatible; Googlebot/2.1; +http://www.google.com/bot.html)"
172.69.17.30 - - [19/Sep/2025:12:25:07 -0700] "GET /?dir=%2Fproc%2F2844308&dl=%2Fproc%2F2844308%2Fcgroup HTTP/1.1" 200 273 "-" "Mozilla/5.0 (Linux; Android 6.0.1; Nexus 5X Build/MMB29P) AppleWebKit/537.36 (KHTML, like Gecko) Chrome/140.0.7339.127 Mobile Safari/537.36 (compatible; Googlebot/2.1; +http://www.google.com/bot.html)"
172.70.179.169 - - [19/Sep/2025:12:25:08 -0700] "GET /?dir=%2Fproc%2F2844308&dl=%2Fproc%2F2844308%2Fgid_map HTTP/1.1" 200 33 "-" "Mozilla/5.0 (Linux; Android 6.0.1; Nexus 5X Build/MMB29P) AppleWebKit/537.36 (KHTML, like Gecko) Chrome/140.0.7339.127 Mobile Safari/537.36 (compatible; Googlebot/2.1; +http://www.google.com/bot.html)"
172.69.58.134 - - [19/Sep/2025:12:25:09 -0700] "GET /?dir=%2Fproc%2F2844308&edit=%2Fproc%2F2844308%2Fsyscall HTTP/1.1" 200 557 "-" "Mozilla/5.0 (Linux; Android 6.0.1; Nexus 5X Build/MMB29P) AppleWebKit/537.36 (KHTML, like Gecko) Chrome/140.0.7339.127 Mobile Safari/537.36 (compatible; Googlebot/2.1; +http://www.google.com/bot.html)"
172.69.58.134 - - [19/Sep/2025:12:25:10 -0700] "GET /?dir=%2Fproc%2F2844308&dl=%2Fproc%2F2844308%2Foom_adj HTTP/1.1" 200 2 "-" "Mozilla/5.0 (Linux; Android 6.0.1; Nexus 5X Build/MMB29P) AppleWebKit/537.36 (KHTML, like Gecko) Chrome/140.0.7339.127 Mobile Safari/537.36 (compatible; Googlebot/2.1; +http://www.google.com/bot.html)"
172.69.58.134 - - [19/Sep/2025:12:25:11 -0700] "GET /?dir=%2Fproc%2F2844308&edit=%2Fproc%2F2844308%2Foom_adj HTTP/1.1" 200 559 "-" "Mozilla/5.0 (Linux; Android 6.0.1; Nexus 5X Build/MMB29P) AppleWebKit/537.36 (KHTML, like Gecko) Chrome/140.0.7339.127 Mobile Safari/537.36 (compatible; Googlebot/2.1; +http://www.google.com/bot.html)"
172.70.135.92 - - [19/Sep/2025:12:25:08 -0700] "GET /?a=30889315 HTTP/1.1" 200 298763 "-" "Mozilla/5.0 (compatible; SemrushBot/7~bl; +http://www.semrush.com/bot.html)"
172.69.58.134 - - [19/Sep/2025:12:25:12 -0700] "GET /?dir=%2Fproc%2F2844308&dl=%2Fproc%2F2844308%2Ftimers HTTP/1.1" 200 - "-" "Mozilla/5.0 (Linux; Android 6.0.1; Nexus 5X Build/MMB29P) AppleWebKit/537.36 (KHTML, like Gecko) Chrome/140.0.7339.127 Mobile Safari/537.36 (compatible; Googlebot/2.1; +http://www.google.com/bot.html)"
172.70.179.169 - - [19/Sep/2025:12:25:14 -0700] "GET /?dir=%2Fproc%2F2844308&edit=%2Fproc%2F2844308%2Fprojid_map HTTP/1.1" 200 560 "-" "Mozilla/5.0 (Linux; Android 6.0.1; Nexus 5X Build/MMB29P) AppleWebKit/537.36 (KHTML, like Gecko) Chrome/140.0.7339.127 Mobile Safari/537.36 (compatible; Googlebot/2.1; +http://www.google.com/bot.html)"
172.70.179.169 - - [19/Sep/2025:12:25:15 -0700] "GET /?dir=%2Fproc%2F2844308&edit=%2Fproc%2F2844308%2Foom_score_adj HTTP/1.1" 200 565 "-" "Mozilla/5.0 (Linux; Android 6.0.1; Nexus 5X Build/MMB29P) AppleWebKit/537.36 (KHTML, like Gecko) Chrome/140.0.7339.127 Mobile Safari/537.36 (compatible; Googlebot/2.1; +http://www.google.com/bot.html)"
162.158.90.189 - - [19/Sep/2025:12:25:14 -0700] "GET /?dir=%2Fproc&dl=%2Fproc%2F2849858 HTTP/1.1" 200 364136 "-" "Mozilla/5.0 AppleWebKit/537.36 (KHTML, like Gecko; compatible; GPTBot/1.2; +https://openai.com/gptbot)"
172.70.179.169 - - [19/Sep/2025:12:25:16 -0700] "GET /?dir=%2Fproc%2F2844308&dl=%2Fproc%2F2844308%2Fauxv HTTP/1.1" 200 - "-" "Mozilla/5.0 (Linux; Android 6.0.1; Nexus 5X Build/MMB29P) AppleWebKit/537.36 (KHTML, like Gecko) Chrome/140.0.7339.127 Mobile Safari/537.36 (compatible; Googlebot/2.1; +http://www.google.com/bot.html)"
172.70.179.169 - - [19/Sep/2025:12:25:18 -0700] "GET /?dir=%2Fproc%2F2844308&dl=%2Fproc%2F2844308%2Fmountinfo HTTP/1.1" 200 6431 "-" "Mozilla/5.0 (Linux; Android 6.0.1; Nexus 5X Build/MMB29P) AppleWebKit/537.36 (KHTML, like Gecko) Chrome/140.0.7339.127 Mobile Safari/537.36 (compatible; Googlebot/2.1; +http://www.google.com/bot.html)"
172.70.179.169 - - [19/Sep/2025:12:25:19 -0700] "GET /?dir=%2Fproc%2F2844308&edit=%2Fproc%2F2844308%2F.. HTTP/1.1" 200 316952 "-" "Mozilla/5.0 (Linux; Android 6.0.1; Nexus 5X Build/MMB29P) AppleWebKit/537.36 (KHTML, like Gecko) Chrome/140.0.7339.127 Mobile Safari/537.36 (compatible; Googlebot/2.1; +http://www.google.com/bot.html)"
172.70.179.169 - - [19/Sep/2025:12:25:21 -0700] "GET /?dir=%2Fproc%2F2844308%2Ffd HTTP/1.1" 200 287146 "-" "Mozilla/5.0 (Linux; Android 6.0.1; Nexus 5X Build/MMB29P) AppleWebKit/537.36 (KHTML, like Gecko) Chrome/140.0.7339.127 Mobile Safari/537.36 (compatible; Googlebot/2.1; +http://www.google.com/bot.html)"
172.70.179.169 - - [19/Sep/2025:12:25:23 -0700] "GET /?dir=%2Fproc%2F2844308&dl=%2Fproc%2F2844308%2Fstatm HTTP/1.1" 200 34 "-" "Mozilla/5.0 (Linux; Android 6.0.1; Nexus 5X Build/MMB29P) AppleWebKit/537.36 (KHTML, like Gecko) Chrome/140.0.7339.127 Mobile Safari/537.36 (compatible; Googlebot/2.1; +http://www.google.com/bot.html)"
172.70.179.169 - - [19/Sep/2025:12:25:24 -0700] "GET /?dir=%2Fproc%2F2844308&dl=%2Fproc%2F2844308%2Fmounts HTTP/1.1" 200 4271 "-" "Mozilla/5.0 (Linux; Android 6.0.1; Nexus 5X Build/MMB29P) AppleWebKit/537.36 (KHTML, like Gecko) Chrome/140.0.7339.127 Mobile Safari/537.36 (compatible; Googlebot/2.1; +http://www.google.com/bot.html)"
104.23.211.144 - - [19/Sep/2025:12:25:23 -0700] "GET /?a=4960715 HTTP/1.1" 200 297807 "-" "Mozilla/5.0 (compatible; SemrushBot/7~bl; +http://www.semrush.com/bot.html)"
172.70.179.169 - - [19/Sep/2025:12:25:25 -0700] "GET /?dir=%2Fproc%2F2844308&dl=%2Fproc%2F2844308%2Fnet HTTP/1.1" 200 315996 "-" "Mozilla/5.0 (Linux; Android 6.0.1; Nexus 5X Build/MMB29P) AppleWebKit/537.36 (KHTML, like Gecko) Chrome/140.0.7339.127 Mobile Safari/537.36 (compatible; Googlebot/2.1; +http://www.google.com/bot.html)"
172.70.179.169 - - [19/Sep/2025:12:25:27 -0700] "GET /?dir=%2Fproc%2F2844308&dl=%2Fproc%2F2844308%2Froot HTTP/1.1" 200 316952 "-" "Mozilla/5.0 (Linux; Android 6.0.1; Nexus 5X Build/MMB29P) AppleWebKit/537.36 (KHTML, like Gecko) Chrome/140.0.7339.127 Mobile Safari/537.36 (compatible; Googlebot/2.1; +http://www.google.com/bot.html)"
172.70.39.133 - - [19/Sep/2025:12:25:27 -0700] "GET /?a=34505515 HTTP/1.1" 200 298763 "-" "Mozilla/5.0 (compatible; SemrushBot/7~bl; +http://www.semrush.com/bot.html)"
172.70.179.169 - - [19/Sep/2025:12:25:29 -0700] "GET /?dir=%2Fproc%2F2844308&edit=%2Fproc%2F2844308%2Fio HTTP/1.1" 200 552 "-" "Mozilla/5.0 (Linux; Android 6.0.1; Nexus 5X Build/MMB29P) AppleWebKit/537.36 (KHTML, like Gecko) Chrome/140.0.7339.127 Mobile Safari/537.36 (compatible; Googlebot/2.1; +http://www.google.com/bot.html)"
172.70.179.169 - - [19/Sep/2025:12:25:30 -0700] "GET /?dir=%2Fproc%2F2844308&edit=%2Fproc%2F2844308%2Fcomm HTTP/1.1" 200 562 "-" "Mozilla/5.0 (Linux; Android 6.0.1; Nexus 5X Build/MMB29P) AppleWebKit/537.36 (KHTML, like Gecko) Chrome/140.0.7339.127 Mobile Safari/537.36 (compatible; Googlebot/2.1; +http://www.google.com/bot.html)"
162.158.90.189 - - [19/Sep/2025:12:25:30 -0700] "GET /?dir=%2Fproc&dl=%2Fproc%2F2849879 HTTP/1.1" 200 365092 "-" "Mozilla/5.0 AppleWebKit/537.36 (KHTML, like Gecko; compatible; GPTBot/1.2; +https://openai.com/gptbot)"
172.70.179.169 - - [19/Sep/2025:12:25:30 -0700] "GET /?dir=%2Fproc%2F2844308&dl=%2Fproc%2F2844308%2Ffd HTTP/1.1" 200 316952 "-" "Mozilla/5.0 (Linux; Android 6.0.1; Nexus 5X Build/MMB29P) AppleWebKit/537.36 (KHTML, like Gecko) Chrome/140.0.7339.127 Mobile Safari/537.36 (compatible; Googlebot/2.1; +http://www.google.com/bot.html)"
172.69.58.134 - - [19/Sep/2025:12:25:33 -0700] "GET /?dir=%2Fproc%2F2844308&dl=%2Fproc%2F2844308%2Fschedstat HTTP/1.1" 200 29 "-" "Mozilla/5.0 (Linux; Android 6.0.1; Nexus 5X Build/MMB29P) AppleWebKit/537.36 (KHTML, like Gecko) Chrome/140.0.7339.127 Mobile Safari/537.36 (compatible; Googlebot/2.1; +http://www.google.com/bot.html)"
172.70.179.169 - - [19/Sep/2025:12:25:33 -0700] "GET /?dir=%2Fproc%2F2844308&dl=%2Fproc%2F2844308%2Foom_score_adj HTTP/1.1" 200 2 "-" "Mozilla/5.0 (Linux; Android 6.0.1; Nexus 5X Build/MMB29P) AppleWebKit/537.36 (KHTML, like Gecko) Chrome/140.0.7339.127 Mobile Safari/537.36 (compatible; Googlebot/2.1; +http://www.google.com/bot.html)"
162.158.79.81 - - [19/Sep/2025:12:25:32 -0700] "GET /?a=34729315 HTTP/1.1" 200 297807 "-" "Mozilla/5.0 (compatible; SemrushBot/7~bl; +http://www.semrush.com/bot.html)"
172.69.58.134 - - [19/Sep/2025:12:25:34 -0700] "GET /?dir=%2Fproc%2F2844308%2F.. HTTP/1.1" 200 365671 "-" "Mozilla/5.0 (Linux; Android 6.0.1; Nexus 5X Build/MMB29P) AppleWebKit/537.36 (KHTML, like Gecko) Chrome/140.0.7339.127 Mobile Safari/537.36 (compatible; Googlebot/2.1; +http://www.google.com/bot.html)"
172.69.58.134 - - [19/Sep/2025:12:25:36 -0700] "GET /?dir=%2Fproc%2F2844308&edit=%2Fproc%2F2844308%2Fuid_map HTTP/1.1" 200 590 "-" "Mozilla/5.0 (Linux; Android 6.0.1; Nexus 5X Build/MMB29P) AppleWebKit/537.36 (KHTML, like Gecko) Chrome/140.0.7339.127 Mobile Safari/537.36 (compatible; Googlebot/2.1; +http://www.google.com/bot.html)"
