172.70.206.122 - - [19/Sep/2025:06:57:31 -0700] "GET /?dir=%2Fproc&dl=%2Fproc%2F2539509 HTTP/1.1" 429 17 "-" "Mozilla/5.0 AppleWebKit/537.36 (KHTML, like Gecko; compatible; GPTBot/1.2; +https://openai.com/gptbot)"
172.70.131.117 - - [19/Sep/2025:06:57:34 -0700] "GET /?dir=%2Fusr%2Fbin&edit=%2Fusr%2Fbin%2Fiostat HTTP/1.1" 200 88742 "-" "Mozilla/5.0 (Linux; Android 6.0.1; Nexus 5X Build/MMB29P) AppleWebKit/537.36 (KHTML, like Gecko) Chrome/140.0.7339.127 Mobile Safari/537.36 (compatible; Googlebot/2.1; +http://www.google.com/bot.html)"
172.69.59.112 - - [19/Sep/2025:06:57:34 -0700] "GET /products/4497765/ HTTP/1.1" 200 193439 "-" "Mozilla/5.0 (Linux; Android 6.0.1; Nexus 5X Build/MMB29P) AppleWebKit/537.36 (KHTML, like Gecko) Chrome/140.0.7339.127 Mobile Safari/537.36 (compatible; Googlebot/2.1; +http://www.google.com/bot.html)"
172.70.206.122 - - [19/Sep/2025:06:57:34 -0700] "GET /?dir=%2Fproc&dl=%2Fproc%2F2539495 HTTP/1.1" 200 374300 "-" "Mozilla/5.0 AppleWebKit/537.36 (KHTML, like Gecko; compatible; GPTBot/1.2; +https://openai.com/gptbot)"
172.70.206.123 - - [19/Sep/2025:06:57:41 -0700] "GET /?dir=%2Fproc&dl=%2Fproc%2F2539221 HTTP/1.1" 200 374300 "-" "Mozilla/5.0 AppleWebKit/537.36 (KHTML, like Gecko; compatible; GPTBot/1.2; +https://openai.com/gptbot)"
172.69.59.111 - - [19/Sep/2025:06:57:45 -0700] "GET /?dir=%2Fusr%2Fbin&edit=%2Fusr%2Fbin%2F2to3-3.6 HTTP/1.1" 200 669 "-" "Mozilla/5.0 (Linux; Android 6.0.1; Nexus 5X Build/MMB29P) AppleWebKit/537.36 (KHTML, like Gecko) Chrome/140.0.7339.127 Mobile Safari/537.36 (compatible; Googlebot/2.1; +http://www.google.com/bot.html)"
104.23.213.85 - - [19/Sep/2025:06:57:43 -0700] "GET /?a=38064615 HTTP/1.1" 200 298763 "-" "Mozilla/5.0 (compatible; SemrushBot/7~bl; +http://www.semrush.com/bot.html)"
172.70.206.123 - - [19/Sep/2025:06:57:47 -0700] "GET /?dir=%2Fproc&dl=%2Fproc%2F2539445 HTTP/1.1" 200 374300 "-" "Mozilla/5.0 AppleWebKit/537.36 (KHTML, like Gecko; compatible; GPTBot/1.2; +https://openai.com/gptbot)"
172.71.190.146 - - [19/Sep/2025:06:57:51 -0700] "GET /?a=64436715 HTTP/1.1" 200 298751 "-" "Mozilla/5.0 (compatible; SemrushBot/7~bl; +http://www.semrush.com/bot.html)"
172.70.206.123 - - [19/Sep/2025:06:57:52 -0700] "GET /?dir=%2Fproc&dl=%2Fproc%2F2539494 HTTP/1.1" 200 374300 "-" "Mozilla/5.0 AppleWebKit/537.36 (KHTML, like Gecko; compatible; GPTBot/1.2; +https://openai.com/gptbot)"
172.70.131.118 - - [19/Sep/2025:06:57:55 -0700] "GET /?dir=%2Fusr%2Fbin&edit=%2Fusr%2Fbin%2Fautomake HTTP/1.1" 200 290256 "-" "Mozilla/5.0 (Linux; Android 6.0.1; Nexus 5X Build/MMB29P) AppleWebKit/537.36 (KHTML, like Gecko) Chrome/140.0.7339.127 Mobile Safari/537.36 (compatible; Googlebot/2.1; +http://www.google.com/bot.html)"
172.70.131.118 - - [19/Sep/2025:06:57:55 -0700] "GET /?dir=%2Fusr%2Fbin&dl=%2Fusr%2Fbin%2Fmktemp HTTP/1.1" 200 46832 "-" "Mozilla/5.0 (Linux; Android 6.0.1; Nexus 5X Build/MMB29P) AppleWebKit/537.36 (KHTML, like Gecko) Chrome/140.0.7339.127 Mobile Safari/537.36 (compatible; Googlebot/2.1; +http://www.google.com/bot.html)"
162.158.79.81 - - [19/Sep/2025:06:57:55 -0700] "GET /?a=62200915 HTTP/1.1" 200 298751 "-" "Mozilla/5.0 (compatible; SemrushBot/7~bl; +http://www.semrush.com/bot.html)"
172.70.206.123 - - [19/Sep/2025:06:57:58 -0700] "GET /?dir=%2Fproc&dl=%2Fproc%2F2539465 HTTP/1.1" 200 373724 "-" "Mozilla/5.0 AppleWebKit/537.36 (KHTML, like Gecko; compatible; GPTBot/1.2; +https://openai.com/gptbot)"
162.158.152.143 - - [19/Sep/2025:06:58:00 -0700] "GET /?a=38317415 HTTP/1.1" 200 298751 "-" "Mozilla/5.0 (compatible; SemrushBot/7~bl; +http://www.semrush.com/bot.html)"
172.70.206.123 - - [19/Sep/2025:06:58:02 -0700] "GET /?dir=%2Fproc&dl=%2Fproc%2F2539523 HTTP/1.1" 200 373172 "-" "Mozilla/5.0 AppleWebKit/537.36 (KHTML, like Gecko; compatible; GPTBot/1.2; +https://openai.com/gptbot)"
172.69.59.112 - - [19/Sep/2025:06:58:05 -0700] "GET /?dir=%2Fusr%2Fbin&edit=%2Fusr%2Fbin%2Fstream HTTP/1.1" 200 14392 "-" "Mozilla/5.0 (Linux; Android 6.0.1; Nexus 5X Build/MMB29P) AppleWebKit/537.36 (KHTML, like Gecko) Chrome/140.0.7339.127 Mobile Safari/537.36 (compatible; Googlebot/2.1; +http://www.google.com/bot.html)"
104.23.209.83 - - [19/Sep/2025:06:58:05 -0700] "GET /?a=30880815 HTTP/1.1" 200 297795 "-" "Mozilla/5.0 (compatible; SemrushBot/7~bl; +http://www.semrush.com/bot.html)"
172.70.206.123 - - [19/Sep/2025:06:58:06 -0700] "GET /?dir=%2Fproc&dl=%2Fproc%2F2017413 HTTP/1.1" 200 374680 "-" "Mozilla/5.0 AppleWebKit/537.36 (KHTML, like Gecko; compatible; GPTBot/1.2; +https://openai.com/gptbot)"
172.70.206.123 - - [19/Sep/2025:06:58:10 -0700] "GET /?dir=%2Fproc&dl=%2Fproc%2F2539471 HTTP/1.1" 200 373736 "-" "Mozilla/5.0 AppleWebKit/537.36 (KHTML, like Gecko; compatible; GPTBot/1.2; +https://openai.com/gptbot)"
162.158.79.81 - - [19/Sep/2025:06:58:11 -0700] "GET /?a=2388715 HTTP/1.1" 200 298763 "-" "Mozilla/5.0 (compatible; SemrushBot/7~bl; +http://www.semrush.com/bot.html)"
172.70.206.123 - - [19/Sep/2025:06:58:13 -0700] "GET /?dir=%2Fproc&dl=%2Fproc%2F2539493 HTTP/1.1" 200 374300 "-" "Mozilla/5.0 AppleWebKit/537.36 (KHTML, like Gecko; compatible; GPTBot/1.2; +https://openai.com/gptbot)"
172.70.131.118 - - [19/Sep/2025:06:58:16 -0700] "GET /?dir=%2F%2Fproc HTTP/1.1" 200 374300 "-" "Mozilla/5.0 (Linux; Android 6.0.1; Nexus 5X Build/MMB29P) AppleWebKit/537.36 (KHTML, like Gecko) Chrome/140.0.7339.127 Mobile Safari/537.36 (compatible; Googlebot/2.1; +http://www.google.com/bot.html)"
172.70.131.118 - - [19/Sep/2025:06:58:18 -0700] "GET /?dir=%2Fusr%2Fbin&dl=%2Fusr%2Fbin%2Fpydoc-3 HTTP/1.1" 200 89 "-" "Mozilla/5.0 (Linux; Android 6.0.1; Nexus 5X Build/MMB29P) AppleWebKit/537.36 (KHTML, like Gecko) Chrome/140.0.7339.127 Mobile Safari/537.36 (compatible; Googlebot/2.1; +http://www.google.com/bot.html)"
172.70.206.123 - - [19/Sep/2025:06:58:16 -0700] "GET /?dir=%2Fproc&dl=%2Fproc%2F2539531 HTTP/1.1" 200 374300 "-" "Mozilla/5.0 AppleWebKit/537.36 (KHTML, like Gecko; compatible; GPTBot/1.2; +https://openai.com/gptbot)"
172.70.206.123 - - [19/Sep/2025:06:58:19 -0700] "GET /?dir=%2Fproc&dl=%2Fproc%2F2539537 HTTP/1.1" 200 374680 "-" "Mozilla/5.0 AppleWebKit/537.36 (KHTML, like Gecko; compatible; GPTBot/1.2; +https://openai.com/gptbot)"
172.70.206.123 - - [19/Sep/2025:06:58:21 -0700] "GET /?dir=%2Fproc&dl=%2Fproc%2F2029814 HTTP/1.1" 429 17 "-" "Mozilla/5.0 AppleWebKit/537.36 (KHTML, like Gecko; compatible; GPTBot/1.2; +https://openai.com/gptbot)"
172.70.206.123 - - [19/Sep/2025:06:58:24 -0700] "GET /?dir=%2Fproc&dl=%2Fproc%2F2117683 HTTP/1.1" 200 374300 "-" "Mozilla/5.0 AppleWebKit/537.36 (KHTML, like Gecko; compatible; GPTBot/1.2; +https://openai.com/gptbot)"
172.69.59.111 - - [19/Sep/2025:06:58:28 -0700] "GET /?dir=%2Fusr%2Fbin&dl=%2Fusr%2Fbin%2Fgettext HTTP/1.1" 200 50144 "-" "Mozilla/5.0 (Linux; Android 6.0.1; Nexus 5X Build/MMB29P) AppleWebKit/537.36 (KHTML, like Gecko) Chrome/140.0.7339.127 Mobile Safari/537.36 (compatible; Googlebot/2.1; +http://www.google.com/bot.html)"
162.158.152.143 - - [19/Sep/2025:06:58:29 -0700] "GET /?a=91928715 HTTP/1.1" 200 297807 "-" "Mozilla/5.0 (compatible; SemrushBot/7~bl; +http://www.semrush.com/bot.html)"
172.70.206.123 - - [19/Sep/2025:06:58:30 -0700] "GET /?dir=%2Fproc&dl=%2Fproc%2F2539505 HTTP/1.1" 200 374116 "-" "Mozilla/5.0 AppleWebKit/537.36 (KHTML, like Gecko; compatible; GPTBot/1.2; +https://openai.com/gptbot)"
172.70.206.123 - - [19/Sep/2025:06:58:36 -0700] "GET /?dir=%2Fproc&dl=%2Fproc%2F2539549 HTTP/1.1" 200 372608 "-" "Mozilla/5.0 AppleWebKit/537.36 (KHTML, like Gecko; compatible; GPTBot/1.2; +https://openai.com/gptbot)"
172.70.206.123 - - [19/Sep/2025:06:58:42 -0700] "GET /?dir=%2Fproc&dl=%2Fproc%2F2539269 HTTP/1.1" 200 372608 "-" "Mozilla/5.0 AppleWebKit/537.36 (KHTML, like Gecko; compatible; GPTBot/1.2; +https://openai.com/gptbot)"
172.70.206.123 - - [19/Sep/2025:06:58:47 -0700] "GET /?dir=%2Fproc&dl=%2Fproc%2F2136937 HTTP/1.1" 200 372032 "-" "Mozilla/5.0 AppleWebKit/537.36 (KHTML, like Gecko; compatible; GPTBot/1.2; +https://openai.com/gptbot)"
172.69.59.111 - - [19/Sep/2025:06:58:48 -0700] "GET /?dir=%2Fusr%2Fbin&dl=%2Fusr%2Fbin%2Fgpg-wks-server HTTP/1.1" 200 211648 "-" "Mozilla/5.0 (Linux; Android 6.0.1; Nexus 5X Build/MMB29P) AppleWebKit/537.36 (KHTML, like Gecko) Chrome/140.0.7339.127 Mobile Safari/537.36 (compatible; Googlebot/2.1; +http://www.google.com/bot.html)"
172.70.206.123 - - [19/Sep/2025:06:58:51 -0700] "GET /?dir=%2Fproc&dl=%2Fproc%2F2539550 HTTP/1.1" 200 373736 "-" "Mozilla/5.0 AppleWebKit/537.36 (KHTML, like Gecko; compatible; GPTBot/1.2; +https://openai.com/gptbot)"
172.70.206.123 - - [19/Sep/2025:06:58:55 -0700] "GET /?dir=%2Fproc&dl=%2Fproc%2F2539552 HTTP/1.1" 200 375244 "-" "Mozilla/5.0 AppleWebKit/537.36 (KHTML, like Gecko; compatible; GPTBot/1.2; +https://openai.com/gptbot)"
172.69.59.112 - - [19/Sep/2025:06:58:59 -0700] "GET /?dir=%2Fusr%2Fbin&edit=%2Fusr%2Fbin%2Fgalera_recovery HTTP/1.1" 200 4306 "-" "Mozilla/5.0 (Linux; Android 6.0.1; Nexus 5X Build/MMB29P) AppleWebKit/537.36 (KHTML, like Gecko) Chrome/140.0.7339.127 Mobile Safari/537.36 (compatible; Googlebot/2.1; +http://www.google.com/bot.html)"
172.70.206.123 - - [19/Sep/2025:06:58:58 -0700] "GET /?dir=%2Fproc&dl=%2Fproc%2F2389351 HTTP/1.1" 200 375244 "-" "Mozilla/5.0 AppleWebKit/537.36 (KHTML, like Gecko; compatible; GPTBot/1.2; +https://openai.com/gptbot)"
172.70.206.123 - - [19/Sep/2025:06:59:01 -0700] "GET /?dir=%2Fproc&dl=%2Fproc%2F2093731 HTTP/1.1" 200 374128 "-" "Mozilla/5.0 AppleWebKit/537.36 (KHTML, like Gecko; compatible; GPTBot/1.2; +https://openai.com/gptbot)"
172.71.222.236 - - [19/Sep/2025:06:59:02 -0700] "GET /?a=25585715 HTTP/1.1" 200 297807 "-" "Mozilla/5.0 (compatible; SemrushBot/7~bl; +http://www.semrush.com/bot.html)"
172.70.206.123 - - [19/Sep/2025:06:59:04 -0700] "GET /?dir=%2Fproc&dl=%2Fproc%2F2037546 HTTP/1.1" 200 374128 "-" "Mozilla/5.0 AppleWebKit/537.36 (KHTML, like Gecko; compatible; GPTBot/1.2; +https://openai.com/gptbot)"
172.70.135.92 - - [19/Sep/2025:06:59:05 -0700] "GET /?a=73683015 HTTP/1.1" 200 297807 "-" "Mozilla/5.0 (compatible; SemrushBot/7~bl; +http://www.semrush.com/bot.html)"
172.70.206.123 - - [19/Sep/2025:06:59:07 -0700] "GET /?dir=%2Fproc&dl=%2Fproc%2F2516732 HTTP/1.1" 200 373567 "-" "Mozilla/5.0 AppleWebKit/537.36 (KHTML, like Gecko; compatible; GPTBot/1.2; +https://openai.com/gptbot)"
172.70.206.123 - - [19/Sep/2025:06:59:09 -0700] "GET /?dir=%2Fproc&dl=%2Fproc%2F2539562 HTTP/1.1" 429 17 "-" "Mozilla/5.0 AppleWebKit/537.36 (KHTML, like Gecko; compatible; GPTBot/1.2; +https://openai.com/gptbot)"
172.69.59.112 - - [19/Sep/2025:06:59:09 -0700] "GET /?dir=%2Fusr%2Fbin&edit=%2Fusr%2Fbin%2Flscpu HTTP/1.1" 200 121731 "-" "Mozilla/5.0 (Linux; Android 6.0.1; Nexus 5X Build/MMB29P) AppleWebKit/537.36 (KHTML, like Gecko) Chrome/140.0.7339.127 Mobile Safari/537.36 (compatible; Googlebot/2.1; +http://www.google.com/bot.html)"
172.70.39.133 - - [19/Sep/2025:06:59:08 -0700] "GET /?a=36193015 HTTP/1.1" 200 297807 "-" "Mozilla/5.0 (compatible; SemrushBot/7~bl; +http://www.semrush.com/bot.html)"
172.71.102.68 - - [19/Sep/2025:06:59:08 -0700] "GET / HTTP/1.1" 200 297807 "https://ayaclass.com/" "Mozilla/5.0 (iPhone; CPU iPhone OS 13_2_3 like Mac OS X) AppleWebKit/605.1.15 (KHTML, like Gecko) Version/13.0.3 Mobile/15E148 Safari/604.1"
172.70.206.123 - - [19/Sep/2025:06:59:11 -0700] "GET /?dir=%2Fproc&dl=%2Fproc%2F2539573 HTTP/1.1" 429 17 "-" "Mozilla/5.0 AppleWebKit/537.36 (KHTML, like Gecko; compatible; GPTBot/1.2; +https://openai.com/gptbot)"
172.70.206.123 - - [19/Sep/2025:06:59:17 -0700] "GET /?dir=%2Fproc&dl=%2Fproc%2F2083624 HTTP/1.1" 200 373552 "-" "Mozilla/5.0 AppleWebKit/537.36 (KHTML, like Gecko; compatible; GPTBot/1.2; +https://openai.com/gptbot)"
172.70.131.117 - - [19/Sep/2025:06:59:19 -0700] "GET /?dir=%2Fusr%2Fbin&dl=%2Fusr%2Fbin%2Ficeauth HTTP/1.1" 200 42872 "-" "Mozilla/5.0 (Linux; Android 6.0.1; Nexus 5X Build/MMB29P) AppleWebKit/537.36 (KHTML, like Gecko) Chrome/140.0.7339.127 Mobile Safari/537.36 (compatible; Googlebot/2.1; +http://www.google.com/bot.html)"
172.69.59.111 - - [19/Sep/2025:06:59:24 -0700] "GET /products/12985321/ HTTP/1.1" 200 200611 "-" "Mozilla/5.0 (compatible; Googlebot/2.1; +http://www.google.com/bot.html)"
172.69.59.111 - - [19/Sep/2025:06:59:30 -0700] "GET /?dir=%2Fusr%2Fbin&dl=%2Fusr%2Fbin%2Fgetopt HTTP/1.1" 200 21016 "-" "Mozilla/5.0 (Linux; Android 6.0.1; Nexus 5X Build/MMB29P) AppleWebKit/537.36 (KHTML, like Gecko) Chrome/140.0.7339.127 Mobile Safari/537.36 (compatible; Googlebot/2.1; +http://www.google.com/bot.html)"
172.69.59.111 - - [19/Sep/2025:06:59:30 -0700] "GET /?dir=%2Fusr%2Fbin&dl=%2Fusr%2Fbin%2Fmariadb-secure-installation HTTP/1.1" 200 13810 "-" "Mozilla/5.0 (Linux; Android 6.0.1; Nexus 5X Build/MMB29P) AppleWebKit/537.36 (KHTML, like Gecko) Chrome/140.0.7339.127 Mobile Safari/537.36 (compatible; Googlebot/2.1; +http://www.google.com/bot.html)"
104.23.213.85 - - [19/Sep/2025:06:59:33 -0700] "GET /?a=34462115 HTTP/1.1" 200 297807 "-" "Mozilla/5.0 (compatible; SemrushBot/7~bl; +http://www.semrush.com/bot.html)"
172.70.206.122 - - [19/Sep/2025:06:59:36 -0700] "GET /?dir=%2Fproc&dl=%2Fproc%2F2539579 HTTP/1.1" 200 373564 "-" "Mozilla/5.0 AppleWebKit/537.36 (KHTML, like Gecko; compatible; GPTBot/1.2; +https://openai.com/gptbot)"
172.69.59.111 - - [19/Sep/2025:06:59:40 -0700] "GET /?dir=%2Fusr%2Fbin&edit=%2Fusr%2Fbin%2Fcifsiostat HTTP/1.1" 200 59978 "-" "Mozilla/5.0 (Linux; Android 6.0.1; Nexus 5X Build/MMB29P) AppleWebKit/537.36 (KHTML, like Gecko) Chrome/140.0.7339.127 Mobile Safari/537.36 (compatible; Googlebot/2.1; +http://www.google.com/bot.html)"
172.71.190.147 - - [19/Sep/2025:06:59:43 -0700] "GET /?a=62174415 HTTP/1.1" 200 298751 "-" "Mozilla/5.0 (compatible; SemrushBot/7~bl; +http://www.semrush.com/bot.html)"
172.69.59.112 - - [19/Sep/2025:06:59:51 -0700] "GET /?dir=%2Fusr%2Fbin&dl=%2Fusr%2Fbin%2Fh2xs HTTP/1.1" 200 60866 "-" "Mozilla/5.0 (Linux; Android 6.0.1; Nexus 5X Build/MMB29P) AppleWebKit/537.36 (KHTML, like Gecko) Chrome/140.0.7339.127 Mobile Safari/537.36 (compatible; Googlebot/2.1; +http://www.google.com/bot.html)"
172.70.206.122 - - [19/Sep/2025:06:59:53 -0700] "GET /?dir=%2Fproc&dl=%2Fproc%2F2539455 HTTP/1.1" 200 374692 "-" "Mozilla/5.0 AppleWebKit/537.36 (KHTML, like Gecko; compatible; GPTBot/1.2; +https://openai.com/gptbot)"
172.70.131.118 - - [19/Sep/2025:07:00:01 -0700] "GET /?dir=%2Fusr%2Fbin&edit=%2Fusr%2Fbin%2Fdumpsexp HTTP/1.1" 200 23192 "-" "Mozilla/5.0 (Linux; Android 6.0.1; Nexus 5X Build/MMB29P) AppleWebKit/537.36 (KHTML, like Gecko) Chrome/140.0.7339.127 Mobile Safari/537.36 (compatible; Googlebot/2.1; +http://www.google.com/bot.html)"
172.69.59.112 - - [19/Sep/2025:07:00:02 -0700] "GET /products/24684354/ HTTP/1.1" 200 188240 "-" "Mozilla/5.0 (Linux; Android 6.0.1; Nexus 5X Build/MMB29P) AppleWebKit/537.36 (KHTML, like Gecko) Chrome/140.0.7339.127 Mobile Safari/537.36 (compatible; Googlebot/2.1; +http://www.google.com/bot.html)"
172.70.174.24 - - [19/Sep/2025:07:00:04 -0700] "GET /?a=40152115 HTTP/1.1" 200 297807 "-" "Mozilla/5.0 (compatible; SemrushBot/7~bl; +http://www.semrush.com/bot.html)"
172.69.59.112 - - [19/Sep/2025:07:00:07 -0700] "GET /?dir=%2Fusr%2Fbin&edit=%2Fusr%2Fbin%2Fneqn HTTP/1.1" 200 1493 "-" "Mozilla/5.0 (Linux; Android 6.0.1; Nexus 5X Build/MMB29P) AppleWebKit/537.36 (KHTML, like Gecko) Chrome/140.0.7339.127 Mobile Safari/537.36 (compatible; Googlebot/2.1; +http://www.google.com/bot.html)"
172.70.206.122 - - [19/Sep/2025:07:00:07 -0700] "GET /?dir=%2Fproc&dl=%2Fproc%2F2539594 HTTP/1.1" 200 380884 "-" "Mozilla/5.0 AppleWebKit/537.36 (KHTML, like Gecko; compatible; GPTBot/1.2; +https://openai.com/gptbot)"
172.71.222.237 - - [19/Sep/2025:07:00:09 -0700] "GET /?a=30313315 HTTP/1.1" 200 298751 "-" "Mozilla/5.0 (compatible; SemrushBot/7~bl; +http://www.semrush.com/bot.html)"
172.69.59.111 - - [19/Sep/2025:07:00:15 -0700] "GET /?dir=%2Fusr%2Fbin&edit=%2Fusr%2Fbin%2Fdbiprof HTTP/1.1" 200 7103 "-" "Mozilla/5.0 (Linux; Android 6.0.1; Nexus 5X Build/MMB29P) AppleWebKit/537.36 (KHTML, like Gecko) Chrome/140.0.7339.127 Mobile Safari/537.36 (compatible; Googlebot/2.1; +http://www.google.com/bot.html)"
172.68.245.133 - - [19/Sep/2025:07:00:14 -0700] "GET /?a=31510015 HTTP/1.1" 200 297807 "-" "Mozilla/5.0 (compatible; SemrushBot/7~bl; +http://www.semrush.com/bot.html)"
172.70.206.122 - - [19/Sep/2025:07:00:21 -0700] "GET /?dir=%2Fproc&dl=%2Fproc%2F2172853 HTTP/1.1" 200 377120 "-" "Mozilla/5.0 AppleWebKit/537.36 (KHTML, like Gecko; compatible; GPTBot/1.2; +https://openai.com/gptbot)"
172.71.222.237 - - [19/Sep/2025:07:00:24 -0700] "GET /?a=49288915 HTTP/1.1" 200 297795 "-" "Mozilla/5.0 (compatible; SemrushBot/7~bl; +http://www.semrush.com/bot.html)"
172.69.59.111 - - [19/Sep/2025:07:00:27 -0700] "GET /?dir=%2Fusr%2Fbin&dl=%2Fusr%2Fbin%2Fgv2gxl HTTP/1.1" 200 42288 "-" "Mozilla/5.0 (Linux; Android 6.0.1; Nexus 5X Build/MMB29P) AppleWebKit/537.36 (KHTML, like Gecko) Chrome/140.0.7339.127 Mobile Safari/537.36 (compatible; Googlebot/2.1; +http://www.google.com/bot.html)"
172.70.206.123 - - [19/Sep/2025:07:00:33 -0700] "GET /?dir=%2Fproc&dl=%2Fproc%2F2539636 HTTP/1.1" 200 376556 "-" "Mozilla/5.0 AppleWebKit/537.36 (KHTML, like Gecko; compatible; GPTBot/1.2; +https://openai.com/gptbot)"
172.69.59.111 - - [19/Sep/2025:07:00:39 -0700] "GET /?dir=%2Fusr%2Fbin&edit=%2Fusr%2Fbin%2Fat HTTP/1.1" 200 83900 "-" "Mozilla/5.0 (Linux; Android 6.0.1; Nexus 5X Build/MMB29P) AppleWebKit/537.36 (KHTML, like Gecko) Chrome/140.0.7339.127 Mobile Safari/537.36 (compatible; Googlebot/2.1; +http://www.google.com/bot.html)"
104.23.213.84 - - [19/Sep/2025:07:00:39 -0700] "GET /?a=4103015 HTTP/1.1" 200 297807 "-" "Mozilla/5.0 (compatible; SemrushBot/7~bl; +http://www.semrush.com/bot.html)"
172.69.59.111 - - [19/Sep/2025:07:00:41 -0700] "GET /products/29344743/ HTTP/1.1" 200 200720 "-" "Mozilla/5.0 (Linux; Android 6.0.1; Nexus 5X Build/MMB29P) AppleWebKit/537.36 (KHTML, like Gecko) Chrome/140.0.7339.127 Mobile Safari/537.36 (compatible; Googlebot/2.1; +http://www.google.com/bot.html)"
172.70.206.123 - - [19/Sep/2025:07:00:44 -0700] "GET /?dir=%2Fproc&dl=%2Fproc%2F2539515 HTTP/1.1" 200 375992 "-" "Mozilla/5.0 AppleWebKit/537.36 (KHTML, like Gecko; compatible; GPTBot/1.2; +https://openai.com/gptbot)"
172.69.59.111 - - [19/Sep/2025:07:00:51 -0700] "GET /?dir=%2Fusr%2Fbin&edit=%2Fusr%2Fbin%2Fcomm HTTP/1.1" 200 60964 "-" "Mozilla/5.0 (Linux; Android 6.0.1; Nexus 5X Build/MMB29P) AppleWebKit/537.36 (KHTML, like Gecko) Chrome/140.0.7339.127 Mobile Safari/537.36 (compatible; Googlebot/2.1; +http://www.google.com/bot.html)"
172.69.59.111 - - [19/Sep/2025:07:00:53 -0700] "GET /products/23060532/ HTTP/1.1" 200 193085 "-" "Mozilla/5.0 (Linux; Android 6.0.1; Nexus 5X Build/MMB29P) AppleWebKit/537.36 (KHTML, like Gecko) Chrome/140.0.7339.127 Mobile Safari/537.36 (compatible; Googlebot/2.1; +http://www.google.com/bot.html)"
172.70.206.123 - - [19/Sep/2025:07:00:54 -0700] "GET /?dir=%2Fproc&dl=%2Fproc%2F2539595 HTTP/1.1" 200 375992 "-" "Mozilla/5.0 AppleWebKit/537.36 (KHTML, like Gecko; compatible; GPTBot/1.2; +https://openai.com/gptbot)"
172.69.59.111 - - [19/Sep/2025:07:01:03 -0700] "GET /?dir=%2Fusr%2Fbin&edit=%2Fusr%2Fbin%2Fgtbl HTTP/1.1" 200 233489 "-" "Mozilla/5.0 (Linux; Android 6.0.1; Nexus 5X Build/MMB29P) AppleWebKit/537.36 (KHTML, like Gecko) Chrome/140.0.7339.127 Mobile Safari/537.36 (compatible; Googlebot/2.1; +http://www.google.com/bot.html)"
172.70.206.123 - - [19/Sep/2025:07:01:02 -0700] "GET /?dir=%2Fproc&dl=%2Fproc%2F2169057 HTTP/1.1" 200 375428 "-" "Mozilla/5.0 AppleWebKit/537.36 (KHTML, like Gecko; compatible; GPTBot/1.2; +https://openai.com/gptbot)"
172.70.39.134 - - [19/Sep/2025:07:01:09 -0700] "GET /?a=11942315 HTTP/1.1" 200 297795 "-" "Mozilla/5.0 (compatible; SemrushBot/7~bl; +http://www.semrush.com/bot.html)"
172.70.206.123 - - [19/Sep/2025:07:01:10 -0700] "GET /?dir=%2Fproc&dl=%2Fproc%2F2513942 HTTP/1.1" 200 376936 "-" "Mozilla/5.0 AppleWebKit/537.36 (KHTML, like Gecko; compatible; GPTBot/1.2; +https://openai.com/gptbot)"
172.71.190.108 - - [19/Sep/2025:07:01:14 -0700] "GET /?a=36591915 HTTP/1.1" 200 297807 "-" "Mozilla/5.0 (compatible; SemrushBot/7~bl; +http://www.semrush.com/bot.html)"
172.70.206.123 - - [19/Sep/2025:07:01:17 -0700] "GET /?dir=%2Fproc&dl=%2Fproc%2F2102956 HTTP/1.1" 200 378076 "-" "Mozilla/5.0 AppleWebKit/537.36 (KHTML, like Gecko; compatible; GPTBot/1.2; +https://openai.com/gptbot)"
172.70.131.117 - - [19/Sep/2025:07:01:22 -0700] "GET /?dir=%2Fusr%2Fbin&edit=%2Fusr%2Fbin%2Fmsgfmt2.py HTTP/1.1" 200 7624 "-" "Mozilla/5.0 (Linux; Android 6.0.1; Nexus 5X Build/MMB29P) AppleWebKit/537.36 (KHTML, like Gecko) Chrome/140.0.7339.127 Mobile Safari/537.36 (compatible; Googlebot/2.1; +http://www.google.com/bot.html)"
172.70.135.92 - - [19/Sep/2025:07:01:22 -0700] "GET /?a=63132015 HTTP/1.1" 200 298751 "-" "Mozilla/5.0 (compatible; SemrushBot/7~bl; +http://www.semrush.com/bot.html)"
172.70.206.123 - - [19/Sep/2025:07:01:24 -0700] "GET /?dir=%2Fproc&dl=%2Fproc%2F2539633 HTTP/1.1" 200 377500 "-" "Mozilla/5.0 AppleWebKit/537.36 (KHTML, like Gecko; compatible; GPTBot/1.2; +https://openai.com/gptbot)"
172.71.195.119 - - [19/Sep/2025:07:01:26 -0700] "GET /?a=44806515 HTTP/1.1" 200 298763 "-" "Mozilla/5.0 (compatible; SemrushBot/7~bl; +http://www.semrush.com/bot.html)"
172.70.206.122 - - [19/Sep/2025:07:01:30 -0700] "GET /?dir=%2Fproc&dl=%2Fproc%2F2145931 HTTP/1.1" 200 376948 "-" "Mozilla/5.0 AppleWebKit/537.36 (KHTML, like Gecko; compatible; GPTBot/1.2; +https://openai.com/gptbot)"
172.69.59.111 - - [19/Sep/2025:07:01:32 -0700] "GET /?dir=%2Fusr%2Fbin&edit=%2Fusr%2Fbin%2Fmsgexec HTTP/1.1" 200 27229 "-" "Mozilla/5.0 (Linux; Android 6.0.1; Nexus 5X Build/MMB29P) AppleWebKit/537.36 (KHTML, like Gecko) Chrome/140.0.7339.127 Mobile Safari/537.36 (compatible; Googlebot/2.1; +http://www.google.com/bot.html)"
172.71.194.196 - - [19/Sep/2025:07:01:34 -0700] "GET /?a=31712315 HTTP/1.1" 200 297807 "-" "Mozilla/5.0 (compatible; SemrushBot/7~bl; +http://www.semrush.com/bot.html)"
172.70.206.122 - - [19/Sep/2025:07:01:35 -0700] "GET /?dir=%2Fproc&dl=%2Fproc%2F2539443 HTTP/1.1" 200 375992 "-" "Mozilla/5.0 AppleWebKit/537.36 (KHTML, like Gecko; compatible; GPTBot/1.2; +https://openai.com/gptbot)"
172.70.206.122 - - [19/Sep/2025:07:01:39 -0700] "GET /?dir=%2Fproc&dl=%2Fproc%2F2539532 HTTP/1.1" 200 374864 "-" "Mozilla/5.0 AppleWebKit/537.36 (KHTML, like Gecko; compatible; GPTBot/1.2; +https://openai.com/gptbot)"
172.69.59.112 - - [19/Sep/2025:07:01:43 -0700] "GET /?dir=%2Fusr%2Fbin&dl=%2Fusr%2Fbin%2Fbcomps HTTP/1.1" 200 21112 "-" "Mozilla/5.0 (Linux; Android 6.0.1; Nexus 5X Build/MMB29P) AppleWebKit/537.36 (KHTML, like Gecko) Chrome/140.0.7339.127 Mobile Safari/537.36 (compatible; Googlebot/2.1; +http://www.google.com/bot.html)"
172.69.59.111 - - [19/Sep/2025:07:01:43 -0700] "GET /?dir=%2Fusr%2Fbin&dl=%2Fusr%2Fbin%2Ffile HTTP/1.1" 200 25272 "-" "Mozilla/5.0 (Linux; Android 6.0.1; Nexus 5X Build/MMB29P) AppleWebKit/537.36 (KHTML, like Gecko) Chrome/140.0.7339.127 Mobile Safari/537.36 (compatible; Googlebot/2.1; +http://www.google.com/bot.html)"
172.69.59.112 - - [19/Sep/2025:07:01:44 -0700] "GET /products/17564043/ HTTP/1.1" 200 193130 "-" "Mozilla/5.0 (Linux; Android 6.0.1; Nexus 5X Build/MMB29P) AppleWebKit/537.36 (KHTML, like Gecko) Chrome/140.0.7339.127 Mobile Safari/537.36 (compatible; Googlebot/2.1; +http://www.google.com/bot.html)"
172.70.206.123 - - [19/Sep/2025:07:01:43 -0700] "GET /?dir=%2Fproc&dl=%2Fproc%2F2539795 HTTP/1.1" 200 374116 "-" "Mozilla/5.0 AppleWebKit/537.36 (KHTML, like Gecko; compatible; GPTBot/1.2; +https://openai.com/gptbot)"
172.70.206.123 - - [19/Sep/2025:07:01:47 -0700] "GET /?dir=%2Fproc&dl=%2Fproc%2F2539623 HTTP/1.1" 200 372608 "-" "Mozilla/5.0 AppleWebKit/537.36 (KHTML, like Gecko; compatible; GPTBot/1.2; +https://openai.com/gptbot)"
172.69.59.111 - - [19/Sep/2025:07:01:51 -0700] "GET /?dir=%2Fusr%2Fbin&dl=%2Fusr%2Fbin%2FGET HTTP/1.1" 200 16217 "-" "Mozilla/5.0 (Linux; Android 6.0.1; Nexus 5X Build/MMB29P) AppleWebKit/537.36 (KHTML, like Gecko) Chrome/140.0.7339.127 Mobile Safari/537.36 (compatible; Googlebot/2.1; +http://www.google.com/bot.html)"
172.70.206.123 - - [19/Sep/2025:07:01:51 -0700] "GET /?dir=%2Fproc&dl=%2Fproc%2F2539643 HTTP/1.1" 200 372608 "-" "Mozilla/5.0 AppleWebKit/537.36 (KHTML, like Gecko; compatible; GPTBot/1.2; +https://openai.com/gptbot)"
104.23.211.144 - - [19/Sep/2025:07:01:52 -0700] "GET /?a=36618415 HTTP/1.1" 200 297807 "-" "Mozilla/5.0 (compatible; SemrushBot/7~bl; +http://www.semrush.com/bot.html)"
172.70.206.123 - - [19/Sep/2025:07:01:54 -0700] "GET /?dir=%2Fproc&dl=%2Fproc%2F2539855 HTTP/1.1" 200 373564 "-" "Mozilla/5.0 AppleWebKit/537.36 (KHTML, like Gecko; compatible; GPTBot/1.2; +https://openai.com/gptbot)"
172.70.206.123 - - [19/Sep/2025:07:01:57 -0700] "GET /?dir=%2Fproc&dl=%2Fproc%2F2174808 HTTP/1.1" 200 373160 "-" "Mozilla/5.0 AppleWebKit/537.36 (KHTML, like Gecko; compatible; GPTBot/1.2; +https://openai.com/gptbot)"
172.70.206.123 - - [19/Sep/2025:07:01:59 -0700] "GET /?dir=%2Fproc&dl=%2Fproc%2F2098160 HTTP/1.1" 429 17 "-" "Mozilla/5.0 AppleWebKit/537.36 (KHTML, like Gecko; compatible; GPTBot/1.2; +https://openai.com/gptbot)"
172.70.206.123 - - [19/Sep/2025:07:02:01 -0700] "GET /?dir=%2Fproc&dl=%2Fproc%2F2068942 HTTP/1.1" 429 17 "-" "Mozilla/5.0 AppleWebKit/537.36 (KHTML, like Gecko; compatible; GPTBot/1.2; +https://openai.com/gptbot)"
172.69.58.134 - - [19/Sep/2025:07:02:03 -0700] "GET /?dir=%2Fusr%2Fbin&edit=%2Fusr%2Fbin%2Fmail HTTP/1.1" 200 665642 "-" "Mozilla/5.0 (Linux; Android 6.0.1; Nexus 5X Build/MMB29P) AppleWebKit/537.36 (KHTML, like Gecko) Chrome/140.0.7339.127 Mobile Safari/537.36 (compatible; Googlebot/2.1; +http://www.google.com/bot.html)"
172.70.206.123 - - [19/Sep/2025:07:02:08 -0700] "GET /?dir=%2Fproc&dl=%2Fproc%2F2067039 HTTP/1.1" 200 374116 "-" "Mozilla/5.0 AppleWebKit/537.36 (KHTML, like Gecko; compatible; GPTBot/1.2; +https://openai.com/gptbot)"
172.70.39.134 - - [19/Sep/2025:07:02:12 -0700] "GET /?a=81350615 HTTP/1.1" 200 298751 "-" "Mozilla/5.0 (compatible; SemrushBot/7~bl; +http://www.semrush.com/bot.html)"
172.69.59.111 - - [19/Sep/2025:07:02:16 -0700] "GET /?dir=%2Fusr%2Fbin&dl=%2Fusr%2Fbin%2Fcd HTTP/1.1" 200 26 "-" "Mozilla/5.0 (Linux; Android 6.0.1; Nexus 5X Build/MMB29P) AppleWebKit/537.36 (KHTML, like Gecko) Chrome/140.0.7339.127 Mobile Safari/537.36 (compatible; Googlebot/2.1; +http://www.google.com/bot.html)"
104.23.213.85 - - [19/Sep/2025:07:02:16 -0700] "GET /?a=43675415 HTTP/1.1" 200 298763 "-" "Mozilla/5.0 (compatible; SemrushBot/7~bl; +http://www.semrush.com/bot.html)"
172.70.39.134 - - [19/Sep/2025:07:02:25 -0700] "GET /?a=26467015 HTTP/1.1" 200 298766 "-" "Mozilla/5.0 (compatible; SemrushBot/7~bl; +http://www.semrush.com/bot.html)"
172.70.206.122 - - [19/Sep/2025:07:02:29 -0700] "GET /?dir=%2Fproc&dl=%2Fproc%2F2539653 HTTP/1.1" 200 374300 "-" "Mozilla/5.0 AppleWebKit/537.36 (KHTML, like Gecko; compatible; GPTBot/1.2; +https://openai.com/gptbot)"
104.23.211.144 - - [19/Sep/2025:07:02:31 -0700] "GET /?a=29313015 HTTP/1.1" 200 298751 "-" "Mozilla/5.0 (compatible; SemrushBot/7~bl; +http://www.semrush.com/bot.html)"
172.69.59.112 - - [19/Sep/2025:07:02:36 -0700] "GET /?dir=%2Fusr%2Fbin&edit=%2Fusr%2Fbin%2Felfedit HTTP/1.1" 200 47914 "-" "Mozilla/5.0 (Linux; Android 6.0.1; Nexus 5X Build/MMB29P) AppleWebKit/537.36 (KHTML, like Gecko) Chrome/140.0.7339.127 Mobile Safari/537.36 (compatible; Googlebot/2.1; +http://www.google.com/bot.html)"
172.69.59.112 - - [19/Sep/2025:07:02:46 -0700] "GET /?dir=%2Fusr%2Fbin&dl=%2Fusr%2Fbin%2Fchattr HTTP/1.1" 200 16800 "-" "Mozilla/5.0 (Linux; Android 6.0.1; Nexus 5X Build/MMB29P) AppleWebKit/537.36 (KHTML, like Gecko) Chrome/140.0.7339.127 Mobile Safari/537.36 (compatible; Googlebot/2.1; +http://www.google.com/bot.html)"
172.70.206.122 - - [19/Sep/2025:07:02:48 -0700] "GET /?dir=%2Fproc&dl=%2Fproc%2F2508366 HTTP/1.1" 200 374692 "-" "Mozilla/5.0 AppleWebKit/537.36 (KHTML, like Gecko; compatible; GPTBot/1.2; +https://openai.com/gptbot)"
172.69.59.112 - - [19/Sep/2025:07:02:56 -0700] "GET /?dir=%2Fusr%2Fbin&dl=%2Fusr%2Fbin%2Fdebuginfod-find HTTP/1.1" 200 16864 "-" "Mozilla/5.0 (Linux; Android 6.0.1; Nexus 5X Build/MMB29P) AppleWebKit/537.36 (KHTML, like Gecko) Chrome/140.0.7339.127 Mobile Safari/537.36 (compatible; Googlebot/2.1; +http://www.google.com/bot.html)"
172.70.206.122 - - [19/Sep/2025:07:03:04 -0700] "GET /?dir=%2Fproc&dl=%2Fproc%2F2178653 HTTP/1.1" 200 374695 "-" "Mozilla/5.0 AppleWebKit/537.36 (KHTML, like Gecko; compatible; GPTBot/1.2; +https://openai.com/gptbot)"
172.69.59.112 - - [19/Sep/2025:07:03:07 -0700] "GET /?dir=%2Fusr%2Fbin&dl=%2Fusr%2Fbin%2Fmsginit HTTP/1.1" 200 69480 "-" "Mozilla/5.0 (Linux; Android 6.0.1; Nexus 5X Build/MMB29P) AppleWebKit/537.36 (KHTML, like Gecko) Chrome/140.0.7339.127 Mobile Safari/537.36 (compatible; Googlebot/2.1; +http://www.google.com/bot.html)"
172.69.59.111 - - [19/Sep/2025:07:03:17 -0700] "GET /?dir=%2Fusr%2Fbin&edit=%2Fusr%2Fbin%2Fgrub2-mkfont HTTP/1.1" 200 496806 "-" "Mozilla/5.0 (Linux; Android 6.0.1; Nexus 5X Build/MMB29P) AppleWebKit/537.36 (KHTML, like Gecko) Chrome/140.0.7339.127 Mobile Safari/537.36 (compatible; Googlebot/2.1; +http://www.google.com/bot.html)"
172.70.135.91 - - [19/Sep/2025:07:03:19 -0700] "GET /?a=58914015 HTTP/1.1" 200 297795 "-" "Mozilla/5.0 (compatible; SemrushBot/7~bl; +http://www.semrush.com/bot.html)"
172.68.245.132 - - [19/Sep/2025:07:03:22 -0700] "GET /?a=41399815 HTTP/1.1" 200 298751 "-" "Mozilla/5.0 (compatible; SemrushBot/7~bl; +http://www.semrush.com/bot.html)"
172.69.59.111 - - [19/Sep/2025:07:03:28 -0700] "GET /?dir=%2Fusr%2Fbin&dl=%2Fusr%2Fbin%2Fbzegrep HTTP/1.1" 200 1677 "-" "Mozilla/5.0 (Linux; Android 6.0.1; Nexus 5X Build/MMB29P) AppleWebKit/537.36 (KHTML, like Gecko) Chrome/140.0.7339.127 Mobile Safari/537.36 (compatible; Googlebot/2.1; +http://www.google.com/bot.html)"
172.71.222.237 - - [19/Sep/2025:07:03:28 -0700] "GET /?a=33219715 HTTP/1.1" 200 298751 "-" "Mozilla/5.0 (compatible; SemrushBot/7~bl; +http://www.semrush.com/bot.html)"
162.158.152.143 - - [19/Sep/2025:07:03:32 -0700] "GET /?a=64867815 HTTP/1.1" 200 298751 "-" "Mozilla/5.0 (compatible; SemrushBot/7~bl; +http://www.semrush.com/bot.html)"
172.69.59.111 - - [19/Sep/2025:07:03:50 -0700] "GET /?dir=%2Fusr%2Fbin&edit=%2Fusr%2Fbin%2Feu-strings HTTP/1.1" 200 32206 "-" "Mozilla/5.0 (Linux; Android 6.0.1; Nexus 5X Build/MMB29P) AppleWebKit/537.36 (KHTML, like Gecko) Chrome/140.0.7339.127 Mobile Safari/537.36 (compatible; Googlebot/2.1; +http://www.google.com/bot.html)"
172.69.59.112 - - [19/Sep/2025:07:03:50 -0700] "GET /?dir=%2Fusr%2Fbin&dl=%2Fusr%2Fbin%2Fedgepaint HTTP/1.1" 200 430888 "-" "Mozilla/5.0 (Linux; Android 6.0.1; Nexus 5X Build/MMB29P) AppleWebKit/537.36 (KHTML, like Gecko) Chrome/140.0.7339.127 Mobile Safari/537.36 (compatible; Googlebot/2.1; +http://www.google.com/bot.html)"
172.70.206.123 - - [19/Sep/2025:07:03:59 -0700] "GET /?dir=%2Fproc&dl=%2Fproc%2F2155073 HTTP/1.1" 200 374692 "-" "Mozilla/5.0 AppleWebKit/537.36 (KHTML, like Gecko; compatible; GPTBot/1.2; +https://openai.com/gptbot)"
172.69.59.111 - - [19/Sep/2025:07:04:01 -0700] "GET /?dir=%2Fusr%2Fbin&dl=%2Fusr%2Fbin%2Fmariadb-install-db HTTP/1.1" 200 22996 "-" "Mozilla/5.0 (Linux; Android 6.0.1; Nexus 5X Build/MMB29P) AppleWebKit/537.36 (KHTML, like Gecko) Chrome/140.0.7339.127 Mobile Safari/537.36 (compatible; Googlebot/2.1; +http://www.google.com/bot.html)"
172.70.34.96 - - [19/Sep/2025:07:04:04 -0700] "GET /?a=48642615 HTTP/1.1" 200 297807 "-" "Mozilla/5.0 (compatible; SemrushBot/7~bl; +http://www.semrush.com/bot.html)"
172.69.59.112 - - [19/Sep/2025:07:04:08 -0700] "GET /products/26216121/ HTTP/1.1" 200 197304 "-" "Mozilla/5.0 (compatible; Googlebot/2.1; +http://www.google.com/bot.html)"
162.158.79.82 - - [19/Sep/2025:07:04:08 -0700] "GET /?a=29326015 HTTP/1.1" 200 297807 "-" "Mozilla/5.0 (compatible; SemrushBot/7~bl; +http://www.semrush.com/bot.html)"
172.69.59.112 - - [19/Sep/2025:07:04:11 -0700] "GET /?dir=%2Fusr%2Fbin&edit=%2Fusr%2Fbin%2Feasy_install-3 HTTP/1.1" 200 837 "-" "Mozilla/5.0 (Linux; Android 6.0.1; Nexus 5X Build/MMB29P) AppleWebKit/537.36 (KHTML, like Gecko) Chrome/140.0.7339.127 Mobile Safari/537.36 (compatible; Googlebot/2.1; +http://www.google.com/bot.html)"
172.71.222.237 - - [19/Sep/2025:07:04:11 -0700] "GET /?a=56792715 HTTP/1.1" 200 298751 "-" "Mozilla/5.0 (compatible; SemrushBot/7~bl; +http://www.semrush.com/bot.html)"
172.70.206.123 - - [19/Sep/2025:07:04:13 -0700] "GET /?dir=%2Fproc&dl=%2Fproc%2F2539892 HTTP/1.1" 200 372044 "-" "Mozilla/5.0 AppleWebKit/537.36 (KHTML, like Gecko; compatible; GPTBot/1.2; +https://openai.com/gptbot)"
104.23.211.145 - - [19/Sep/2025:07:04:18 -0700] "GET /?a=99885315 HTTP/1.1" 200 298763 "-" "Mozilla/5.0 (compatible; SemrushBot/7~bl; +http://www.semrush.com/bot.html)"
172.69.59.112 - - [19/Sep/2025:07:04:20 -0700] "GET /products/21528254/ HTTP/1.1" 200 195553 "-" "Mozilla/5.0 (compatible; Googlebot/2.1; +http://www.google.com/bot.html)"
172.69.59.112 - - [19/Sep/2025:07:04:21 -0700] "GET /products/13101587/ HTTP/1.1" 200 195444 "-" "Mozilla/5.0 (Linux; Android 6.0.1; Nexus 5X Build/MMB29P) AppleWebKit/537.36 (KHTML, like Gecko) Chrome/140.0.7339.127 Mobile Safari/537.36 (compatible; Googlebot/2.1; +http://www.google.com/bot.html)"
172.69.59.112 - - [19/Sep/2025:07:04:21 -0700] "GET /products/14274643/ HTTP/1.1" 200 188876 "-" "Mozilla/5.0 (Linux; Android 6.0.1; Nexus 5X Build/MMB29P) AppleWebKit/537.36 (KHTML, like Gecko) Chrome/140.0.7339.127 Mobile Safari/537.36 (compatible; Googlebot/2.1; +http://www.google.com/bot.html)"
172.69.59.112 - - [19/Sep/2025:07:04:22 -0700] "GET /?dir=%2Fusr%2Fbin&edit=%2Fusr%2Fbin%2Fdb_recover HTTP/1.1" 200 21776 "-" "Mozilla/5.0 (Linux; Android 6.0.1; Nexus 5X Build/MMB29P) AppleWebKit/537.36 (KHTML, like Gecko) Chrome/140.0.7339.127 Mobile Safari/537.36 (compatible; Googlebot/2.1; +http://www.google.com/bot.html)"
172.69.59.112 - - [19/Sep/2025:07:04:22 -0700] "GET /?dir=%2Fusr%2Fbin&dl=%2Fusr%2Fbin%2Fdwz HTTP/1.1" 200 171664 "-" "Mozilla/5.0 (Linux; Android 6.0.1; Nexus 5X Build/MMB29P) AppleWebKit/537.36 (KHTML, like Gecko) Chrome/140.0.7339.127 Mobile Safari/537.36 (compatible; Googlebot/2.1; +http://www.google.com/bot.html)"
172.69.59.112 - - [19/Sep/2025:07:04:33 -0700] "GET /?dir=%2Fusr%2Fbin&dl=%2Fusr%2Fbin%2Flynx HTTP/1.1" 200 1928720 "-" "Mozilla/5.0 (Linux; Android 6.0.1; Nexus 5X Build/MMB29P) AppleWebKit/537.36 (KHTML, like Gecko) Chrome/140.0.7339.127 Mobile Safari/537.36 (compatible; Googlebot/2.1; +http://www.google.com/bot.html)"
104.23.209.83 - - [19/Sep/2025:07:04:38 -0700] "GET /?a=41315615 HTTP/1.1" 200 297807 "-" "Mozilla/5.0 (compatible; SemrushBot/7~bl; +http://www.semrush.com/bot.html)"
172.71.254.189 - - [19/Sep/2025:07:04:44 -0700] "GET /?dir=%2Fusr%2Fbin&dl=%2Fusr%2Fbin%2Feu-strip HTTP/1.1" 200 377904 "-" "Mozilla/5.0 (Linux; Android 6.0.1; Nexus 5X Build/MMB29P) AppleWebKit/537.36 (KHTML, like Gecko) Chrome/140.0.7339.127 Mobile Safari/537.36 (compatible; Googlebot/2.1; +http://www.google.com/bot.html)"
172.71.254.189 - - [19/Sep/2025:07:04:44 -0700] "GET /?dir=%2Fusr%2Fbin&edit=%2Fusr%2Fbin%2Fchfn HTTP/1.1" 200 549 "-" "Mozilla/5.0 (Linux; Android 6.0.1; Nexus 5X Build/MMB29P) AppleWebKit/537.36 (KHTML, like Gecko) Chrome/140.0.7339.127 Mobile Safari/537.36 (compatible; Googlebot/2.1; +http://www.google.com/bot.html)"
172.69.59.112 - - [19/Sep/2025:07:04:45 -0700] "GET /?dir=%2Fusr%2Fbin&edit=%2Fusr%2Fbin%2Fhash HTTP/1.1" 200 587 "-" "Mozilla/5.0 (Linux; Android 6.0.1; Nexus 5X Build/MMB29P) AppleWebKit/537.36 (KHTML, like Gecko) Chrome/140.0.7339.127 Mobile Safari/537.36 (compatible; Googlebot/2.1; +http://www.google.com/bot.html)"
172.70.131.118 - - [19/Sep/2025:07:04:55 -0700] "GET /?dir=%2Fusr%2Fbin&dl=%2Fusr%2Fbin%2Fc89 HTTP/1.1" 200 224 "-" "Mozilla/5.0 (Linux; Android 6.0.1; Nexus 5X Build/MMB29P) AppleWebKit/537.36 (KHTML, like Gecko) Chrome/140.0.7339.127 Mobile Safari/537.36 (compatible; Googlebot/2.1; +http://www.google.com/bot.html)"
172.71.254.188 - - [19/Sep/2025:07:05:05 -0700] "GET /?dir=%2Fusr%2Fbin&dl=%2Fusr%2Fbin%2Fgpasswd HTTP/1.1" 200 84136 "-" "Mozilla/5.0 (Linux; Android 6.0.1; Nexus 5X Build/MMB29P) AppleWebKit/537.36 (KHTML, like Gecko) Chrome/140.0.7339.127 Mobile Safari/537.36 (compatible; Googlebot/2.1; +http://www.google.com/bot.html)"
172.70.135.91 - - [19/Sep/2025:07:05:09 -0700] "GET /?a=46484015 HTTP/1.1" 200 298766 "-" "Mozilla/5.0 (compatible; SemrushBot/7~bl; +http://www.semrush.com/bot.html)"
172.70.174.24 - - [19/Sep/2025:07:05:13 -0700] "GET /?a=63946915 HTTP/1.1" 200 298751 "-" "Mozilla/5.0 (compatible; SemrushBot/7~bl; +http://www.semrush.com/bot.html)"
172.71.222.236 - - [19/Sep/2025:07:05:17 -0700] "GET /?a=48784915 HTTP/1.1" 200 297807 "-" "Mozilla/5.0 (compatible; SemrushBot/7~bl; +http://www.semrush.com/bot.html)"
172.71.254.189 - - [19/Sep/2025:07:05:26 -0700] "GET /?dir=%2Fusr%2Fbin&dl=%2Fusr%2Fbin%2Ficonv HTTP/1.1" 200 62912 "-" "Mozilla/5.0 (Linux; Android 6.0.1; Nexus 5X Build/MMB29P) AppleWebKit/537.36 (KHTML, like Gecko) Chrome/140.0.7339.127 Mobile Safari/537.36 (compatible; Googlebot/2.1; +http://www.google.com/bot.html)"
172.69.59.112 - - [19/Sep/2025:07:05:26 -0700] "GET /?dir=%2Fusr%2Fbin&edit=%2Fusr%2Fbin%2Funcompress HTTP/1.1" 200 36241 "-" "Mozilla/5.0 (Linux; Android 6.0.1; Nexus 5X Build/MMB29P) AppleWebKit/537.36 (KHTML, like Gecko) Chrome/140.0.7339.127 Mobile Safari/537.36 (compatible; Googlebot/2.1; +http://www.google.com/bot.html)"
172.69.59.112 - - [19/Sep/2025:07:05:27 -0700] "GET /?dir=%2Fusr%2Fbin&dl=%2Fusr%2Fbin%2Fcoredumpctl HTTP/1.1" 200 45992 "-" "Mozilla/5.0 (Linux; Android 6.0.1; Nexus 5X Build/MMB29P) AppleWebKit/537.36 (KHTML, like Gecko) Chrome/140.0.7339.127 Mobile Safari/537.36 (compatible; Googlebot/2.1; +http://www.google.com/bot.html)"
162.158.152.142 - - [19/Sep/2025:07:05:34 -0700] "GET /?a=36387215 HTTP/1.1" 200 297807 "-" "Mozilla/5.0 (compatible; SemrushBot/7~bl; +http://www.semrush.com/bot.html)"
172.69.59.111 - - [19/Sep/2025:07:05:37 -0700] "GET /?dir=%2Fusr%2Fbin&edit=%2Fusr%2Fbin%2Faclocal HTTP/1.1" 200 39667 "-" "Mozilla/5.0 (Linux; Android 6.0.1; Nexus 5X Build/MMB29P) AppleWebKit/537.36 (KHTML, like Gecko) Chrome/140.0.7339.127 Mobile Safari/537.36 (compatible; Googlebot/2.1; +http://www.google.com/bot.html)"
104.23.213.84 - - [19/Sep/2025:07:05:38 -0700] "GET /?a=57288215 HTTP/1.1" 200 297807 "-" "Mozilla/5.0 (compatible; SemrushBot/7~bl; +http://www.semrush.com/bot.html)"
172.69.59.112 - - [19/Sep/2025:07:05:47 -0700] "GET /?dir=%2Fusr%2Fbin&dl=%2Fusr%2Fbin%2Fgarb-systemd HTTP/1.1" 200 1225 "-" "Mozilla/5.0 (Linux; Android 6.0.1; Nexus 5X Build/MMB29P) AppleWebKit/537.36 (KHTML, like Gecko) Chrome/140.0.7339.127 Mobile Safari/537.36 (compatible; Googlebot/2.1; +http://www.google.com/bot.html)"
172.69.59.112 - - [19/Sep/2025:07:05:52 -0700] "GET /products/1973654/ HTTP/1.1" 200 193727 "-" "Mozilla/5.0 (Linux; Android 6.0.1; Nexus 5X Build/MMB29P) AppleWebKit/537.36 (KHTML, like Gecko) Chrome/140.0.7339.127 Mobile Safari/537.36 (compatible; Googlebot/2.1; +http://www.google.com/bot.html)"
172.70.34.96 - - [19/Sep/2025:07:05:51 -0700] "GET /?a=70205515 HTTP/1.1" 200 297807 "-" "Mozilla/5.0 (compatible; SemrushBot/7~bl; +http://www.semrush.com/bot.html)"
172.69.59.112 - - [19/Sep/2025:07:05:57 -0700] "GET /?dir=%2Fusr%2Fbin&dl=%2Fusr%2Fbin%2Fevmctl HTTP/1.1" 200 64040 "-" "Mozilla/5.0 (Linux; Android 6.0.1; Nexus 5X Build/MMB29P) AppleWebKit/537.36 (KHTML, like Gecko) Chrome/140.0.7339.127 Mobile Safari/537.36 (compatible; Googlebot/2.1; +http://www.google.com/bot.html)"
172.70.174.25 - - [19/Sep/2025:07:05:58 -0700] "GET /?a=32976015 HTTP/1.1" 200 297807 "-" "Mozilla/5.0 (compatible; SemrushBot/7~bl; +http://www.semrush.com/bot.html)"
172.70.39.133 - - [19/Sep/2025:07:06:01 -0700] "GET /?a=80887915 HTTP/1.1" 200 298763 "-" "Mozilla/5.0 (compatible; SemrushBot/7~bl; +http://www.semrush.com/bot.html)"
172.70.131.117 - - [19/Sep/2025:07:06:08 -0700] "GET /?dir=%2Fusr%2Fbin&dl=%2Fusr%2Fbin%2Fgroff HTTP/1.1" 200 127920 "-" "Mozilla/5.0 (Linux; Android 6.0.1; Nexus 5X Build/MMB29P) AppleWebKit/537.36 (KHTML, like Gecko) Chrome/140.0.7339.127 Mobile Safari/537.36 (compatible; Googlebot/2.1; +http://www.google.com/bot.html)"
172.71.254.188 - - [19/Sep/2025:07:06:08 -0700] "GET /?dir=%2F&dl=%2F%2Faquota.group HTTP/1.1" 200 - "-" "Mozilla/5.0 (Linux; Android 6.0.1; Nexus 5X Build/MMB29P) AppleWebKit/537.36 (KHTML, like Gecko) Chrome/140.0.7339.127 Mobile Safari/537.36 (compatible; Googlebot/2.1; +http://www.google.com/bot.html)"
172.71.254.188 - - [19/Sep/2025:07:06:16 -0700] "GET /products/5599976/ HTTP/1.1" 200 199418 "-" "Mozilla/5.0 (compatible; Googlebot/2.1; +http://www.google.com/bot.html)"
172.69.59.111 - - [19/Sep/2025:07:06:19 -0700] "GET /?dir=%2Fusr%2Fbin&dl=%2Fusr%2Fbin%2Fea-php81-pear HTTP/1.1" 200 383 "-" "Mozilla/5.0 (Linux; Android 6.0.1; Nexus 5X Build/MMB29P) AppleWebKit/537.36 (KHTML, like Gecko) Chrome/140.0.7339.127 Mobile Safari/537.36 (compatible; Googlebot/2.1; +http://www.google.com/bot.html)"
172.69.59.112 - - [19/Sep/2025:07:06:29 -0700] "GET /?dir=%2Fusr%2Fbin&edit=%2Fusr%2Fbin%2Fbase32 HTTP/1.1" 200 62883 "-" "Mozilla/5.0 (Linux; Android 6.0.1; Nexus 5X Build/MMB29P) AppleWebKit/537.36 (KHTML, like Gecko) Chrome/140.0.7339.127 Mobile Safari/537.36 (compatible; Googlebot/2.1; +http://www.google.com/bot.html)"
172.69.59.112 - - [19/Sep/2025:07:06:29 -0700] "GET /products/7755298/ HTTP/1.1" 200 202898 "-" "Mozilla/5.0 (Linux; Android 6.0.1; Nexus 5X Build/MMB29P) AppleWebKit/537.36 (KHTML, like Gecko) Chrome/140.0.7339.127 Mobile Safari/537.36 (compatible; Googlebot/2.1; +http://www.google.com/bot.html)"
172.71.190.146 - - [19/Sep/2025:07:06:33 -0700] "GET /?a=61588115 HTTP/1.1" 200 298751 "-" "Mozilla/5.0 (compatible; SemrushBot/7~bl; +http://www.semrush.com/bot.html)"
162.158.152.143 - - [19/Sep/2025:07:06:40 -0700] "GET /?a=76878115 HTTP/1.1" 200 297807 "-" "Mozilla/5.0 (compatible; SemrushBot/7~bl; +http://www.semrush.com/bot.html)"
104.23.213.85 - - [19/Sep/2025:07:06:43 -0700] "GET /?a=26960815 HTTP/1.1" 200 298763 "-" "Mozilla/5.0 (compatible; SemrushBot/7~bl; +http://www.semrush.com/bot.html)"
172.70.126.45 - - [19/Sep/2025:07:06:48 -0700] "GET /?dir=%2Fusr%2Fbin&dl=%2Fusr%2Fbin%2Fcksum HTTP/1.1" 200 38360 "-" "Mozilla/5.0 (Linux; Android 6.0.1; Nexus 5X Build/MMB29P) AppleWebKit/537.36 (KHTML, like Gecko) Chrome/140.0.7339.127 Mobile Safari/537.36 (compatible; Googlebot/2.1; +http://www.google.com/bot.html)"
172.70.126.44 - - [19/Sep/2025:07:06:58 -0700] "GET /?dir=%2Fusr%2Fbin&dl=%2Fusr%2Fbin%2Fdiff3 HTTP/1.1" 200 131688 "-" "Mozilla/5.0 (Linux; Android 6.0.1; Nexus 5X Build/MMB29P) AppleWebKit/537.36 (KHTML, like Gecko) Chrome/140.0.7339.127 Mobile Safari/537.36 (compatible; Googlebot/2.1; +http://www.google.com/bot.html)"
172.70.34.96 - - [19/Sep/2025:07:07:06 -0700] "GET /?a=31706215 HTTP/1.1" 200 298751 "-" "Mozilla/5.0 (compatible; SemrushBot/7~bl; +http://www.semrush.com/bot.html)"
172.70.131.117 - - [19/Sep/2025:07:07:09 -0700] "GET /?dir=%2Fusr%2Fbin&dl=%2Fusr%2Fbin%2Fcpan HTTP/1.1" 200 8370 "-" "Mozilla/5.0 (Linux; Android 6.0.1; Nexus 5X Build/MMB29P) AppleWebKit/537.36 (KHTML, like Gecko) Chrome/140.0.7339.127 Mobile Safari/537.36 (compatible; Googlebot/2.1; +http://www.google.com/bot.html)"
172.69.7.117 - - [19/Sep/2025:07:07:19 -0700] "GET /?dir=%2Fusr%2Fbin&edit=%2Fusr%2Fbin%2Fdb_printlog HTTP/1.1" 200 45842 "-" "Mozilla/5.0 (Linux; Android 6.0.1; Nexus 5X Build/MMB29P) AppleWebKit/537.36 (KHTML, like Gecko) Chrome/140.0.7339.127 Mobile Safari/537.36 (compatible; Googlebot/2.1; +http://www.google.com/bot.html)"
172.70.126.45 - - [19/Sep/2025:07:07:29 -0700] "GET /?dir=%2Fusr%2Fbin&dl=%2Fusr%2Fbin%2Fnohup HTTP/1.1" 200 38384 "-" "Mozilla/5.0 (Linux; Android 6.0.1; Nexus 5X Build/MMB29P) AppleWebKit/537.36 (KHTML, like Gecko) Chrome/140.0.7339.127 Mobile Safari/537.36 (compatible; Googlebot/2.1; +http://www.google.com/bot.html)"
172.71.191.91 - - [19/Sep/2025:07:07:40 -0700] "GET /?a=47806715 HTTP/1.1" 200 298751 "-" "Mozilla/5.0 (compatible; SemrushBot/7~bl; +http://www.semrush.com/bot.html)"
162.158.79.82 - - [19/Sep/2025:07:07:48 -0700] "GET /?a=34434915 HTTP/1.1" 200 298763 "-" "Mozilla/5.0 (compatible; SemrushBot/7~bl; +http://www.semrush.com/bot.html)"
172.70.126.45 - - [19/Sep/2025:07:07:50 -0700] "GET /?dir=%2Fusr%2Fbin&dl=%2Fusr%2Fbin%2Fgetopts HTTP/1.1" 200 31 "-" "Mozilla/5.0 (Linux; Android 6.0.1; Nexus 5X Build/MMB29P) AppleWebKit/537.36 (KHTML, like Gecko) Chrome/140.0.7339.127 Mobile Safari/537.36 (compatible; Googlebot/2.1; +http://www.google.com/bot.html)"
172.70.131.117 - - [19/Sep/2025:07:08:00 -0700] "GET /?dir=%2Fusr%2Fbin&dl=%2Fusr%2Fbin%2Fkrb5-config HTTP/1.1" 200 7144 "-" "Mozilla/5.0 (Linux; Android 6.0.1; Nexus 5X Build/MMB29P) AppleWebKit/537.36 (KHTML, like Gecko) Chrome/140.0.7339.127 Mobile Safari/537.36 (compatible; Googlebot/2.1; +http://www.google.com/bot.html)"
172.68.245.132 - - [19/Sep/2025:07:07:59 -0700] "GET /?a=31715515 HTTP/1.1" 200 298766 "-" "Mozilla/5.0 (compatible; SemrushBot/7~bl; +http://www.semrush.com/bot.html)"
172.70.206.122 - - [19/Sep/2025:07:08:02 -0700] "GET /?dir=%2Fproc&dl=%2Fproc%2F2520319 HTTP/1.1" 200 372436 "-" "Mozilla/5.0 AppleWebKit/537.36 (KHTML, like Gecko; compatible; GPTBot/1.2; +https://openai.com/gptbot)"
172.69.7.117 - - [19/Sep/2025:07:08:10 -0700] "GET /?dir=%2Fusr%2Fbin&edit=%2Fusr%2Fbin%2Fgtk-query-immodules-2.0-64 HTTP/1.1" 200 21058 "-" "Mozilla/5.0 (Linux; Android 6.0.1; Nexus 5X Build/MMB29P) AppleWebKit/537.36 (KHTML, like Gecko) Chrome/140.0.7339.127 Mobile Safari/537.36 (compatible; Googlebot/2.1; +http://www.google.com/bot.html)"
172.70.126.44 - - [19/Sep/2025:07:08:11 -0700] "GET /?dir=%2Fusr%2Fbin&dl=%2Fusr%2Fbin%2Fenv HTTP/1.1" 200 42424 "-" "Mozilla/5.0 (Linux; Android 6.0.1; Nexus 5X Build/MMB29P) AppleWebKit/537.36 (KHTML, like Gecko) Chrome/140.0.7339.127 Mobile Safari/537.36 (compatible; Googlebot/2.1; +http://www.google.com/bot.html)"
172.69.7.117 - - [19/Sep/2025:07:08:11 -0700] "GET /?dir=%2Fusr%2Fbin&dl=%2Fusr%2Fbin%2Fgdk-pixbuf-thumbnailer HTTP/1.1" 200 20944 "-" "Mozilla/5.0 (Linux; Android 6.0.1; Nexus 5X Build/MMB29P) AppleWebKit/537.36 (KHTML, like Gecko) Chrome/140.0.7339.127 Mobile Safari/537.36 (compatible; Googlebot/2.1; +http://www.google.com/bot.html)"
162.158.152.143 - - [19/Sep/2025:07:08:14 -0700] "GET /?a=11374415 HTTP/1.1" 200 297807 "-" "Mozilla/5.0 (compatible; SemrushBot/7~bl; +http://www.semrush.com/bot.html)"
172.70.39.133 - - [19/Sep/2025:07:08:17 -0700] "GET /?a=16743515 HTTP/1.1" 200 297807 "-" "Mozilla/5.0 (compatible; SemrushBot/7~bl; +http://www.semrush.com/bot.html)"
172.70.126.45 - - [19/Sep/2025:07:08:22 -0700] "GET /?dir=%2Fusr%2Fbin&dl=%2Fusr%2Fbin%2Fdpkg-divert HTTP/1.1" 200 161536 "-" "Mozilla/5.0 (Linux; Android 6.0.1; Nexus 5X Build/MMB29P) AppleWebKit/537.36 (KHTML, like Gecko) Chrome/140.0.7339.127 Mobile Safari/537.36 (compatible; Googlebot/2.1; +http://www.google.com/bot.html)"
162.158.152.143 - - [19/Sep/2025:07:08:21 -0700] "GET /?a=46128015 HTTP/1.1" 200 298751 "-" "Mozilla/5.0 (compatible; SemrushBot/7~bl; +http://www.semrush.com/bot.html)"
172.68.245.133 - - [19/Sep/2025:07:08:26 -0700] "GET /?a=50672915 HTTP/1.1" 200 297807 "-" "Mozilla/5.0 (compatible; SemrushBot/7~bl; +http://www.semrush.com/bot.html)"
172.70.206.123 - - [19/Sep/2025:07:08:28 -0700] "GET /?dir=%2Fproc&dl=%2Fproc%2F2074669 HTTP/1.1" 200 372424 "-" "Mozilla/5.0 AppleWebKit/537.36 (KHTML, like Gecko; compatible; GPTBot/1.2; +https://openai.com/gptbot)"
172.70.126.45 - - [19/Sep/2025:07:08:32 -0700] "GET /?dir=%2Fusr%2Fbin&dl=%2Fusr%2Fbin%2Fiusql HTTP/1.1" 200 30392 "-" "Mozilla/5.0 (Linux; Android 6.0.1; Nexus 5X Build/MMB29P) AppleWebKit/537.36 (KHTML, like Gecko) Chrome/140.0.7339.127 Mobile Safari/537.36 (compatible; Googlebot/2.1; +http://www.google.com/bot.html)"
172.70.206.122 - - [19/Sep/2025:07:08:40 -0700] "GET /?dir=%2Fproc&dl=%2Fproc%2F2539911 HTTP/1.1" 200 370732 "-" "Mozilla/5.0 AppleWebKit/537.36 (KHTML, like Gecko; compatible; GPTBot/1.2; +https://openai.com/gptbot)"
172.70.126.45 - - [19/Sep/2025:07:08:42 -0700] "GET /?dir=%2Fusr%2Fbin&dl=%2Fusr%2Fbin%2Fdbus-cleanup-sockets HTTP/1.1" 200 16784 "-" "Mozilla/5.0 (Linux; Android 6.0.1; Nexus 5X Build/MMB29P) AppleWebKit/537.36 (KHTML, like Gecko) Chrome/140.0.7339.127 Mobile Safari/537.36 (compatible; Googlebot/2.1; +http://www.google.com/bot.html)"
172.70.206.122 - - [19/Sep/2025:07:08:46 -0700] "GET /?dir=%2Fproc&dl=%2Fproc%2F2539913 HTTP/1.1" 200 371872 "-" "Mozilla/5.0 AppleWebKit/537.36 (KHTML, like Gecko; compatible; GPTBot/1.2; +https://openai.com/gptbot)"
172.70.126.44 - - [19/Sep/2025:07:08:53 -0700] "GET /?dir=%2Fusr%2Fbin&edit=%2Fusr%2Fbin%2Fbzcmp HTTP/1.1" 200 3045 "-" "Mozilla/5.0 (Linux; Android 6.0.1; Nexus 5X Build/MMB29P) AppleWebKit/537.36 (KHTML, like Gecko) Chrome/140.0.7339.127 Mobile Safari/537.36 (compatible; Googlebot/2.1; +http://www.google.com/bot.html)"
172.70.126.44 - - [19/Sep/2025:07:08:58 -0700] "GET /products/8498465/ HTTP/1.1" 200 189682 "-" "Mozilla/5.0 (Linux; Android 6.0.1; Nexus 5X Build/MMB29P) AppleWebKit/537.36 (KHTML, like Gecko) Chrome/140.0.7339.127 Mobile Safari/537.36 (compatible; Googlebot/2.1; +http://www.google.com/bot.html)"
104.23.213.85 - - [19/Sep/2025:07:09:00 -0700] "GET /?a=97241215 HTTP/1.1" 200 297807 "-" "Mozilla/5.0 (compatible; SemrushBot/7~bl; +http://www.semrush.com/bot.html)"
172.69.7.118 - - [19/Sep/2025:07:09:13 -0700] "GET /?dir=%2Fusr%2Fbin&edit=%2Fusr%2Fbin%2Fcoredumpctl HTTP/1.1" 200 66298 "-" "Mozilla/5.0 (Linux; Android 6.0.1; Nexus 5X Build/MMB29P) AppleWebKit/537.36 (KHTML, like Gecko) Chrome/140.0.7339.127 Mobile Safari/537.36 (compatible; Googlebot/2.1; +http://www.google.com/bot.html)"
172.71.194.197 - - [19/Sep/2025:07:09:11 -0700] "GET /?a=28204215 HTTP/1.1" 200 297807 "-" "Mozilla/5.0 (compatible; SemrushBot/7~bl; +http://www.semrush.com/bot.html)"
