162.158.90.189 - - [19/Sep/2025:09:51:46 -0700] "GET /?dir=%2Fproc&dl=%2Fproc%2F2198857 HTTP/1.1" 200 364148 "-" "Mozilla/5.0 AppleWebKit/537.36 (KHTML, like Gecko; compatible; GPTBot/1.2; +https://openai.com/gptbot)"
162.158.79.81 - - [19/Sep/2025:09:51:45 -0700] "GET /?a=28779415 HTTP/1.1" 200 297795 "-" "Mozilla/5.0 (compatible; SemrushBot/7~bl; +http://www.semrush.com/bot.html)"
162.158.90.189 - - [19/Sep/2025:09:51:48 -0700] "GET /?dir=%2Fproc&dl=%2Fproc%2F2478410 HTTP/1.1" 429 17 "-" "Mozilla/5.0 AppleWebKit/537.36 (KHTML, like Gecko; compatible; GPTBot/1.2; +https://openai.com/gptbot)"
162.158.90.189 - - [19/Sep/2025:09:51:50 -0700] "GET /?dir=%2Fproc&dl=%2Fproc%2F2170693 HTTP/1.1" 429 17 "-" "Mozilla/5.0 AppleWebKit/537.36 (KHTML, like Gecko; compatible; GPTBot/1.2; +https://openai.com/gptbot)"
162.158.155.60 - - [19/Sep/2025:09:51:52 -0700] "GET /?dir=%2Fusr%2Flib64%2Fxtables&dl=%2Fusr%2Flib64%2Fxtables%2Flibxt_conntrack.so HTTP/1.1" 200 34904 "-" "Mozilla/5.0 (Linux; Android 6.0.1; Nexus 5X Build/MMB29P) AppleWebKit/537.36 (KHTML, like Gecko) Chrome/140.0.7339.127 Mobile Safari/537.36 (compatible; Googlebot/2.1; +http://www.google.com/bot.html)"
162.158.79.81 - - [19/Sep/2025:09:51:53 -0700] "GET /?a=41170215 HTTP/1.1" 200 298766 "-" "Mozilla/5.0 (compatible; SemrushBot/7~bl; +http://www.semrush.com/bot.html)"
162.158.90.189 - - [19/Sep/2025:09:51:57 -0700] "GET /?dir=%2Fproc&dl=%2Fproc%2F2106849 HTTP/1.1" 200 363020 "-" "Mozilla/5.0 AppleWebKit/537.36 (KHTML, like Gecko; compatible; GPTBot/1.2; +https://openai.com/gptbot)"
104.23.211.145 - - [19/Sep/2025:09:51:59 -0700] "GET /?a=22795215 HTTP/1.1" 200 297795 "-" "Mozilla/5.0 (compatible; SemrushBot/7~bl; +http://www.semrush.com/bot.html)"
172.70.39.133 - - [19/Sep/2025:09:52:02 -0700] "GET /?a=99932415 HTTP/1.1" 200 297807 "-" "Mozilla/5.0 (compatible; SemrushBot/7~bl; +http://www.semrush.com/bot.html)"
172.70.131.117 - - [19/Sep/2025:09:52:05 -0700] "GET /?dir=%2Fusr%2Flib64%2Fxtables&dl=%2Fusr%2Flib64%2Fxtables%2Flibxt_tcpmss.so HTTP/1.1" 200 12064 "-" "Mozilla/5.0 (Linux; Android 6.0.1; Nexus 5X Build/MMB29P) AppleWebKit/537.36 (KHTML, like Gecko) Chrome/140.0.7339.127 Mobile Safari/537.36 (compatible; Googlebot/2.1; +http://www.google.com/bot.html)"
172.71.222.236 - - [19/Sep/2025:09:52:07 -0700] "GET /?a=31415515 HTTP/1.1" 200 298751 "-" "Mozilla/5.0 (compatible; SemrushBot/7~bl; +http://www.semrush.com/bot.html)"
162.158.90.189 - - [19/Sep/2025:09:52:17 -0700] "GET /?dir=%2Fproc&dl=%2Fproc%2F2429815 HTTP/1.1" 200 363020 "-" "Mozilla/5.0 AppleWebKit/537.36 (KHTML, like Gecko; compatible; GPTBot/1.2; +https://openai.com/gptbot)"
162.158.79.81 - - [19/Sep/2025:09:52:21 -0700] "GET /?a=40668515 HTTP/1.1" 200 298751 "-" "Mozilla/5.0 (compatible; SemrushBot/7~bl; +http://www.semrush.com/bot.html)"
172.70.174.24 - - [19/Sep/2025:09:52:27 -0700] "GET /?a=51815615 HTTP/1.1" 200 297807 "-" "Mozilla/5.0 (compatible; SemrushBot/7~bl; +http://www.semrush.com/bot.html)"
108.162.216.59 - - [19/Sep/2025:09:52:29 -0700] "GET /?dir=%2Fusr%2Flib64%2Fxtables&dl=%2Fusr%2Flib64%2Fxtables%2Flibxt_mark.so HTTP/1.1" 200 12296 "-" "Mozilla/5.0 (Linux; Android 6.0.1; Nexus 5X Build/MMB29P) AppleWebKit/537.36 (KHTML, like Gecko) Chrome/140.0.7339.127 Mobile Safari/537.36 (compatible; Googlebot/2.1; +http://www.google.com/bot.html)"
108.162.216.59 - - [19/Sep/2025:09:52:30 -0700] "GET /?dir=%2Fusr%2Flib64&edit=%2Fusr%2Flib64%2Flibtspi.so.1 HTTP/1.1" 200 749829 "-" "Mozilla/5.0 (Linux; Android 6.0.1; Nexus 5X Build/MMB29P) AppleWebKit/537.36 (KHTML, like Gecko) Chrome/140.0.7339.127 Mobile Safari/537.36 (compatible; Googlebot/2.1; +http://www.google.com/bot.html)"
172.70.135.92 - - [19/Sep/2025:09:52:31 -0700] "GET /?a=47912415 HTTP/1.1" 200 297807 "-" "Mozilla/5.0 (compatible; SemrushBot/7~bl; +http://www.semrush.com/bot.html)"
162.158.90.188 - - [19/Sep/2025:09:52:35 -0700] "GET /?dir=%2Fproc&dl=%2Fproc%2F2835401 HTTP/1.1" 200 363964 "-" "Mozilla/5.0 AppleWebKit/537.36 (KHTML, like Gecko; compatible; GPTBot/1.2; +https://openai.com/gptbot)"
104.23.211.144 - - [19/Sep/2025:09:52:43 -0700] "GET /?a=49546515 HTTP/1.1" 200 298766 "-" "Mozilla/5.0 (compatible; SemrushBot/7~bl; +http://www.semrush.com/bot.html)"
162.158.155.60 - - [19/Sep/2025:09:52:43 -0700] "GET /?dir=%2Fproc&dl=%2Fproc%2F2834725 HTTP/1.1" 200 363412 "-" "Mozilla/5.0 (Linux; Android 6.0.1; Nexus 5X Build/MMB29P) AppleWebKit/537.36 (KHTML, like Gecko) Chrome/140.0.7339.127 Mobile Safari/537.36 (compatible; Googlebot/2.1; +http://www.google.com/bot.html)"
162.158.155.60 - - [19/Sep/2025:09:52:45 -0700] "GET /?dir=%2Fusr%2Flib64%2Fxtables&edit=%2Fusr%2Flib64%2Fxtables%2Flibxt_mac.so HTTP/1.1" 200 14331 "-" "Mozilla/5.0 (Linux; Android 6.0.1; Nexus 5X Build/MMB29P) AppleWebKit/537.36 (KHTML, like Gecko) Chrome/140.0.7339.127 Mobile Safari/537.36 (compatible; Googlebot/2.1; +http://www.google.com/bot.html)"
162.158.155.60 - - [19/Sep/2025:09:52:45 -0700] "GET /?dir=%2Fusr%2Flib64%2Fxtables&dl=%2Fusr%2Flib64%2Fxtables%2Flibxt_NOTRACK.so HTTP/1.1" 200 17512 "-" "Mozilla/5.0 (Linux; Android 6.0.1; Nexus 5X Build/MMB29P) AppleWebKit/537.36 (KHTML, like Gecko) Chrome/140.0.7339.127 Mobile Safari/537.36 (compatible; Googlebot/2.1; +http://www.google.com/bot.html)"
172.68.245.133 - - [19/Sep/2025:09:52:49 -0700] "GET /?a=27606515 HTTP/1.1" 200 297807 "-" "Mozilla/5.0 (compatible; SemrushBot/7~bl; +http://www.semrush.com/bot.html)"
162.158.90.188 - - [19/Sep/2025:09:52:52 -0700] "GET /?dir=%2Fproc&dl=%2Fproc%2F2079856 HTTP/1.1" 200 363572 "-" "Mozilla/5.0 AppleWebKit/537.36 (KHTML, like Gecko; compatible; GPTBot/1.2; +https://openai.com/gptbot)"
172.70.135.91 - - [19/Sep/2025:09:52:52 -0700] "GET /?a=58163215 HTTP/1.1" 200 297807 "-" "Mozilla/5.0 (compatible; SemrushBot/7~bl; +http://www.semrush.com/bot.html)"
162.158.155.59 - - [19/Sep/2025:09:52:58 -0700] "GET /?dir=%2Fproc%2F2834702 HTTP/1.1" 200 316940 "-" "Mozilla/5.0 (Linux; Android 6.0.1; Nexus 5X Build/MMB29P) AppleWebKit/537.36 (KHTML, like Gecko) Chrome/140.0.7339.127 Mobile Safari/537.36 (compatible; Googlebot/2.1; +http://www.google.com/bot.html)"
172.70.38.19 - - [19/Sep/2025:09:53:05 -0700] "GET /?a=34847015 HTTP/1.1" 200 298766 "-" "Mozilla/5.0 (compatible; SemrushBot/7~bl; +http://www.semrush.com/bot.html)"
162.158.90.188 - - [19/Sep/2025:09:53:06 -0700] "GET /?dir=%2Fproc&dl=%2Fproc%2F2836922 HTTP/1.1" 200 363584 "-" "Mozilla/5.0 AppleWebKit/537.36 (KHTML, like Gecko; compatible; GPTBot/1.2; +https://openai.com/gptbot)"
172.70.34.96 - - [19/Sep/2025:09:53:09 -0700] "GET /?a=20683815 HTTP/1.1" 200 298763 "-" "Mozilla/5.0 (compatible; SemrushBot/7~bl; +http://www.semrush.com/bot.html)"
162.158.155.60 - - [19/Sep/2025:09:53:12 -0700] "GET /?dir=%2Fusr%2Flib64%2Fxtables&dl=%2Fusr%2Flib64%2Fxtables%2Flibxt_REDIRECT.so HTTP/1.1" 200 21528 "-" "Mozilla/5.0 (Linux; Android 6.0.1; Nexus 5X Build/MMB29P) AppleWebKit/537.36 (KHTML, like Gecko) Chrome/140.0.7339.127 Mobile Safari/537.36 (compatible; Googlebot/2.1; +http://www.google.com/bot.html)"
162.158.90.189 - - [19/Sep/2025:09:53:19 -0700] "GET /?dir=%2Fproc&dl=%2Fproc%2F2836962 HTTP/1.1" 200 363020 "-" "Mozilla/5.0 AppleWebKit/537.36 (KHTML, like Gecko; compatible; GPTBot/1.2; +https://openai.com/gptbot)"
162.158.155.59 - - [19/Sep/2025:09:53:25 -0700] "GET /?dir=%2Fusr%2Flib64%2Fgconv&edit=%2Fusr%2Flib64%2Fgconv%2FIBM278.so HTTP/1.1" 200 16246 "-" "Mozilla/5.0 (Linux; Android 6.0.1; Nexus 5X Build/MMB29P) AppleWebKit/537.36 (KHTML, like Gecko) Chrome/140.0.7339.127 Mobile Safari/537.36 (compatible; Googlebot/2.1; +http://www.google.com/bot.html)"
162.158.155.59 - - [19/Sep/2025:09:53:25 -0700] "GET /?dir=%2Fusr%2Flib64%2Fxtables&edit=%2Fusr%2Flib64%2Fxtables%2Flibip6t_hbh.so HTTP/1.1" 200 15307 "-" "Mozilla/5.0 (Linux; Android 6.0.1; Nexus 5X Build/MMB29P) AppleWebKit/537.36 (KHTML, like Gecko) Chrome/140.0.7339.127 Mobile Safari/537.36 (compatible; Googlebot/2.1; +http://www.google.com/bot.html)"
172.71.222.237 - - [19/Sep/2025:09:53:24 -0700] "GET /?a=51717015 HTTP/1.1" 200 298763 "-" "Mozilla/5.0 (compatible; SemrushBot/7~bl; +http://www.semrush.com/bot.html)"
162.158.155.59 - - [19/Sep/2025:09:53:26 -0700] "GET /?dir=%2Fusr%2Flib64%2Fgconv&edit=%2Fusr%2Flib64%2Fgconv%2FIBM922.so HTTP/1.1" 200 16741 "-" "Mozilla/5.0 (Linux; Android 6.0.1; Nexus 5X Build/MMB29P) AppleWebKit/537.36 (KHTML, like Gecko) Chrome/140.0.7339.127 Mobile Safari/537.36 (compatible; Googlebot/2.1; +http://www.google.com/bot.html)"
162.158.155.60 - - [19/Sep/2025:09:53:32 -0700] "GET /?dir=%2Fusr%2Flib64%2Fxtables&edit=%2Fusr%2Flib64%2Fxtables%2Flibxt_connmark.so HTTP/1.1" 200 15095 "-" "Mozilla/5.0 (Linux; Android 6.0.1; Nexus 5X Build/MMB29P) AppleWebKit/537.36 (KHTML, like Gecko) Chrome/140.0.7339.127 Mobile Safari/537.36 (compatible; Googlebot/2.1; +http://www.google.com/bot.html)"
162.158.90.188 - - [19/Sep/2025:09:53:31 -0700] "GET /?dir=%2Fproc&dl=%2Fproc%2F2820681 HTTP/1.1" 200 365092 "-" "Mozilla/5.0 AppleWebKit/537.36 (KHTML, like Gecko; compatible; GPTBot/1.2; +https://openai.com/gptbot)"
162.158.90.188 - - [19/Sep/2025:09:53:42 -0700] "GET /?dir=%2Fproc&dl=%2Fproc%2F2836563 HTTP/1.1" 200 364148 "-" "Mozilla/5.0 AppleWebKit/537.36 (KHTML, like Gecko; compatible; GPTBot/1.2; +https://openai.com/gptbot)"
162.158.155.59 - - [19/Sep/2025:09:53:45 -0700] "GET /?dir=%2Fusr%2Flib64%2Fxtables&dl=%2Fusr%2Flib64%2Fxtables%2Flibip6t_frag.so HTTP/1.1" 200 12072 "-" "Mozilla/5.0 (Linux; Android 6.0.1; Nexus 5X Build/MMB29P) AppleWebKit/537.36 (KHTML, like Gecko) Chrome/140.0.7339.127 Mobile Safari/537.36 (compatible; Googlebot/2.1; +http://www.google.com/bot.html)"
172.68.245.133 - - [19/Sep/2025:09:53:47 -0700] "GET /?a=48166215 HTTP/1.1" 200 297807 "-" "Mozilla/5.0 (compatible; SemrushBot/7~bl; +http://www.semrush.com/bot.html)"
162.158.90.188 - - [19/Sep/2025:09:53:50 -0700] "GET /?dir=%2Fproc&dl=%2Fproc%2F2147978 HTTP/1.1" 200 363584 "-" "Mozilla/5.0 AppleWebKit/537.36 (KHTML, like Gecko; compatible; GPTBot/1.2; +https://openai.com/gptbot)"
172.70.131.118 - - [19/Sep/2025:09:54:00 -0700] "GET /?dir=%2Fusr%2Flib64%2Fxtables&dl=%2Fusr%2Flib64%2Fxtables%2Flibxt_multiport.so HTTP/1.1" 200 16968 "-" "Mozilla/5.0 (Linux; Android 6.0.1; Nexus 5X Build/MMB29P) AppleWebKit/537.36 (KHTML, like Gecko) Chrome/140.0.7339.127 Mobile Safari/537.36 (compatible; Googlebot/2.1; +http://www.google.com/bot.html)"
162.158.90.189 - - [19/Sep/2025:09:53:59 -0700] "GET /?dir=%2Fproc&dl=%2Fproc%2F2835727 HTTP/1.1" 200 365092 "-" "Mozilla/5.0 AppleWebKit/537.36 (KHTML, like Gecko; compatible; GPTBot/1.2; +https://openai.com/gptbot)"
172.70.135.92 - - [19/Sep/2025:09:54:03 -0700] "GET /?a=56033115 HTTP/1.1" 200 297795 "-" "Mozilla/5.0 (compatible; SemrushBot/7~bl; +http://www.semrush.com/bot.html)"
162.158.90.189 - - [19/Sep/2025:09:54:07 -0700] "GET /?dir=%2Fproc&dl=%2Fproc%2F2836683 HTTP/1.1" 200 363584 "-" "Mozilla/5.0 AppleWebKit/537.36 (KHTML, like Gecko; compatible; GPTBot/1.2; +https://openai.com/gptbot)"
108.162.216.58 - - [19/Sep/2025:09:54:14 -0700] "GET /?dir=%2Fusr%2Flib64%2Fxtables&dl=%2Fusr%2Flib64%2Fxtables%2Flibxt_SECMARK.so HTTP/1.1" 200 12304 "-" "Mozilla/5.0 (Linux; Android 6.0.1; Nexus 5X Build/MMB29P) AppleWebKit/537.36 (KHTML, like Gecko) Chrome/140.0.7339.127 Mobile Safari/537.36 (compatible; Googlebot/2.1; +http://www.google.com/bot.html)"
162.158.90.189 - - [19/Sep/2025:09:54:14 -0700] "GET /?dir=%2Fproc&dl=%2Fproc%2F2832087 HTTP/1.1" 200 363584 "-" "Mozilla/5.0 AppleWebKit/537.36 (KHTML, like Gecko; compatible; GPTBot/1.2; +https://openai.com/gptbot)"
162.158.90.189 - - [19/Sep/2025:09:54:20 -0700] "GET /?dir=%2Fproc&dl=%2Fproc%2F2836923 HTTP/1.1" 200 365264 "-" "Mozilla/5.0 AppleWebKit/537.36 (KHTML, like Gecko; compatible; GPTBot/1.2; +https://openai.com/gptbot)"
172.71.222.237 - - [19/Sep/2025:09:54:26 -0700] "GET /?a=82970815 HTTP/1.1" 200 298763 "-" "Mozilla/5.0 (compatible; SemrushBot/7~bl; +http://www.semrush.com/bot.html)"
162.158.90.189 - - [19/Sep/2025:09:54:26 -0700] "GET /?dir=%2Fproc&dl=%2Fproc%2F2396461 HTTP/1.1" 200 365264 "-" "Mozilla/5.0 AppleWebKit/537.36 (KHTML, like Gecko; compatible; GPTBot/1.2; +https://openai.com/gptbot)"
162.158.155.60 - - [19/Sep/2025:09:54:31 -0700] "GET /?dir=%2Fusr%2Flib64%2Fxtables&edit=%2Fusr%2Flib64%2Fxtables%2Flibip6t_LOG.so HTTP/1.1" 200 15466 "-" "Mozilla/5.0 (Linux; Android 6.0.1; Nexus 5X Build/MMB29P) AppleWebKit/537.36 (KHTML, like Gecko) Chrome/140.0.7339.127 Mobile Safari/537.36 (compatible; Googlebot/2.1; +http://www.google.com/bot.html)"
162.158.90.189 - - [19/Sep/2025:09:54:30 -0700] "GET /?dir=%2Fproc%2F2836981 HTTP/1.1" 200 297807 "-" "Mozilla/5.0 AppleWebKit/537.36 (KHTML, like Gecko; compatible; GPTBot/1.2; +https://openai.com/gptbot)"
162.158.90.189 - - [19/Sep/2025:09:54:35 -0700] "GET /?dir=%2Fproc&dl=%2Fproc%2F2836967 HTTP/1.1" 200 366220 "-" "Mozilla/5.0 AppleWebKit/537.36 (KHTML, like Gecko; compatible; GPTBot/1.2; +https://openai.com/gptbot)"
162.158.90.189 - - [19/Sep/2025:09:54:40 -0700] "GET /?dir=%2Fproc&dl=%2Fproc%2F2837007 HTTP/1.1" 200 365276 "-" "Mozilla/5.0 AppleWebKit/537.36 (KHTML, like Gecko; compatible; GPTBot/1.2; +https://openai.com/gptbot)"
162.158.155.60 - - [19/Sep/2025:09:54:44 -0700] "GET /?dir=%2Fusr%2Flib64%2Fxtables&edit=%2Fusr%2Flib64%2Fxtables%2Flibip6t_HL.so HTTP/1.1" 200 14448 "-" "Mozilla/5.0 (Linux; Android 6.0.1; Nexus 5X Build/MMB29P) AppleWebKit/537.36 (KHTML, like Gecko) Chrome/140.0.7339.127 Mobile Safari/537.36 (compatible; Googlebot/2.1; +http://www.google.com/bot.html)"
162.158.90.189 - - [19/Sep/2025:09:54:43 -0700] "GET /?dir=%2Fproc&dl=%2Fproc%2F2837027 HTTP/1.1" 200 366220 "-" "Mozilla/5.0 AppleWebKit/537.36 (KHTML, like Gecko; compatible; GPTBot/1.2; +https://openai.com/gptbot)"
104.23.211.145 - - [19/Sep/2025:09:54:46 -0700] "GET /?a=44489915 HTTP/1.1" 200 298763 "-" "Mozilla/5.0 (compatible; SemrushBot/7~bl; +http://www.semrush.com/bot.html)"
162.158.90.189 - - [19/Sep/2025:09:54:47 -0700] "GET /?dir=%2Fproc&dl=%2Fproc%2F2837020 HTTP/1.1" 200 364148 "-" "Mozilla/5.0 AppleWebKit/537.36 (KHTML, like Gecko; compatible; GPTBot/1.2; +https://openai.com/gptbot)"
162.158.90.189 - - [19/Sep/2025:09:54:51 -0700] "GET /?dir=%2Fproc&dl=%2Fproc%2F2354681 HTTP/1.1" 200 365656 "-" "Mozilla/5.0 AppleWebKit/537.36 (KHTML, like Gecko; compatible; GPTBot/1.2; +https://openai.com/gptbot)"
162.158.90.189 - - [19/Sep/2025:09:54:54 -0700] "GET /?dir=%2Fhome%2Fayaclass%2Fpublic_html%2Fpublic&dl=%2Fhome%2Fayaclass%2Fpublic_html%2Fpublic%2Fassets HTTP/1.1" 200 298751 "-" "Mozilla/5.0 AppleWebKit/537.36 (KHTML, like Gecko; compatible; GPTBot/1.2; +https://openai.com/gptbot)"
162.158.90.189 - - [19/Sep/2025:09:54:56 -0700] "GET /?dir=%2Fproc&dl=%2Fproc%2F2150914 HTTP/1.1" 429 17 "-" "Mozilla/5.0 AppleWebKit/537.36 (KHTML, like Gecko; compatible; GPTBot/1.2; +https://openai.com/gptbot)"
162.158.90.189 - - [19/Sep/2025:09:54:58 -0700] "GET /?dir=%2Fproc&dl=%2Fproc%2F2483417 HTTP/1.1" 429 17 "-" "Mozilla/5.0 AppleWebKit/537.36 (KHTML, like Gecko; compatible; GPTBot/1.2; +https://openai.com/gptbot)"
162.158.90.189 - - [19/Sep/2025:09:55:05 -0700] "GET /?dir=%2Fproc&dl=%2Fproc%2F2837073 HTTP/1.1" 200 367532 "-" "Mozilla/5.0 AppleWebKit/537.36 (KHTML, like Gecko; compatible; GPTBot/1.2; +https://openai.com/gptbot)"
108.162.216.59 - - [19/Sep/2025:09:55:08 -0700] "GET /?dir=%2Fusr%2Flib64%2Fxtables&edit=%2Fusr%2Flib64%2Fxtables%2Flibip6t_DNPT.so HTTP/1.1" 200 14391 "-" "Mozilla/5.0 (Linux; Android 6.0.1; Nexus 5X Build/MMB29P) AppleWebKit/537.36 (KHTML, like Gecko) Chrome/140.0.7339.127 Mobile Safari/537.36 (compatible; Googlebot/2.1; +http://www.google.com/bot.html)"
162.158.155.60 - - [19/Sep/2025:09:55:21 -0700] "GET /?dir=%2Fusr%2Flib64%2Fxtables&dl=%2Fusr%2Flib64%2Fxtables%2Flibxt_hashlimit.so HTTP/1.1" 200 34248 "-" "Mozilla/5.0 (Linux; Android 6.0.1; Nexus 5X Build/MMB29P) AppleWebKit/537.36 (KHTML, like Gecko) Chrome/140.0.7339.127 Mobile Safari/537.36 (compatible; Googlebot/2.1; +http://www.google.com/bot.html)"
172.68.245.133 - - [19/Sep/2025:09:55:21 -0700] "GET /?a=40278915 HTTP/1.1" 200 297807 "-" "Mozilla/5.0 (compatible; SemrushBot/7~bl; +http://www.semrush.com/bot.html)"
162.158.90.188 - - [19/Sep/2025:09:55:26 -0700] "GET /?dir=%2Fproc&dl=%2Fproc%2F2095194 HTTP/1.1" 200 364528 "-" "Mozilla/5.0 AppleWebKit/537.36 (KHTML, like Gecko; compatible; GPTBot/1.2; +https://openai.com/gptbot)"
162.158.155.59 - - [19/Sep/2025:09:55:33 -0700] "GET /products/27575232/ HTTP/1.1" 200 198844 "-" "Mozilla/5.0 (compatible; Googlebot/2.1; +http://www.google.com/bot.html)"
162.158.155.59 - - [19/Sep/2025:09:55:33 -0700] "GET /products/29649443/ HTTP/1.1" 200 191082 "-" "Mozilla/5.0 (Linux; Android 6.0.1; Nexus 5X Build/MMB29P) AppleWebKit/537.36 (KHTML, like Gecko) Chrome/140.0.7339.127 Mobile Safari/537.36 (compatible; Googlebot/2.1; +http://www.google.com/bot.html)"
162.158.155.59 - - [19/Sep/2025:09:55:34 -0700] "GET /?dir=%2Fusr%2Flib64%2Fxtables&dl=%2Fusr%2Flib64%2Fxtables%2Flibxt_SYNPROXY.so HTTP/1.1" 200 12096 "-" "Mozilla/5.0 (Linux; Android 6.0.1; Nexus 5X Build/MMB29P) AppleWebKit/537.36 (KHTML, like Gecko) Chrome/140.0.7339.127 Mobile Safari/537.36 (compatible; Googlebot/2.1; +http://www.google.com/bot.html)"
162.158.90.188 - - [19/Sep/2025:09:55:42 -0700] "GET /?dir=%2Fproc&dl=%2Fproc%2F2837072 HTTP/1.1" 200 362456 "-" "Mozilla/5.0 AppleWebKit/537.36 (KHTML, like Gecko; compatible; GPTBot/1.2; +https://openai.com/gptbot)"
162.158.79.82 - - [19/Sep/2025:09:55:43 -0700] "GET /?a=61645715 HTTP/1.1" 200 297807 "-" "Mozilla/5.0 (compatible; SemrushBot/7~bl; +http://www.semrush.com/bot.html)"
162.158.155.60 - - [19/Sep/2025:09:55:46 -0700] "GET /?dir=%2Fusr%2Flib64%2Fxtables&edit=%2Fusr%2Flib64%2Fxtables%2Flibxt_HMARK.so HTTP/1.1" 200 21212 "-" "Mozilla/5.0 (Linux; Android 6.0.1; Nexus 5X Build/MMB29P) AppleWebKit/537.36 (KHTML, like Gecko) Chrome/140.0.7339.127 Mobile Safari/537.36 (compatible; Googlebot/2.1; +http://www.google.com/bot.html)"
172.68.245.132 - - [19/Sep/2025:09:55:56 -0700] "GET /?a=58570315 HTTP/1.1" 200 297807 "-" "Mozilla/5.0 (compatible; SemrushBot/7~bl; +http://www.semrush.com/bot.html)"
162.158.155.59 - - [19/Sep/2025:09:55:59 -0700] "GET /?dir=%2Fusr%2Flib64%2Fxtables&edit=%2Fusr%2Flib64%2Fxtables%2Flibxt_NOTRACK.so HTTP/1.1" 200 21906 "-" "Mozilla/5.0 (Linux; Android 6.0.1; Nexus 5X Build/MMB29P) AppleWebKit/537.36 (KHTML, like Gecko) Chrome/140.0.7339.127 Mobile Safari/537.36 (compatible; Googlebot/2.1; +http://www.google.com/bot.html)"
162.158.90.188 - - [19/Sep/2025:09:56:00 -0700] "GET /?dir=%2Fproc&dl=%2Fproc%2F2836972 HTTP/1.1" 200 365656 "-" "Mozilla/5.0 AppleWebKit/537.36 (KHTML, like Gecko; compatible; GPTBot/1.2; +https://openai.com/gptbot)"
162.158.79.82 - - [19/Sep/2025:09:56:03 -0700] "GET /?a=46056415 HTTP/1.1" 200 298751 "-" "Mozilla/5.0 (compatible; SemrushBot/7~bl; +http://www.semrush.com/bot.html)"
172.71.222.237 - - [19/Sep/2025:09:56:07 -0700] "GET /?a=26382015 HTTP/1.1" 200 297807 "-" "Mozilla/5.0 (compatible; SemrushBot/7~bl; +http://www.semrush.com/bot.html)"
172.70.131.117 - - [19/Sep/2025:09:56:11 -0700] "GET /?dir=%2Fusr%2Flib64%2Fxtables&edit=%2Fusr%2Flib64%2Fxtables%2Flibip6t_frag.so HTTP/1.1" 200 15179 "-" "Mozilla/5.0 (Linux; Android 6.0.1; Nexus 5X Build/MMB29P) AppleWebKit/537.36 (KHTML, like Gecko) Chrome/140.0.7339.127 Mobile Safari/537.36 (compatible; Googlebot/2.1; +http://www.google.com/bot.html)"
172.71.222.237 - - [19/Sep/2025:09:56:10 -0700] "GET /?a=47696715 HTTP/1.1" 200 297807 "-" "Mozilla/5.0 (compatible; SemrushBot/7~bl; +http://www.semrush.com/bot.html)"
162.158.90.188 - - [19/Sep/2025:09:56:13 -0700] "GET /?dir=%2Fproc&dl=%2Fproc%2F2307685 HTTP/1.1" 200 364700 "-" "Mozilla/5.0 AppleWebKit/537.36 (KHTML, like Gecko; compatible; GPTBot/1.2; +https://openai.com/gptbot)"
172.68.245.132 - - [19/Sep/2025:09:56:14 -0700] "GET /?a=57653215 HTTP/1.1" 200 297807 "-" "Mozilla/5.0 (compatible; SemrushBot/7~bl; +http://www.semrush.com/bot.html)"
172.71.194.197 - - [19/Sep/2025:09:56:17 -0700] "GET /?a=49536815 HTTP/1.1" 200 297807 "-" "Mozilla/5.0 (compatible; SemrushBot/7~bl; +http://www.semrush.com/bot.html)"
104.23.209.82 - - [19/Sep/2025:09:56:20 -0700] "GET /?a=85044315 HTTP/1.1" 200 298751 "-" "Mozilla/5.0 (compatible; SemrushBot/7~bl; +http://www.semrush.com/bot.html)"
162.158.90.189 - - [19/Sep/2025:09:56:29 -0700] "GET /?dir=%2Fproc&dl=%2Fproc%2F2837087 HTTP/1.1" 200 364148 "-" "Mozilla/5.0 AppleWebKit/537.36 (KHTML, like Gecko; compatible; GPTBot/1.2; +https://openai.com/gptbot)"
172.71.194.197 - - [19/Sep/2025:09:56:32 -0700] "GET /?a=29317215 HTTP/1.1" 200 298751 "-" "Mozilla/5.0 (compatible; SemrushBot/7~bl; +http://www.semrush.com/bot.html)"
162.158.155.60 - - [19/Sep/2025:09:56:36 -0700] "GET /?dir=%2Fusr%2Flib64%2Fxtables&dl=%2Fusr%2Flib64%2Fxtables%2Flibxt_tcp.so HTTP/1.1" 200 16232 "-" "Mozilla/5.0 (Linux; Android 6.0.1; Nexus 5X Build/MMB29P) AppleWebKit/537.36 (KHTML, like Gecko) Chrome/140.0.7339.127 Mobile Safari/537.36 (compatible; Googlebot/2.1; +http://www.google.com/bot.html)"
162.158.90.189 - - [19/Sep/2025:09:56:39 -0700] "GET /?dir=%2Fproc&dl=%2Fproc%2F2037905 HTTP/1.1" 200 363584 "-" "Mozilla/5.0 AppleWebKit/537.36 (KHTML, like Gecko; compatible; GPTBot/1.2; +https://openai.com/gptbot)"
162.158.155.59 - - [19/Sep/2025:09:56:48 -0700] "GET /?dir=%2Fusr%2Flib64%2Fxtables%2F.. HTTP/1.1" 200 1058123 "-" "Mozilla/5.0 (Linux; Android 6.0.1; Nexus 5X Build/MMB29P) AppleWebKit/537.36 (KHTML, like Gecko) Chrome/140.0.7339.127 Mobile Safari/537.36 (compatible; Googlebot/2.1; +http://www.google.com/bot.html)"
162.158.90.188 - - [19/Sep/2025:09:56:49 -0700] "GET /?dir=%2Fproc&dl=%2Fproc%2F2837083 HTTP/1.1" 200 364148 "-" "Mozilla/5.0 AppleWebKit/537.36 (KHTML, like Gecko; compatible; GPTBot/1.2; +https://openai.com/gptbot)"
172.68.245.133 - - [19/Sep/2025:09:56:56 -0700] "GET /?a=54345915 HTTP/1.1" 200 297807 "-" "Mozilla/5.0 (compatible; SemrushBot/7~bl; +http://www.semrush.com/bot.html)"
162.158.90.188 - - [19/Sep/2025:09:56:59 -0700] "GET /?dir=%2Fproc&dl=%2Fproc%2F2832069 HTTP/1.1" 200 365276 "-" "Mozilla/5.0 AppleWebKit/537.36 (KHTML, like Gecko; compatible; GPTBot/1.2; +https://openai.com/gptbot)"
162.158.155.60 - - [19/Sep/2025:09:57:03 -0700] "GET /?dir=%2Fusr%2Flib64%2Fxtables&edit=%2Fusr%2Flib64%2Fxtables%2Flibxt_DSCP.so HTTP/1.1" 200 14918 "-" "Mozilla/5.0 (Linux; Android 6.0.1; Nexus 5X Build/MMB29P) AppleWebKit/537.36 (KHTML, like Gecko) Chrome/140.0.7339.127 Mobile Safari/537.36 (compatible; Googlebot/2.1; +http://www.google.com/bot.html)"
172.71.222.237 - - [19/Sep/2025:09:57:02 -0700] "GET /?a=91557915 HTTP/1.1" 200 298751 "-" "Mozilla/5.0 (compatible; SemrushBot/7~bl; +http://www.semrush.com/bot.html)"
172.71.194.197 - - [19/Sep/2025:09:57:06 -0700] "GET /?a=62744915 HTTP/1.1" 200 298751 "-" "Mozilla/5.0 (compatible; SemrushBot/7~bl; +http://www.semrush.com/bot.html)"
162.158.90.188 - - [19/Sep/2025:09:57:08 -0700] "GET /?dir=%2Fproc&dl=%2Fproc%2F2374408 HTTP/1.1" 200 365671 "-" "Mozilla/5.0 AppleWebKit/537.36 (KHTML, like Gecko; compatible; GPTBot/1.2; +https://openai.com/gptbot)"
108.162.216.58 - - [19/Sep/2025:09:57:15 -0700] "GET /?dir=%2Fusr%2Flib64%2Fxtables&dl=%2Fusr%2Flib64%2Fxtables%2Flibxt_time.so HTTP/1.1" 200 20376 "-" "Mozilla/5.0 (Linux; Android 6.0.1; Nexus 5X Build/MMB29P) AppleWebKit/537.36 (KHTML, like Gecko) Chrome/140.0.7339.127 Mobile Safari/537.36 (compatible; Googlebot/2.1; +http://www.google.com/bot.html)"
162.158.90.188 - - [19/Sep/2025:09:57:14 -0700] "GET /?dir=%2Fproc&dl=%2Fproc%2F2045671 HTTP/1.1" 200 365264 "-" "Mozilla/5.0 AppleWebKit/537.36 (KHTML, like Gecko; compatible; GPTBot/1.2; +https://openai.com/gptbot)"
172.71.194.197 - - [19/Sep/2025:09:57:18 -0700] "GET /?a=36489715 HTTP/1.1" 200 297807 "-" "Mozilla/5.0 (compatible; SemrushBot/7~bl; +http://www.semrush.com/bot.html)"
162.158.90.188 - - [19/Sep/2025:09:57:20 -0700] "GET /?dir=%2Fproc&dl=%2Fproc%2F2837132 HTTP/1.1" 200 366784 "-" "Mozilla/5.0 AppleWebKit/537.36 (KHTML, like Gecko; compatible; GPTBot/1.2; +https://openai.com/gptbot)"
162.158.155.60 - - [19/Sep/2025:09:57:27 -0700] "GET /?dir=%2Fusr%2Flib64%2Fxtables&dl=%2Fusr%2Flib64%2Fxtables%2Flibip6t_SNPT.so HTTP/1.1" 200 12072 "-" "Mozilla/5.0 (Linux; Android 6.0.1; Nexus 5X Build/MMB29P) AppleWebKit/537.36 (KHTML, like Gecko) Chrome/140.0.7339.127 Mobile Safari/537.36 (compatible; Googlebot/2.1; +http://www.google.com/bot.html)"
162.158.90.188 - - [19/Sep/2025:09:57:27 -0700] "GET /?dir=%2Fproc&dl=%2Fproc%2F2837112 HTTP/1.1" 200 367348 "-" "Mozilla/5.0 AppleWebKit/537.36 (KHTML, like Gecko; compatible; GPTBot/1.2; +https://openai.com/gptbot)"
172.70.39.133 - - [19/Sep/2025:09:57:29 -0700] "GET /?a=36873615 HTTP/1.1" 200 298763 "-" "Mozilla/5.0 (compatible; SemrushBot/7~bl; +http://www.semrush.com/bot.html)"
162.158.90.188 - - [19/Sep/2025:09:57:32 -0700] "GET /?dir=%2Fproc&dl=%2Fproc%2F2174537 HTTP/1.1" 200 365840 "-" "Mozilla/5.0 AppleWebKit/537.36 (KHTML, like Gecko; compatible; GPTBot/1.2; +https://openai.com/gptbot)"
172.68.245.132 - - [19/Sep/2025:09:57:33 -0700] "GET /?a=80294115 HTTP/1.1" 200 297807 "-" "Mozilla/5.0 (compatible; SemrushBot/7~bl; +http://www.semrush.com/bot.html)"
162.158.90.188 - - [19/Sep/2025:09:57:38 -0700] "GET /?dir=%2Fproc&dl=%2Fproc%2F2837231 HTTP/1.1" 200 366220 "-" "Mozilla/5.0 AppleWebKit/537.36 (KHTML, like Gecko; compatible; GPTBot/1.2; +https://openai.com/gptbot)"
162.158.155.60 - - [19/Sep/2025:09:57:40 -0700] "GET /?dir=%2Fusr%2Flib64%2Fxtables&edit=%2Fusr%2Flib64%2Fxtables%2Flibxt_cpu.so HTTP/1.1" 200 10167 "-" "Mozilla/5.0 (Linux; Android 6.0.1; Nexus 5X Build/MMB29P) AppleWebKit/537.36 (KHTML, like Gecko) Chrome/140.0.7339.127 Mobile Safari/537.36 (compatible; Googlebot/2.1; +http://www.google.com/bot.html)"
162.158.90.188 - - [19/Sep/2025:09:57:43 -0700] "GET /?dir=%2Fproc&dl=%2Fproc%2F2837311 HTTP/1.1" 200 366235 "-" "Mozilla/5.0 AppleWebKit/537.36 (KHTML, like Gecko; compatible; GPTBot/1.2; +https://openai.com/gptbot)"
162.158.90.188 - - [19/Sep/2025:09:57:47 -0700] "GET /?dir=%2Fproc&dl=%2Fproc%2F2837331 HTTP/1.1" 200 366784 "-" "Mozilla/5.0 AppleWebKit/537.36 (KHTML, like Gecko; compatible; GPTBot/1.2; +https://openai.com/gptbot)"
162.158.90.188 - - [19/Sep/2025:09:57:50 -0700] "GET /?dir=%2Fproc&dl=%2Fproc%2F2837285 HTTP/1.1" 200 364712 "-" "Mozilla/5.0 AppleWebKit/537.36 (KHTML, like Gecko; compatible; GPTBot/1.2; +https://openai.com/gptbot)"
162.158.155.60 - - [19/Sep/2025:09:57:52 -0700] "GET /?dir=%2Fusr%2Flib64%2Fxtables&edit=%2Fusr%2Flib64%2Fxtables%2Flibxt_SECMARK.so HTTP/1.1" 200 14665 "-" "Mozilla/5.0 (Linux; Android 6.0.1; Nexus 5X Build/MMB29P) AppleWebKit/537.36 (KHTML, like Gecko) Chrome/140.0.7339.127 Mobile Safari/537.36 (compatible; Googlebot/2.1; +http://www.google.com/bot.html)"
162.158.90.188 - - [19/Sep/2025:09:57:53 -0700] "GET /?dir=%2Fproc&dl=%2Fproc%2F2837326 HTTP/1.1" 200 364712 "-" "Mozilla/5.0 AppleWebKit/537.36 (KHTML, like Gecko; compatible; GPTBot/1.2; +https://openai.com/gptbot)"
162.158.90.188 - - [19/Sep/2025:09:57:56 -0700] "GET /?dir=%2Fproc&edit=%2Fproc%2F2837285 HTTP/1.1" 200 365276 "-" "Mozilla/5.0 AppleWebKit/537.36 (KHTML, like Gecko; compatible; GPTBot/1.2; +https://openai.com/gptbot)"
172.70.34.96 - - [19/Sep/2025:09:57:56 -0700] "GET /?a=63573415 HTTP/1.1" 200 298751 "-" "Mozilla/5.0 (compatible; SemrushBot/7~bl; +http://www.semrush.com/bot.html)"
162.158.90.188 - - [19/Sep/2025:09:57:59 -0700] "GET /?dir=%2Fproc&dl=%2Fproc%2F2837313 HTTP/1.1" 200 365104 "-" "Mozilla/5.0 AppleWebKit/537.36 (KHTML, like Gecko; compatible; GPTBot/1.2; +https://openai.com/gptbot)"
162.158.90.188 - - [19/Sep/2025:09:58:01 -0700] "GET /?dir=%2Fproc&dl=%2Fproc%2F2837238 HTTP/1.1" 429 17 "-" "Mozilla/5.0 AppleWebKit/537.36 (KHTML, like Gecko; compatible; GPTBot/1.2; +https://openai.com/gptbot)"
162.158.90.188 - - [19/Sep/2025:09:58:04 -0700] "GET /?dir=%2Fproc&dl=%2Fproc%2F2837312 HTTP/1.1" 200 365671 "-" "Mozilla/5.0 AppleWebKit/537.36 (KHTML, like Gecko; compatible; GPTBot/1.2; +https://openai.com/gptbot)"
162.158.90.188 - - [19/Sep/2025:09:58:10 -0700] "GET /?dir=%2Fproc&dl=%2Fproc%2F2837299 HTTP/1.1" 200 365840 "-" "Mozilla/5.0 AppleWebKit/537.36 (KHTML, like Gecko; compatible; GPTBot/1.2; +https://openai.com/gptbot)"
162.158.90.188 - - [19/Sep/2025:09:58:16 -0700] "GET /?dir=%2Fproc&dl=%2Fproc%2F2837286 HTTP/1.1" 200 365840 "-" "Mozilla/5.0 AppleWebKit/537.36 (KHTML, like Gecko; compatible; GPTBot/1.2; +https://openai.com/gptbot)"
172.71.254.189 - - [19/Sep/2025:09:58:17 -0700] "GET /?dir=%2Fproc&edit=%2Fproc%2F2835157 HTTP/1.1" 200 365828 "-" "Mozilla/5.0 (Linux; Android 6.0.1; Nexus 5X Build/MMB29P) AppleWebKit/537.36 (KHTML, like Gecko) Chrome/140.0.7339.127 Mobile Safari/537.36 (compatible; Googlebot/2.1; +http://www.google.com/bot.html)"
172.70.39.134 - - [19/Sep/2025:09:58:17 -0700] "GET /?a=52594415 HTTP/1.1" 200 298763 "-" "Mozilla/5.0 (compatible; SemrushBot/7~bl; +http://www.semrush.com/bot.html)"
162.158.90.188 - - [19/Sep/2025:09:58:21 -0700] "GET /?dir=%2Fproc&dl=%2Fproc%2F2837368 HTTP/1.1" 200 366796 "-" "Mozilla/5.0 AppleWebKit/537.36 (KHTML, like Gecko; compatible; GPTBot/1.2; +https://openai.com/gptbot)"
162.158.90.188 - - [19/Sep/2025:09:58:25 -0700] "GET /?dir=%2Fproc&dl=%2Fproc%2F2837317 HTTP/1.1" 200 365840 "-" "Mozilla/5.0 AppleWebKit/537.36 (KHTML, like Gecko; compatible; GPTBot/1.2; +https://openai.com/gptbot)"
172.70.175.229 - - [19/Sep/2025:09:58:25 -0700] "GET /?a=26086715 HTTP/1.1" 200 298751 "-" "Mozilla/5.0 (compatible; SemrushBot/7~bl; +http://www.semrush.com/bot.html)"
162.158.90.188 - - [19/Sep/2025:09:58:29 -0700] "GET /?dir=%2Fproc&dl=%2Fproc%2F2837377 HTTP/1.1" 200 366784 "-" "Mozilla/5.0 AppleWebKit/537.36 (KHTML, like Gecko; compatible; GPTBot/1.2; +https://openai.com/gptbot)"
172.71.254.189 - - [19/Sep/2025:09:58:31 -0700] "GET /?dir=%2Fproc&dl=%2Fproc%2F2834491 HTTP/1.1" 200 366796 "-" "Mozilla/5.0 (Linux; Android 6.0.1; Nexus 5X Build/MMB29P) AppleWebKit/537.36 (KHTML, like Gecko) Chrome/140.0.7339.127 Mobile Safari/537.36 (compatible; Googlebot/2.1; +http://www.google.com/bot.html)"
162.158.90.188 - - [19/Sep/2025:09:58:33 -0700] "GET /?dir=%2Fproc&dl=%2Fproc%2F2837380 HTTP/1.1" 200 365840 "-" "Mozilla/5.0 AppleWebKit/537.36 (KHTML, like Gecko; compatible; GPTBot/1.2; +https://openai.com/gptbot)"
162.158.90.188 - - [19/Sep/2025:09:58:37 -0700] "GET /?dir=%2Fproc&edit=%2Fproc%2F2837396 HTTP/1.1" 200 365828 "-" "Mozilla/5.0 AppleWebKit/537.36 (KHTML, like Gecko; compatible; GPTBot/1.2; +https://openai.com/gptbot)"
162.158.90.188 - - [19/Sep/2025:09:58:40 -0700] "GET /?dir=%2Fproc&dl=%2Fproc%2F2837387 HTTP/1.1" 200 365840 "-" "Mozilla/5.0 AppleWebKit/537.36 (KHTML, like Gecko; compatible; GPTBot/1.2; +https://openai.com/gptbot)"
162.158.90.188 - - [19/Sep/2025:09:58:43 -0700] "GET /?dir=%2Fproc&dl=%2Fproc%2F2837397 HTTP/1.1" 200 366404 "-" "Mozilla/5.0 AppleWebKit/537.36 (KHTML, like Gecko; compatible; GPTBot/1.2; +https://openai.com/gptbot)"
172.71.254.189 - - [19/Sep/2025:09:58:45 -0700] "GET /?dir=%2Fproc%2F2834973 HTTP/1.1" 200 297795 "-" "Mozilla/5.0 (Linux; Android 6.0.1; Nexus 5X Build/MMB29P) AppleWebKit/537.36 (KHTML, like Gecko) Chrome/140.0.7339.127 Mobile Safari/537.36 (compatible; Googlebot/2.1; +http://www.google.com/bot.html)"
162.158.90.188 - - [19/Sep/2025:09:58:46 -0700] "GET /?dir=%2Fproc&dl=%2Fproc%2F2837395 HTTP/1.1" 200 365840 "-" "Mozilla/5.0 AppleWebKit/537.36 (KHTML, like Gecko; compatible; GPTBot/1.2; +https://openai.com/gptbot)"
162.158.152.143 - - [19/Sep/2025:09:58:47 -0700] "GET /?a=29028215 HTTP/1.1" 200 298751 "-" "Mozilla/5.0 (compatible; SemrushBot/7~bl; +http://www.semrush.com/bot.html)"
162.158.90.188 - - [19/Sep/2025:09:58:49 -0700] "GET /?dir=%2Fproc&dl=%2Fproc%2F2059128 HTTP/1.1" 200 365840 "-" "Mozilla/5.0 AppleWebKit/537.36 (KHTML, like Gecko; compatible; GPTBot/1.2; +https://openai.com/gptbot)"
162.158.90.188 - - [19/Sep/2025:09:58:53 -0700] "GET /?dir=%2Fproc&dl=%2Fproc%2F2058301 HTTP/1.1" 200 366968 "-" "Mozilla/5.0 AppleWebKit/537.36 (KHTML, like Gecko; compatible; GPTBot/1.2; +https://openai.com/gptbot)"
162.158.90.188 - - [19/Sep/2025:09:58:56 -0700] "GET /?dir=%2Fproc&dl=%2Fproc%2F2075641 HTTP/1.1" 200 366404 "-" "Mozilla/5.0 AppleWebKit/537.36 (KHTML, like Gecko; compatible; GPTBot/1.2; +https://openai.com/gptbot)"
162.158.90.188 - - [19/Sep/2025:09:58:59 -0700] "GET /?dir=%2Fproc&dl=%2Fproc%2F2100354 HTTP/1.1" 200 367348 "-" "Mozilla/5.0 AppleWebKit/537.36 (KHTML, like Gecko; compatible; GPTBot/1.2; +https://openai.com/gptbot)"
162.158.90.188 - - [19/Sep/2025:09:59:01 -0700] "GET /?dir=%2Fproc&dl=%2Fproc%2F2410523 HTTP/1.1" 429 17 "-" "Mozilla/5.0 AppleWebKit/537.36 (KHTML, like Gecko; compatible; GPTBot/1.2; +https://openai.com/gptbot)"
172.71.254.188 - - [19/Sep/2025:09:58:59 -0700] "GET /?dir=%2Fproc&edit=%2Fproc%2F2834227 HTTP/1.1" 200 367360 "-" "Mozilla/5.0 (Linux; Android 6.0.1; Nexus 5X Build/MMB29P) AppleWebKit/537.36 (KHTML, like Gecko) Chrome/140.0.7339.127 Mobile Safari/537.36 (compatible; Googlebot/2.1; +http://www.google.com/bot.html)"
162.158.90.188 - - [19/Sep/2025:09:59:02 -0700] "GET /?dir=%2Fproc&dl=%2Fproc%2F2156072 HTTP/1.1" 429 17 "-" "Mozilla/5.0 AppleWebKit/537.36 (KHTML, like Gecko; compatible; GPTBot/1.2; +https://openai.com/gptbot)"
162.158.90.188 - - [19/Sep/2025:09:59:06 -0700] "GET /?dir=%2Fproc&dl=%2Fproc%2F2837447 HTTP/1.1" 200 365264 "-" "Mozilla/5.0 AppleWebKit/537.36 (KHTML, like Gecko; compatible; GPTBot/1.2; +https://openai.com/gptbot)"
172.71.254.189 - - [19/Sep/2025:09:59:13 -0700] "GET /?dir=%2Fproc%2F2834288 HTTP/1.1" 200 298751 "-" "Mozilla/5.0 (Linux; Android 6.0.1; Nexus 5X Build/MMB29P) AppleWebKit/537.36 (KHTML, like Gecko) Chrome/140.0.7339.127 Mobile Safari/537.36 (compatible; Googlebot/2.1; +http://www.google.com/bot.html)"
172.71.254.189 - - [19/Sep/2025:09:59:20 -0700] "GET /products/30519587/ HTTP/1.1" 200 189647 "-" "Mozilla/5.0 (compatible; Googlebot/2.1; +http://www.google.com/bot.html)"
162.158.90.189 - - [19/Sep/2025:09:59:19 -0700] "GET /?dir=%2Fproc&dl=%2Fproc%2F2159731 HTTP/1.1" 200 366404 "-" "Mozilla/5.0 AppleWebKit/537.36 (KHTML, like Gecko; compatible; GPTBot/1.2; +https://openai.com/gptbot)"
172.71.254.188 - - [19/Sep/2025:09:59:28 -0700] "GET /?dir=%2Fproc&dl=%2Fproc%2F2834137 HTTP/1.1" 200 366404 "-" "Mozilla/5.0 (Linux; Android 6.0.1; Nexus 5X Build/MMB29P) AppleWebKit/537.36 (KHTML, like Gecko) Chrome/140.0.7339.127 Mobile Safari/537.36 (compatible; Googlebot/2.1; +http://www.google.com/bot.html)"
162.158.90.189 - - [19/Sep/2025:09:59:30 -0700] "GET /?dir=%2Fproc&dl=%2Fproc%2F2837289 HTTP/1.1" 200 366784 "-" "Mozilla/5.0 AppleWebKit/537.36 (KHTML, like Gecko; compatible; GPTBot/1.2; +https://openai.com/gptbot)"
162.158.90.188 - - [19/Sep/2025:09:59:38 -0700] "GET /?dir=%2Fproc&dl=%2Fproc%2F2470359 HTTP/1.1" 200 365840 "-" "Mozilla/5.0 AppleWebKit/537.36 (KHTML, like Gecko; compatible; GPTBot/1.2; +https://openai.com/gptbot)"
162.158.79.82 - - [19/Sep/2025:09:59:39 -0700] "GET /?a=40927915 HTTP/1.1" 200 297807 "-" "Mozilla/5.0 (compatible; SemrushBot/7~bl; +http://www.semrush.com/bot.html)"
172.71.254.189 - - [19/Sep/2025:09:59:42 -0700] "GET /?dir=%2Fproc&edit=%2Fproc%2F2834048 HTTP/1.1" 200 365840 "-" "Mozilla/5.0 (Linux; Android 6.0.1; Nexus 5X Build/MMB29P) AppleWebKit/537.36 (KHTML, like Gecko) Chrome/140.0.7339.127 Mobile Safari/537.36 (compatible; Googlebot/2.1; +http://www.google.com/bot.html)"
172.70.39.134 - - [19/Sep/2025:09:59:46 -0700] "GET /?a=34557415 HTTP/1.1" 200 297795 "-" "Mozilla/5.0 (compatible; SemrushBot/7~bl; +http://www.semrush.com/bot.html)"
162.158.90.189 - - [19/Sep/2025:09:59:48 -0700] "GET /?dir=%2Fproc&dl=%2Fproc%2F2837371 HTTP/1.1" 200 366220 "-" "Mozilla/5.0 AppleWebKit/537.36 (KHTML, like Gecko; compatible; GPTBot/1.2; +https://openai.com/gptbot)"
172.70.126.44 - - [19/Sep/2025:09:59:56 -0700] "GET /?dir=%2Fproc&dl=%2Fproc%2F2834042 HTTP/1.1" 200 366784 "-" "Mozilla/5.0 (Linux; Android 6.0.1; Nexus 5X Build/MMB29P) AppleWebKit/537.36 (KHTML, like Gecko) Chrome/140.0.7339.127 Mobile Safari/537.36 (compatible; Googlebot/2.1; +http://www.google.com/bot.html)"
172.70.126.44 - - [19/Sep/2025:09:59:58 -0700] "GET /?dir=%2Fusr%2Flib64&edit=%2Fusr%2Flib64%2Flibxcb-xselinux.so HTTP/1.1" 200 56381 "-" "Mozilla/5.0 (Linux; Android 6.0.1; Nexus 5X Build/MMB29P) AppleWebKit/537.36 (KHTML, like Gecko) Chrome/140.0.7339.127 Mobile Safari/537.36 (compatible; Googlebot/2.1; +http://www.google.com/bot.html)"
162.158.90.188 - - [19/Sep/2025:09:59:56 -0700] "GET /?dir=%2Fproc&dl=%2Fproc%2F2359605 HTTP/1.1" 200 366784 "-" "Mozilla/5.0 AppleWebKit/537.36 (KHTML, like Gecko; compatible; GPTBot/1.2; +https://openai.com/gptbot)"
172.70.126.44 - - [19/Sep/2025:09:59:59 -0700] "GET /?dir=%2Fproc%2F2566169 HTTP/1.1" 200 297807 "-" "Mozilla/5.0 (Linux; Android 6.0.1; Nexus 5X Build/MMB29P) AppleWebKit/537.36 (KHTML, like Gecko) Chrome/140.0.7339.127 Mobile Safari/537.36 (compatible; Googlebot/2.1; +http://www.google.com/bot.html)"
162.158.152.142 - - [19/Sep/2025:10:00:03 -0700] "GET /?a=41010215 HTTP/1.1" 200 297807 "-" "Mozilla/5.0 (compatible; SemrushBot/7~bl; +http://www.semrush.com/bot.html)"
172.70.126.44 - - [19/Sep/2025:10:00:03 -0700] "GET /?dir=%2Fproc%2F2833937 HTTP/1.1" 200 297807 "-" "Mozilla/5.0 (Linux; Android 6.0.1; Nexus 5X Build/MMB29P) AppleWebKit/537.36 (KHTML, like Gecko) Chrome/140.0.7339.127 Mobile Safari/537.36 (compatible; Googlebot/2.1; +http://www.google.com/bot.html)"
162.158.90.188 - - [19/Sep/2025:10:00:04 -0700] "GET /?dir=%2Fproc&dl=%2Fproc%2F2110685 HTTP/1.1" 200 372044 "-" "Mozilla/5.0 AppleWebKit/537.36 (KHTML, like Gecko; compatible; GPTBot/1.2; +https://openai.com/gptbot)"
162.158.152.142 - - [19/Sep/2025:10:00:07 -0700] "GET /?a=27493315 HTTP/1.1" 200 298751 "-" "Mozilla/5.0 (compatible; SemrushBot/7~bl; +http://www.semrush.com/bot.html)"
162.158.90.188 - - [19/Sep/2025:10:00:08 -0700] "GET /?dir=%2Fproc&dl=%2Fproc%2F2837487 HTTP/1.1" 200 369788 "-" "Mozilla/5.0 AppleWebKit/537.36 (KHTML, like Gecko; compatible; GPTBot/1.2; +https://openai.com/gptbot)"
104.23.209.82 - - [19/Sep/2025:10:00:14 -0700] "GET /?a=33422215 HTTP/1.1" 200 297795 "-" "Mozilla/5.0 (compatible; SemrushBot/7~bl; +http://www.semrush.com/bot.html)"
162.158.90.188 - - [19/Sep/2025:10:00:14 -0700] "GET /?dir=%2Fproc&dl=%2Fproc%2F2837488 HTTP/1.1" 200 370744 "-" "Mozilla/5.0 AppleWebKit/537.36 (KHTML, like Gecko; compatible; GPTBot/1.2; +https://openai.com/gptbot)"
172.70.126.45 - - [19/Sep/2025:10:00:18 -0700] "GET /?dir=%2Fproc&edit=%2Fproc%2F2834007 HTTP/1.1" 200 368660 "-" "Mozilla/5.0 (Linux; Android 6.0.1; Nexus 5X Build/MMB29P) AppleWebKit/537.36 (KHTML, like Gecko) Chrome/140.0.7339.127 Mobile Safari/537.36 (compatible; Googlebot/2.1; +http://www.google.com/bot.html)"
162.158.90.188 - - [19/Sep/2025:10:00:20 -0700] "GET /?dir=%2Fproc&dl=%2Fproc%2F2169025 HTTP/1.1" 200 368648 "-" "Mozilla/5.0 AppleWebKit/537.36 (KHTML, like Gecko; compatible; GPTBot/1.2; +https://openai.com/gptbot)"
172.71.222.237 - - [19/Sep/2025:10:00:20 -0700] "GET /?a=40014015 HTTP/1.1" 200 298751 "-" "Mozilla/5.0 (compatible; SemrushBot/7~bl; +http://www.semrush.com/bot.html)"
108.162.216.58 - - [19/Sep/2025:10:00:23 -0700] "GET /products/19866010/ HTTP/1.1" 200 186736 "-" "Mozilla/5.0 (Linux; Android 6.0.1; Nexus 5X Build/MMB29P) AppleWebKit/537.36 (KHTML, like Gecko) Chrome/140.0.7339.127 Mobile Safari/537.36 (compatible; Googlebot/2.1; +http://www.google.com/bot.html)"
162.158.152.143 - - [19/Sep/2025:10:00:24 -0700] "GET /?a=47853915 HTTP/1.1" 200 297795 "-" "Mozilla/5.0 (compatible; SemrushBot/7~bl; +http://www.semrush.com/bot.html)"
162.158.90.188 - - [19/Sep/2025:10:00:25 -0700] "GET /?dir=%2Fproc&dl=%2Fproc%2F2469178 HTTP/1.1" 200 368660 "-" "Mozilla/5.0 AppleWebKit/537.36 (KHTML, like Gecko; compatible; GPTBot/1.2; +https://openai.com/gptbot)"
162.158.90.188 - - [19/Sep/2025:10:00:29 -0700] "GET /?dir=%2Fproc&dl=%2Fproc%2F2837275 HTTP/1.1" 200 368096 "-" "Mozilla/5.0 AppleWebKit/537.36 (KHTML, like Gecko; compatible; GPTBot/1.2; +https://openai.com/gptbot)"
108.162.216.58 - - [19/Sep/2025:10:00:33 -0700] "GET /?dir=%2Fproc%2F2833236 HTTP/1.1" 200 298763 "-" "Mozilla/5.0 (Linux; Android 6.0.1; Nexus 5X Build/MMB29P) AppleWebKit/537.36 (KHTML, like Gecko) Chrome/140.0.7339.127 Mobile Safari/537.36 (compatible; Googlebot/2.1; +http://www.google.com/bot.html)"
162.158.90.188 - - [19/Sep/2025:10:00:33 -0700] "GET /?dir=%2Fproc&dl=%2Fproc%2F2837345 HTTP/1.1" 200 369604 "-" "Mozilla/5.0 AppleWebKit/537.36 (KHTML, like Gecko; compatible; GPTBot/1.2; +https://openai.com/gptbot)"
162.158.90.188 - - [19/Sep/2025:10:00:36 -0700] "GET /?dir=%2Fproc&dl=%2Fproc%2F2837128 HTTP/1.1" 200 368491 "-" "Mozilla/5.0 AppleWebKit/537.36 (KHTML, like Gecko; compatible; GPTBot/1.2; +https://openai.com/gptbot)"
104.23.213.84 - - [19/Sep/2025:10:00:38 -0700] "GET /?a=42971415 HTTP/1.1" 200 297807 "-" "Mozilla/5.0 (compatible; SemrushBot/7~bl; +http://www.semrush.com/bot.html)"
162.158.90.188 - - [19/Sep/2025:10:00:39 -0700] "GET /?dir=%2Fproc&dl=%2Fproc%2F2837337 HTTP/1.1" 200 367912 "-" "Mozilla/5.0 AppleWebKit/537.36 (KHTML, like Gecko; compatible; GPTBot/1.2; +https://openai.com/gptbot)"
162.158.90.188 - - [19/Sep/2025:10:00:42 -0700] "GET /?dir=%2Fproc&dl=%2Fproc%2F2062157 HTTP/1.1" 200 367912 "-" "Mozilla/5.0 AppleWebKit/537.36 (KHTML, like Gecko; compatible; GPTBot/1.2; +https://openai.com/gptbot)"
162.158.90.188 - - [19/Sep/2025:10:00:45 -0700] "GET /?dir=%2Fproc&dl=%2Fproc%2F2307158 HTTP/1.1" 200 366968 "-" "Mozilla/5.0 AppleWebKit/537.36 (KHTML, like Gecko; compatible; GPTBot/1.2; +https://openai.com/gptbot)"
108.162.216.59 - - [19/Sep/2025:10:00:47 -0700] "GET /?dir=%2Fusr%2Flib64%2Fgconv&edit=%2Fusr%2Flib64%2Fgconv%2FISO8859-6.so HTTP/1.1" 200 20232 "-" "Mozilla/5.0 (Linux; Android 6.0.1; Nexus 5X Build/MMB29P) AppleWebKit/537.36 (KHTML, like Gecko) Chrome/140.0.7339.127 Mobile Safari/537.36 (compatible; Googlebot/2.1; +http://www.google.com/bot.html)"
162.158.90.188 - - [19/Sep/2025:10:00:47 -0700] "GET /?dir=%2Fproc&dl=%2Fproc%2F2837527 HTTP/1.1" 429 17 "-" "Mozilla/5.0 AppleWebKit/537.36 (KHTML, like Gecko; compatible; GPTBot/1.2; +https://openai.com/gptbot)"
108.162.216.59 - - [19/Sep/2025:10:00:49 -0700] "GET /products/8347043/ HTTP/1.1" 200 193130 "-" "Mozilla/5.0 (Linux; Android 6.0.1; Nexus 5X Build/MMB29P) AppleWebKit/537.36 (KHTML, like Gecko) Chrome/140.0.7339.127 Mobile Safari/537.36 (compatible; Googlebot/2.1; +http://www.google.com/bot.html)"
162.158.90.188 - - [19/Sep/2025:10:00:49 -0700] "GET /?dir=%2Fproc&dl=%2Fproc%2F2503114 HTTP/1.1" 429 17 "-" "Mozilla/5.0 AppleWebKit/537.36 (KHTML, like Gecko; compatible; GPTBot/1.2; +https://openai.com/gptbot)"
162.158.159.183 - - [19/Sep/2025:10:00:54 -0700] "GET /?a=35102815 HTTP/1.1" 200 298763 "-" "Mozilla/5.0 (compatible; SemrushBot/7~bl; +http://www.semrush.com/bot.html)"
162.158.90.188 - - [19/Sep/2025:10:00:56 -0700] "GET /?dir=%2Fproc&dl=%2Fproc%2F2837528 HTTP/1.1" 200 370340 "-" "Mozilla/5.0 AppleWebKit/537.36 (KHTML, like Gecko; compatible; GPTBot/1.2; +https://openai.com/gptbot)"
162.158.155.59 - - [19/Sep/2025:10:00:57 -0700] "GET /?a=39338115 HTTP/1.1" 200 298751 "-" "Mozilla/5.0 (compatible; SemrushBot/7~bl; +http://www.semrush.com/bot.html)"
108.162.216.58 - - [19/Sep/2025:10:01:00 -0700] "GET /?dir=%2Fusr%2Flib64%2Fgconv&dl=%2Fusr%2Flib64%2Fgconv%2FIBM901.so HTTP/1.1" 200 12064 "-" "Mozilla/5.0 (Linux; Android 6.0.1; Nexus 5X Build/MMB29P) AppleWebKit/537.36 (KHTML, like Gecko) Chrome/140.0.7339.127 Mobile Safari/537.36 (compatible; Googlebot/2.1; +http://www.google.com/bot.html)"
172.70.174.90 - - [19/Sep/2025:10:01:03 -0700] "GET /?a=34863415 HTTP/1.1" 200 297795 "-" "Mozilla/5.0 (compatible; SemrushBot/7~bl; +http://www.semrush.com/bot.html)"
172.71.194.197 - - [19/Sep/2025:10:01:07 -0700] "GET /?a=99319815 HTTP/1.1" 200 298751 "-" "Mozilla/5.0 (compatible; SemrushBot/7~bl; +http://www.semrush.com/bot.html)"
108.162.216.59 - - [19/Sep/2025:10:01:13 -0700] "GET /products/28662365/ HTTP/1.1" 200 188542 "-" "Mozilla/5.0 (Linux; Android 6.0.1; Nexus 5X Build/MMB29P) AppleWebKit/537.36 (KHTML, like Gecko) Chrome/140.0.7339.127 Mobile Safari/537.36 (compatible; Googlebot/2.1; +http://www.google.com/bot.html)"
108.162.216.59 - - [19/Sep/2025:10:01:14 -0700] "GET /?dir=%2Fusr%2Flib64%2Fgconv&dl=%2Fusr%2Flib64%2Fgconv%2FISO_2033.so HTTP/1.1" 200 12056 "-" "Mozilla/5.0 (Linux; Android 6.0.1; Nexus 5X Build/MMB29P) AppleWebKit/537.36 (KHTML, like Gecko) Chrome/140.0.7339.127 Mobile Safari/537.36 (compatible; Googlebot/2.1; +http://www.google.com/bot.html)"
162.158.90.189 - - [19/Sep/2025:10:01:13 -0700] "GET /?dir=%2Fproc&dl=%2Fproc%2F2036587 HTTP/1.1" 200 370352 "-" "Mozilla/5.0 AppleWebKit/537.36 (KHTML, like Gecko; compatible; GPTBot/1.2; +https://openai.com/gptbot)"
172.70.39.134 - - [19/Sep/2025:10:01:21 -0700] "GET /?a=32803615 HTTP/1.1" 200 298763 "-" "Mozilla/5.0 (compatible; SemrushBot/7~bl; +http://www.semrush.com/bot.html)"
172.70.126.45 - - [19/Sep/2025:10:01:28 -0700] "GET /?dir=%2Fusr%2Flib64%2Fgconv&edit=%2Fusr%2Flib64%2Fgconv%2FMIK.so HTTP/1.1" 200 16524 "-" "Mozilla/5.0 (Linux; Android 6.0.1; Nexus 5X Build/MMB29P) AppleWebKit/537.36 (KHTML, like Gecko) Chrome/140.0.7339.127 Mobile Safari/537.36 (compatible; Googlebot/2.1; +http://www.google.com/bot.html)"
162.158.90.188 - - [19/Sep/2025:10:01:28 -0700] "GET /?dir=%2Fproc&dl=%2Fproc%2F2037489 HTTP/1.1" 200 369604 "-" "Mozilla/5.0 AppleWebKit/537.36 (KHTML, like Gecko; compatible; GPTBot/1.2; +https://openai.com/gptbot)"
172.71.190.146 - - [19/Sep/2025:10:01:35 -0700] "GET /?a=60130615 HTTP/1.1" 200 297795 "-" "Mozilla/5.0 (compatible; SemrushBot/7~bl; +http://www.semrush.com/bot.html)"
172.70.126.45 - - [19/Sep/2025:10:01:43 -0700] "GET /?dir=%2Fproc&dl=%2Fproc%2F2832835 HTTP/1.1" 200 367360 "-" "Mozilla/5.0 (Linux; Android 6.0.1; Nexus 5X Build/MMB29P) AppleWebKit/537.36 (KHTML, like Gecko) Chrome/140.0.7339.127 Mobile Safari/537.36 (compatible; Googlebot/2.1; +http://www.google.com/bot.html)"
162.158.90.189 - - [19/Sep/2025:10:01:43 -0700] "GET /?dir=%2Fproc&dl=%2Fproc%2F2072316 HTTP/1.1" 200 366404 "-" "Mozilla/5.0 AppleWebKit/537.36 (KHTML, like Gecko; compatible; GPTBot/1.2; +https://openai.com/gptbot)"
172.70.174.25 - - [19/Sep/2025:10:01:44 -0700] "GET /?a=82786215 HTTP/1.1" 200 297795 "-" "Mozilla/5.0 (compatible; SemrushBot/7~bl; +http://www.semrush.com/bot.html)"
172.70.174.226 - - [19/Sep/2025:10:01:53 -0700] "GET /?a=71440415 HTTP/1.1" 200 297807 "-" "Mozilla/5.0 (compatible; SemrushBot/7~bl; +http://www.semrush.com/bot.html)"
162.158.90.189 - - [19/Sep/2025:10:01:56 -0700] "GET /?dir=%2Fproc&dl=%2Fproc%2F2014053 HTTP/1.1" 200 367912 "-" "Mozilla/5.0 AppleWebKit/537.36 (KHTML, like Gecko; compatible; GPTBot/1.2; +https://openai.com/gptbot)"
172.70.126.44 - - [19/Sep/2025:10:01:57 -0700] "GET /?dir=%2Fproc&edit=%2Fproc%2F2833013 HTTP/1.1" 200 366956 "-" "Mozilla/5.0 (Linux; Android 6.0.1; Nexus 5X Build/MMB29P) AppleWebKit/537.36 (KHTML, like Gecko) Chrome/140.0.7339.127 Mobile Safari/537.36 (compatible; Googlebot/2.1; +http://www.google.com/bot.html)"
172.70.39.133 - - [19/Sep/2025:10:01:58 -0700] "GET /?a=59687915 HTTP/1.1" 200 297807 "-" "Mozilla/5.0 (compatible; SemrushBot/7~bl; +http://www.semrush.com/bot.html)"
162.158.90.189 - - [19/Sep/2025:10:02:09 -0700] "GET /?dir=%2Fproc&edit=%2Fproc%2F2837693 HTTP/1.1" 200 364712 "-" "Mozilla/5.0 AppleWebKit/537.36 (KHTML, like Gecko; compatible; GPTBot/1.2; +https://openai.com/gptbot)"
172.70.126.45 - - [19/Sep/2025:10:02:12 -0700] "GET /?dir=%2Fusr%2Flib64&edit=%2Fusr%2Flib64%2Flibwmf-0.2.so.7.1.1 HTTP/1.1" 200 481389 "-" "Mozilla/5.0 (Linux; Android 6.0.1; Nexus 5X Build/MMB29P) AppleWebKit/537.36 (KHTML, like Gecko) Chrome/140.0.7339.127 Mobile Safari/537.36 (compatible; Googlebot/2.1; +http://www.google.com/bot.html)"
162.158.90.189 - - [19/Sep/2025:10:02:19 -0700] "GET /?dir=%2Fproc&dl=%2Fproc%2F2837785 HTTP/1.1" 200 365276 "-" "Mozilla/5.0 AppleWebKit/537.36 (KHTML, like Gecko; compatible; GPTBot/1.2; +https://openai.com/gptbot)"
172.70.34.96 - - [19/Sep/2025:10:02:20 -0700] "GET /?a=28850915 HTTP/1.1" 200 297807 "-" "Mozilla/5.0 (compatible; SemrushBot/7~bl; +http://www.semrush.com/bot.html)"
172.70.126.45 - - [19/Sep/2025:10:02:26 -0700] "GET /?dir=%2Fusr%2Flib64&dl=%2Fusr%2Flib64%2Flibxcb-xv.so.0.0.0 HTTP/1.1" 200 41528 "-" "Mozilla/5.0 (Linux; Android 6.0.1; Nexus 5X Build/MMB29P) AppleWebKit/537.36 (KHTML, like Gecko) Chrome/140.0.7339.127 Mobile Safari/537.36 (compatible; Googlebot/2.1; +http://www.google.com/bot.html)"
162.158.90.189 - - [19/Sep/2025:10:02:28 -0700] "GET /?dir=%2Fproc&dl=%2Fproc%2F2837535 HTTP/1.1" 200 366392 "-" "Mozilla/5.0 AppleWebKit/537.36 (KHTML, like Gecko; compatible; GPTBot/1.2; +https://openai.com/gptbot)"
162.158.90.188 - - [19/Sep/2025:10:02:37 -0700] "GET /?dir=%2Fproc&dl=%2Fproc%2F2139744 HTTP/1.1" 200 365656 "-" "Mozilla/5.0 AppleWebKit/537.36 (KHTML, like Gecko; compatible; GPTBot/1.2; +https://openai.com/gptbot)"
172.70.126.45 - - [19/Sep/2025:10:02:41 -0700] "GET /?dir=%2Fusr%2Flib64&edit=%2Fusr%2Flib64%2Flibxslt.so HTTP/1.1" 200 417370 "-" "Mozilla/5.0 (Linux; Android 6.0.1; Nexus 5X Build/MMB29P) AppleWebKit/537.36 (KHTML, like Gecko) Chrome/140.0.7339.127 Mobile Safari/537.36 (compatible; Googlebot/2.1; +http://www.google.com/bot.html)"
162.158.90.189 - - [19/Sep/2025:10:02:45 -0700] "GET /?dir=%2Fproc&dl=%2Fproc%2F2837755 HTTP/1.1" 200 366220 "-" "Mozilla/5.0 AppleWebKit/537.36 (KHTML, like Gecko; compatible; GPTBot/1.2; +https://openai.com/gptbot)"
162.158.152.142 - - [19/Sep/2025:10:02:51 -0700] "GET /?a=27681615 HTTP/1.1" 200 298766 "-" "Mozilla/5.0 (compatible; SemrushBot/7~bl; +http://www.semrush.com/bot.html)"
162.158.90.188 - - [19/Sep/2025:10:02:52 -0700] "GET /?dir=%2Fproc&dl=%2Fproc%2F2167923 HTTP/1.1" 200 367348 "-" "Mozilla/5.0 AppleWebKit/537.36 (KHTML, like Gecko; compatible; GPTBot/1.2; +https://openai.com/gptbot)"
