192.178.6.99 - - [07/Sep/2025:18:25:16 -0700] "GET /products/24503487/ HTTP/1.1" 502 559 "-" "Mozilla/5.0 (Linux; Android 6.0.1; Nexus 5X Build/MMB29P) AppleWebKit/537.36 (KHTML, like Gecko) Chrome/138.0.7204.183 Mobile Safari/537.36 (compatible; Googlebot/2.1; +http://www.google.com/bot.html)" [loc=US/Mountain View] [rt=0.000] [proto=HTTP/1.1:] [args=-] [ucs=MISS] [xpc=-] [uct=-] [gz=-] [br=-] [tls=-] [cipher=-] [scheme=http] [eorigin=-] ayaclass.com www.ayaclass.com vps115398.inmotionhosting.com 16
114.160.9.235 - - [07/Sep/2025:18:25:17 -0700] "GET /wp-content/uploads/2015/06/Leather-Jackets-for-Women-in-2016-60.jpg HTTP/2.0" 200 111962 "-" "Mozilla/5.0 (X11; Ubuntu; Linux x86_64; rv:72.0) Gecko/20100101 Firefox/72.0" [loc=JP/Tokyo] [rt=0.003] [proto=HTTP/2.0:h2] [args=-] [ucs=-] [xpc=STATIC/PATH] [uct=-] [gz=-] [br=-] [tls=TLSv1.3] [cipher=TLS_AES_256_GCM_SHA384] [scheme=https] [eorigin=-] pouted.com www.pouted.com vps115398.inmotionhosting.com 911
95.217.59.55 - - [07/Sep/2025:18:25:18 -0700] "GET /magazine/tools-services/web-hosting-reviews/feed/ HTTP/2.0" 502 157 "-" "Mozilla/5.0 (X11; compatible; semantic-visions.com crawler; HTTPClient 4.5)" [loc=FI/-] [rt=0.000] [proto=HTTP/2.0:h2] [args=-] [ucs=-] [xpc=-] [uct=-] [gz=-] [br=-] [tls=TLSv1.3] [cipher=TLS_AES_256_GCM_SHA384] [scheme=https] [eorigin=-] pouted.com www.pouted.com vps115398.inmotionhosting.com 912
192.178.6.99 - - [07/Sep/2025:18:25:19 -0700] "GET /products/21265310/ HTTP/1.1" 502 559 "-" "Mozilla/5.0 (Linux; Android 6.0.1; Nexus 5X Build/MMB29P) AppleWebKit/537.36 (KHTML, like Gecko) Chrome/138.0.7204.183 Mobile Safari/537.36 (compatible; Googlebot/2.1; +http://www.google.com/bot.html)" [loc=US/Mountain View] [rt=0.000] [proto=HTTP/1.1:] [args=-] [ucs=MISS] [xpc=-] [uct=-] [gz=-] [br=-] [tls=-] [cipher=-] [scheme=http] [eorigin=-] ayaclass.com www.ayaclass.com vps115398.inmotionhosting.com 16
213.186.1.154 - - [07/Sep/2025:18:25:19 -0700] "GET / HTTP/2.0" 502 157 "-" "Mediatoolkitbot (complaints@mediatoolkit.com)" [loc=HR/Zagreb] [rt=0.001] [proto=HTTP/2.0:h2] [args=-] [ucs=-] [xpc=-] [uct=-] [gz=-] [br=-] [tls=TLSv1.3] [cipher=TLS_AES_256_GCM_SHA384] [scheme=https] [eorigin=-] pouted.com www.pouted.com vps115398.inmotionhosting.com 914
35.236.199.119 - - [07/Sep/2025:18:25:22 -0700] "GET /wp-content/uploads/2013/02/recorder-pen.jpg?x71148 HTTP/2.0" 200 64217 "-" "python-requests/2.32.3" [loc=US/Mountain View] [rt=0.002] [proto=HTTP/2.0:h2] [args=x71148] [ucs=-] [xpc=STATIC/PATH] [uct=-] [gz=-] [br=-] [tls=TLSv1.3] [cipher=TLS_AES_256_GCM_SHA384] [scheme=https] [eorigin=-] pouted.com www.pouted.com vps115398.inmotionhosting.com 898
5.34.216.201 - - [07/Sep/2025:18:25:23 -0700] "GET /wp-content/uploads/jewels/Ridged-Dollar-Shaped-Gold-Money-Clip.jpg HTTP/2.0" 404 103 "-" "Mozilla/5.0 (X11; Ubuntu; Linux x86_64; rv:72.0) Gecko/20100101 Firefox/72.0" [loc=IR/Tehran] [rt=0.000] [proto=HTTP/2.0:h2] [args=-] [ucs=-] [xpc=-] [uct=-] [gz=-] [br=1.49] [tls=TLSv1.3] [cipher=TLS_AES_256_GCM_SHA384] [scheme=https] [eorigin=-] pouted.com www.pouted.com vps115398.inmotionhosting.com 919
66.249.79.131 - - [07/Sep/2025:18:25:24 -0700] "GET /wp-content/uploads/2013/02/amazing-sand-sculptures1.jpg?x72261 HTTP/2.0" 200 89424 "-" "Googlebot-Image/1.0" [loc=US/Mountain View] [rt=0.000] [proto=HTTP/2.0:h2] [args=x72261] [ucs=-] [xpc=STATIC/PATH] [uct=-] [gz=-] [br=-] [tls=TLSv1.3] [cipher=TLS_AES_256_GCM_SHA384] [scheme=https] [eorigin=-] pouted.com www.pouted.com vps115398.inmotionhosting.com 920
192.178.6.99 - - [07/Sep/2025:18:25:25 -0700] "GET /products/17669498/ HTTP/1.1" 502 559 "-" "Mozilla/5.0 (Linux; Android 6.0.1; Nexus 5X Build/MMB29P) AppleWebKit/537.36 (KHTML, like Gecko) Chrome/138.0.7204.183 Mobile Safari/537.36 (compatible; Googlebot/2.1; +http://www.google.com/bot.html)" [loc=US/Mountain View] [rt=0.001] [proto=HTTP/1.1:] [args=-] [ucs=MISS] [xpc=-] [uct=-] [gz=-] [br=-] [tls=-] [cipher=-] [scheme=http] [eorigin=-] ayaclass.com www.ayaclass.com vps115398.inmotionhosting.com 16
35.236.199.119 - - [07/Sep/2025:18:25:26 -0700] "GET /wp-content/uploads/2013/12/Rosewood_Abu_Dhabi_Aqua_-_Dining_Room-passion4luxury.jpg HTTP/2.0" 404 103 "-" "python-requests/2.32.3" [loc=US/Mountain View] [rt=0.000] [proto=HTTP/2.0:h2] [args=-] [ucs=-] [xpc=-] [uct=-] [gz=-] [br=1.49] [tls=TLSv1.3] [cipher=TLS_AES_256_GCM_SHA384] [scheme=https] [eorigin=-] pouted.com www.pouted.com vps115398.inmotionhosting.com 922
146.103.11.18 - - [07/Sep/2025:18:25:29 -0700] "GET /clean-girl-style/ HTTP/2.0" 502 157 "-" "Mozilla/5.0 (Windows NT 10.0; Win64; x64; rv:109.0) Gecko/20100101 Firefox/111.0" [loc=BE/Heverlee] [rt=0.000] [proto=HTTP/2.0:h2] [args=-] [ucs=-] [xpc=-] [uct=-] [gz=-] [br=-] [tls=TLSv1.3] [cipher=TLS_AES_256_GCM_SHA384] [scheme=https] [eorigin=-] pouted.com www.pouted.com vps115398.inmotionhosting.com 923
2a03:2880:24ff:1:: - - [07/Sep/2025:18:25:30 -0700] "GET /2025-dessert-trends/ HTTP/2.0" 502 157 "-" "meta-externalagent/1.1 (+https://developers.facebook.com/docs/sharing/webmasters/crawler)" [loc=IE/-] [rt=0.001] [proto=HTTP/2.0:h2] [args=-] [ucs=-] [xpc=-] [uct=-] [gz=-] [br=-] [tls=TLSv1.3] [cipher=TLS_AES_256_GCM_SHA384] [scheme=https] [eorigin=-] pouted.com www.pouted.com vps115398.inmotionhosting.com 925
2a03:2880:f800:19:: - - [07/Sep/2025:18:25:30 -0700] "GET /interior-design-youtubers/ HTTP/2.0" 502 157 "-" "meta-externalagent/1.1 (+https://developers.facebook.com/docs/sharing/webmasters/crawler)" [loc=IE/-] [rt=0.000] [proto=HTTP/2.0:h2] [args=-] [ucs=-] [xpc=-] [uct=-] [gz=-] [br=-] [tls=TLSv1.3] [cipher=TLS_AES_256_GCM_SHA384] [scheme=https] [eorigin=-] pouted.com pouted.com vps115398.inmotionhosting.com 927
125.131.233.234 - - [07/Sep/2025:18:25:30 -0700] "GET /wp-content/uploads/2020/09/Torn-jean-and-T-shirt-1-675x1013.jpg?x71148 HTTP/2.0" 200 178180 "-" "Mozilla/5.0 (X11; Ubuntu; Linux x86_64; rv:72.0) Gecko/20100101 Firefox/72.0" [loc=KR/Seoul] [rt=0.004] [proto=HTTP/2.0:h2] [args=x71148] [ucs=-] [xpc=STATIC/PATH] [uct=-] [gz=-] [br=-] [tls=TLSv1.3] [cipher=TLS_AES_256_GCM_SHA384] [scheme=https] [eorigin=-] pouted.com www.pouted.com vps115398.inmotionhosting.com 929
192.178.6.99 - - [07/Sep/2025:18:25:31 -0700] "GET /products/20867365/ HTTP/1.1" 502 559 "-" "Mozilla/5.0 (Linux; Android 6.0.1; Nexus 5X Build/MMB29P) AppleWebKit/537.36 (KHTML, like Gecko) Chrome/138.0.7204.183 Mobile Safari/537.36 (compatible; Googlebot/2.1; +http://www.google.com/bot.html)" [loc=US/Mountain View] [rt=0.000] [proto=HTTP/1.1:] [args=-] [ucs=MISS] [xpc=-] [uct=-] [gz=-] [br=-] [tls=-] [cipher=-] [scheme=http] [eorigin=-] ayaclass.com www.ayaclass.com vps115398.inmotionhosting.com 16
154.85.50.60 - - [07/Sep/2025:18:25:32 -0700] "GET /wp-content/uploads/2015/01/35-Astonishing-Awesome-Bathroom-Faucet-Designs-2015-12.jpg?x71148 HTTP/2.0" 200 56502 "-" "python-requests/2.28.2" [loc=US/Arcadia] [rt=0.000] [proto=HTTP/2.0:h2] [args=x71148] [ucs=-] [xpc=STATIC/PATH] [uct=-] [gz=-] [br=-] [tls=TLSv1.3] [cipher=TLS_AES_256_GCM_SHA384] [scheme=https] [eorigin=-] pouted.com www.pouted.com vps115398.inmotionhosting.com 931
147.185.41.93 - - [07/Sep/2025:18:25:33 -0700] "GET /wp-content/uploads/2015/07/disneyships.jpg?x45357 HTTP/2.0" 200 267653 "-" "Mozilla/5.0 (X11; Ubuntu; Linux x86_64; rv:72.0) Gecko/20100101 Firefox/72.0" [loc=US/Canton] [rt=0.007] [proto=HTTP/2.0:h2] [args=x45357] [ucs=-] [xpc=STATIC/PATH] [uct=-] [gz=-] [br=-] [tls=TLSv1.3] [cipher=TLS_AES_256_GCM_SHA384] [scheme=https] [eorigin=-] pouted.com www.pouted.com vps115398.inmotionhosting.com 932
66.249.79.131 - - [07/Sep/2025:18:25:34 -0700] "GET /trusted-custom-writing-help-affordable-rates/ HTTP/2.0" 502 559 "-" "Mozilla/5.0 (Linux; Android 6.0.1; Nexus 5X Build/MMB29P) AppleWebKit/537.36 (KHTML, like Gecko) Chrome/138.0.7204.183 Mobile Safari/537.36 (compatible; GoogleOther)" [loc=US/Mountain View] [rt=0.001] [proto=HTTP/2.0:h2] [args=-] [ucs=-] [xpc=-] [uct=-] [gz=-] [br=-] [tls=TLSv1.3] [cipher=TLS_AES_256_GCM_SHA384] [scheme=https] [eorigin=-] pouted.com www.pouted.com vps115398.inmotionhosting.com 933
216.244.66.248 - - [07/Sep/2025:18:25:34 -0700] "GET /robots.txt HTTP/2.0" 502 157 "-" "Mozilla/5.0 (compatible; DotBot/1.2; +https://opensiteexplorer.org/dotbot; help@moz.com)" [loc=US/Seattle] [rt=0.001] [proto=HTTP/2.0:h2] [args=-] [ucs=-] [xpc=-] [uct=-] [gz=-] [br=-] [tls=TLSv1.3] [cipher=TLS_AES_256_GCM_SHA384] [scheme=https] [eorigin=-] pouted.com pouted.com vps115398.inmotionhosting.com 935
135.220.210.140 - - [07/Sep/2025:18:25:36 -0700] "GET /about.php HTTP/1.1" 502 157 "-" "-" [loc=US/Naperville] [rt=0.000] [proto=HTTP/1.1:] [args=-] [ucs=MISS] [xpc=-] [uct=-] [gz=-] [br=-] [tls=-] [cipher=-] [scheme=http] [eorigin=-] ayaclass.com www.ayaclass.com vps115398.inmotionhosting.com 937
135.220.210.140 - - [07/Sep/2025:18:25:36 -0700] "GET /about/function.php HTTP/1.1" 502 157 "-" "-" [loc=US/Naperville] [rt=0.001] [proto=HTTP/1.1:] [args=-] [ucs=MISS] [xpc=-] [uct=-] [gz=-] [br=-] [tls=-] [cipher=-] [scheme=http] [eorigin=-] ayaclass.com www.ayaclass.com vps115398.inmotionhosting.com 939
135.220.210.140 - - [07/Sep/2025:18:25:36 -0700] "GET /admin.php HTTP/1.1" 502 157 "-" "-" [loc=US/Naperville] [rt=0.000] [proto=HTTP/1.1:] [args=-] [ucs=BYPASS] [xpc=-] [uct=-] [gz=-] [br=-] [tls=-] [cipher=-] [scheme=http] [eorigin=-] ayaclass.com www.ayaclass.com vps115398.inmotionhosting.com 939
135.220.210.140 - - [07/Sep/2025:18:25:36 -0700] "GET /admin/admin.php HTTP/1.1" 502 157 "-" "-" [loc=US/Naperville] [rt=0.001] [proto=HTTP/1.1:] [args=-] [ucs=BYPASS] [xpc=-] [uct=-] [gz=-] [br=-] [tls=-] [cipher=-] [scheme=http] [eorigin=-] ayaclass.com www.ayaclass.com vps115398.inmotionhosting.com 939
135.220.210.140 - - [07/Sep/2025:18:25:36 -0700] "GET /admin/function.php HTTP/1.1" 502 157 "-" "-" [loc=US/Naperville] [rt=0.000] [proto=HTTP/1.1:] [args=-] [ucs=BYPASS] [xpc=-] [uct=-] [gz=-] [br=-] [tls=-] [cipher=-] [scheme=http] [eorigin=-] ayaclass.com www.ayaclass.com vps115398.inmotionhosting.com 939
135.220.210.140 - - [07/Sep/2025:18:25:37 -0700] "GET /admin/index.php HTTP/1.1" 502 157 "-" "-" [loc=US/Naperville] [rt=0.000] [proto=HTTP/1.1:] [args=-] [ucs=BYPASS] [xpc=-] [uct=-] [gz=-] [br=-] [tls=-] [cipher=-] [scheme=http] [eorigin=-] ayaclass.com www.ayaclass.com vps115398.inmotionhosting.com 939
192.178.6.99 - - [07/Sep/2025:18:25:37 -0700] "GET /products/20763776/ HTTP/1.1" 502 559 "-" "Mozilla/5.0 (Linux; Android 6.0.1; Nexus 5X Build/MMB29P) AppleWebKit/537.36 (KHTML, like Gecko) Chrome/138.0.7204.183 Mobile Safari/537.36 (compatible; Googlebot/2.1; +http://www.google.com/bot.html)" [loc=US/Mountain View] [rt=0.000] [proto=HTTP/1.1:] [args=-] [ucs=MISS] [xpc=-] [uct=-] [gz=-] [br=-] [tls=-] [cipher=-] [scheme=http] [eorigin=-] ayaclass.com www.ayaclass.com vps115398.inmotionhosting.com 16
135.220.210.140 - - [07/Sep/2025:18:25:37 -0700] "GET /adminfuns.php HTTP/1.1" 502 157 "-" "-" [loc=US/Naperville] [rt=0.000] [proto=HTTP/1.1:] [args=-] [ucs=BYPASS] [xpc=-] [uct=-] [gz=-] [br=-] [tls=-] [cipher=-] [scheme=http] [eorigin=-] ayaclass.com www.ayaclass.com vps115398.inmotionhosting.com 939
135.220.210.140 - - [07/Sep/2025:18:25:37 -0700] "GET /akc.php HTTP/1.1" 502 157 "-" "-" [loc=US/Naperville] [rt=0.000] [proto=HTTP/1.1:] [args=-] [ucs=MISS] [xpc=-] [uct=-] [gz=-] [br=-] [tls=-] [cipher=-] [scheme=http] [eorigin=-] ayaclass.com www.ayaclass.com vps115398.inmotionhosting.com 939
135.220.210.140 - - [07/Sep/2025:18:25:37 -0700] "GET /al.php HTTP/1.1" 502 157 "-" "-" [loc=US/Naperville] [rt=0.000] [proto=HTTP/1.1:] [args=-] [ucs=MISS] [xpc=-] [uct=-] [gz=-] [br=-] [tls=-] [cipher=-] [scheme=http] [eorigin=-] ayaclass.com www.ayaclass.com vps115398.inmotionhosting.com 939
135.220.210.140 - - [07/Sep/2025:18:25:37 -0700] "GET /alfa.php HTTP/1.1" 502 157 "-" "-" [loc=US/Naperville] [rt=0.001] [proto=HTTP/1.1:] [args=-] [ucs=MISS] [xpc=-] [uct=-] [gz=-] [br=-] [tls=-] [cipher=-] [scheme=http] [eorigin=-] ayaclass.com www.ayaclass.com vps115398.inmotionhosting.com 939
5.34.216.201 - - [07/Sep/2025:18:25:37 -0700] "GET /wp-content/uploads/2017/07/Valentines-Day-Chocolate-Trail-Mix-675x900.jpg HTTP/2.0" 404 103 "-" "Mozilla/5.0 (X11; Ubuntu; Linux x86_64; rv:72.0) Gecko/20100101 Firefox/72.0" [loc=IR/Tehran] [rt=0.000] [proto=HTTP/2.0:h2] [args=-] [ucs=-] [xpc=-] [uct=-] [gz=-] [br=1.49] [tls=TLSv1.3] [cipher=TLS_AES_256_GCM_SHA384] [scheme=https] [eorigin=-] pouted.com www.pouted.com vps115398.inmotionhosting.com 950
135.220.210.140 - - [07/Sep/2025:18:25:37 -0700] "GET /as.php HTTP/1.1" 502 157 "-" "-" [loc=US/Naperville] [rt=0.000] [proto=HTTP/1.1:] [args=-] [ucs=MISS] [xpc=-] [uct=-] [gz=-] [br=-] [tls=-] [cipher=-] [scheme=http] [eorigin=-] ayaclass.com www.ayaclass.com vps115398.inmotionhosting.com 939
135.220.210.140 - - [07/Sep/2025:18:25:38 -0700] "GET /asasx.php HTTP/1.1" 502 157 "-" "-" [loc=US/Naperville] [rt=0.000] [proto=HTTP/1.1:] [args=-] [ucs=MISS] [xpc=-] [uct=-] [gz=-] [br=-] [tls=-] [cipher=-] [scheme=http] [eorigin=-] ayaclass.com www.ayaclass.com vps115398.inmotionhosting.com 939
135.220.210.140 - - [07/Sep/2025:18:25:38 -0700] "GET /assets/images/doc.php HTTP/1.1" 502 157 "-" "-" [loc=US/Naperville] [rt=0.001] [proto=HTTP/1.1:] [args=-] [ucs=MISS] [xpc=-] [uct=-] [gz=-] [br=-] [tls=-] [cipher=-] [scheme=http] [eorigin=-] ayaclass.com www.ayaclass.com vps115398.inmotionhosting.com 939
135.220.210.140 - - [07/Sep/2025:18:25:38 -0700] "GET /atomlib.php HTTP/1.1" 502 157 "-" "-" [loc=US/Naperville] [rt=0.001] [proto=HTTP/1.1:] [args=-] [ucs=MISS] [xpc=-] [uct=-] [gz=-] [br=-] [tls=-] [cipher=-] [scheme=http] [eorigin=-] ayaclass.com www.ayaclass.com vps115398.inmotionhosting.com 939
135.220.210.140 - - [07/Sep/2025:18:25:38 -0700] "GET /auth.php HTTP/1.1" 502 157 "-" "-" [loc=US/Naperville] [rt=0.000] [proto=HTTP/1.1:] [args=-] [ucs=MISS] [xpc=-] [uct=-] [gz=-] [br=-] [tls=-] [cipher=-] [scheme=http] [eorigin=-] ayaclass.com www.ayaclass.com vps115398.inmotionhosting.com 939
135.220.210.140 - - [07/Sep/2025:18:25:38 -0700] "GET /autoload_classmap.php HTTP/1.1" 502 157 "-" "-" [loc=US/Naperville] [rt=0.000] [proto=HTTP/1.1:] [args=-] [ucs=MISS] [xpc=-] [uct=-] [gz=-] [br=-] [tls=-] [cipher=-] [scheme=http] [eorigin=-] ayaclass.com www.ayaclass.com vps115398.inmotionhosting.com 939
135.220.210.140 - - [07/Sep/2025:18:25:38 -0700] "GET /autoload_classmap/function.php HTTP/1.1" 502 157 "-" "-" [loc=US/Naperville] [rt=0.000] [proto=HTTP/1.1:] [args=-] [ucs=MISS] [xpc=-] [uct=-] [gz=-] [br=-] [tls=-] [cipher=-] [scheme=http] [eorigin=-] ayaclass.com www.ayaclass.com vps115398.inmotionhosting.com 939
135.220.210.140 - - [07/Sep/2025:18:25:39 -0700] "GET /b.php HTTP/1.1" 502 157 "-" "-" [loc=US/Naperville] [rt=0.000] [proto=HTTP/1.1:] [args=-] [ucs=MISS] [xpc=-] [uct=-] [gz=-] [br=-] [tls=-] [cipher=-] [scheme=http] [eorigin=-] ayaclass.com www.ayaclass.com vps115398.inmotionhosting.com 939
135.220.210.140 - - [07/Sep/2025:18:25:39 -0700] "GET /blog/fw.php HTTP/1.1" 502 157 "-" "-" [loc=US/Naperville] [rt=0.000] [proto=HTTP/1.1:] [args=-] [ucs=MISS] [xpc=-] [uct=-] [gz=-] [br=-] [tls=-] [cipher=-] [scheme=http] [eorigin=-] ayaclass.com www.ayaclass.com vps115398.inmotionhosting.com 939
135.220.210.140 - - [07/Sep/2025:18:25:39 -0700] "GET /bugz.php HTTP/1.1" 502 157 "-" "-" [loc=US/Naperville] [rt=0.000] [proto=HTTP/1.1:] [args=-] [ucs=MISS] [xpc=-] [uct=-] [gz=-] [br=-] [tls=-] [cipher=-] [scheme=http] [eorigin=-] ayaclass.com www.ayaclass.com vps115398.inmotionhosting.com 939
135.220.210.140 - - [07/Sep/2025:18:25:39 -0700] "GET /byp.php HTTP/1.1" 502 157 "-" "-" [loc=US/Naperville] [rt=0.001] [proto=HTTP/1.1:] [args=-] [ucs=MISS] [xpc=-] [uct=-] [gz=-] [br=-] [tls=-] [cipher=-] [scheme=http] [eorigin=-] ayaclass.com www.ayaclass.com vps115398.inmotionhosting.com 939
135.220.210.140 - - [07/Sep/2025:18:25:39 -0700] "GET /cc.php HTTP/1.1" 502 157 "-" "-" [loc=US/Naperville] [rt=0.000] [proto=HTTP/1.1:] [args=-] [ucs=MISS] [xpc=-] [uct=-] [gz=-] [br=-] [tls=-] [cipher=-] [scheme=http] [eorigin=-] ayaclass.com www.ayaclass.com vps115398.inmotionhosting.com 939
135.220.210.140 - - [07/Sep/2025:18:25:39 -0700] "GET /chosen.php HTTP/1.1" 502 157 "-" "-" [loc=US/Naperville] [rt=0.000] [proto=HTTP/1.1:] [args=-] [ucs=MISS] [xpc=-] [uct=-] [gz=-] [br=-] [tls=-] [cipher=-] [scheme=http] [eorigin=-] ayaclass.com www.ayaclass.com vps115398.inmotionhosting.com 939
38.80.152.78 - - [07/Sep/2025:18:25:39 -0700] "GET /wp-content/uploads/2013/08/one-sheepish-girl-crochet-polka-dot-gift-wrap-3.jpg?x44527 HTTP/2.0" 200 37679 "-" "Mozilla/5.0 (compatible; laion-aesthetics-downloader/1.1)" [loc=US/Rio Vista] [rt=0.000] [proto=HTTP/2.0:h2] [args=x44527] [ucs=-] [xpc=STATIC/PATH] [uct=-] [gz=-] [br=-] [tls=TLSv1.3] [cipher=TLS_AES_256_GCM_SHA384] [scheme=https] [eorigin=-] pouted.com www.pouted.com vps115398.inmotionhosting.com 964
38.80.152.78 - - [07/Sep/2025:18:25:40 -0700] "GET /wp-content/uploads/2020/08/eyebrow-1.jpg?x71148 HTTP/2.0" 200 81352 "-" "Mozilla/5.0 (compatible; laion-aesthetics-downloader/1.1)" [loc=US/Rio Vista] [rt=0.000] [proto=HTTP/2.0:h2] [args=x71148] [ucs=-] [xpc=STATIC/PATH] [uct=-] [gz=-] [br=-] [tls=TLSv1.3] [cipher=TLS_AES_256_GCM_SHA384] [scheme=https] [eorigin=-] pouted.com www.pouted.com vps115398.inmotionhosting.com 965
135.220.210.140 - - [07/Sep/2025:18:25:40 -0700] "GET /class.php HTTP/1.1" 502 157 "-" "-" [loc=US/Naperville] [rt=0.001] [proto=HTTP/1.1:] [args=-] [ucs=MISS] [xpc=-] [uct=-] [gz=-] [br=-] [tls=-] [cipher=-] [scheme=http] [eorigin=-] ayaclass.com www.ayaclass.com vps115398.inmotionhosting.com 939
135.220.210.140 - - [07/Sep/2025:18:25:40 -0700] "GET /classwithtostring.php HTTP/1.1" 502 157 "-" "-" [loc=US/Naperville] [rt=0.001] [proto=HTTP/1.1:] [args=-] [ucs=MISS] [xpc=-] [uct=-] [gz=-] [br=-] [tls=-] [cipher=-] [scheme=http] [eorigin=-] ayaclass.com www.ayaclass.com vps115398.inmotionhosting.com 939
66.249.79.131 - - [07/Sep/2025:18:25:40 -0700] "GET /wp-content/uploads/2019/05/Princess-Kate-wedding-675x908.jpeg?x72261 HTTP/2.0" 200 81616 "-" "Googlebot-Image/1.0" [loc=US/Mountain View] [rt=0.003] [proto=HTTP/2.0:h2] [args=x72261] [ucs=-] [xpc=STATIC/PATH] [uct=-] [gz=-] [br=-] [tls=TLSv1.3] [cipher=TLS_AES_256_GCM_SHA384] [scheme=https] [eorigin=-] pouted.com www.pouted.com vps115398.inmotionhosting.com 968
135.220.210.140 - - [07/Sep/2025:18:25:40 -0700] "GET /composer.php HTTP/1.1" 502 157 "-" "-" [loc=US/Naperville] [rt=0.000] [proto=HTTP/1.1:] [args=-] [ucs=MISS] [xpc=-] [uct=-] [gz=-] [br=-] [tls=-] [cipher=-] [scheme=http] [eorigin=-] ayaclass.com www.ayaclass.com vps115398.inmotionhosting.com 939
135.220.210.140 - - [07/Sep/2025:18:25:40 -0700] "GET /css.php HTTP/1.1" 502 157 "-" "-" [loc=US/Naperville] [rt=0.000] [proto=HTTP/1.1:] [args=-] [ucs=MISS] [xpc=-] [uct=-] [gz=-] [br=-] [tls=-] [cipher=-] [scheme=http] [eorigin=-] ayaclass.com www.ayaclass.com vps115398.inmotionhosting.com 939
135.220.210.140 - - [07/Sep/2025:18:25:40 -0700] "GET /dropdown.php HTTP/1.1" 502 157 "-" "-" [loc=US/Naperville] [rt=0.000] [proto=HTTP/1.1:] [args=-] [ucs=MISS] [xpc=-] [uct=-] [gz=-] [br=-] [tls=-] [cipher=-] [scheme=http] [eorigin=-] ayaclass.com www.ayaclass.com vps115398.inmotionhosting.com 939
135.220.210.140 - - [07/Sep/2025:18:25:40 -0700] "GET /edit.php HTTP/1.1" 502 157 "-" "-" [loc=US/Naperville] [rt=0.001] [proto=HTTP/1.1:] [args=-] [ucs=MISS] [xpc=-] [uct=-] [gz=-] [br=-] [tls=-] [cipher=-] [scheme=http] [eorigin=-] ayaclass.com www.ayaclass.com vps115398.inmotionhosting.com 939
135.220.210.140 - - [07/Sep/2025:18:25:41 -0700] "GET /f35.php HTTP/1.1" 502 157 "-" "-" [loc=US/Naperville] [rt=0.000] [proto=HTTP/1.1:] [args=-] [ucs=MISS] [xpc=-] [uct=-] [gz=-] [br=-] [tls=-] [cipher=-] [scheme=http] [eorigin=-] ayaclass.com www.ayaclass.com vps115398.inmotionhosting.com 939
123.156.181.224 - - [07/Sep/2025:18:25:41 -0700] "GET /wp-content/uploads/2013/05/22-1200bc-475x475.jpg?x45357 HTTP/2.0" 404 146 "-" "Mozilla/5.0 (Macintosh; Intel Mac OS X 10_14_9) AppleWebKit/574.5 (KHTML, like Gecko) Chrome/105.0.0.0 Safari/574.5 Edg/105.0.4770.35" [loc=CN/Hangzhou] [rt=0.000] [proto=HTTP/2.0:h2] [args=x45357] [ucs=-] [xpc=-] [uct=-] [gz=-] [br=3.80] [tls=TLSv1.3] [cipher=TLS_AES_256_GCM_SHA384] [scheme=https] [eorigin=-] pouted.com www.pouted.com vps115398.inmotionhosting.com 974
61.241.207.204 - - [07/Sep/2025:18:25:41 -0700] "GET /wp-content/uploads/2013/05/beautiful-blue-alloy-with-czech-rhinestones-and-acorite-wedding-earrings-61201-p201207261343265059028753883-475x617.jpg?x85627 HTTP/2.0" 404 146 "-" "Mozilla/5.0 (Macintosh; Intel Mac OS X 10_4_11) AppleWebKit/549.14 (KHTML, like Gecko) Chrome/105.0.0.0 Safari/549.14 Edg/105.0.2560.71" [loc=CN/Fuzhou] [rt=0.000] [proto=HTTP/2.0:h2] [args=x85627] [ucs=-] [xpc=-] [uct=-] [gz=-] [br=3.80] [tls=TLSv1.3] [cipher=TLS_AES_256_GCM_SHA384] [scheme=https] [eorigin=-] pouted.com www.pouted.com vps115398.inmotionhosting.com 975
135.220.210.140 - - [07/Sep/2025:18:25:41 -0700] "GET /file.php HTTP/1.1" 502 157 "-" "-" [loc=US/Naperville] [rt=0.000] [proto=HTTP/1.1:] [args=-] [ucs=MISS] [xpc=-] [uct=-] [gz=-] [br=-] [tls=-] [cipher=-] [scheme=http] [eorigin=-] ayaclass.com www.ayaclass.com vps115398.inmotionhosting.com 939
135.220.210.140 - - [07/Sep/2025:18:25:41 -0700] "GET /file2.php HTTP/1.1" 502 157 "-" "-" [loc=US/Naperville] [rt=0.000] [proto=HTTP/1.1:] [args=-] [ucs=MISS] [xpc=-] [uct=-] [gz=-] [br=-] [tls=-] [cipher=-] [scheme=http] [eorigin=-] ayaclass.com www.ayaclass.com vps115398.inmotionhosting.com 939
36.100.97.122 - - [07/Sep/2025:18:25:41 -0700] "GET /wp-content/uploads/2013/02/samsung...jpg HTTP/2.0" 404 146 "-" "Mozilla/5.0 (Macintosh; Intel Mac OS X 10_12_5) AppleWebKit/546.5 (KHTML, like Gecko) Chrome/105.0.0.0 Safari/546.5 Edg/105.0.3181.66" [loc=CN/Hangzhou] [rt=0.000] [proto=HTTP/2.0:h2] [args=-] [ucs=-] [xpc=-] [uct=-] [gz=-] [br=3.80] [tls=TLSv1.3] [cipher=TLS_AES_256_GCM_SHA384] [scheme=https] [eorigin=-] pouted.com www.pouted.com vps115398.inmotionhosting.com 978
135.220.210.140 - - [07/Sep/2025:18:25:41 -0700] "GET /filemanager.php HTTP/1.1" 502 157 "-" "-" [loc=US/Naperville] [rt=0.001] [proto=HTTP/1.1:] [args=-] [ucs=MISS] [xpc=-] [uct=-] [gz=-] [br=-] [tls=-] [cipher=-] [scheme=http] [eorigin=-] ayaclass.com www.ayaclass.com vps115398.inmotionhosting.com 939
135.220.210.140 - - [07/Sep/2025:18:25:41 -0700] "GET /files/index.php HTTP/1.1" 502 157 "-" "-" [loc=US/Naperville] [rt=0.000] [proto=HTTP/1.1:] [args=-] [ucs=MISS] [xpc=-] [uct=-] [gz=-] [br=-] [tls=-] [cipher=-] [scheme=http] [eorigin=-] ayaclass.com www.ayaclass.com vps115398.inmotionhosting.com 939
35.236.199.119 - - [07/Sep/2025:18:25:41 -0700] "GET /wp-content/uploads/2019/05/Red-Square-Russia-675x450.jpg HTTP/2.0" 200 71632 "-" "python-requests/2.32.3" [loc=US/Mountain View] [rt=0.003] [proto=HTTP/2.0:h2] [args=-] [ucs=-] [xpc=STATIC/PATH] [uct=-] [gz=-] [br=-] [tls=TLSv1.3] [cipher=TLS_AES_256_GCM_SHA384] [scheme=https] [eorigin=-] pouted.com www.pouted.com vps115398.inmotionhosting.com 981
135.220.210.140 - - [07/Sep/2025:18:25:41 -0700] "GET /fix.php HTTP/1.1" 502 157 "-" "-" [loc=US/Naperville] [rt=0.001] [proto=HTTP/1.1:] [args=-] [ucs=MISS] [xpc=-] [uct=-] [gz=-] [br=-] [tls=-] [cipher=-] [scheme=http] [eorigin=-] ayaclass.com www.ayaclass.com vps115398.inmotionhosting.com 939
135.220.210.140 - - [07/Sep/2025:18:25:41 -0700] "GET /flower.php HTTP/1.1" 502 157 "-" "-" [loc=US/Naperville] [rt=0.000] [proto=HTTP/1.1:] [args=-] [ucs=MISS] [xpc=-] [uct=-] [gz=-] [br=-] [tls=-] [cipher=-] [scheme=http] [eorigin=-] ayaclass.com www.ayaclass.com vps115398.inmotionhosting.com 939
135.220.210.140 - - [07/Sep/2025:18:25:42 -0700] "GET /fox.php HTTP/1.1" 502 157 "-" "-" [loc=US/Naperville] [rt=0.000] [proto=HTTP/1.1:] [args=-] [ucs=MISS] [xpc=-] [uct=-] [gz=-] [br=-] [tls=-] [cipher=-] [scheme=http] [eorigin=-] ayaclass.com www.ayaclass.com vps115398.inmotionhosting.com 939
135.220.210.140 - - [07/Sep/2025:18:25:42 -0700] "GET /function/function.php HTTP/1.1" 502 157 "-" "-" [loc=US/Naperville] [rt=0.000] [proto=HTTP/1.1:] [args=-] [ucs=MISS] [xpc=-] [uct=-] [gz=-] [br=-] [tls=-] [cipher=-] [scheme=http] [eorigin=-] ayaclass.com www.ayaclass.com vps115398.inmotionhosting.com 939
121.227.41.211 - - [07/Sep/2025:18:25:42 -0700] "GET /wp-content/uploads/2013/06/pretty-smiling.jpg?x71148 HTTP/2.0" 404 146 "-" "Mozilla/5.0 (Macintosh; Intel Mac OS X 10_13_7) AppleWebKit/602.16 (KHTML, like Gecko) Chrome/105.0.0.0 Safari/602.16 Edg/105.0.5180.56" [loc=CN/Suzhou] [rt=0.000] [proto=HTTP/2.0:h2] [args=x71148] [ucs=-] [xpc=-] [uct=-] [gz=-] [br=3.80] [tls=TLSv1.3] [cipher=TLS_AES_256_GCM_SHA384] [scheme=https] [eorigin=-] pouted.com www.pouted.com vps115398.inmotionhosting.com 988
91.224.92.17 - - [07/Sep/2025:18:25:42 -0700] "GET / HTTP/1.1" 444 0 "-" "-" [loc=LT/-] [rt=0.000] [proto=HTTP/1.1:] [args=-] [ucs=-] [xpc=-] [uct=-] [gz=-] [br=-] [tls=-] [cipher=-] [scheme=http] [eorigin=-] _ 192.145.236.239:80 vps115398.inmotionhosting.com 986
135.220.210.140 - - [07/Sep/2025:18:25:42 -0700] "GET /g.php HTTP/1.1" 502 157 "-" "-" [loc=US/Naperville] [rt=0.000] [proto=HTTP/1.1:] [args=-] [ucs=MISS] [xpc=-] [uct=-] [gz=-] [br=-] [tls=-] [cipher=-] [scheme=http] [eorigin=-] ayaclass.com www.ayaclass.com vps115398.inmotionhosting.com 939
2a02:4780:11:1427:0:1317:8821:1 - - [07/Sep/2025:18:25:42 -0700] "GET /feed/ HTTP/2.0" 502 157 "-" "Mozilla/5.0 (X11; Linux x86_64) AppleWebKit/537.36 (KHTML, like Gecko) Ubuntu Chromium/41.0.2272.76" [loc=LT/-] [rt=0.001] [proto=HTTP/2.0:h2] [args=-] [ucs=-] [xpc=-] [uct=-] [gz=-] [br=-] [tls=TLSv1.3] [cipher=TLS_AES_256_GCM_SHA384] [scheme=https] [eorigin=-] pouted.com www.pouted.com vps115398.inmotionhosting.com 984
135.220.210.140 - - [07/Sep/2025:18:25:42 -0700] "GET /gecko.php HTTP/1.1" 502 157 "-" "-" [loc=US/Naperville] [rt=0.000] [proto=HTTP/1.1:] [args=-] [ucs=MISS] [xpc=-] [uct=-] [gz=-] [br=-] [tls=-] [cipher=-] [scheme=http] [eorigin=-] ayaclass.com www.ayaclass.com vps115398.inmotionhosting.com 939
135.220.210.140 - - [07/Sep/2025:18:25:42 -0700] "GET /gel4y.php HTTP/1.1" 502 157 "-" "-" [loc=US/Naperville] [rt=0.000] [proto=HTTP/1.1:] [args=-] [ucs=MISS] [xpc=-] [uct=-] [gz=-] [br=-] [tls=-] [cipher=-] [scheme=http] [eorigin=-] ayaclass.com www.ayaclass.com vps115398.inmotionhosting.com 939
36.100.97.221 - - [07/Sep/2025:18:25:42 -0700] "GET /wp-content/uploads/2013/08/Paleo-Flourless-Chocolate-Chip-Cookies-042.jpg?x71148 HTTP/2.0" 404 146 "-" "Mozilla/5.0 (Macintosh; Intel Mac OS X 10_8_5) AppleWebKit/591.7 (KHTML, like Gecko) Chrome/105.0.0.0 Safari/591.7 Edg/105.0.5429.16" [loc=CN/Hangzhou] [rt=0.000] [proto=HTTP/2.0:h2] [args=x71148] [ucs=-] [xpc=-] [uct=-] [gz=-] [br=3.80] [tls=TLSv1.3] [cipher=TLS_AES_256_GCM_SHA384] [scheme=https] [eorigin=-] pouted.com www.pouted.com vps115398.inmotionhosting.com 994
135.220.210.140 - - [07/Sep/2025:18:25:42 -0700] "GET /gelay.php HTTP/1.1" 502 157 "-" "-" [loc=US/Naperville] [rt=0.000] [proto=HTTP/1.1:] [args=-] [ucs=MISS] [xpc=-] [uct=-] [gz=-] [br=-] [tls=-] [cipher=-] [scheme=http] [eorigin=-] ayaclass.com www.ayaclass.com vps115398.inmotionhosting.com 939
135.220.210.140 - - [07/Sep/2025:18:25:43 -0700] "GET /gg.php HTTP/1.1" 502 157 "-" "-" [loc=US/Naperville] [rt=0.000] [proto=HTTP/1.1:] [args=-] [ucs=MISS] [xpc=-] [uct=-] [gz=-] [br=-] [tls=-] [cipher=-] [scheme=http] [eorigin=-] ayaclass.com www.ayaclass.com vps115398.inmotionhosting.com 939
47.128.97.162 - - [07/Sep/2025:18:25:43 -0700] "GET /top-10-best-shakespearean-plays/ HTTP/2.0" 502 559 "-" "Mozilla/5.0 (compatible; Bytespider; spider-feedback@bytedance.com) AppleWebKit/537.36 (KHTML, like Gecko) Chrome/70.0.0.0 Safari/537.36" [loc=CA/Ottawa] [rt=0.000] [proto=HTTP/2.0:h2] [args=-] [ucs=-] [xpc=-] [uct=-] [gz=-] [br=-] [tls=TLSv1.3] [cipher=TLS_AES_256_GCM_SHA384] [scheme=https] [eorigin=-] pouted.com www.pouted.com vps115398.inmotionhosting.com 992
135.220.210.140 - - [07/Sep/2025:18:25:43 -0700] "GET /goat.php HTTP/1.1" 502 157 "-" "-" [loc=US/Naperville] [rt=0.000] [proto=HTTP/1.1:] [args=-] [ucs=MISS] [xpc=-] [uct=-] [gz=-] [br=-] [tls=-] [cipher=-] [scheme=http] [eorigin=-] ayaclass.com www.ayaclass.com vps115398.inmotionhosting.com 939
123.156.176.93 - - [07/Sep/2025:18:25:43 -0700] "GET /wp-content/uploads/2013/11/New-Picture-14-390x220.jpg HTTP/2.0" 404 146 "-" "Mozilla/5.0 (Macintosh; Intel Mac OS X 10_15_7) AppleWebKit/552.7 (KHTML, like Gecko) Chrome/105.0.0.0 Safari/552.7 Edg/105.0.3590.36" [loc=CN/Hangzhou] [rt=0.000] [proto=HTTP/2.0:h2] [args=-] [ucs=-] [xpc=-] [uct=-] [gz=-] [br=3.80] [tls=TLSv1.3] [cipher=TLS_AES_256_GCM_SHA384] [scheme=https] [eorigin=-] pouted.com www.pouted.com vps115398.inmotionhosting.com 999
135.220.210.140 - - [07/Sep/2025:18:25:43 -0700] "GET /goods.php HTTP/1.1" 502 157 "-" "-" [loc=US/Naperville] [rt=0.000] [proto=HTTP/1.1:] [args=-] [ucs=MISS] [xpc=-] [uct=-] [gz=-] [br=-] [tls=-] [cipher=-] [scheme=http] [eorigin=-] ayaclass.com www.ayaclass.com vps115398.inmotionhosting.com 939
135.220.210.140 - - [07/Sep/2025:18:25:43 -0700] "GET /h.php HTTP/1.1" 502 157 "-" "-" [loc=US/Naperville] [rt=0.000] [proto=HTTP/1.1:] [args=-] [ucs=MISS] [xpc=-] [uct=-] [gz=-] [br=-] [tls=-] [cipher=-] [scheme=http] [eorigin=-] ayaclass.com www.ayaclass.com vps115398.inmotionhosting.com 939
122.238.124.234 - - [07/Sep/2025:18:25:43 -0700] "GET /wp-content/uploads/2013/12/420116.jpg?x71148 HTTP/2.0" 404 146 "-" "Mozilla/5.0 (Macintosh; Intel Mac OS X 10_4_5) AppleWebKit/534.16 (KHTML, like Gecko) Chrome/105.0.0.0 Safari/534.16 Edg/105.0.4495.50" [loc=CN/Wenzhou] [rt=0.000] [proto=HTTP/2.0:h2] [args=x71148] [ucs=-] [xpc=-] [uct=-] [gz=-] [br=3.80] [tls=TLSv1.3] [cipher=TLS_AES_256_GCM_SHA384] [scheme=https] [eorigin=-] pouted.com www.pouted.com vps115398.inmotionhosting.com 1002
135.220.210.140 - - [07/Sep/2025:18:25:43 -0700] "GET /images/admin.php HTTP/1.1" 502 157 "-" "-" [loc=US/Naperville] [rt=0.000] [proto=HTTP/1.1:] [args=-] [ucs=MISS] [xpc=-] [uct=-] [gz=-] [br=-] [tls=-] [cipher=-] [scheme=http] [eorigin=-] ayaclass.com www.ayaclass.com vps115398.inmotionhosting.com 939
36.100.99.84 - - [07/Sep/2025:18:25:43 -0700] "GET /wp-content/uploads/2013/06/black3.jpg?x44527 HTTP/2.0" 404 146 "-" "Mozilla/5.0 (Macintosh; Intel Mac OS X 10_12_3) AppleWebKit/598.16 (KHTML, like Gecko) Chrome/105.0.0.0 Safari/598.16 Edg/105.0.5316.73" [loc=CN/Hangzhou] [rt=0.000] [proto=HTTP/2.0:h2] [args=x44527] [ucs=-] [xpc=-] [uct=-] [gz=-] [br=3.80] [tls=TLSv1.3] [cipher=TLS_AES_256_GCM_SHA384] [scheme=https] [eorigin=-] pouted.com www.pouted.com vps115398.inmotionhosting.com 1004
135.220.210.140 - - [07/Sep/2025:18:25:43 -0700] "GET /images/class-config.php HTTP/1.1" 502 157 "-" "-" [loc=US/Naperville] [rt=0.000] [proto=HTTP/1.1:] [args=-] [ucs=MISS] [xpc=-] [uct=-] [gz=-] [br=-] [tls=-] [cipher=-] [scheme=http] [eorigin=-] ayaclass.com www.ayaclass.com vps115398.inmotionhosting.com 939
122.238.23.160 - - [07/Sep/2025:18:25:44 -0700] "GET /wp-content/uploads/2014/01/Personalized-Wedding-Romance-Champagne-Toasting-Flutes-9038_li.jpg?x45357 HTTP/2.0" 404 146 "-" "Mozilla/5.0 (Macintosh; Intel Mac OS X 10_7_11) AppleWebKit/546.9 (KHTML, like Gecko) Chrome/105.0.0.0 Safari/546.9 Edg/105.0.1598.41" [loc=CN/Wenzhou] [rt=0.000] [proto=HTTP/2.0:h2] [args=x45357] [ucs=-] [xpc=-] [uct=-] [gz=-] [br=3.80] [tls=TLSv1.3] [cipher=TLS_AES_256_GCM_SHA384] [scheme=https] [eorigin=-] pouted.com www.pouted.com vps115398.inmotionhosting.com 1006
135.220.210.140 - - [07/Sep/2025:18:25:44 -0700] "GET /inc.php HTTP/1.1" 502 157 "-" "-" [loc=US/Naperville] [rt=0.000] [proto=HTTP/1.1:] [args=-] [ucs=MISS] [xpc=-] [uct=-] [gz=-] [br=-] [tls=-] [cipher=-] [scheme=http] [eorigin=-] ayaclass.com www.ayaclass.com vps115398.inmotionhosting.com 939
123.156.178.132 - - [07/Sep/2025:18:25:44 -0700] "GET /wp-content/uploads/2014/02/healthy-food-pyramid.png?x44527 HTTP/2.0" 404 146 "-" "Mozilla/5.0 (Macintosh; Intel Mac OS X 10_12_6) AppleWebKit/539.7 (KHTML, like Gecko) Chrome/105.0.0.0 Safari/539.7 Edg/105.0.3363.66" [loc=CN/Hangzhou] [rt=0.000] [proto=HTTP/2.0:h2] [args=x44527] [ucs=-] [xpc=-] [uct=-] [gz=-] [br=3.80] [tls=TLSv1.3] [cipher=TLS_AES_256_GCM_SHA384] [scheme=https] [eorigin=-] pouted.com www.pouted.com vps115398.inmotionhosting.com 1008
218.68.108.100 - - [07/Sep/2025:18:25:44 -0700] "GET /wp-content/uploads/2014/02/accessories-women-10-Best-Collection-Accessories-Headbands-Woman-Sweet-Beautiful-and-Unique-of-2012.jpg HTTP/2.0" 404 146 "-" "Mozilla/5.0 (Macintosh; Intel Mac OS X 10_5_5) AppleWebKit/574.2 (KHTML, like Gecko) Chrome/105.0.0.0 Safari/574.2 Edg/105.0.4580.16" [loc=CN/Tianjin] [rt=0.000] [proto=HTTP/2.0:h2] [args=-] [ucs=-] [xpc=-] [uct=-] [gz=-] [br=3.80] [tls=TLSv1.3] [cipher=TLS_AES_256_GCM_SHA384] [scheme=https] [eorigin=-] pouted.com www.pouted.com vps115398.inmotionhosting.com 1009
135.220.210.140 - - [07/Sep/2025:18:25:44 -0700] "GET /index.bak.php HTTP/1.1" 502 157 "-" "-" [loc=US/Naperville] [rt=0.000] [proto=HTTP/1.1:] [args=-] [ucs=MISS] [xpc=-] [uct=-] [gz=-] [br=-] [tls=-] [cipher=-] [scheme=http] [eorigin=-] ayaclass.com www.ayaclass.com vps115398.inmotionhosting.com 939
135.220.210.140 - - [07/Sep/2025:18:25:44 -0700] "GET /index/function.php HTTP/1.1" 502 157 "-" "-" [loc=US/Naperville] [rt=0.000] [proto=HTTP/1.1:] [args=-] [ucs=MISS] [xpc=-] [uct=-] [gz=-] [br=-] [tls=-] [cipher=-] [scheme=http] [eorigin=-] ayaclass.com www.ayaclass.com vps115398.inmotionhosting.com 939
135.220.210.140 - - [07/Sep/2025:18:25:44 -0700] "GET /info.php HTTP/1.1" 502 157 "-" "-" [loc=US/Naperville] [rt=0.000] [proto=HTTP/1.1:] [args=-] [ucs=MISS] [xpc=-] [uct=-] [gz=-] [br=-] [tls=-] [cipher=-] [scheme=http] [eorigin=-] ayaclass.com www.ayaclass.com vps115398.inmotionhosting.com 939
135.220.210.140 - - [07/Sep/2025:18:25:44 -0700] "GET /infos.php HTTP/1.1" 502 157 "-" "-" [loc=US/Naperville] [rt=0.000] [proto=HTTP/1.1:] [args=-] [ucs=MISS] [xpc=-] [uct=-] [gz=-] [br=-] [tls=-] [cipher=-] [scheme=http] [eorigin=-] ayaclass.com www.ayaclass.com vps115398.inmotionhosting.com 939
135.220.210.140 - - [07/Sep/2025:18:25:44 -0700] "GET /ioxi-o.php HTTP/1.1" 502 157 "-" "-" [loc=US/Naperville] [rt=0.000] [proto=HTTP/1.1:] [args=-] [ucs=MISS] [xpc=-] [uct=-] [gz=-] [br=-] [tls=-] [cipher=-] [scheme=http] [eorigin=-] ayaclass.com www.ayaclass.com vps115398.inmotionhosting.com 939
192.0.100.227 - - [07/Sep/2025:18:25:44 -0700] "GET /wp-content/uploads/2016/12/CK-One-Summer-2016-by-Calvin-Klein-for-women-and-men.jpg HTTP/2.0" 200 125130 "-" "Photon/1.0" [loc=US/Ashburn] [rt=0.022] [proto=HTTP/2.0:h2] [args=-] [ucs=-] [xpc=STATIC/PATH] [uct=-] [gz=-] [br=-] [tls=TLSv1.3] [cipher=TLS_AES_256_GCM_SHA384] [scheme=https] [eorigin=-] pouted.com www.pouted.com vps115398.inmotionhosting.com 1014
121.227.160.27 - - [07/Sep/2025:18:25:45 -0700] "GET /wp-content/uploads/2014/07/Modern-Engagement-Rings-Delight-Lady-Di-Diamond-Engagement-Ring-600x600.jpg HTTP/2.0" 404 146 "-" "Mozilla/5.0 (Macintosh; Intel Mac OS X 10_15_8) AppleWebKit/538.3 (KHTML, like Gecko) Chrome/105.0.0.0 Safari/538.3 Edg/105.0.5325.57" [loc=CN/Nanjing] [rt=0.000] [proto=HTTP/2.0:h2] [args=-] [ucs=-] [xpc=-] [uct=-] [gz=-] [br=3.80] [tls=TLSv1.3] [cipher=TLS_AES_256_GCM_SHA384] [scheme=https] [eorigin=-] pouted.com www.pouted.com vps115398.inmotionhosting.com 1016
135.220.210.140 - - [07/Sep/2025:18:25:45 -0700] "GET /k.php HTTP/1.1" 502 157 "-" "-" [loc=US/Naperville] [rt=0.000] [proto=HTTP/1.1:] [args=-] [ucs=MISS] [xpc=-] [uct=-] [gz=-] [br=-] [tls=-] [cipher=-] [scheme=http] [eorigin=-] ayaclass.com www.ayaclass.com vps115398.inmotionhosting.com 939
123.156.177.156 - - [07/Sep/2025:18:25:45 -0700] "GET /wp-content/uploads/2014/07/breathtakingyes.jpg?x71148 HTTP/2.0" 404 146 "-" "Mozilla/5.0 (Macintosh; Intel Mac OS X 10_7_4) AppleWebKit/565.10 (KHTML, like Gecko) Chrome/105.0.0.0 Safari/565.10 Edg/105.0.4021.74" [loc=CN/Hangzhou] [rt=0.000] [proto=HTTP/2.0:h2] [args=x71148] [ucs=-] [xpc=-] [uct=-] [gz=-] [br=3.80] [tls=TLSv1.3] [cipher=TLS_AES_256_GCM_SHA384] [scheme=https] [eorigin=-] pouted.com www.pouted.com vps115398.inmotionhosting.com 1018
135.220.210.140 - - [07/Sep/2025:18:25:45 -0700] "GET /m.php HTTP/1.1" 502 157 "-" "-" [loc=US/Naperville] [rt=0.000] [proto=HTTP/1.1:] [args=-] [ucs=MISS] [xpc=-] [uct=-] [gz=-] [br=-] [tls=-] [cipher=-] [scheme=http] [eorigin=-] ayaclass.com www.ayaclass.com vps115398.inmotionhosting.com 939
135.220.210.140 - - [07/Sep/2025:18:25:45 -0700] "GET /mar.php HTTP/1.1" 502 157 "-" "-" [loc=US/Naperville] [rt=0.000] [proto=HTTP/1.1:] [args=-] [ucs=MISS] [xpc=-] [uct=-] [gz=-] [br=-] [tls=-] [cipher=-] [scheme=http] [eorigin=-] ayaclass.com www.ayaclass.com vps115398.inmotionhosting.com 939
135.220.210.140 - - [07/Sep/2025:18:25:45 -0700] "GET /mini HTTP/1.1" 502 157 "-" "-" [loc=US/Naperville] [rt=0.000] [proto=HTTP/1.1:] [args=-] [ucs=MISS] [xpc=-] [uct=-] [gz=-] [br=-] [tls=-] [cipher=-] [scheme=http] [eorigin=-] ayaclass.com www.ayaclass.com vps115398.inmotionhosting.com 939
60.163.40.155 - - [07/Sep/2025:18:25:45 -0700] "GET /wp-content/uploads/2014/04/1.jpg?x71148 HTTP/2.0" 200 163332 "-" "Mozilla/5.0 (Macintosh; Intel Mac OS X 10_4_10) AppleWebKit/595.3 (KHTML, like Gecko) Chrome/105.0.0.0 Safari/595.3 Edg/105.0.2831.36" [loc=CN/Jiaxing] [rt=0.004] [proto=HTTP/2.0:h2] [args=x71148] [ucs=-] [xpc=STATIC/PATH] [uct=-] [gz=-] [br=-] [tls=TLSv1.3] [cipher=TLS_AES_256_GCM_SHA384] [scheme=https] [eorigin=-] pouted.com www.pouted.com vps115398.inmotionhosting.com 1022
135.220.210.140 - - [07/Sep/2025:18:25:45 -0700] "GET /mini.php HTTP/1.1" 502 157 "-" "-" [loc=US/Naperville] [rt=0.000] [proto=HTTP/1.1:] [args=-] [ucs=MISS] [xpc=-] [uct=-] [gz=-] [br=-] [tls=-] [cipher=-] [scheme=http] [eorigin=-] ayaclass.com www.ayaclass.com vps115398.inmotionhosting.com 939
185.191.171.5 - - [07/Sep/2025:18:25:45 -0700] "GET /?a=84785915 HTTP/1.1" 502 157 "-" "Mozilla/5.0 (compatible; SemrushBot/7~bl; +http://www.semrush.com/bot.html)" [loc=MD/-] [rt=0.000] [proto=HTTP/1.1:] [args=a=84785915] [ucs=MISS] [xpc=-] [uct=-] [gz=-] [br=-] [tls=-] [cipher=-] [scheme=http] [eorigin=-] ayaclass.com www.ayaclass.com vps115398.inmotionhosting.com 1024
135.220.210.140 - - [07/Sep/2025:18:25:45 -0700] "GET /mm.php HTTP/1.1" 502 157 "-" "-" [loc=US/Naperville] [rt=0.000] [proto=HTTP/1.1:] [args=-] [ucs=MISS] [xpc=-] [uct=-] [gz=-] [br=-] [tls=-] [cipher=-] [scheme=http] [eorigin=-] ayaclass.com www.ayaclass.com vps115398.inmotionhosting.com 939
123.156.180.113 - - [07/Sep/2025:18:25:45 -0700] "GET /wp-content/uploads/2014/07/ec0fca6a75451fd237857a07bb964195.image_.340x340.jpg?x45357 HTTP/2.0" 404 146 "-" "Mozilla/5.0 (Macintosh; Intel Mac OS X 10_11_9) AppleWebKit/579.3 (KHTML, like Gecko) Chrome/105.0.0.0 Safari/579.3 Edg/105.0.5001.51" [loc=CN/Hangzhou] [rt=0.000] [proto=HTTP/2.0:h2] [args=x45357] [ucs=-] [xpc=-] [uct=-] [gz=-] [br=3.80] [tls=TLSv1.3] [cipher=TLS_AES_256_GCM_SHA384] [scheme=https] [eorigin=-] pouted.com www.pouted.com vps115398.inmotionhosting.com 1027
135.220.210.140 - - [07/Sep/2025:18:25:46 -0700] "GET /ms-edit.php HTTP/1.1" 502 157 "-" "-" [loc=US/Naperville] [rt=0.001] [proto=HTTP/1.1:] [args=-] [ucs=MISS] [xpc=-] [uct=-] [gz=-] [br=-] [tls=-] [cipher=-] [scheme=http] [eorigin=-] ayaclass.com www.ayaclass.com vps115398.inmotionhosting.com 939
135.220.210.140 - - [07/Sep/2025:18:25:46 -0700] "GET /ms-themes.php HTTP/1.1" 502 157 "-" "-" [loc=US/Naperville] [rt=0.001] [proto=HTTP/1.1:] [args=-] [ucs=MISS] [xpc=-] [uct=-] [gz=-] [br=-] [tls=-] [cipher=-] [scheme=http] [eorigin=-] ayaclass.com www.ayaclass.com vps115398.inmotionhosting.com 939
135.220.210.140 - - [07/Sep/2025:18:25:46 -0700] "GET /options-general.php HTTP/1.1" 502 157 "-" "-" [loc=US/Naperville] [rt=0.000] [proto=HTTP/1.1:] [args=-] [ucs=MISS] [xpc=-] [uct=-] [gz=-] [br=-] [tls=-] [cipher=-] [scheme=http] [eorigin=-] ayaclass.com www.ayaclass.com vps115398.inmotionhosting.com 937
135.220.210.140 - - [07/Sep/2025:18:25:46 -0700] "GET /options-reading.php HTTP/1.1" 502 157 "-" "-" [loc=US/Naperville] [rt=0.000] [proto=HTTP/1.1:] [args=-] [ucs=MISS] [xpc=-] [uct=-] [gz=-] [br=-] [tls=-] [cipher=-] [scheme=http] [eorigin=-] ayaclass.com www.ayaclass.com vps115398.inmotionhosting.com 937
36.100.99.84 - - [07/Sep/2025:18:25:46 -0700] "GET /wp-content/uploads/2015/11/Untitled11-475x673.png?x44527 HTTP/2.0" 404 146 "-" "Mozilla/5.0 (Macintosh; Intel Mac OS X 10_6_4) AppleWebKit/548.13 (KHTML, like Gecko) Chrome/105.0.0.0 Safari/548.13 Edg/105.0.3205.80" [loc=CN/Hangzhou] [rt=0.000] [proto=HTTP/2.0:h2] [args=x44527] [ucs=-] [xpc=-] [uct=-] [gz=-] [br=3.80] [tls=TLSv1.3] [cipher=TLS_AES_256_GCM_SHA384] [scheme=https] [eorigin=-] pouted.com www.pouted.com vps115398.inmotionhosting.com 1032
135.220.210.140 - - [07/Sep/2025:18:25:46 -0700] "GET /options-writing.php HTTP/1.1" 502 157 "-" "-" [loc=US/Naperville] [rt=0.000] [proto=HTTP/1.1:] [args=-] [ucs=MISS] [xpc=-] [uct=-] [gz=-] [br=-] [tls=-] [cipher=-] [scheme=http] [eorigin=-] ayaclass.com www.ayaclass.com vps115398.inmotionhosting.com 937
192.178.6.99 - - [07/Sep/2025:18:25:46 -0700] "GET /products/21415121/ HTTP/1.1" 502 559 "-" "Mozilla/5.0 (Linux; Android 6.0.1; Nexus 5X Build/MMB29P) AppleWebKit/537.36 (KHTML, like Gecko) Chrome/138.0.7204.183 Mobile Safari/537.36 (compatible; Googlebot/2.1; +http://www.google.com/bot.html)" [loc=US/Mountain View] [rt=0.000] [proto=HTTP/1.1:] [args=-] [ucs=MISS] [xpc=-] [uct=-] [gz=-] [br=-] [tls=-] [cipher=-] [scheme=http] [eorigin=-] ayaclass.com www.ayaclass.com vps115398.inmotionhosting.com 16
135.220.210.140 - - [07/Sep/2025:18:25:46 -0700] "GET /ova.php HTTP/1.1" 502 157 "-" "-" [loc=US/Naperville] [rt=0.000] [proto=HTTP/1.1:] [args=-] [ucs=MISS] [xpc=-] [uct=-] [gz=-] [br=-] [tls=-] [cipher=-] [scheme=http] [eorigin=-] ayaclass.com www.ayaclass.com vps115398.inmotionhosting.com 937
123.156.179.38 - - [07/Sep/2025:18:25:46 -0700] "GET /wp-content/uploads/2018/11/KillerIrishRed-675x1013.jpg?x45357 HTTP/2.0" 404 146 "-" "Mozilla/5.0 (Macintosh; Intel Mac OS X 10_12_11) AppleWebKit/591.1 (KHTML, like Gecko) Chrome/105.0.0.0 Safari/591.1 Edg/105.0.5400.45" [loc=CN/Hangzhou] [rt=0.000] [proto=HTTP/2.0:h2] [args=x45357] [ucs=-] [xpc=-] [uct=-] [gz=-] [br=3.80] [tls=TLSv1.3] [cipher=TLS_AES_256_GCM_SHA384] [scheme=https] [eorigin=-] pouted.com www.pouted.com vps115398.inmotionhosting.com 1036
135.220.210.140 - - [07/Sep/2025:18:25:46 -0700] "GET /pages.php HTTP/1.1" 502 157 "-" "-" [loc=US/Naperville] [rt=0.000] [proto=HTTP/1.1:] [args=-] [ucs=MISS] [xpc=-] [uct=-] [gz=-] [br=-] [tls=-] [cipher=-] [scheme=http] [eorigin=-] ayaclass.com www.ayaclass.com vps115398.inmotionhosting.com 937
135.220.210.140 - - [07/Sep/2025:18:25:47 -0700] "GET /php.php HTTP/1.1" 502 157 "-" "-" [loc=US/Naperville] [rt=0.000] [proto=HTTP/1.1:] [args=-] [ucs=MISS] [xpc=-] [uct=-] [gz=-] [br=-] [tls=-] [cipher=-] [scheme=http] [eorigin=-] ayaclass.com www.ayaclass.com vps115398.inmotionhosting.com 937
135.220.210.140 - - [07/Sep/2025:18:25:47 -0700] "GET /php8.php HTTP/1.1" 502 157 "-" "-" [loc=US/Naperville] [rt=0.000] [proto=HTTP/1.1:] [args=-] [ucs=MISS] [xpc=-] [uct=-] [gz=-] [br=-] [tls=-] [cipher=-] [scheme=http] [eorigin=-] ayaclass.com www.ayaclass.com vps115398.inmotionhosting.com 937
135.220.210.140 - - [07/Sep/2025:18:25:47 -0700] "GET /pinfo.php HTTP/1.1" 502 157 "-" "-" [loc=US/Naperville] [rt=0.001] [proto=HTTP/1.1:] [args=-] [ucs=MISS] [xpc=-] [uct=-] [gz=-] [br=-] [tls=-] [cipher=-] [scheme=http] [eorigin=-] ayaclass.com www.ayaclass.com vps115398.inmotionhosting.com 937
135.220.210.140 - - [07/Sep/2025:18:25:47 -0700] "GET /radio.php HTTP/1.1" 502 157 "-" "-" [loc=US/Naperville] [rt=0.000] [proto=HTTP/1.1:] [args=-] [ucs=MISS] [xpc=-] [uct=-] [gz=-] [br=-] [tls=-] [cipher=-] [scheme=http] [eorigin=-] ayaclass.com www.ayaclass.com vps115398.inmotionhosting.com 937
135.220.210.140 - - [07/Sep/2025:18:25:47 -0700] "GET /robots.php HTTP/1.1" 502 157 "-" "-" [loc=US/Naperville] [rt=0.000] [proto=HTTP/1.1:] [args=-] [ucs=MISS] [xpc=-] [uct=-] [gz=-] [br=-] [tls=-] [cipher=-] [scheme=http] [eorigin=-] ayaclass.com www.ayaclass.com vps115398.inmotionhosting.com 937
135.220.210.140 - - [07/Sep/2025:18:25:47 -0700] "GET /rt.php HTTP/1.1" 502 157 "-" "-" [loc=US/Naperville] [rt=0.000] [proto=HTTP/1.1:] [args=-] [ucs=MISS] [xpc=-] [uct=-] [gz=-] [br=-] [tls=-] [cipher=-] [scheme=http] [eorigin=-] ayaclass.com www.ayaclass.com vps115398.inmotionhosting.com 937
135.220.210.140 - - [07/Sep/2025:18:25:48 -0700] "GET /s.php HTTP/1.1" 502 157 "-" "-" [loc=US/Naperville] [rt=0.000] [proto=HTTP/1.1:] [args=-] [ucs=MISS] [xpc=-] [uct=-] [gz=-] [br=-] [tls=-] [cipher=-] [scheme=http] [eorigin=-] ayaclass.com www.ayaclass.com vps115398.inmotionhosting.com 937
135.220.210.140 - - [07/Sep/2025:18:25:48 -0700] "GET /setup.php HTTP/1.1" 502 157 "-" "-" [loc=US/Naperville] [rt=0.000] [proto=HTTP/1.1:] [args=-] [ucs=MISS] [xpc=-] [uct=-] [gz=-] [br=-] [tls=-] [cipher=-] [scheme=http] [eorigin=-] ayaclass.com www.ayaclass.com vps115398.inmotionhosting.com 937
135.220.210.140 - - [07/Sep/2025:18:25:48 -0700] "GET /simple.php HTTP/1.1" 502 157 "-" "-" [loc=US/Naperville] [rt=0.001] [proto=HTTP/1.1:] [args=-] [ucs=MISS] [xpc=-] [uct=-] [gz=-] [br=-] [tls=-] [cipher=-] [scheme=http] [eorigin=-] ayaclass.com www.ayaclass.com vps115398.inmotionhosting.com 937
135.220.210.140 - - [07/Sep/2025:18:25:48 -0700] "GET /sts.php HTTP/1.1" 502 157 "-" "-" [loc=US/Naperville] [rt=0.000] [proto=HTTP/1.1:] [args=-] [ucs=MISS] [xpc=-] [uct=-] [gz=-] [br=-] [tls=-] [cipher=-] [scheme=http] [eorigin=-] ayaclass.com www.ayaclass.com vps115398.inmotionhosting.com 937
135.220.210.140 - - [07/Sep/2025:18:25:48 -0700] "GET /system_log.php HTTP/1.1" 502 157 "-" "-" [loc=US/Naperville] [rt=0.001] [proto=HTTP/1.1:] [args=-] [ucs=MISS] [xpc=-] [uct=-] [gz=-] [br=-] [tls=-] [cipher=-] [scheme=http] [eorigin=-] ayaclass.com www.ayaclass.com vps115398.inmotionhosting.com 937
135.220.210.140 - - [07/Sep/2025:18:25:48 -0700] "GET /test1.php HTTP/1.1" 502 157 "-" "-" [loc=US/Naperville] [rt=0.000] [proto=HTTP/1.1:] [args=-] [ucs=MISS] [xpc=-] [uct=-] [gz=-] [br=-] [tls=-] [cipher=-] [scheme=http] [eorigin=-] ayaclass.com www.ayaclass.com vps115398.inmotionhosting.com 937
135.220.210.140 - - [07/Sep/2025:18:25:49 -0700] "GET /themes/zMousse/otuz1.php HTTP/1.1" 502 157 "-" "-" [loc=US/Naperville] [rt=0.000] [proto=HTTP/1.1:] [args=-] [ucs=MISS] [xpc=-] [uct=-] [gz=-] [br=-] [tls=-] [cipher=-] [scheme=http] [eorigin=-] ayaclass.com www.ayaclass.com vps115398.inmotionhosting.com 937
135.220.210.140 - - [07/Sep/2025:18:25:49 -0700] "GET /tinyfilemanager.php HTTP/1.1" 502 157 "-" "-" [loc=US/Naperville] [rt=0.000] [proto=HTTP/1.1:] [args=-] [ucs=MISS] [xpc=-] [uct=-] [gz=-] [br=-] [tls=-] [cipher=-] [scheme=http] [eorigin=-] ayaclass.com www.ayaclass.com vps115398.inmotionhosting.com 937
135.220.210.140 - - [07/Sep/2025:18:25:49 -0700] "GET /ty.php HTTP/1.1" 502 157 "-" "-" [loc=US/Naperville] [rt=0.000] [proto=HTTP/1.1:] [args=-] [ucs=MISS] [xpc=-] [uct=-] [gz=-] [br=-] [tls=-] [cipher=-] [scheme=http] [eorigin=-] ayaclass.com www.ayaclass.com vps115398.inmotionhosting.com 937
135.220.210.140 - - [07/Sep/2025:18:25:49 -0700] "GET /users.php HTTP/1.1" 502 157 "-" "-" [loc=US/Naperville] [rt=0.000] [proto=HTTP/1.1:] [args=-] [ucs=BYPASS] [xpc=-] [uct=-] [gz=-] [br=-] [tls=-] [cipher=-] [scheme=http] [eorigin=-] ayaclass.com www.ayaclass.com vps115398.inmotionhosting.com 937
135.220.210.140 - - [07/Sep/2025:18:25:49 -0700] "GET /w.php HTTP/1.1" 502 157 "-" "-" [loc=US/Naperville] [rt=0.000] [proto=HTTP/1.1:] [args=-] [ucs=MISS] [xpc=-] [uct=-] [gz=-] [br=-] [tls=-] [cipher=-] [scheme=http] [eorigin=-] ayaclass.com www.ayaclass.com vps115398.inmotionhosting.com 937
135.220.210.140 - - [07/Sep/2025:18:25:49 -0700] "GET /wp-aa.php HTTP/1.1" 502 157 "-" "-" [loc=US/Naperville] [rt=0.000] [proto=HTTP/1.1:] [args=-] [ucs=MISS] [xpc=-] [uct=-] [gz=-] [br=-] [tls=-] [cipher=-] [scheme=http] [eorigin=-] ayaclass.com www.ayaclass.com vps115398.inmotionhosting.com 937
66.249.79.131 - - [07/Sep/2025:18:25:49 -0700] "GET /20-hottest-curtain-designs-for-2017 HTTP/2.0" 502 559 "-" "Mozilla/5.0 (Linux; Android 6.0.1; Nexus 5X Build/MMB29P) AppleWebKit/537.36 (KHTML, like Gecko) Chrome/138.0.7204.183 Mobile Safari/537.36 (compatible; Googlebot/2.1; +http://www.google.com/bot.html)" [loc=US/Mountain View] [rt=0.001] [proto=HTTP/2.0:h2] [args=-] [ucs=-] [xpc=-] [uct=-] [gz=-] [br=-] [tls=TLSv1.3] [cipher=TLS_AES_256_GCM_SHA384] [scheme=https] [eorigin=-] pouted.com www.pouted.com vps115398.inmotionhosting.com 1055
135.220.210.140 - - [07/Sep/2025:18:25:50 -0700] "GET /wp-admin/ HTTP/1.1" 502 157 "-" "-" [loc=US/Naperville] [rt=0.000] [proto=HTTP/1.1:] [args=-] [ucs=BYPASS] [xpc=-] [uct=-] [gz=-] [br=-] [tls=-] [cipher=-] [scheme=http] [eorigin=-] ayaclass.com www.ayaclass.com vps115398.inmotionhosting.com 937
135.220.210.140 - - [07/Sep/2025:18:25:50 -0700] "GET /wp-admin/admin.php HTTP/1.1" 502 157 "-" "-" [loc=US/Naperville] [rt=0.000] [proto=HTTP/1.1:] [args=-] [ucs=BYPASS] [xpc=-] [uct=-] [gz=-] [br=-] [tls=-] [cipher=-] [scheme=http] [eorigin=-] ayaclass.com www.ayaclass.com vps115398.inmotionhosting.com 937
135.220.210.140 - - [07/Sep/2025:18:25:50 -0700] "GET /wp-admin/classwithtostring.php HTTP/1.1" 502 157 "-" "-" [loc=US/Naperville] [rt=0.000] [proto=HTTP/1.1:] [args=-] [ucs=BYPASS] [xpc=-] [uct=-] [gz=-] [br=-] [tls=-] [cipher=-] [scheme=http] [eorigin=-] ayaclass.com www.ayaclass.com vps115398.inmotionhosting.com 937
135.220.210.140 - - [07/Sep/2025:18:25:50 -0700] "GET /wp-admin/css/colors/blue/index.php HTTP/1.1" 502 157 "-" "-" [loc=US/Naperville] [rt=0.000] [proto=HTTP/1.1:] [args=-] [ucs=BYPASS] [xpc=-] [uct=-] [gz=-] [br=-] [tls=-] [cipher=-] [scheme=http] [eorigin=-] ayaclass.com www.ayaclass.com vps115398.inmotionhosting.com 937
