15.235.196.18 - - [07/Sep/2025:18:46:41 -0700] "GET /wp-login.php HTTP/2.0" 502 559 "-" "Mozilla/5.0 (X11; Linux x86_64) AppleWebKit/537.36 (KHTML, like Gecko) Chrome/134.0.0.0 Safari/537.36" [loc=US/-] [rt=0.001] [proto=HTTP/2.0:h2] [args=-] [ucs=-] [xpc=-] [uct=-] [gz=-] [br=-] [tls=TLSv1.3] [cipher=TLS_AES_256_GCM_SHA384] [scheme=https] [eorigin=-] pouted.com www.pouted.com vps115398.inmotionhosting.com 2969
4.185.125.112 - - [07/Sep/2025:18:46:41 -0700] "GET /atomlib.php HTTP/2.0" 502 157 "-" "-" [loc=US/-] [rt=0.000] [proto=HTTP/2.0:h2] [args=-] [ucs=MISS] [xpc=-] [uct=-] [gz=-] [br=-] [tls=TLSv1.3] [cipher=TLS_AES_256_GCM_SHA384] [scheme=https] [eorigin=-] classing.ru www.classing.ru vps115398.inmotionhosting.com 2955
4.185.125.112 - - [07/Sep/2025:18:46:42 -0700] "GET /auth.php HTTP/2.0" 502 157 "-" "-" [loc=US/-] [rt=0.000] [proto=HTTP/2.0:h2] [args=-] [ucs=MISS] [xpc=-] [uct=-] [gz=-] [br=-] [tls=TLSv1.3] [cipher=TLS_AES_256_GCM_SHA384] [scheme=https] [eorigin=-] classing.ru www.classing.ru vps115398.inmotionhosting.com 2955
4.185.125.112 - - [07/Sep/2025:18:46:42 -0700] "GET /autoload_classmap.php HTTP/2.0" 502 157 "-" "-" [loc=US/-] [rt=0.000] [proto=HTTP/2.0:h2] [args=-] [ucs=MISS] [xpc=-] [uct=-] [gz=-] [br=-] [tls=TLSv1.3] [cipher=TLS_AES_256_GCM_SHA384] [scheme=https] [eorigin=-] classing.ru www.classing.ru vps115398.inmotionhosting.com 2955
15.235.196.18 - - [07/Sep/2025:18:46:42 -0700] "POST /wp-login.php HTTP/2.0" 502 559 "-" "Mozilla/5.0 (X11; Linux x86_64) AppleWebKit/537.36 (KHTML, like Gecko) Chrome/134.0.0.0 Safari/537.36" [loc=US/-] [rt=0.001] [proto=HTTP/2.0:h2] [args=-] [ucs=-] [xpc=-] [uct=-] [gz=-] [br=-] [tls=TLSv1.3] [cipher=TLS_AES_256_GCM_SHA384] [scheme=https] [eorigin=-] pouted.com www.pouted.com vps115398.inmotionhosting.com 2969
4.185.125.112 - - [07/Sep/2025:18:46:42 -0700] "GET /autoload_classmap/function.php HTTP/2.0" 502 157 "-" "-" [loc=US/-] [rt=0.000] [proto=HTTP/2.0:h2] [args=-] [ucs=MISS] [xpc=-] [uct=-] [gz=-] [br=-] [tls=TLSv1.3] [cipher=TLS_AES_256_GCM_SHA384] [scheme=https] [eorigin=-] classing.ru www.classing.ru vps115398.inmotionhosting.com 2955
4.185.125.112 - - [07/Sep/2025:18:46:42 -0700] "GET /b.php HTTP/2.0" 502 157 "-" "-" [loc=US/-] [rt=0.000] [proto=HTTP/2.0:h2] [args=-] [ucs=MISS] [xpc=-] [uct=-] [gz=-] [br=-] [tls=TLSv1.3] [cipher=TLS_AES_256_GCM_SHA384] [scheme=https] [eorigin=-] classing.ru www.classing.ru vps115398.inmotionhosting.com 2955
4.185.125.112 - - [07/Sep/2025:18:46:42 -0700] "GET /blog/fw.php HTTP/2.0" 502 157 "-" "-" [loc=US/-] [rt=0.001] [proto=HTTP/2.0:h2] [args=-] [ucs=MISS] [xpc=-] [uct=-] [gz=-] [br=-] [tls=TLSv1.3] [cipher=TLS_AES_256_GCM_SHA384] [scheme=https] [eorigin=-] classing.ru www.classing.ru vps115398.inmotionhosting.com 2955
15.235.196.18 - - [07/Sep/2025:18:46:42 -0700] "GET /wp-admin/ HTTP/2.0" 502 559 "-" "Mozilla/5.0 (X11; Linux x86_64) AppleWebKit/537.36 (KHTML, like Gecko) Chrome/134.0.0.0 Safari/537.36" [loc=US/-] [rt=0.000] [proto=HTTP/2.0:h2] [args=-] [ucs=-] [xpc=-] [uct=-] [gz=-] [br=-] [tls=TLSv1.3] [cipher=TLS_AES_256_GCM_SHA384] [scheme=https] [eorigin=-] pouted.com www.pouted.com vps115398.inmotionhosting.com 2969
44.201.116.231 - - [07/Sep/2025:18:46:42 -0700] "GET /?ezoic_domain_verify=1&ebaLqWxUXE HTTP/2.0" 502 559 "-" "Mozilla/5.0 (Windows NT 10.0; Win64; x64) AppleWebKit/537.36 (KHTML, like Gecko) Chrome/90.0.4430.85 Safari/537.36 X-Middleton/1 (compatible; EzoicBot-IntegrationCheck; +https://www.ezoic.com/bot/)" [loc=US/San Diego] [rt=0.000] [proto=HTTP/2.0:h2] [args=ezoic_domain_verify=1&ebaLqWxUXE] [ucs=-] [xpc=-] [uct=-] [gz=-] [br=-] [tls=TLSv1.3] [cipher=TLS_AES_256_GCM_SHA384] [scheme=https] [eorigin=-] pouted.com www.pouted.com vps115398.inmotionhosting.com 2979
4.185.125.112 - - [07/Sep/2025:18:46:42 -0700] "GET /bugz.php HTTP/2.0" 502 157 "-" "-" [loc=US/-] [rt=0.000] [proto=HTTP/2.0:h2] [args=-] [ucs=MISS] [xpc=-] [uct=-] [gz=-] [br=-] [tls=TLSv1.3] [cipher=TLS_AES_256_GCM_SHA384] [scheme=https] [eorigin=-] classing.ru www.classing.ru vps115398.inmotionhosting.com 2955
4.185.125.112 - - [07/Sep/2025:18:46:43 -0700] "GET /byp.php HTTP/2.0" 502 157 "-" "-" [loc=US/-] [rt=0.001] [proto=HTTP/2.0:h2] [args=-] [ucs=MISS] [xpc=-] [uct=-] [gz=-] [br=-] [tls=TLSv1.3] [cipher=TLS_AES_256_GCM_SHA384] [scheme=https] [eorigin=-] classing.ru www.classing.ru vps115398.inmotionhosting.com 2955
4.185.125.112 - - [07/Sep/2025:18:46:43 -0700] "GET /cc.php HTTP/2.0" 502 157 "-" "-" [loc=US/-] [rt=0.000] [proto=HTTP/2.0:h2] [args=-] [ucs=MISS] [xpc=-] [uct=-] [gz=-] [br=-] [tls=TLSv1.3] [cipher=TLS_AES_256_GCM_SHA384] [scheme=https] [eorigin=-] classing.ru www.classing.ru vps115398.inmotionhosting.com 2955
4.185.125.112 - - [07/Sep/2025:18:46:43 -0700] "GET /chosen.php HTTP/2.0" 502 157 "-" "-" [loc=US/-] [rt=0.001] [proto=HTTP/2.0:h2] [args=-] [ucs=MISS] [xpc=-] [uct=-] [gz=-] [br=-] [tls=TLSv1.3] [cipher=TLS_AES_256_GCM_SHA384] [scheme=https] [eorigin=-] classing.ru www.classing.ru vps115398.inmotionhosting.com 2955
4.185.125.112 - - [07/Sep/2025:18:46:43 -0700] "GET /class.php HTTP/2.0" 502 157 "-" "-" [loc=US/-] [rt=0.001] [proto=HTTP/2.0:h2] [args=-] [ucs=MISS] [xpc=-] [uct=-] [gz=-] [br=-] [tls=TLSv1.3] [cipher=TLS_AES_256_GCM_SHA384] [scheme=https] [eorigin=-] classing.ru www.classing.ru vps115398.inmotionhosting.com 2955
4.185.125.112 - - [07/Sep/2025:18:46:43 -0700] "GET /classwithtostring.php HTTP/2.0" 502 157 "-" "-" [loc=US/-] [rt=0.000] [proto=HTTP/2.0:h2] [args=-] [ucs=MISS] [xpc=-] [uct=-] [gz=-] [br=-] [tls=TLSv1.3] [cipher=TLS_AES_256_GCM_SHA384] [scheme=https] [eorigin=-] classing.ru www.classing.ru vps115398.inmotionhosting.com 2955
4.185.125.112 - - [07/Sep/2025:18:46:43 -0700] "GET /composer.php HTTP/2.0" 502 157 "-" "-" [loc=US/-] [rt=0.000] [proto=HTTP/2.0:h2] [args=-] [ucs=MISS] [xpc=-] [uct=-] [gz=-] [br=-] [tls=TLSv1.3] [cipher=TLS_AES_256_GCM_SHA384] [scheme=https] [eorigin=-] classing.ru www.classing.ru vps115398.inmotionhosting.com 2955
4.185.125.112 - - [07/Sep/2025:18:46:44 -0700] "GET /css.php HTTP/2.0" 502 157 "-" "-" [loc=US/-] [rt=0.000] [proto=HTTP/2.0:h2] [args=-] [ucs=MISS] [xpc=-] [uct=-] [gz=-] [br=-] [tls=TLSv1.3] [cipher=TLS_AES_256_GCM_SHA384] [scheme=https] [eorigin=-] classing.ru www.classing.ru vps115398.inmotionhosting.com 2955
4.185.125.112 - - [07/Sep/2025:18:46:44 -0700] "GET /dropdown.php HTTP/2.0" 502 157 "-" "-" [loc=US/-] [rt=0.001] [proto=HTTP/2.0:h2] [args=-] [ucs=MISS] [xpc=-] [uct=-] [gz=-] [br=-] [tls=TLSv1.3] [cipher=TLS_AES_256_GCM_SHA384] [scheme=https] [eorigin=-] classing.ru www.classing.ru vps115398.inmotionhosting.com 2955
4.185.125.112 - - [07/Sep/2025:18:46:44 -0700] "GET /edit.php HTTP/2.0" 502 157 "-" "-" [loc=US/-] [rt=0.000] [proto=HTTP/2.0:h2] [args=-] [ucs=MISS] [xpc=-] [uct=-] [gz=-] [br=-] [tls=TLSv1.3] [cipher=TLS_AES_256_GCM_SHA384] [scheme=https] [eorigin=-] classing.ru www.classing.ru vps115398.inmotionhosting.com 2955
4.185.125.112 - - [07/Sep/2025:18:46:44 -0700] "GET /f35.php HTTP/2.0" 502 157 "-" "-" [loc=US/-] [rt=0.000] [proto=HTTP/2.0:h2] [args=-] [ucs=MISS] [xpc=-] [uct=-] [gz=-] [br=-] [tls=TLSv1.3] [cipher=TLS_AES_256_GCM_SHA384] [scheme=https] [eorigin=-] classing.ru www.classing.ru vps115398.inmotionhosting.com 2955
192.178.6.98 - - [07/Sep/2025:18:46:44 -0700] "GET /products/18551176/ HTTP/1.1" 502 559 "-" "Mozilla/5.0 (Linux; Android 6.0.1; Nexus 5X Build/MMB29P) AppleWebKit/537.36 (KHTML, like Gecko) Chrome/138.0.7204.183 Mobile Safari/537.36 (compatible; Googlebot/2.1; +http://www.google.com/bot.html)" [loc=US/Mountain View] [rt=0.000] [proto=HTTP/1.1:] [args=-] [ucs=MISS] [xpc=-] [uct=-] [gz=-] [br=-] [tls=-] [cipher=-] [scheme=http] [eorigin=-] ayaclass.com www.ayaclass.com vps115398.inmotionhosting.com 2827
4.185.125.112 - - [07/Sep/2025:18:46:44 -0700] "GET /file.php HTTP/2.0" 502 157 "-" "-" [loc=US/-] [rt=0.000] [proto=HTTP/2.0:h2] [args=-] [ucs=MISS] [xpc=-] [uct=-] [gz=-] [br=-] [tls=TLSv1.3] [cipher=TLS_AES_256_GCM_SHA384] [scheme=https] [eorigin=-] classing.ru www.classing.ru vps115398.inmotionhosting.com 2955
4.185.125.112 - - [07/Sep/2025:18:46:44 -0700] "GET /file2.php HTTP/2.0" 502 157 "-" "-" [loc=US/-] [rt=0.000] [proto=HTTP/2.0:h2] [args=-] [ucs=MISS] [xpc=-] [uct=-] [gz=-] [br=-] [tls=TLSv1.3] [cipher=TLS_AES_256_GCM_SHA384] [scheme=https] [eorigin=-] classing.ru www.classing.ru vps115398.inmotionhosting.com 2955
4.185.125.112 - - [07/Sep/2025:18:46:44 -0700] "GET /filemanager.php HTTP/2.0" 502 157 "-" "-" [loc=US/-] [rt=0.000] [proto=HTTP/2.0:h2] [args=-] [ucs=MISS] [xpc=-] [uct=-] [gz=-] [br=-] [tls=TLSv1.3] [cipher=TLS_AES_256_GCM_SHA384] [scheme=https] [eorigin=-] classing.ru www.classing.ru vps115398.inmotionhosting.com 2955
4.185.125.112 - - [07/Sep/2025:18:46:45 -0700] "GET /files/index.php HTTP/2.0" 502 157 "-" "-" [loc=US/-] [rt=0.000] [proto=HTTP/2.0:h2] [args=-] [ucs=MISS] [xpc=-] [uct=-] [gz=-] [br=-] [tls=TLSv1.3] [cipher=TLS_AES_256_GCM_SHA384] [scheme=https] [eorigin=-] classing.ru www.classing.ru vps115398.inmotionhosting.com 2955
4.185.125.112 - - [07/Sep/2025:18:46:45 -0700] "GET /fix.php HTTP/2.0" 502 157 "-" "-" [loc=US/-] [rt=0.000] [proto=HTTP/2.0:h2] [args=-] [ucs=MISS] [xpc=-] [uct=-] [gz=-] [br=-] [tls=TLSv1.3] [cipher=TLS_AES_256_GCM_SHA384] [scheme=https] [eorigin=-] classing.ru www.classing.ru vps115398.inmotionhosting.com 2955
4.185.125.112 - - [07/Sep/2025:18:46:45 -0700] "GET /flower.php HTTP/2.0" 502 157 "-" "-" [loc=US/-] [rt=0.000] [proto=HTTP/2.0:h2] [args=-] [ucs=MISS] [xpc=-] [uct=-] [gz=-] [br=-] [tls=TLSv1.3] [cipher=TLS_AES_256_GCM_SHA384] [scheme=https] [eorigin=-] classing.ru www.classing.ru vps115398.inmotionhosting.com 2955
4.185.125.112 - - [07/Sep/2025:18:46:45 -0700] "GET /fox.php HTTP/2.0" 502 157 "-" "-" [loc=US/-] [rt=0.000] [proto=HTTP/2.0:h2] [args=-] [ucs=MISS] [xpc=-] [uct=-] [gz=-] [br=-] [tls=TLSv1.3] [cipher=TLS_AES_256_GCM_SHA384] [scheme=https] [eorigin=-] classing.ru www.classing.ru vps115398.inmotionhosting.com 2955
66.249.79.136 - - [07/Sep/2025:18:46:45 -0700] "GET /can-grow-taller-increase-height// HTTP/2.0" 502 559 "-" "Mozilla/5.0 (Linux; Android 6.0.1; Nexus 5X Build/MMB29P) AppleWebKit/537.36 (KHTML, like Gecko) Chrome/138.0.7204.183 Mobile Safari/537.36 (compatible; Googlebot/2.1; +http://www.google.com/bot.html)" [loc=US/Mountain View] [rt=0.001] [proto=HTTP/2.0:h2] [args=-] [ucs=-] [xpc=-] [uct=-] [gz=-] [br=-] [tls=TLSv1.3] [cipher=TLS_AES_256_GCM_SHA384] [scheme=https] [eorigin=-] pouted.com www.pouted.com vps115398.inmotionhosting.com 3001
4.185.125.112 - - [07/Sep/2025:18:46:45 -0700] "GET /function/function.php HTTP/2.0" 502 157 "-" "-" [loc=US/-] [rt=0.000] [proto=HTTP/2.0:h2] [args=-] [ucs=MISS] [xpc=-] [uct=-] [gz=-] [br=-] [tls=TLSv1.3] [cipher=TLS_AES_256_GCM_SHA384] [scheme=https] [eorigin=-] classing.ru www.classing.ru vps115398.inmotionhosting.com 2955
4.185.125.112 - - [07/Sep/2025:18:46:45 -0700] "GET /g.php HTTP/2.0" 502 157 "-" "-" [loc=US/-] [rt=0.001] [proto=HTTP/2.0:h2] [args=-] [ucs=MISS] [xpc=-] [uct=-] [gz=-] [br=-] [tls=TLSv1.3] [cipher=TLS_AES_256_GCM_SHA384] [scheme=https] [eorigin=-] classing.ru www.classing.ru vps115398.inmotionhosting.com 2955
2001:250:603c:1112:b929:6419:34f5:26d7 - - [07/Sep/2025:18:46:45 -0700] "GET /wp-content/uploads/2017/11/Christmas-tree-decoration-ideas-2018-22.jpg?x71148 HTTP/2.0" 200 104084 "-" "Mozilla/5.0 (X11; Ubuntu; Linux x86_64; rv:72.0) Gecko/20100101 Firefox/72.0" [loc=CN/Shanghai] [rt=0.008] [proto=HTTP/2.0:h2] [args=x71148] [ucs=-] [xpc=STATIC/PATH] [uct=-] [gz=-] [br=-] [tls=TLSv1.3] [cipher=TLS_AES_256_GCM_SHA384] [scheme=https] [eorigin=-] pouted.com www.pouted.com vps115398.inmotionhosting.com 3005
4.185.125.112 - - [07/Sep/2025:18:46:46 -0700] "GET /gecko.php HTTP/2.0" 502 157 "-" "-" [loc=US/-] [rt=0.000] [proto=HTTP/2.0:h2] [args=-] [ucs=MISS] [xpc=-] [uct=-] [gz=-] [br=-] [tls=TLSv1.3] [cipher=TLS_AES_256_GCM_SHA384] [scheme=https] [eorigin=-] classing.ru www.classing.ru vps115398.inmotionhosting.com 2955
4.185.125.112 - - [07/Sep/2025:18:46:46 -0700] "GET /gel4y.php HTTP/2.0" 502 157 "-" "-" [loc=US/-] [rt=0.001] [proto=HTTP/2.0:h2] [args=-] [ucs=MISS] [xpc=-] [uct=-] [gz=-] [br=-] [tls=TLSv1.3] [cipher=TLS_AES_256_GCM_SHA384] [scheme=https] [eorigin=-] classing.ru www.classing.ru vps115398.inmotionhosting.com 2955
4.185.125.112 - - [07/Sep/2025:18:46:46 -0700] "GET /gelay.php HTTP/2.0" 502 157 "-" "-" [loc=US/-] [rt=0.000] [proto=HTTP/2.0:h2] [args=-] [ucs=MISS] [xpc=-] [uct=-] [gz=-] [br=-] [tls=TLSv1.3] [cipher=TLS_AES_256_GCM_SHA384] [scheme=https] [eorigin=-] classing.ru www.classing.ru vps115398.inmotionhosting.com 2955
4.185.125.112 - - [07/Sep/2025:18:46:46 -0700] "GET /gg.php HTTP/2.0" 502 157 "-" "-" [loc=US/-] [rt=0.000] [proto=HTTP/2.0:h2] [args=-] [ucs=MISS] [xpc=-] [uct=-] [gz=-] [br=-] [tls=TLSv1.3] [cipher=TLS_AES_256_GCM_SHA384] [scheme=https] [eorigin=-] classing.ru www.classing.ru vps115398.inmotionhosting.com 2955
4.185.125.112 - - [07/Sep/2025:18:46:46 -0700] "GET /goat.php HTTP/2.0" 502 157 "-" "-" [loc=US/-] [rt=0.000] [proto=HTTP/2.0:h2] [args=-] [ucs=MISS] [xpc=-] [uct=-] [gz=-] [br=-] [tls=TLSv1.3] [cipher=TLS_AES_256_GCM_SHA384] [scheme=https] [eorigin=-] classing.ru www.classing.ru vps115398.inmotionhosting.com 2955
128.199.163.109 - - [07/Sep/2025:18:46:46 -0700] "GET /wp-login.php HTTP/2.0" 502 559 "-" "Mozilla/5.0 (Linux; Android 12; Redmi Note 9 Pro Build/SKQ1.211019.001; wv) AppleWebKit/537.36 (KHTML, like Gecko) Version/4.0 Chrome/126.0.6478.71 Mobile Safari/537.36" [loc=SG/Singapore] [rt=0.000] [proto=HTTP/2.0:h2] [args=-] [ucs=-] [xpc=-] [uct=-] [gz=-] [br=-] [tls=TLSv1.3] [cipher=TLS_AES_256_GCM_SHA384] [scheme=https] [eorigin=-] pouted.com www.pouted.com vps115398.inmotionhosting.com 2969
35.236.199.119 - - [07/Sep/2025:18:46:46 -0700] "GET /wp-content/uploads/2013/10/Tanoura11.jpg HTTP/2.0" 404 103 "-" "python-requests/2.32.3" [loc=US/Mountain View] [rt=0.000] [proto=HTTP/2.0:h2] [args=-] [ucs=-] [xpc=-] [uct=-] [gz=-] [br=1.49] [tls=TLSv1.3] [cipher=TLS_AES_256_GCM_SHA384] [scheme=https] [eorigin=-] pouted.com www.pouted.com vps115398.inmotionhosting.com 3013
4.185.125.112 - - [07/Sep/2025:18:46:46 -0700] "GET /goods.php HTTP/2.0" 502 157 "-" "-" [loc=US/-] [rt=0.000] [proto=HTTP/2.0:h2] [args=-] [ucs=MISS] [xpc=-] [uct=-] [gz=-] [br=-] [tls=TLSv1.3] [cipher=TLS_AES_256_GCM_SHA384] [scheme=https] [eorigin=-] classing.ru www.classing.ru vps115398.inmotionhosting.com 2955
4.185.125.112 - - [07/Sep/2025:18:46:47 -0700] "GET /h.php HTTP/2.0" 502 157 "-" "-" [loc=US/-] [rt=0.000] [proto=HTTP/2.0:h2] [args=-] [ucs=MISS] [xpc=-] [uct=-] [gz=-] [br=-] [tls=TLSv1.3] [cipher=TLS_AES_256_GCM_SHA384] [scheme=https] [eorigin=-] classing.ru www.classing.ru vps115398.inmotionhosting.com 2955
4.185.125.112 - - [07/Sep/2025:18:46:47 -0700] "GET /images/admin.php HTTP/2.0" 502 157 "-" "-" [loc=US/-] [rt=0.000] [proto=HTTP/2.0:h2] [args=-] [ucs=MISS] [xpc=-] [uct=-] [gz=-] [br=-] [tls=TLSv1.3] [cipher=TLS_AES_256_GCM_SHA384] [scheme=https] [eorigin=-] classing.ru www.classing.ru vps115398.inmotionhosting.com 2955
4.185.125.112 - - [07/Sep/2025:18:46:47 -0700] "GET /images/class-config.php HTTP/2.0" 502 157 "-" "-" [loc=US/-] [rt=0.000] [proto=HTTP/2.0:h2] [args=-] [ucs=MISS] [xpc=-] [uct=-] [gz=-] [br=-] [tls=TLSv1.3] [cipher=TLS_AES_256_GCM_SHA384] [scheme=https] [eorigin=-] classing.ru www.classing.ru vps115398.inmotionhosting.com 2955
4.185.125.112 - - [07/Sep/2025:18:46:47 -0700] "GET /inc.php HTTP/2.0" 502 157 "-" "-" [loc=US/-] [rt=0.000] [proto=HTTP/2.0:h2] [args=-] [ucs=MISS] [xpc=-] [uct=-] [gz=-] [br=-] [tls=TLSv1.3] [cipher=TLS_AES_256_GCM_SHA384] [scheme=https] [eorigin=-] classing.ru www.classing.ru vps115398.inmotionhosting.com 2955
4.185.125.112 - - [07/Sep/2025:18:46:47 -0700] "GET /index.bak.php HTTP/2.0" 502 157 "-" "-" [loc=US/-] [rt=0.000] [proto=HTTP/2.0:h2] [args=-] [ucs=MISS] [xpc=-] [uct=-] [gz=-] [br=-] [tls=TLSv1.3] [cipher=TLS_AES_256_GCM_SHA384] [scheme=https] [eorigin=-] classing.ru www.classing.ru vps115398.inmotionhosting.com 2955
68.69.181.148 - - [07/Sep/2025:18:46:47 -0700] "GET /wp-content/uploads/2019/05/Elf-vehicle-390x220.jpg?x35380 HTTP/2.0" 200 26101 "-" "Mozilla/5.0 (X11; Ubuntu; Linux x86_64; rv:72.0) Gecko/20100101 Firefox/72.0" [loc=US/Las Vegas] [rt=0.000] [proto=HTTP/2.0:h2] [args=x35380] [ucs=-] [xpc=STATIC/PATH] [uct=-] [gz=-] [br=-] [tls=TLSv1.3] [cipher=TLS_AES_256_GCM_SHA384] [scheme=https] [eorigin=-] pouted.com www.pouted.com vps115398.inmotionhosting.com 3020
4.185.125.112 - - [07/Sep/2025:18:46:47 -0700] "GET /index/function.php HTTP/2.0" 502 157 "-" "-" [loc=US/-] [rt=0.001] [proto=HTTP/2.0:h2] [args=-] [ucs=MISS] [xpc=-] [uct=-] [gz=-] [br=-] [tls=TLSv1.3] [cipher=TLS_AES_256_GCM_SHA384] [scheme=https] [eorigin=-] classing.ru www.classing.ru vps115398.inmotionhosting.com 2955
4.185.125.112 - - [07/Sep/2025:18:46:48 -0700] "GET /info.php HTTP/2.0" 502 157 "-" "-" [loc=US/-] [rt=0.000] [proto=HTTP/2.0:h2] [args=-] [ucs=MISS] [xpc=-] [uct=-] [gz=-] [br=-] [tls=TLSv1.3] [cipher=TLS_AES_256_GCM_SHA384] [scheme=https] [eorigin=-] classing.ru www.classing.ru vps115398.inmotionhosting.com 2955
4.185.125.112 - - [07/Sep/2025:18:46:48 -0700] "GET /infos.php HTTP/2.0" 502 157 "-" "-" [loc=US/-] [rt=0.000] [proto=HTTP/2.0:h2] [args=-] [ucs=MISS] [xpc=-] [uct=-] [gz=-] [br=-] [tls=TLSv1.3] [cipher=TLS_AES_256_GCM_SHA384] [scheme=https] [eorigin=-] classing.ru www.classing.ru vps115398.inmotionhosting.com 2955
4.185.125.112 - - [07/Sep/2025:18:46:48 -0700] "GET /ioxi-o.php HTTP/2.0" 502 157 "-" "-" [loc=US/-] [rt=0.001] [proto=HTTP/2.0:h2] [args=-] [ucs=MISS] [xpc=-] [uct=-] [gz=-] [br=-] [tls=TLSv1.3] [cipher=TLS_AES_256_GCM_SHA384] [scheme=https] [eorigin=-] classing.ru www.classing.ru vps115398.inmotionhosting.com 2955
4.185.125.112 - - [07/Sep/2025:18:46:48 -0700] "GET /k.php HTTP/2.0" 502 157 "-" "-" [loc=US/-] [rt=0.001] [proto=HTTP/2.0:h2] [args=-] [ucs=MISS] [xpc=-] [uct=-] [gz=-] [br=-] [tls=TLSv1.3] [cipher=TLS_AES_256_GCM_SHA384] [scheme=https] [eorigin=-] classing.ru www.classing.ru vps115398.inmotionhosting.com 2955
4.185.125.112 - - [07/Sep/2025:18:46:48 -0700] "GET /m.php HTTP/2.0" 502 157 "-" "-" [loc=US/-] [rt=0.000] [proto=HTTP/2.0:h2] [args=-] [ucs=MISS] [xpc=-] [uct=-] [gz=-] [br=-] [tls=TLSv1.3] [cipher=TLS_AES_256_GCM_SHA384] [scheme=https] [eorigin=-] classing.ru www.classing.ru vps115398.inmotionhosting.com 2955
4.185.125.112 - - [07/Sep/2025:18:46:48 -0700] "GET /mar.php HTTP/2.0" 502 157 "-" "-" [loc=US/-] [rt=0.000] [proto=HTTP/2.0:h2] [args=-] [ucs=MISS] [xpc=-] [uct=-] [gz=-] [br=-] [tls=TLSv1.3] [cipher=TLS_AES_256_GCM_SHA384] [scheme=https] [eorigin=-] classing.ru www.classing.ru vps115398.inmotionhosting.com 2955
4.185.125.112 - - [07/Sep/2025:18:46:48 -0700] "GET /mini HTTP/2.0" 502 157 "-" "-" [loc=US/-] [rt=0.000] [proto=HTTP/2.0:h2] [args=-] [ucs=MISS] [xpc=-] [uct=-] [gz=-] [br=-] [tls=TLSv1.3] [cipher=TLS_AES_256_GCM_SHA384] [scheme=https] [eorigin=-] classing.ru www.classing.ru vps115398.inmotionhosting.com 2955
4.185.125.112 - - [07/Sep/2025:18:46:49 -0700] "GET /mini.php HTTP/2.0" 502 157 "-" "-" [loc=US/-] [rt=0.000] [proto=HTTP/2.0:h2] [args=-] [ucs=MISS] [xpc=-] [uct=-] [gz=-] [br=-] [tls=TLSv1.3] [cipher=TLS_AES_256_GCM_SHA384] [scheme=https] [eorigin=-] classing.ru www.classing.ru vps115398.inmotionhosting.com 2955
4.185.125.112 - - [07/Sep/2025:18:46:49 -0700] "GET /mm.php HTTP/2.0" 502 157 "-" "-" [loc=US/-] [rt=0.000] [proto=HTTP/2.0:h2] [args=-] [ucs=MISS] [xpc=-] [uct=-] [gz=-] [br=-] [tls=TLSv1.3] [cipher=TLS_AES_256_GCM_SHA384] [scheme=https] [eorigin=-] classing.ru www.classing.ru vps115398.inmotionhosting.com 2955
47.130.48.168 - - [07/Sep/2025:18:46:49 -0700] "GET /wp-content/uploads/2015/05/3D-Printing-Creations-2.jpg?x72261 HTTP/2.0" 200 75182 "-" "Mozilla/5.0 (compatible; crawler)" [loc=CA/Ottawa] [rt=0.003] [proto=HTTP/2.0:h2] [args=x72261] [ucs=-] [xpc=STATIC/PATH] [uct=-] [gz=-] [br=-] [tls=TLSv1.3] [cipher=TLS_AES_256_GCM_SHA384] [scheme=https] [eorigin=-] pouted.com www.pouted.com vps115398.inmotionhosting.com 3031
4.185.125.112 - - [07/Sep/2025:18:46:49 -0700] "GET /ms-edit.php HTTP/2.0" 502 157 "-" "-" [loc=US/-] [rt=0.000] [proto=HTTP/2.0:h2] [args=-] [ucs=MISS] [xpc=-] [uct=-] [gz=-] [br=-] [tls=TLSv1.3] [cipher=TLS_AES_256_GCM_SHA384] [scheme=https] [eorigin=-] classing.ru www.classing.ru vps115398.inmotionhosting.com 2955
4.185.125.112 - - [07/Sep/2025:18:46:49 -0700] "GET /ms-themes.php HTTP/2.0" 502 157 "-" "-" [loc=US/-] [rt=0.000] [proto=HTTP/2.0:h2] [args=-] [ucs=MISS] [xpc=-] [uct=-] [gz=-] [br=-] [tls=TLSv1.3] [cipher=TLS_AES_256_GCM_SHA384] [scheme=https] [eorigin=-] classing.ru www.classing.ru vps115398.inmotionhosting.com 2955
4.185.125.112 - - [07/Sep/2025:18:46:49 -0700] "GET /options-general.php HTTP/2.0" 502 157 "-" "-" [loc=US/-] [rt=0.001] [proto=HTTP/2.0:h2] [args=-] [ucs=MISS] [xpc=-] [uct=-] [gz=-] [br=-] [tls=TLSv1.3] [cipher=TLS_AES_256_GCM_SHA384] [scheme=https] [eorigin=-] classing.ru www.classing.ru vps115398.inmotionhosting.com 2955
104.252.49.112 - - [07/Sep/2025:18:46:49 -0700] "GET /wp-content/uploads/2020/09/drink-driving-DUI-Case-780x470.jpg HTTP/2.0" 200 37007 "-" "Mozilla/5.0 (Macintosh; Intel Mac OS X 10_15_7) AppleWebKit/537.36 (KHTML, like Gecko) Chrome/120.0.0.0 Safari/537.36" [loc=US/San Jose] [rt=0.000] [proto=HTTP/2.0:h2] [args=-] [ucs=-] [xpc=STATIC/PATH] [uct=-] [gz=-] [br=-] [tls=TLSv1.3] [cipher=TLS_AES_256_GCM_SHA384] [scheme=https] [eorigin=-] pouted.com www.pouted.com vps115398.inmotionhosting.com 3035
4.185.125.112 - - [07/Sep/2025:18:46:49 -0700] "GET /options-reading.php HTTP/2.0" 502 157 "-" "-" [loc=US/-] [rt=0.000] [proto=HTTP/2.0:h2] [args=-] [ucs=MISS] [xpc=-] [uct=-] [gz=-] [br=-] [tls=TLSv1.3] [cipher=TLS_AES_256_GCM_SHA384] [scheme=https] [eorigin=-] classing.ru www.classing.ru vps115398.inmotionhosting.com 2955
4.185.125.112 - - [07/Sep/2025:18:46:50 -0700] "GET /options-writing.php HTTP/2.0" 502 157 "-" "-" [loc=US/-] [rt=0.000] [proto=HTTP/2.0:h2] [args=-] [ucs=MISS] [xpc=-] [uct=-] [gz=-] [br=-] [tls=TLSv1.3] [cipher=TLS_AES_256_GCM_SHA384] [scheme=https] [eorigin=-] classing.ru www.classing.ru vps115398.inmotionhosting.com 2955
4.185.125.112 - - [07/Sep/2025:18:46:50 -0700] "GET /ova.php HTTP/2.0" 502 157 "-" "-" [loc=US/-] [rt=0.000] [proto=HTTP/2.0:h2] [args=-] [ucs=MISS] [xpc=-] [uct=-] [gz=-] [br=-] [tls=TLSv1.3] [cipher=TLS_AES_256_GCM_SHA384] [scheme=https] [eorigin=-] classing.ru www.classing.ru vps115398.inmotionhosting.com 2955
4.185.125.112 - - [07/Sep/2025:18:46:50 -0700] "GET /pages.php HTTP/2.0" 502 157 "-" "-" [loc=US/-] [rt=0.001] [proto=HTTP/2.0:h2] [args=-] [ucs=MISS] [xpc=-] [uct=-] [gz=-] [br=-] [tls=TLSv1.3] [cipher=TLS_AES_256_GCM_SHA384] [scheme=https] [eorigin=-] classing.ru www.classing.ru vps115398.inmotionhosting.com 2955
4.185.125.112 - - [07/Sep/2025:18:46:50 -0700] "GET /php.php HTTP/2.0" 502 157 "-" "-" [loc=US/-] [rt=0.000] [proto=HTTP/2.0:h2] [args=-] [ucs=MISS] [xpc=-] [uct=-] [gz=-] [br=-] [tls=TLSv1.3] [cipher=TLS_AES_256_GCM_SHA384] [scheme=https] [eorigin=-] classing.ru www.classing.ru vps115398.inmotionhosting.com 2955
4.185.125.112 - - [07/Sep/2025:18:46:50 -0700] "GET /php8.php HTTP/2.0" 502 157 "-" "-" [loc=US/-] [rt=0.000] [proto=HTTP/2.0:h2] [args=-] [ucs=MISS] [xpc=-] [uct=-] [gz=-] [br=-] [tls=TLSv1.3] [cipher=TLS_AES_256_GCM_SHA384] [scheme=https] [eorigin=-] classing.ru www.classing.ru vps115398.inmotionhosting.com 2955
4.185.125.112 - - [07/Sep/2025:18:46:50 -0700] "GET /pinfo.php HTTP/2.0" 502 157 "-" "-" [loc=US/-] [rt=0.000] [proto=HTTP/2.0:h2] [args=-] [ucs=MISS] [xpc=-] [uct=-] [gz=-] [br=-] [tls=TLSv1.3] [cipher=TLS_AES_256_GCM_SHA384] [scheme=https] [eorigin=-] classing.ru www.classing.ru vps115398.inmotionhosting.com 2955
4.185.125.112 - - [07/Sep/2025:18:46:51 -0700] "GET /radio.php HTTP/2.0" 502 157 "-" "-" [loc=US/-] [rt=0.000] [proto=HTTP/2.0:h2] [args=-] [ucs=MISS] [xpc=-] [uct=-] [gz=-] [br=-] [tls=TLSv1.3] [cipher=TLS_AES_256_GCM_SHA384] [scheme=https] [eorigin=-] classing.ru www.classing.ru vps115398.inmotionhosting.com 2955
4.185.125.112 - - [07/Sep/2025:18:46:51 -0700] "GET /robots.php HTTP/2.0" 502 157 "-" "-" [loc=US/-] [rt=0.000] [proto=HTTP/2.0:h2] [args=-] [ucs=MISS] [xpc=-] [uct=-] [gz=-] [br=-] [tls=TLSv1.3] [cipher=TLS_AES_256_GCM_SHA384] [scheme=https] [eorigin=-] classing.ru www.classing.ru vps115398.inmotionhosting.com 2955
4.185.125.112 - - [07/Sep/2025:18:46:51 -0700] "GET /rt.php HTTP/2.0" 502 157 "-" "-" [loc=US/-] [rt=0.000] [proto=HTTP/2.0:h2] [args=-] [ucs=MISS] [xpc=-] [uct=-] [gz=-] [br=-] [tls=TLSv1.3] [cipher=TLS_AES_256_GCM_SHA384] [scheme=https] [eorigin=-] classing.ru www.classing.ru vps115398.inmotionhosting.com 2955
4.185.125.112 - - [07/Sep/2025:18:46:51 -0700] "GET /s.php HTTP/2.0" 502 157 "-" "-" [loc=US/-] [rt=0.000] [proto=HTTP/2.0:h2] [args=-] [ucs=MISS] [xpc=-] [uct=-] [gz=-] [br=-] [tls=TLSv1.3] [cipher=TLS_AES_256_GCM_SHA384] [scheme=https] [eorigin=-] classing.ru www.classing.ru vps115398.inmotionhosting.com 2955
4.185.125.112 - - [07/Sep/2025:18:46:51 -0700] "GET /setup.php HTTP/2.0" 502 157 "-" "-" [loc=US/-] [rt=0.000] [proto=HTTP/2.0:h2] [args=-] [ucs=MISS] [xpc=-] [uct=-] [gz=-] [br=-] [tls=TLSv1.3] [cipher=TLS_AES_256_GCM_SHA384] [scheme=https] [eorigin=-] classing.ru www.classing.ru vps115398.inmotionhosting.com 2955
4.185.125.112 - - [07/Sep/2025:18:46:51 -0700] "GET /simple.php HTTP/2.0" 502 157 "-" "-" [loc=US/-] [rt=0.000] [proto=HTTP/2.0:h2] [args=-] [ucs=MISS] [xpc=-] [uct=-] [gz=-] [br=-] [tls=TLSv1.3] [cipher=TLS_AES_256_GCM_SHA384] [scheme=https] [eorigin=-] classing.ru www.classing.ru vps115398.inmotionhosting.com 2955
4.185.125.112 - - [07/Sep/2025:18:46:52 -0700] "GET /sts.php HTTP/2.0" 502 157 "-" "-" [loc=US/-] [rt=0.000] [proto=HTTP/2.0:h2] [args=-] [ucs=MISS] [xpc=-] [uct=-] [gz=-] [br=-] [tls=TLSv1.3] [cipher=TLS_AES_256_GCM_SHA384] [scheme=https] [eorigin=-] classing.ru www.classing.ru vps115398.inmotionhosting.com 2955
4.185.125.112 - - [07/Sep/2025:18:46:52 -0700] "GET /system_log.php HTTP/2.0" 502 157 "-" "-" [loc=US/-] [rt=0.000] [proto=HTTP/2.0:h2] [args=-] [ucs=MISS] [xpc=-] [uct=-] [gz=-] [br=-] [tls=TLSv1.3] [cipher=TLS_AES_256_GCM_SHA384] [scheme=https] [eorigin=-] classing.ru www.classing.ru vps115398.inmotionhosting.com 2955
192.178.6.98 - - [07/Sep/2025:18:46:52 -0700] "GET /products/20659876/ HTTP/1.1" 502 559 "-" "Mozilla/5.0 (Linux; Android 6.0.1; Nexus 5X Build/MMB29P) AppleWebKit/537.36 (KHTML, like Gecko) Chrome/138.0.7204.183 Mobile Safari/537.36 (compatible; Googlebot/2.1; +http://www.google.com/bot.html)" [loc=US/Mountain View] [rt=0.001] [proto=HTTP/1.1:] [args=-] [ucs=MISS] [xpc=-] [uct=-] [gz=-] [br=-] [tls=-] [cipher=-] [scheme=http] [eorigin=-] ayaclass.com www.ayaclass.com vps115398.inmotionhosting.com 2827
4.185.125.112 - - [07/Sep/2025:18:46:52 -0700] "GET /test1.php HTTP/2.0" 502 157 "-" "-" [loc=US/-] [rt=0.000] [proto=HTTP/2.0:h2] [args=-] [ucs=MISS] [xpc=-] [uct=-] [gz=-] [br=-] [tls=TLSv1.3] [cipher=TLS_AES_256_GCM_SHA384] [scheme=https] [eorigin=-] classing.ru www.classing.ru vps115398.inmotionhosting.com 2955
4.185.125.112 - - [07/Sep/2025:18:46:52 -0700] "GET /themes/zMousse/otuz1.php HTTP/2.0" 502 157 "-" "-" [loc=US/-] [rt=0.000] [proto=HTTP/2.0:h2] [args=-] [ucs=MISS] [xpc=-] [uct=-] [gz=-] [br=-] [tls=TLSv1.3] [cipher=TLS_AES_256_GCM_SHA384] [scheme=https] [eorigin=-] classing.ru www.classing.ru vps115398.inmotionhosting.com 2955
4.185.125.112 - - [07/Sep/2025:18:46:52 -0700] "GET /tinyfilemanager.php HTTP/2.0" 502 157 "-" "-" [loc=US/-] [rt=0.000] [proto=HTTP/2.0:h2] [args=-] [ucs=MISS] [xpc=-] [uct=-] [gz=-] [br=-] [tls=TLSv1.3] [cipher=TLS_AES_256_GCM_SHA384] [scheme=https] [eorigin=-] classing.ru www.classing.ru vps115398.inmotionhosting.com 2955
94.74.82.169 - - [07/Sep/2025:18:46:52 -0700] "GET /wp-content/uploads/2016/03/shareimage.jpg HTTP/2.0" 200 51684 "-" "Mozilla/5.0 (X11; Ubuntu; Linux x86_64; rv:72.0) Gecko/20100101 Firefox/72.0" [loc=UA/Odesa] [rt=0.000] [proto=HTTP/2.0:h2] [args=-] [ucs=-] [xpc=STATIC/PATH] [uct=-] [gz=-] [br=-] [tls=TLSv1.3] [cipher=TLS_AES_256_GCM_SHA384] [scheme=https] [eorigin=-] pouted.com www.pouted.com vps115398.inmotionhosting.com 3055
4.185.125.112 - - [07/Sep/2025:18:46:52 -0700] "GET /ty.php HTTP/2.0" 502 157 "-" "-" [loc=US/-] [rt=0.000] [proto=HTTP/2.0:h2] [args=-] [ucs=MISS] [xpc=-] [uct=-] [gz=-] [br=-] [tls=TLSv1.3] [cipher=TLS_AES_256_GCM_SHA384] [scheme=https] [eorigin=-] classing.ru www.classing.ru vps115398.inmotionhosting.com 2955
4.185.125.112 - - [07/Sep/2025:18:46:52 -0700] "GET /users.php HTTP/2.0" 502 157 "-" "-" [loc=US/-] [rt=0.000] [proto=HTTP/2.0:h2] [args=-] [ucs=BYPASS] [xpc=-] [uct=-] [gz=-] [br=-] [tls=TLSv1.3] [cipher=TLS_AES_256_GCM_SHA384] [scheme=https] [eorigin=-] classing.ru www.classing.ru vps115398.inmotionhosting.com 2955
4.185.125.112 - - [07/Sep/2025:18:46:53 -0700] "GET /w.php HTTP/2.0" 502 157 "-" "-" [loc=US/-] [rt=0.000] [proto=HTTP/2.0:h2] [args=-] [ucs=MISS] [xpc=-] [uct=-] [gz=-] [br=-] [tls=TLSv1.3] [cipher=TLS_AES_256_GCM_SHA384] [scheme=https] [eorigin=-] classing.ru www.classing.ru vps115398.inmotionhosting.com 2955
4.185.125.112 - - [07/Sep/2025:18:46:53 -0700] "GET /wp-aa.php HTTP/2.0" 502 157 "-" "-" [loc=US/-] [rt=0.000] [proto=HTTP/2.0:h2] [args=-] [ucs=MISS] [xpc=-] [uct=-] [gz=-] [br=-] [tls=TLSv1.3] [cipher=TLS_AES_256_GCM_SHA384] [scheme=https] [eorigin=-] classing.ru www.classing.ru vps115398.inmotionhosting.com 2955
4.185.125.112 - - [07/Sep/2025:18:46:53 -0700] "GET /wp-admin/ HTTP/2.0" 502 157 "-" "-" [loc=US/-] [rt=0.001] [proto=HTTP/2.0:h2] [args=-] [ucs=BYPASS] [xpc=-] [uct=-] [gz=-] [br=-] [tls=TLSv1.3] [cipher=TLS_AES_256_GCM_SHA384] [scheme=https] [eorigin=-] classing.ru www.classing.ru vps115398.inmotionhosting.com 2955
4.185.125.112 - - [07/Sep/2025:18:46:53 -0700] "GET /wp-admin/admin.php HTTP/2.0" 502 157 "-" "-" [loc=US/-] [rt=0.001] [proto=HTTP/2.0:h2] [args=-] [ucs=BYPASS] [xpc=-] [uct=-] [gz=-] [br=-] [tls=TLSv1.3] [cipher=TLS_AES_256_GCM_SHA384] [scheme=https] [eorigin=-] classing.ru www.classing.ru vps115398.inmotionhosting.com 2955
4.185.125.112 - - [07/Sep/2025:18:46:53 -0700] "GET /wp-admin/classwithtostring.php HTTP/2.0" 502 157 "-" "-" [loc=US/-] [rt=0.000] [proto=HTTP/2.0:h2] [args=-] [ucs=BYPASS] [xpc=-] [uct=-] [gz=-] [br=-] [tls=TLSv1.3] [cipher=TLS_AES_256_GCM_SHA384] [scheme=https] [eorigin=-] classing.ru www.classing.ru vps115398.inmotionhosting.com 2955
4.185.125.112 - - [07/Sep/2025:18:46:53 -0700] "GET /wp-admin/css/colors/blue/index.php HTTP/2.0" 502 157 "-" "-" [loc=US/-] [rt=0.000] [proto=HTTP/2.0:h2] [args=-] [ucs=BYPASS] [xpc=-] [uct=-] [gz=-] [br=-] [tls=TLSv1.3] [cipher=TLS_AES_256_GCM_SHA384] [scheme=https] [eorigin=-] classing.ru www.classing.ru vps115398.inmotionhosting.com 2955
4.185.125.112 - - [07/Sep/2025:18:46:54 -0700] "GET /wp-admin/css/colors/ectoplasm/about.php HTTP/2.0" 502 157 "-" "-" [loc=US/-] [rt=0.000] [proto=HTTP/2.0:h2] [args=-] [ucs=BYPASS] [xpc=-] [uct=-] [gz=-] [br=-] [tls=TLSv1.3] [cipher=TLS_AES_256_GCM_SHA384] [scheme=https] [eorigin=-] classing.ru www.classing.ru vps115398.inmotionhosting.com 2955
68.69.181.148 - - [07/Sep/2025:18:46:54 -0700] "GET /wp-content/uploads/2016/04/beach-restaurant-praslin-seychelles.jpg?x45357 HTTP/2.0" 200 135797 "-" "Mozilla/5.0 (X11; Ubuntu; Linux x86_64; rv:72.0) Gecko/20100101 Firefox/72.0" [loc=US/Las Vegas] [rt=0.002] [proto=HTTP/2.0:h2] [args=x45357] [ucs=-] [xpc=STATIC/PATH] [uct=-] [gz=-] [br=-] [tls=TLSv1.3] [cipher=TLS_AES_256_GCM_SHA384] [scheme=https] [eorigin=-] pouted.com www.pouted.com vps115398.inmotionhosting.com 3066
2a03:2880:22ff:70:: - - [07/Sep/2025:18:46:54 -0700] "GET /top-celebrities-with-private-jets/ HTTP/2.0" 502 157 "-" "meta-externalagent/1.1 (+https://developers.facebook.com/docs/sharing/webmasters/crawler)" [loc=IE/-] [rt=0.001] [proto=HTTP/2.0:h2] [args=-] [ucs=-] [xpc=-] [uct=-] [gz=-] [br=-] [tls=TLSv1.3] [cipher=TLS_AES_256_GCM_SHA384] [scheme=https] [eorigin=-] pouted.com www.pouted.com vps115398.inmotionhosting.com 3064
4.185.125.112 - - [07/Sep/2025:18:46:54 -0700] "GET /wp-admin/css/colors/light/wp-login.php HTTP/2.0" 502 157 "-" "-" [loc=US/-] [rt=0.000] [proto=HTTP/2.0:h2] [args=-] [ucs=BYPASS] [xpc=-] [uct=-] [gz=-] [br=-] [tls=TLSv1.3] [cipher=TLS_AES_256_GCM_SHA384] [scheme=https] [eorigin=-] classing.ru www.classing.ru vps115398.inmotionhosting.com 2955
66.249.79.136 - - [07/Sep/2025:18:46:54 -0700] "GET /wp-content/uploads/2025/02/eco-friendly-clothing.jpg?x72261 HTTP/2.0" 200 108234 "-" "Googlebot-Image/1.0" [loc=US/Mountain View] [rt=0.003] [proto=HTTP/2.0:h2] [args=x72261] [ucs=-] [xpc=STATIC/PATH] [uct=-] [gz=-] [br=-] [tls=TLSv1.3] [cipher=TLS_AES_256_GCM_SHA384] [scheme=https] [eorigin=-] pouted.com www.pouted.com vps115398.inmotionhosting.com 3069
185.191.171.8 - - [07/Sep/2025:18:46:56 -0700] "GET /?a=38965315 HTTP/1.1" 502 157 "-" "Mozilla/5.0 (compatible; SemrushBot/7~bl; +http://www.semrush.com/bot.html)" [loc=MD/-] [rt=0.000] [proto=HTTP/1.1:] [args=a=38965315] [ucs=MISS] [xpc=-] [uct=-] [gz=-] [br=-] [tls=-] [cipher=-] [scheme=http] [eorigin=-] ayaclass.com www.ayaclass.com vps115398.inmotionhosting.com 3070
192.178.6.98 - - [07/Sep/2025:18:46:57 -0700] "GET /products/30613876/ HTTP/1.1" 502 559 "-" "Mozilla/5.0 (Linux; Android 6.0.1; Nexus 5X Build/MMB29P) AppleWebKit/537.36 (KHTML, like Gecko) Chrome/138.0.7204.183 Mobile Safari/537.36 (compatible; Googlebot/2.1; +http://www.google.com/bot.html)" [loc=US/Mountain View] [rt=0.000] [proto=HTTP/1.1:] [args=-] [ucs=MISS] [xpc=-] [uct=-] [gz=-] [br=-] [tls=-] [cipher=-] [scheme=http] [eorigin=-] ayaclass.com www.ayaclass.com vps115398.inmotionhosting.com 2827
2a03:2880:24ff:43:: - - [07/Sep/2025:18:46:57 -0700] "GET /2025-trendy-back-to-school-hairstyles-for-girls/ HTTP/2.0" 502 157 "-" "meta-externalagent/1.1 (+https://developers.facebook.com/docs/sharing/webmasters/crawler)" [loc=IE/-] [rt=0.000] [proto=HTTP/2.0:h2] [args=-] [ucs=-] [xpc=-] [uct=-] [gz=-] [br=-] [tls=TLSv1.3] [cipher=TLS_AES_256_GCM_SHA384] [scheme=https] [eorigin=-] pouted.com www.pouted.com vps115398.inmotionhosting.com 3073
68.69.181.148 - - [07/Sep/2025:18:46:57 -0700] "GET /wp-content/uploads/2016/12/Nubrella1.jpg?x45357 HTTP/2.0" 200 138436 "-" "Mozilla/5.0 (X11; Ubuntu; Linux x86_64; rv:72.0) Gecko/20100101 Firefox/72.0" [loc=US/Las Vegas] [rt=0.004] [proto=HTTP/2.0:h2] [args=x45357] [ucs=-] [xpc=STATIC/PATH] [uct=-] [gz=-] [br=-] [tls=TLSv1.3] [cipher=TLS_AES_256_GCM_SHA384] [scheme=https] [eorigin=-] pouted.com www.pouted.com vps115398.inmotionhosting.com 3075
197.35.130.246 - - [07/Sep/2025:18:46:58 -0700] "POST /wp-admin/admin-ajax.php HTTP/2.0" 502 559 "https://www.pouted.com/wp-admin/post.php?post=161646&action=edit&classic-editor" "Mozilla/5.0 (Windows NT 10.0; Win64; x64) AppleWebKit/537.36 (KHTML, like Gecko) Chrome/139.0.0.0 Safari/537.36" [loc=EG/-] [rt=0.000] [proto=HTTP/2.0:h2] [args=-] [ucs=-] [xpc=-] [uct=-] [gz=-] [br=-] [tls=TLSv1.3] [cipher=TLS_AES_256_GCM_SHA384] [scheme=https] [eorigin=-] pouted.com www.pouted.com vps115398.inmotionhosting.com 3076
61.221.79.28 - - [07/Sep/2025:18:47:00 -0700] "GET /wp-content/uploads/2020/10/Drawing-the-eye..jpg?x44527 HTTP/2.0" 200 104437 "-" "Mozilla/5.0 (X11; Ubuntu; Linux x86_64; rv:72.0) Gecko/20100101 Firefox/72.0" [loc=TW/Taipei] [rt=0.000] [proto=HTTP/2.0:h2] [args=x44527] [ucs=-] [xpc=STATIC/PATH] [uct=-] [gz=-] [br=-] [tls=TLSv1.3] [cipher=TLS_AES_256_GCM_SHA384] [scheme=https] [eorigin=-] pouted.com www.pouted.com vps115398.inmotionhosting.com 3078
35.236.199.119 - - [07/Sep/2025:18:47:02 -0700] "GET /wp-content/uploads/2015/05/3D-paper-sculpture-art-2.jpg?x44527 HTTP/2.0" 200 113282 "-" "python-requests/2.32.3" [loc=US/Mountain View] [rt=0.004] [proto=HTTP/2.0:h2] [args=x44527] [ucs=-] [xpc=STATIC/PATH] [uct=-] [gz=-] [br=-] [tls=TLSv1.3] [cipher=TLS_AES_256_GCM_SHA384] [scheme=https] [eorigin=-] pouted.com www.pouted.com vps115398.inmotionhosting.com 3079
18.141.118.94 - - [07/Sep/2025:18:47:03 -0700] "GET /wp-content/uploads/2013/06/wolf-and-cub-wallpapers.1680x1050.jpg?x72261 HTTP/2.0" 200 95229 "-" "Mozilla/5.0 (compatible; crawler)" [loc=US/-] [rt=0.004] [proto=HTTP/2.0:h2] [args=x72261] [ucs=-] [xpc=STATIC/PATH] [uct=-] [gz=-] [br=-] [tls=TLSv1.3] [cipher=TLS_AES_256_GCM_SHA384] [scheme=https] [eorigin=-] pouted.com www.pouted.com vps115398.inmotionhosting.com 3080
192.178.6.99 - - [07/Sep/2025:18:47:06 -0700] "GET /products/21545021/ HTTP/1.1" 502 559 "-" "Mozilla/5.0 (Linux; Android 6.0.1; Nexus 5X Build/MMB29P) AppleWebKit/537.36 (KHTML, like Gecko) Chrome/138.0.7204.183 Mobile Safari/537.36 (compatible; Googlebot/2.1; +http://www.google.com/bot.html)" [loc=US/Mountain View] [rt=0.000] [proto=HTTP/1.1:] [args=-] [ucs=MISS] [xpc=-] [uct=-] [gz=-] [br=-] [tls=-] [cipher=-] [scheme=http] [eorigin=-] ayaclass.com www.ayaclass.com vps115398.inmotionhosting.com 3081
18.139.61.118 - - [07/Sep/2025:18:47:08 -0700] "GET /wp-content/uploads/2016/02/valentines-day-cake-pops.jpg?x72261 HTTP/2.0" 200 118811 "-" "Mozilla/5.0 (compatible; crawler)" [loc=US/-] [rt=0.004] [proto=HTTP/2.0:h2] [args=x72261] [ucs=-] [xpc=STATIC/PATH] [uct=-] [gz=-] [br=-] [tls=TLSv1.3] [cipher=TLS_AES_256_GCM_SHA384] [scheme=https] [eorigin=-] pouted.com www.pouted.com vps115398.inmotionhosting.com 3083
197.35.130.246 - - [07/Sep/2025:18:47:10 -0700] "POST /wp-admin/admin-ajax.php HTTP/2.0" 502 559 "https://www.pouted.com/wp-admin/post.php?post=161704&action=edit&classic-editor" "Mozilla/5.0 (Windows NT 10.0; Win64; x64) AppleWebKit/537.36 (KHTML, like Gecko) Chrome/139.0.0.0 Safari/537.36" [loc=EG/-] [rt=0.000] [proto=HTTP/2.0:h2] [args=-] [ucs=-] [xpc=-] [uct=-] [gz=-] [br=-] [tls=TLSv1.3] [cipher=TLS_AES_256_GCM_SHA384] [scheme=https] [eorigin=-] pouted.com www.pouted.com vps115398.inmotionhosting.com 3076
18.140.46.18 - - [07/Sep/2025:18:47:11 -0700] "GET /wp-content/uploads/2016/11/women-leather-jackets-2017-55.jpg?x34696 HTTP/2.0" 200 83748 "-" "Mozilla/5.0 (compatible; crawler)" [loc=US/-] [rt=0.004] [proto=HTTP/2.0:h2] [args=x34696] [ucs=-] [xpc=STATIC/PATH] [uct=-] [gz=-] [br=-] [tls=TLSv1.3] [cipher=TLS_AES_256_GCM_SHA384] [scheme=https] [eorigin=-] pouted.com www.pouted.com vps115398.inmotionhosting.com 3085
66.249.79.138 - - [07/Sep/2025:18:47:11 -0700] "GET /wp-content/uploads/2013/12/RMS_cakeladygr-Christmas-tree-close-up_s4x3_lg.jpg?x72261 HTTP/2.0" 200 80519 "-" "Googlebot-Image/1.0" [loc=US/Mountain View] [rt=0.000] [proto=HTTP/2.0:h2] [args=x72261] [ucs=-] [xpc=STATIC/PATH] [uct=-] [gz=-] [br=-] [tls=TLSv1.3] [cipher=TLS_AES_256_GCM_SHA384] [scheme=https] [eorigin=-] pouted.com www.pouted.com vps115398.inmotionhosting.com 3086
172.81.58.227 - - [07/Sep/2025:18:47:11 -0700] "GET /build-capsule-wardrobe/ HTTP/2.0" 502 559 "https://www.pouted.com/" "Mozilla/5.0 (Macintosh; Intel Mac OS X 12_5) AppleWebKit/537.36 (KHTML, like Gecko) Chrome/114.0.0.0 YaBrowser/22.7.0 Yowser/2.5 Safari/537.36" [loc=US/Albuquerque] [rt=0.001] [proto=HTTP/2.0:h2] [args=-] [ucs=-] [xpc=-] [uct=-] [gz=-] [br=-] [tls=TLSv1.3] [cipher=TLS_AES_256_GCM_SHA384] [scheme=https] [eorigin=-] pouted.com www.pouted.com vps115398.inmotionhosting.com 3087
192.178.6.98 - - [07/Sep/2025:18:47:11 -0700] "GET /products/13233009/ HTTP/1.1" 502 559 "-" "Mozilla/5.0 (Linux; Android 6.0.1; Nexus 5X Build/MMB29P) AppleWebKit/537.36 (KHTML, like Gecko) Chrome/138.0.7204.183 Mobile Safari/537.36 (compatible; Googlebot/2.1; +http://www.google.com/bot.html)" [loc=US/Mountain View] [rt=0.000] [proto=HTTP/1.1:] [args=-] [ucs=MISS] [xpc=-] [uct=-] [gz=-] [br=-] [tls=-] [cipher=-] [scheme=http] [eorigin=-] ayaclass.com www.ayaclass.com vps115398.inmotionhosting.com 2827
172.81.58.227 - - [07/Sep/2025:18:47:11 -0700] "GET /build-capsule-wardrobe/ HTTP/2.0" 502 559 "https://www.pouted.com/" "Mozilla/5.0 (Macintosh; Intel Mac OS X 12_5) AppleWebKit/537.36 (KHTML, like Gecko) Chrome/114.0.0.0 YaBrowser/22.7.0 Yowser/2.5 Safari/537.36" [loc=US/Albuquerque] [rt=0.000] [proto=HTTP/2.0:h2] [args=-] [ucs=-] [xpc=-] [uct=-] [gz=-] [br=-] [tls=TLSv1.3] [cipher=TLS_AES_256_GCM_SHA384] [scheme=https] [eorigin=-] pouted.com www.pouted.com vps115398.inmotionhosting.com 3090
172.81.58.227 - - [07/Sep/2025:18:47:12 -0700] "GET /build-capsule-wardrobe/ HTTP/2.0" 502 559 "https://www.pouted.com/" "Mozilla/5.0 (Macintosh; Intel Mac OS X 12_5) AppleWebKit/537.36 (KHTML, like Gecko) Chrome/114.0.0.0 YaBrowser/22.7.0 Yowser/2.5 Safari/537.36" [loc=US/Albuquerque] [rt=0.000] [proto=HTTP/2.0:h2] [args=-] [ucs=-] [xpc=-] [uct=-] [gz=-] [br=-] [tls=TLSv1.3] [cipher=TLS_AES_256_GCM_SHA384] [scheme=https] [eorigin=-] pouted.com www.pouted.com vps115398.inmotionhosting.com 3092
54.251.253.210 - - [07/Sep/2025:18:47:12 -0700] "GET /wp-content/uploads/2017/03/floral-outfits-54.jpg?x72261 HTTP/2.0" 200 71002 "-" "Mozilla/5.0 (compatible; crawler)" [loc=SG/Singapore] [rt=0.004] [proto=HTTP/2.0:h2] [args=x72261] [ucs=-] [xpc=STATIC/PATH] [uct=-] [gz=-] [br=-] [tls=TLSv1.3] [cipher=TLS_AES_256_GCM_SHA384] [scheme=https] [eorigin=-] pouted.com www.pouted.com vps115398.inmotionhosting.com 3094
172.81.58.227 - - [07/Sep/2025:18:47:12 -0700] "GET /build-capsule-wardrobe/ HTTP/2.0" 502 559 "https://www.pouted.com/" "Mozilla/5.0 (Macintosh; Intel Mac OS X 12_5) AppleWebKit/537.36 (KHTML, like Gecko) Chrome/114.0.0.0 YaBrowser/22.7.0 Yowser/2.5 Safari/537.36" [loc=US/Albuquerque] [rt=0.000] [proto=HTTP/2.0:h2] [args=-] [ucs=-] [xpc=-] [uct=-] [gz=-] [br=-] [tls=TLSv1.3] [cipher=TLS_AES_256_GCM_SHA384] [scheme=https] [eorigin=-] pouted.com www.pouted.com vps115398.inmotionhosting.com 3087
192.178.6.98 - - [07/Sep/2025:18:47:16 -0700] "GET /products/14863409/ HTTP/1.1" 502 559 "-" "Mozilla/5.0 (Linux; Android 6.0.1; Nexus 5X Build/MMB29P) AppleWebKit/537.36 (KHTML, like Gecko) Chrome/138.0.7204.183 Mobile Safari/537.36 (compatible; Googlebot/2.1; +http://www.google.com/bot.html)" [loc=US/Mountain View] [rt=0.000] [proto=HTTP/1.1:] [args=-] [ucs=MISS] [xpc=-] [uct=-] [gz=-] [br=-] [tls=-] [cipher=-] [scheme=http] [eorigin=-] ayaclass.com www.ayaclass.com vps115398.inmotionhosting.com 2827
150.109.196.248 - - [07/Sep/2025:18:47:17 -0700] "GET /wp-content/uploads/2018/06/Jordan-Alexander-Jewelry-and-Where-To-Buy-Best-Designs-390x220.jpg HTTP/2.0" 200 10564 "-" "Mozilla/5.0 (X11; Ubuntu; Linux x86_64; rv:72.0) Gecko/20100101 Firefox/72.0" [loc=CN/Beijing] [rt=0.000] [proto=HTTP/2.0:h2] [args=-] [ucs=-] [xpc=STATIC/PATH] [uct=-] [gz=-] [br=-] [tls=TLSv1.3] [cipher=TLS_AES_256_GCM_SHA384] [scheme=https] [eorigin=-] pouted.com www.pouted.com vps115398.inmotionhosting.com 3101
54.247.36.226 - - [07/Sep/2025:18:47:17 -0700] "GET /50-creative-weird-sofas-home/ HTTP/2.0" 502 559 "-" "Mozilla/5.0 (Macintosh; Intel Mac OS X 10_15_7) AppleWebKit/537.36 (KHTML, like Gecko) Chrome/131.0.0.0 Safari/537.36" [loc=IE/Dublin] [rt=0.000] [proto=HTTP/2.0:h2] [args=-] [ucs=-] [xpc=-] [uct=-] [gz=-] [br=-] [tls=TLSv1.3] [cipher=TLS_AES_256_GCM_SHA384] [scheme=https] [eorigin=-] pouted.com www.pouted.com vps115398.inmotionhosting.com 3099
77.79.177.27 - - [07/Sep/2025:18:47:18 -0700] "GET /best-online-fashion-clothing-apps/ HTTP/2.0" 502 559 "https://www.pouted.com/best-online-fashion-clothing-apps/" "Mozilla/5.0 (Windows NT 10.0; Win64; x64) AppleWebKit/537.36 (KHTML, like Gecko) Chrome/103.0.0.0 Safari/537.36" [loc=RU/Ufa] [rt=0.000] [proto=HTTP/2.0:h2] [args=-] [ucs=-] [xpc=-] [uct=-] [gz=-] [br=-] [tls=TLSv1.3] [cipher=TLS_AES_256_GCM_SHA384] [scheme=https] [eorigin=-] pouted.com www.pouted.com vps115398.inmotionhosting.com 3100
54.251.255.21 - - [07/Sep/2025:18:47:19 -0700] "GET /wp-content/uploads/2018/12/23-zuhair-murad-fw18-bridal-1515432988-675x1012.jpg?x72261 HTTP/2.0" 200 95464 "-" "Mozilla/5.0 (compatible; crawler)" [loc=SG/Singapore] [rt=0.004] [proto=HTTP/2.0:h2] [args=x72261] [ucs=-] [xpc=STATIC/PATH] [uct=-] [gz=-] [br=-] [tls=TLSv1.3] [cipher=TLS_AES_256_GCM_SHA384] [scheme=https] [eorigin=-] pouted.com www.pouted.com vps115398.inmotionhosting.com 3105
77.79.177.27 - - [07/Sep/2025:18:47:19 -0700] "GET / HTTP/2.0" 502 559 "https://www.pouted.com/" "Mozilla/5.0 (Windows NT 10.0; Win64; x64) AppleWebKit/537.36 (KHTML, like Gecko) Chrome/103.0.0.0 Safari/537.36" [loc=RU/Ufa] [rt=0.001] [proto=HTTP/2.0:h2] [args=-] [ucs=-] [xpc=-] [uct=-] [gz=-] [br=-] [tls=TLSv1.3] [cipher=TLS_AES_256_GCM_SHA384] [scheme=https] [eorigin=-] pouted.com www.pouted.com vps115398.inmotionhosting.com 3104
104.239.39.98 - - [07/Sep/2025:18:47:20 -0700] "GET /wp-content/uploads/2015/02/ios8_share_moments.png?x45357 HTTP/2.0" 200 414680 "-" "Mozilla/5.0 (Macintosh; Intel Mac OS X 10_15_7) AppleWebKit/537.36 (KHTML, like Gecko) Chrome/120.0.0.0 Safari/537.36" [loc=US/Wilmington] [rt=0.011] [proto=HTTP/2.0:h2] [args=x45357] [ucs=-] [xpc=STATIC/PATH] [uct=-] [gz=-] [br=-] [tls=TLSv1.3] [cipher=TLS_AES_256_GCM_SHA384] [scheme=https] [eorigin=-] pouted.com www.pouted.com vps115398.inmotionhosting.com 3107
192.178.6.98 - - [07/Sep/2025:18:47:21 -0700] "GET /products/29416487/ HTTP/1.1" 502 559 "-" "Mozilla/5.0 (Linux; Android 6.0.1; Nexus 5X Build/MMB29P) AppleWebKit/537.36 (KHTML, like Gecko) Chrome/138.0.7204.183 Mobile Safari/537.36 (compatible; Googlebot/2.1; +http://www.google.com/bot.html)" [loc=US/Mountain View] [rt=0.000] [proto=HTTP/1.1:] [args=-] [ucs=MISS] [xpc=-] [uct=-] [gz=-] [br=-] [tls=-] [cipher=-] [scheme=http] [eorigin=-] ayaclass.com www.ayaclass.com vps115398.inmotionhosting.com 2827
197.35.130.246 - - [07/Sep/2025:18:47:21 -0700] "POST /wp-admin/admin-ajax.php HTTP/2.0" 502 559 "https://www.pouted.com/wp-admin/post.php?post=161655&action=edit&classic-editor" "Mozilla/5.0 (Windows NT 10.0; Win64; x64) AppleWebKit/537.36 (KHTML, like Gecko) Chrome/139.0.0.0 Safari/537.36" [loc=EG/-] [rt=0.000] [proto=HTTP/2.0:h2] [args=-] [ucs=-] [xpc=-] [uct=-] [gz=-] [br=-] [tls=TLSv1.3] [cipher=TLS_AES_256_GCM_SHA384] [scheme=https] [eorigin=-] pouted.com www.pouted.com vps115398.inmotionhosting.com 3076
192.178.6.98 - - [07/Sep/2025:18:47:23 -0700] "GET /products/17260454/ HTTP/1.1" 502 559 "-" "Mozilla/5.0 (Linux; Android 6.0.1; Nexus 5X Build/MMB29P) AppleWebKit/537.36 (KHTML, like Gecko) Chrome/138.0.7204.183 Mobile Safari/537.36 (compatible; Googlebot/2.1; +http://www.google.com/bot.html)" [loc=US/Mountain View] [rt=0.000] [proto=HTTP/1.1:] [args=-] [ucs=MISS] [xpc=-] [uct=-] [gz=-] [br=-] [tls=-] [cipher=-] [scheme=http] [eorigin=-] ayaclass.com www.ayaclass.com vps115398.inmotionhosting.com 2827
68.69.181.148 - - [07/Sep/2025:18:47:23 -0700] "GET /wp-content/uploads/2013/06/wedding-centerpiece-table-arrangement-ideas-21.jpg HTTP/2.0" 200 146471 "-" "Mozilla/5.0 (X11; Ubuntu; Linux x86_64; rv:72.0) Gecko/20100101 Firefox/72.0" [loc=US/Las Vegas] [rt=0.005] [proto=HTTP/2.0:h2] [args=-] [ucs=-] [xpc=STATIC/PATH] [uct=-] [gz=-] [br=-] [tls=TLSv1.3] [cipher=TLS_AES_256_GCM_SHA384] [scheme=https] [eorigin=-] pouted.com www.pouted.com vps115398.inmotionhosting.com 3111
192.178.6.98 - - [07/Sep/2025:18:47:25 -0700] "GET /products/28543009/ HTTP/1.1" 502 559 "-" "Mozilla/5.0 (Linux; Android 6.0.1; Nexus 5X Build/MMB29P) AppleWebKit/537.36 (KHTML, like Gecko) Chrome/138.0.7204.183 Mobile Safari/537.36 (compatible; Googlebot/2.1; +http://www.google.com/bot.html)" [loc=US/Mountain View] [rt=0.000] [proto=HTTP/1.1:] [args=-] [ucs=MISS] [xpc=-] [uct=-] [gz=-] [br=-] [tls=-] [cipher=-] [scheme=http] [eorigin=-] ayaclass.com www.ayaclass.com vps115398.inmotionhosting.com 2827
150.109.109.160 - - [07/Sep/2025:18:47:25 -0700] "GET /wp-content/uploads/2017/01/twisted-hairstyles-10.jpg HTTP/2.0" 200 94742 "-" "Mozilla/5.0 (X11; Ubuntu; Linux x86_64; rv:72.0) Gecko/20100101 Firefox/72.0" [loc=CN/Beijing] [rt=0.002] [proto=HTTP/2.0:h2] [args=-] [ucs=-] [xpc=STATIC/PATH] [uct=-] [gz=-] [br=-] [tls=TLSv1.3] [cipher=TLS_AES_256_GCM_SHA384] [scheme=https] [eorigin=-] pouted.com www.pouted.com vps115398.inmotionhosting.com 3113
66.249.79.136 - - [07/Sep/2025:18:47:27 -0700] "GET /wp-content/uploads/2013/06/318558xcitefun-oil-painting-7.jpg?x72261 HTTP/2.0" 200 348097 "-" "Googlebot-Image/1.0" [loc=US/Mountain View] [rt=0.001] [proto=HTTP/2.0:h2] [args=x72261] [ucs=-] [xpc=STATIC/PATH] [uct=-] [gz=-] [br=-] [tls=TLSv1.3] [cipher=TLS_AES_256_GCM_SHA384] [scheme=https] [eorigin=-] pouted.com www.pouted.com vps115398.inmotionhosting.com 3114
35.194.67.72 - - [07/Sep/2025:18:47:28 -0700] "GET /feed/ HTTP/2.0" 502 157 "-" "Mozilla/5.0 (Windows NT 6.3; WOW64; rv:33.0) Gecko/20100101 Firefox/33.0" [loc=US/-] [rt=0.000] [proto=HTTP/2.0:h2] [args=-] [ucs=-] [xpc=-] [uct=-] [gz=-] [br=-] [tls=TLSv1.3] [cipher=TLS_AES_256_GCM_SHA384] [scheme=https] [eorigin=-] pouted.com www.pouted.com vps115398.inmotionhosting.com 3115
13.213.127.104 - - [07/Sep/2025:18:47:29 -0700] "GET /wp-content/uploads/2017/03/floral-outfits-20.jpg?x43083 HTTP/2.0" 200 54239 "-" "Mozilla/5.0 (compatible; crawler)" [loc=US/Norwalk] [rt=0.000] [proto=HTTP/2.0:h2] [args=x43083] [ucs=-] [xpc=STATIC/PATH] [uct=-] [gz=-] [br=-] [tls=TLSv1.3] [cipher=TLS_AES_256_GCM_SHA384] [scheme=https] [eorigin=-] pouted.com www.pouted.com vps115398.inmotionhosting.com 3117
192.178.6.98 - - [07/Sep/2025:18:47:29 -0700] "GET /products/23477976/ HTTP/1.1" 502 559 "-" "Mozilla/5.0 (Linux; Android 6.0.1; Nexus 5X Build/MMB29P) AppleWebKit/537.36 (KHTML, like Gecko) Chrome/138.0.7204.183 Mobile Safari/537.36 (compatible; Googlebot/2.1; +http://www.google.com/bot.html)" [loc=US/Mountain View] [rt=0.000] [proto=HTTP/1.1:] [args=-] [ucs=MISS] [xpc=-] [uct=-] [gz=-] [br=-] [tls=-] [cipher=-] [scheme=http] [eorigin=-] ayaclass.com www.ayaclass.com vps115398.inmotionhosting.com 2827
