2024/11/28 20:52:46 [error] 607#0: *1174 open() "/home/pouted/public_html/wp-content/uploads/jewels/Van-Dykhuizen-Designs-Retail-Location-Custom-Jewelry-1.png" failed (2: No such file or directory), client: 207.166.160.179, server: pouted.com, request: "GET /wp-content/uploads/jewels/Van-Dykhuizen-Designs-Retail-Location-Custom-Jewelry-1.png?x34696 HTTP/2.0", host: "www.pouted.com"
2024/11/28 20:52:46 [error] 607#0: *1132 open() "/home/pouted/public_html/wp-content/uploads/2015/05/avoid-dieting1.jpg" failed (2: No such file or directory), client: 130.84.14.27, server: pouted.com, request: "GET /wp-content/uploads/2015/05/avoid-dieting1.jpg?x71148 HTTP/2.0", host: "www.pouted.com"
2024/11/28 20:52:54 [error] 607#0: *1181 connect() failed (111: Connection refused) while connecting to upstream, client: 15.188.59.80, server: pouted.com, request: "GET /10-wardrobe-essentials-summer-fashion-trends/ HTTP/2.0", upstream: "https://192.145.236.239:8443/10-wardrobe-essentials-summer-fashion-trends/", host: "www.pouted.com", referrer: "https://www.pouted.com/10-fashion-tips-for-plus-size-men-to-wear-in-office/"
2024/11/28 20:52:56 [error] 607#0: *1185 connect() failed (111: Connection refused) while connecting to upstream, client: 15.188.59.80, server: pouted.com, request: "GET /tag/badcock-furniture/ HTTP/2.0", upstream: "https://192.145.236.239:8443/tag/badcock-furniture/", host: "www.pouted.com", referrer: "https://www.pouted.com/most-popular-badcock-furniture/"
2024/11/28 20:52:57 [error] 607#0: *1188 connect() failed (111: Connection refused) while connecting to upstream, client: 54.36.149.244, server: pouted.com, request: "GET /tag/the-worlds-most-expensive-womens-wedding/ HTTP/2.0", upstream: "https://192.145.236.239:8443/tag/the-worlds-most-expensive-womens-wedding/", host: "www.pouted.com"
2024/11/28 20:52:57 [error] 607#0: *1190 connect() failed (111: Connection refused) while connecting to upstream, client: 54.36.149.248, server: pouted.com, request: "GET /6-interesting-facts-about-the-mountain-of-butterflies/ HTTP/2.0", upstream: "https://192.145.236.239:8443/6-interesting-facts-about-the-mountain-of-butterflies/", host: "www.pouted.com"
2024/11/28 20:52:59 [error] 607#0: *1193 open() "/home/pouted/public_html/wp-content/uploads/2014/05/1986-Silver-Eagle2.jpg" failed (2: No such file or directory), client: 43.156.236.46, server: pouted.com, request: "GET /wp-content/uploads/2014/05/1986-Silver-Eagle2.jpg?x44527 HTTP/2.0", host: "www.pouted.com"
2024/11/28 20:53:00 [error] 607#0: *1192 connect() failed (111: Connection refused) while connecting to upstream, client: 54.36.149.244, server: pouted.com, request: "GET /best-places-to-watch-sunset-around-the-world/ HTTP/2.0", upstream: "https://192.145.236.239:8443/best-places-to-watch-sunset-around-the-world/", host: "www.pouted.com"
2024/11/28 20:53:01 [error] 607#0: *1196 connect() failed (111: Connection refused) while connecting to upstream, client: 54.36.149.59, server: pouted.com, request: "GET /tag/young-children-accessories/ HTTP/2.0", upstream: "https://192.145.236.239:8443/tag/young-children-accessories/", host: "www.pouted.com"
2024/11/28 20:53:03 [error] 607#0: *1199 connect() failed (111: Connection refused) while connecting to upstream, client: 15.188.59.80, server: pouted.com, request: "GET /tag/loosing-curls/ HTTP/2.0", upstream: "https://192.145.236.239:8443/tag/loosing-curls/", host: "www.pouted.com", referrer: "https://www.pouted.com/50-dazzling-fabulous-bridal-hairstyles-wedding/"
2024/11/28 20:53:06 [error] 607#0: *1201 connect() failed (111: Connection refused) while connecting to upstream, client: 15.188.59.80, server: pouted.com, request: "GET /tag/headbands/ HTTP/2.0", upstream: "https://192.145.236.239:8443/tag/headbands/", host: "www.pouted.com", referrer: "https://www.pouted.com/50-dazzling-fabulous-bridal-hairstyles-wedding/"
2024/11/28 20:53:08 [error] 607#0: *1204 connect() failed (111: Connection refused) while connecting to upstream, client: 15.188.59.80, server: pouted.com, request: "GET /reasons-scientists-believe-cannabis-treat-coronavirus/ HTTP/2.0", upstream: "https://192.145.236.239:8443/reasons-scientists-believe-cannabis-treat-coronavirus/", host: "www.pouted.com", referrer: "https://www.pouted.com/best-entrepreneurs-books-to-start-reading-be-successful/"
2024/11/28 20:53:17 [error] 607#0: *1210 connect() failed (111: Connection refused) while connecting to upstream, client: 35.236.198.124, server: pouted.com, request: "GET /ads.txt HTTP/2.0", upstream: "https://192.145.236.239:8443/ads.txt", host: "pouted.com"
2024/11/28 20:53:17 [error] 607#0: *1209 connect() failed (111: Connection refused) while connecting to upstream, client: 2409:40c1:2013:20be:94ff:da27:bdde:ab87, server: intensed.com, request: "GET /youtube-video-titles-generator-app/ HTTP/2.0", upstream: "https://192.145.236.239:8443/youtube-video-titles-generator-app/", host: "www.intensed.com"
2024/11/28 20:53:18 [error] 607#0: *1214 connect() failed (111: Connection refused) while connecting to upstream, client: 44.244.133.71, server: pouted.com, request: "GET /magazine/more-categories/greeting-cards/ HTTP/2.0", upstream: "https://192.145.236.239:8443/magazine/more-categories/greeting-cards/", host: "www.pouted.com"
2024/11/28 20:53:18 [error] 607#0: *1216 connect() failed (111: Connection refused) while connecting to upstream, client: 54.202.145.92, server: pouted.com, request: "GET /magazine/more-categories/greeting-cards/ HTTP/2.0", upstream: "https://192.145.236.239:8443/magazine/more-categories/greeting-cards/", host: "www.pouted.com"
2024/11/28 20:53:18 [error] 607#0: *1218 connect() failed (111: Connection refused) while connecting to upstream, client: 2409:40c1:2013:20be:94ff:da27:bdde:ab87, server: intensed.com, request: "GET /favicon.ico HTTP/2.0", upstream: "https://192.145.236.239:8443/favicon.ico", host: "www.intensed.com", referrer: "https://www.intensed.com/youtube-video-titles-generator-app/"
2024/11/28 20:53:19 [error] 607#0: *1218 connect() failed (111: Connection refused) while connecting to upstream, client: 2409:40c1:2013:20be:94ff:da27:bdde:ab87, server: intensed.com, request: "GET /favicon.ico HTTP/2.0", upstream: "https://192.145.236.239:8443/favicon.ico", host: "www.intensed.com", referrer: "https://www.intensed.com/youtube-video-titles-generator-app/"
2024/11/28 20:53:19 [error] 607#0: *1221 open() "/home/pouted/public_html/wp-content/uploads/2014/06/White-Porsche-Boxster-Bridal-Car-Photo.jpg" failed (2: No such file or directory), client: 18.217.98.105, server: pouted.com, request: "GET /wp-content/uploads/2014/06/White-Porsche-Boxster-Bridal-Car-Photo.jpg?x45357 HTTP/2.0", host: "www.pouted.com"
2024/11/28 20:53:20 [error] 607#0: *1209 connect() failed (111: Connection refused) while connecting to upstream, client: 2409:40c1:2013:20be:94ff:da27:bdde:ab87, server: intensed.com, request: "GET /youtube-video-titles-generator-app/ HTTP/2.0", upstream: "https://192.145.236.239:8443/youtube-video-titles-generator-app/", host: "www.intensed.com", referrer: "https://www.intensed.com/youtube-video-titles-generator-app/"
2024/11/28 20:53:21 [error] 607#0: *1218 connect() failed (111: Connection refused) while connecting to upstream, client: 2409:40c1:2013:20be:94ff:da27:bdde:ab87, server: intensed.com, request: "GET /favicon.ico HTTP/2.0", upstream: "https://192.145.236.239:8443/favicon.ico", host: "www.intensed.com", referrer: "https://www.intensed.com/youtube-video-titles-generator-app/"
2024/11/28 20:53:22 [error] 607#0: *1225 connect() failed (111: Connection refused) while connecting to upstream, client: 195.191.219.130, server: intensed.com, request: "GET / HTTP/2.0", upstream: "https://192.145.236.239:8443/", host: "www.intensed.com"
2024/11/28 20:53:22 [error] 607#0: *1181 connect() failed (111: Connection refused) while connecting to upstream, client: 15.188.59.80, server: pouted.com, request: "GET /tag/dazzling-hairstyles/ HTTP/2.0", upstream: "https://192.145.236.239:8443/tag/dazzling-hairstyles/", host: "www.pouted.com", referrer: "https://www.pouted.com/50-dazzling-fabulous-bridal-hairstyles-wedding/"
2024/11/28 20:53:25 [error] 607#0: *1230 connect() failed (111: Connection refused) while connecting to upstream, client: 34.229.240.95, server: pouted.com, request: "GET /15-beautiful-gray-hairstyles-that-suit-all-women-over-50/ HTTP/2.0", upstream: "https://192.145.236.239:8443/15-beautiful-gray-hairstyles-that-suit-all-women-over-50/", host: "www.pouted.com"
2024/11/28 20:53:25 [error] 607#0: *1185 connect() failed (111: Connection refused) while connecting to upstream, client: 15.188.59.80, server: pouted.com, request: "GET /tag/curly/ HTTP/2.0", upstream: "https://192.145.236.239:8443/tag/curly/", host: "www.pouted.com", referrer: "https://www.pouted.com/50-dazzling-fabulous-bridal-hairstyles-wedding/"
2024/11/28 20:53:28 [error] 607#0: *1234 open() "/home/pouted/public_html/wp-content/uploads/2013/12/56.jpg" failed (2: No such file or directory), client: 144.80.64.105, server: pouted.com, request: "GET /wp-content/uploads/2013/12/56.jpg?x71148 HTTP/2.0", host: "www.pouted.com"
2024/11/28 20:53:29 [error] 607#0: *1199 connect() failed (111: Connection refused) while connecting to upstream, client: 15.188.59.80, server: pouted.com, request: "GET /tag/crowns/ HTTP/2.0", upstream: "https://192.145.236.239:8443/tag/crowns/", host: "www.pouted.com", referrer: "https://www.pouted.com/50-dazzling-fabulous-bridal-hairstyles-wedding/"
2024/11/28 20:53:31 [error] 607#0: *1201 connect() failed (111: Connection refused) while connecting to upstream, client: 15.188.59.80, server: pouted.com, request: "GET /tag/brides-hair/ HTTP/2.0", upstream: "https://192.145.236.239:8443/tag/brides-hair/", host: "www.pouted.com", referrer: "https://www.pouted.com/50-dazzling-fabulous-bridal-hairstyles-wedding/"
2024/11/28 20:53:32 [error] 607#0: *1240 connect() failed (111: Connection refused) while connecting to upstream, client: 54.36.149.246, server: pouted.com, request: "GET /tag/creative-hobbies/ HTTP/2.0", upstream: "https://192.145.236.239:8443/tag/creative-hobbies/", host: "www.pouted.com"
2024/11/28 20:53:32 [error] 607#0: *1242 connect() failed (111: Connection refused) while connecting to upstream, client: 127.0.0.1, server: 127.0.0.1, request: "GET /whm-server-status HTTP/1.0", upstream: "http://127.0.0.1:8080/whm-server-status", host: "localhost"
2024/11/28 20:53:34 [error] 607#0: *1244 connect() failed (111: Connection refused) while connecting to upstream, client: 54.36.149.246, server: pouted.com, request: "GET /tag/cnc-machine/ HTTP/2.0", upstream: "https://192.145.236.239:8443/tag/cnc-machine/", host: "www.pouted.com"
2024/11/28 20:53:35 [error] 607#0: *1204 connect() failed (111: Connection refused) while connecting to upstream, client: 15.188.59.80, server: pouted.com, request: "GET /tag/bridal-hairstyles/ HTTP/2.0", upstream: "https://192.145.236.239:8443/tag/bridal-hairstyles/", host: "www.pouted.com", referrer: "https://www.pouted.com/50-dazzling-fabulous-bridal-hairstyles-wedding/"
2024/11/28 20:53:35 [error] 607#0: *1246 connect() failed (111: Connection refused) while connecting to upstream, client: 54.36.149.249, server: pouted.com, request: "GET /anniversary-greeting-cards-for-your-lover-parents-or-partner/ HTTP/2.0", upstream: "https://192.145.236.239:8443/anniversary-greeting-cards-for-your-lover-parents-or-partner/", host: "www.pouted.com"
2024/11/28 20:53:36 [error] 607#0: *1250 connect() failed (111: Connection refused) while connecting to upstream, client: 54.36.182.232, server: pouted.com, request: "POST /wp-login.php HTTP/2.0", upstream: "https://192.145.236.239:8443/wp-login.php", host: "www.pouted.com"
2024/11/28 20:53:37 [error] 607#0: *1252 connect() failed (111: Connection refused) while connecting to upstream, client: 54.36.149.247, server: pouted.com, request: "GET /tag/sensitive-skin-caring-tips/ HTTP/2.0", upstream: "https://192.145.236.239:8443/tag/sensitive-skin-caring-tips/", host: "www.pouted.com"
2024/11/28 20:53:37 [error] 607#0: *1253 connect() failed (111: Connection refused) while connecting to upstream, client: 15.188.59.80, server: pouted.com, request: "GET /tag/successful-business-keys/ HTTP/2.0", upstream: "https://192.145.236.239:8443/tag/successful-business-keys/", host: "www.pouted.com", referrer: "https://www.pouted.com/best-entrepreneurs-books-to-start-reading-be-successful/"
2024/11/28 20:53:38 [error] 607#0: *1257 connect() failed (111: Connection refused) while connecting to upstream, client: 2409:40c1:2013:20be:94ff:da27:bdde:ab87, server: intensed.com, request: "GET /youtube-video-titles-generator-app/ HTTP/2.0", upstream: "https://192.145.236.239:8443/youtube-video-titles-generator-app/", host: "www.intensed.com"
2024/11/28 20:53:38 [error] 607#0: *1258 connect() failed (111: Connection refused) while connecting to upstream, client: 54.36.149.248, server: pouted.com, request: "GET /tag/medical-gifts/ HTTP/2.0", upstream: "https://192.145.236.239:8443/tag/medical-gifts/", host: "www.pouted.com"
2024/11/28 20:53:39 [error] 607#0: *1218 connect() failed (111: Connection refused) while connecting to upstream, client: 2409:40c1:2013:20be:94ff:da27:bdde:ab87, server: intensed.com, request: "GET /favicon.ico HTTP/2.0", upstream: "https://192.145.236.239:8443/favicon.ico", host: "www.intensed.com", referrer: "https://www.intensed.com/youtube-video-titles-generator-app/"
2024/11/28 20:53:39 [error] 607#0: *1218 connect() failed (111: Connection refused) while connecting to upstream, client: 2409:40c1:2013:20be:94ff:da27:bdde:ab87, server: intensed.com, request: "GET /favicon.ico HTTP/2.0", upstream: "https://192.145.236.239:8443/favicon.ico", host: "www.intensed.com", referrer: "https://www.intensed.com/youtube-video-titles-generator-app/"
2024/11/28 20:53:39 [error] 607#0: *1264 connect() failed (111: Connection refused) while connecting to upstream, client: 15.188.59.80, server: pouted.com, request: "GET /tag/entrepreneurs-books/ HTTP/2.0", upstream: "https://192.145.236.239:8443/tag/entrepreneurs-books/", host: "www.pouted.com", referrer: "https://www.pouted.com/best-entrepreneurs-books-to-start-reading-be-successful/"
2024/11/28 20:53:40 [error] 607#0: *1257 connect() failed (111: Connection refused) while connecting to upstream, client: 2409:40c1:2013:20be:94ff:da27:bdde:ab87, server: intensed.com, request: "GET /youtube-video-titles-generator-app/ HTTP/2.0", upstream: "https://192.145.236.239:8443/youtube-video-titles-generator-app/", host: "www.intensed.com", referrer: "https://www.intensed.com/youtube-video-titles-generator-app/"
2024/11/28 20:53:41 [error] 607#0: *1218 connect() failed (111: Connection refused) while connecting to upstream, client: 2409:40c1:2013:20be:94ff:da27:bdde:ab87, server: intensed.com, request: "GET /favicon.ico HTTP/2.0", upstream: "https://192.145.236.239:8443/favicon.ico", host: "www.intensed.com", referrer: "https://www.intensed.com/youtube-video-titles-generator-app/"
2024/11/28 20:53:41 [error] 607#0: *1269 open() "/home/pouted/public_html/wp-content/uploads/2013/07/outdoor-wedding-ceremony-ideas-next-big-bridal-blogger-finalist-1__full.jpg" failed (2: No such file or directory), client: 120.241.153.30, server: pouted.com, request: "GET /wp-content/uploads/2013/07/outdoor-wedding-ceremony-ideas-next-big-bridal-blogger-finalist-1__full.jpg HTTP/2.0", host: "www.pouted.com"
2024/11/28 20:53:42 [error] 607#0: *1270 open() "/home/pouted/public_html/wp-content/uploads/2013/11/89074437-780x405.jpg" failed (2: No such file or directory), client: 140.110.148.3, server: pouted.com, request: "GET /wp-content/uploads/2013/11/89074437-780x405.jpg?x85627 HTTP/2.0", host: "www.pouted.com"
2024/11/28 20:53:43 [error] 607#0: *1271 connect() failed (111: Connection refused) while connecting to upstream, client: 2a03:2880:f800:d::, server: pouted.com, request: "GET /top-17-futuristic-architecture-designs/ HTTP/2.0", upstream: "https://192.145.236.239:8443/top-17-futuristic-architecture-designs/", host: "www.pouted.com"
2024/11/28 20:53:44 [error] 607#0: *1275 connect() failed (111: Connection refused) while connecting to upstream, client: 15.188.59.80, server: pouted.com, request: "GET /tag/business-leaders/ HTTP/2.0", upstream: "https://192.145.236.239:8443/tag/business-leaders/", host: "www.pouted.com", referrer: "https://www.pouted.com/best-entrepreneurs-books-to-start-reading-be-successful/"
2024/11/28 20:53:46 [error] 607#0: *1277 open() "/home/pouted/public_html/wp-content/uploads/2013/06/boss-argued-poll.jpg" failed (2: No such file or directory), client: 3.214.213.176, server: pouted.com, request: "GET /wp-content/uploads/2013/06/boss-argued-poll.jpg?x85627 HTTP/2.0", host: "www.pouted.com"
2024/11/28 20:53:46 [error] 607#0: *1278 open() "/home/pouted/public_html/wp-content/uploads/2013/06/black-and-white1.jpg" failed (2: No such file or directory), client: 18.219.91.60, server: pouted.com, request: "GET /wp-content/uploads/2013/06/black-and-white1.jpg?x71148 HTTP/2.0", host: "www.pouted.com"
2024/11/28 20:53:46 [error] 607#0: *1218 connect() failed (111: Connection refused) while connecting to upstream, client: 2409:40c1:2013:20be:94ff:da27:bdde:ab87, server: intensed.com, request: "GET /favicon.ico HTTP/2.0", upstream: "https://192.145.236.239:8443/favicon.ico", host: "www.intensed.com", referrer: "https://www.intensed.com/youtube-video-titles-generator-app/"
2024/11/28 20:53:47 [error] 607#0: *1280 connect() failed (111: Connection refused) while connecting to upstream, client: 54.36.149.247, server: pouted.com, request: "GET /tag/fire-rainbow/ HTTP/2.0", upstream: "https://192.145.236.239:8443/tag/fire-rainbow/", host: "www.pouted.com"
2024/11/28 20:53:50 [error] 607#0: *1284 connect() failed (111: Connection refused) while connecting to upstream, client: 2409:40c1:2013:20be:94ff:da27:bdde:ab87, server: intensed.com, request: "GET /youtube-video-titles-generator-app/ HTTP/2.0", upstream: "https://192.145.236.239:8443/youtube-video-titles-generator-app/", host: "www.intensed.com"
2024/11/28 20:53:51 [error] 607#0: *1218 connect() failed (111: Connection refused) while connecting to upstream, client: 2409:40c1:2013:20be:94ff:da27:bdde:ab87, server: intensed.com, request: "GET /favicon.ico HTTP/2.0", upstream: "https://192.145.236.239:8443/favicon.ico", host: "www.intensed.com", referrer: "https://www.intensed.com/youtube-video-titles-generator-app/"
2024/11/28 20:53:53 [error] 607#0: *1290 connect() failed (111: Connection refused) while connecting to upstream, client: 160.176.126.150, server: pouted.com, request: "GET /how-to-make-coffee-without-a-coffee-pot/ HTTP/2.0", upstream: "https://192.145.236.239:8443/how-to-make-coffee-without-a-coffee-pot/", host: "www.pouted.com"
2024/11/28 20:53:54 [error] 607#0: *1293 open() "/home/pouted/public_html/wp-content/uploads/2017/04/a2hosting-vs-bluehost1-390x220.jpg" failed (2: No such file or directory), client: 130.84.14.30, server: pouted.com, request: "GET /wp-content/uploads/2017/04/a2hosting-vs-bluehost1-390x220.jpg?x85627 HTTP/2.0", host: "www.pouted.com"
2024/11/28 20:53:57 [error] 607#0: *1297 connect() failed (111: Connection refused) while connecting to upstream, client: 66.249.77.77, server: pouted.com, request: "GET /sand-animation/1000 HTTP/2.0", upstream: "https://192.145.236.239:8443/sand-animation/1000", host: "www.pouted.com"
2024/11/28 20:53:57 [error] 607#0: *1218 connect() failed (111: Connection refused) while connecting to upstream, client: 2409:40c1:2013:20be:94ff:da27:bdde:ab87, server: intensed.com, request: "GET /favicon.ico HTTP/2.0", upstream: "https://192.145.236.239:8443/favicon.ico", host: "www.intensed.com", referrer: "https://www.intensed.com/youtube-video-titles-generator-app/"
2024/11/28 20:53:58 [error] 607#0: *1300 connect() failed (111: Connection refused) while connecting to upstream, client: 54.36.149.246, server: pouted.com, request: "GET /tag/photos-ideas/ HTTP/2.0", upstream: "https://192.145.236.239:8443/tag/photos-ideas/", host: "www.pouted.com"
2024/11/28 20:53:58 [error] 607#0: *1301 open() "/home/pouted/public_html/wp-content/uploads/jewels/10k-Gold-Halo-Engagement-Created-Blue-Sapphire-Ring.jpg" failed (2: No such file or directory), client: 130.84.14.27, server: pouted.com, request: "GET /wp-content/uploads/jewels/10k-Gold-Halo-Engagement-Created-Blue-Sapphire-Ring.jpg?x71148 HTTP/2.0", host: "www.pouted.com"
2024/11/28 20:54:01 [error] 607#0: *1305 connect() failed (111: Connection refused) while connecting to upstream, client: 52.225.75.223, server: pouted.com, request: "GET /top-football-players-with-most-red-cards-in-history/ HTTP/2.0", upstream: "https://192.145.236.239:8443/top-football-players-with-most-red-cards-in-history/", host: "www.pouted.com"
2024/11/28 20:54:02 [error] 607#0: *1307 connect() failed (111: Connection refused) while connecting to upstream, client: 52.225.75.208, server: pouted.com, request: "GET /top-football-players-with-most-red-cards-in-history/ HTTP/2.0", upstream: "https://192.145.236.239:8443/top-football-players-with-most-red-cards-in-history/", host: "www.pouted.com"
2024/11/28 20:54:02 [error] 607#0: *1309 connect() failed (111: Connection refused) while connecting to upstream, client: 52.225.75.208, server: pouted.com, request: "GET /top-football-players-with-most-red-cards-in-history/ HTTP/2.0", upstream: "https://192.145.236.239:8443/top-football-players-with-most-red-cards-in-history/", host: "www.pouted.com"
2024/11/28 20:54:02 [error] 607#0: *1311 connect() failed (111: Connection refused) while connecting to upstream, client: 52.225.75.213, server: pouted.com, request: "GET /top-football-players-with-most-red-cards-in-history/ HTTP/2.0", upstream: "https://192.145.236.239:8443/top-football-players-with-most-red-cards-in-history/", host: "www.pouted.com"
2024/11/28 20:54:05 [error] 607#0: *1316 connect() failed (111: Connection refused) while connecting to upstream, client: 54.36.149.241, server: pouted.com, request: "GET /elegant-winter-outfit-ideas-for-business-women/ HTTP/2.0", upstream: "https://192.145.236.239:8443/elegant-winter-outfit-ideas-for-business-women/", host: "www.pouted.com"
2024/11/28 20:54:06 [error] 607#0: *1319 connect() failed (111: Connection refused) while connecting to upstream, client: 2409:40e0:102:f9cc:6cd1:cb27:2220:3da6, server: intensed.com, request: "GET /youtube-video-titles-generator-app/ HTTP/2.0", upstream: "https://192.145.236.239:8443/youtube-video-titles-generator-app/", host: "www.intensed.com"
2024/11/28 20:54:06 [error] 607#0: *1322 connect() failed (111: Connection refused) while connecting to upstream, client: 54.215.211.160, server: pouted.com, request: "POST /wp-login.php HTTP/2.0", upstream: "https://192.145.236.239:8443/wp-login.php", host: "www.pouted.com", referrer: "https://www.pouted.com/"
2024/11/28 20:54:07 [error] 607#0: *1253 connect() failed (111: Connection refused) while connecting to upstream, client: 15.188.59.80, server: pouted.com, request: "GET /tag/hashtags/ HTTP/2.0", upstream: "https://192.145.236.239:8443/tag/hashtags/", host: "www.pouted.com", referrer: "https://www.pouted.com/make-trending-topic/"
2024/11/28 20:54:07 [error] 607#0: *1218 connect() failed (111: Connection refused) while connecting to upstream, client: 2409:40e0:102:f9cc:6cd1:cb27:2220:3da6, server: intensed.com, request: "GET /favicon.ico HTTP/2.0", upstream: "https://192.145.236.239:8443/favicon.ico", host: "www.intensed.com", referrer: "https://www.intensed.com/youtube-video-titles-generator-app/"
2024/11/28 20:54:07 [error] 607#0: *1218 connect() failed (111: Connection refused) while connecting to upstream, client: 2409:40e0:102:f9cc:6cd1:cb27:2220:3da6, server: intensed.com, request: "GET /favicon.ico HTTP/2.0", upstream: "https://192.145.236.239:8443/favicon.ico", host: "www.intensed.com", referrer: "https://www.intensed.com/youtube-video-titles-generator-app/"
2024/11/28 20:54:09 [error] 607#0: *1264 connect() failed (111: Connection refused) while connecting to upstream, client: 15.188.59.80, server: pouted.com, request: "GET /using-wood-to-decorate-your-home-easy-tips-and-tricks/ HTTP/2.0", upstream: "https://192.145.236.239:8443/using-wood-to-decorate-your-home-easy-tips-and-tricks/", host: "www.pouted.com", referrer: "https://www.pouted.com/bookaway-review/"
2024/11/28 20:54:11 [error] 607#0: *1275 connect() failed (111: Connection refused) while connecting to upstream, client: 15.188.59.80, server: pouted.com, request: "GET /tag/traveling-on-low-budget/ HTTP/2.0", upstream: "https://192.145.236.239:8443/tag/traveling-on-low-budget/", host: "www.pouted.com", referrer: "https://www.pouted.com/bookaway-review/"
2024/11/28 20:54:12 [error] 607#0: *1333 open() "/home/pouted/public_html/wp-content/uploads/2018/06/Pouted_East-West-Setting-675x675.jpg" failed (2: No such file or directory), client: 130.84.14.27, server: pouted.com, request: "GET /wp-content/uploads/2018/06/Pouted_East-West-Setting-675x675.jpg?x71148 HTTP/2.0", host: "www.pouted.com"
2024/11/28 20:54:13 [error] 607#0: *1334 connect() failed (111: Connection refused) while connecting to upstream, client: 67.189.100.187, server: pouted.com, request: "GET /the-most-unbelievable-30-realistic-kid-cars/ HTTP/2.0", upstream: "https://192.145.236.239:8443/the-most-unbelievable-30-realistic-kid-cars/", host: "www.pouted.com", referrer: "https://www.bing.com/"
2024/11/28 20:54:14 [error] 607#0: *1336 connect() failed (111: Connection refused) while connecting to upstream, client: 52.70.227.86, server: pouted.com, request: "GET /top-10-worlds-most-expensive-pokemon-cards-2015/ HTTP/2.0", upstream: "https://192.145.236.239:8443/top-10-worlds-most-expensive-pokemon-cards-2015/", host: "www.pouted.com"
2024/11/28 20:54:16 [error] 607#0: *1339 connect() failed (111: Connection refused) while connecting to upstream, client: 2a00:809:3b1:a436::61af:f96a, server: pouted.com, request: "GET /how-and-when-give-flowers-to-woman/ HTTP/2.0", upstream: "https://192.145.236.239:8443/how-and-when-give-flowers-to-woman/", host: "www.pouted.com", referrer: "https://duckduckgo.com/"
2024/11/28 20:54:17 [error] 607#0: *1319 connect() failed (111: Connection refused) while connecting to upstream, client: 2409:40e0:102:f9cc:6cd1:cb27:2220:3da6, server: intensed.com, request: "GET /youtube-video-titles-generator-app/ HTTP/2.0", upstream: "https://192.145.236.239:8443/youtube-video-titles-generator-app/", host: "www.intensed.com"
2024/11/28 20:54:17 [error] 607#0: *1341 connect() failed (111: Connection refused) while connecting to upstream, client: 45.178.234.25, server: pouted.com, request: "GET /latest-bag-trends-2014/ HTTP/2.0", upstream: "https://192.145.236.239:8443/latest-bag-trends-2014/", host: "www.pouted.com"
2024/11/28 20:54:17 [error] 607#0: *1218 connect() failed (111: Connection refused) while connecting to upstream, client: 2409:40e0:102:f9cc:6cd1:cb27:2220:3da6, server: intensed.com, request: "GET /favicon.ico HTTP/2.0", upstream: "https://192.145.236.239:8443/favicon.ico", host: "www.intensed.com", referrer: "https://www.intensed.com/youtube-video-titles-generator-app/"
2024/11/28 20:54:19 [error] 607#0: *1347 connect() failed (111: Connection refused) while connecting to upstream, client: 2a00:809:3b1:a436::61af:f96a, server: pouted.com, request: "GET /apple-touch-icon.png HTTP/2.0", upstream: "https://192.145.236.239:8443/apple-touch-icon.png", host: "pouted.com"
2024/11/28 20:54:23 [error] 607#0: *1350 connect() failed (111: Connection refused) while connecting to upstream, client: 54.36.149.240, server: pouted.com, request: "GET /tag/effective-guest-blogging-tips/ HTTP/2.0", upstream: "https://192.145.236.239:8443/tag/effective-guest-blogging-tips/", host: "www.pouted.com"
2024/11/28 20:54:26 [error] 607#0: *1353 connect() failed (111: Connection refused) while connecting to upstream, client: 40.84.221.230, server: pouted.com, request: "GET /upcycled-furniture-ideas/ HTTP/2.0", upstream: "https://192.145.236.239:8443/upcycled-furniture-ideas/", host: "www.pouted.com"
2024/11/28 20:54:26 [error] 607#0: *1355 connect() failed (111: Connection refused) while connecting to upstream, client: 40.84.221.238, server: pouted.com, request: "GET /upcycled-furniture-ideas/ HTTP/2.0", upstream: "https://192.145.236.239:8443/upcycled-furniture-ideas/", host: "www.pouted.com"
2024/11/28 20:54:27 [error] 607#0: *1358 connect() failed (111: Connection refused) while connecting to upstream, client: 40.84.221.232, server: pouted.com, request: "GET /upcycled-furniture-ideas/ HTTP/2.0", upstream: "https://192.145.236.239:8443/upcycled-furniture-ideas/", host: "www.pouted.com"
2024/11/28 20:54:27 [error] 607#0: *1361 connect() failed (111: Connection refused) while connecting to upstream, client: 40.84.221.236, server: pouted.com, request: "GET /upcycled-furniture-ideas/ HTTP/2.0", upstream: "https://192.145.236.239:8443/upcycled-furniture-ideas/", host: "www.pouted.com"
2024/11/28 20:54:30 [error] 607#0: *1218 connect() failed (111: Connection refused) while connecting to upstream, client: 2409:40e0:102:f9cc:6cd1:cb27:2220:3da6, server: intensed.com, request: "GET /favicon.ico HTTP/2.0", upstream: "https://192.145.236.239:8443/favicon.ico", host: "www.intensed.com", referrer: "https://www.intensed.com/youtube-video-titles-generator-app/"
2024/11/28 20:54:37 [error] 607#0: *1373 connect() failed (111: Connection refused) while connecting to upstream, client: 15.188.59.80, server: pouted.com, request: "GET /author/adam/ HTTP/2.0", upstream: "https://192.145.236.239:8443/author/adam/", host: "www.pouted.com", referrer: "https://www.pouted.com/modern-wood-flooring/"
2024/11/28 20:54:39 [error] 607#0: *1377 connect() failed (111: Connection refused) while connecting to upstream, client: 54.36.149.248, server: pouted.com, request: "GET /tag/hair-restoration/ HTTP/2.0", upstream: "https://192.145.236.239:8443/tag/hair-restoration/", host: "www.pouted.com"
2024/11/28 20:54:39 [error] 607#0: *1380 connect() failed (111: Connection refused) while connecting to upstream, client: 54.236.1.11, server: pouted.com, request: "GET /43-hottest-hair-color-trends-for-men-in-2016/ HTTP/2.0", upstream: "https://192.145.236.239:8443/43-hottest-hair-color-trends-for-men-in-2016/", host: "www.pouted.com"
2024/11/28 20:54:39 [error] 607#0: *1379 connect() failed (111: Connection refused) while connecting to upstream, client: 15.188.59.80, server: pouted.com, request: "GET /tag/modern-wood-floors/ HTTP/2.0", upstream: "https://192.145.236.239:8443/tag/modern-wood-floors/", host: "www.pouted.com", referrer: "https://www.pouted.com/modern-wood-flooring/"
2024/11/28 20:54:40 [error] 607#0: *1383 connect() failed (111: Connection refused) while connecting to upstream, client: 189.69.224.168, server: pouted.com, request: "GET /89-glitter-nail-art-designs-for-shiny-sparkly-nails/ HTTP/2.0", upstream: "https://192.145.236.239:8443/89-glitter-nail-art-designs-for-shiny-sparkly-nails/", host: "www.pouted.com"
2024/11/28 20:54:41 [error] 607#0: *1385 connect() failed (111: Connection refused) while connecting to upstream, client: 127.0.0.1, server: 127.0.0.1, request: "GET /whm-server-status HTTP/1.0", upstream: "http://127.0.0.1:8080/whm-server-status", host: "localhost"
2024/11/28 20:54:42 [error] 607#0: *1389 connect() failed (111: Connection refused) while connecting to upstream, client: 85.208.98.19, server: intensed.com, request: "GET /best-digital-marketing-agencies/ HTTP/2.0", upstream: "https://192.145.236.239:8443/best-digital-marketing-agencies/", host: "www.intensed.com"
2024/11/28 20:54:42 [error] 607#0: *1391 connect() failed (111: Connection refused) while connecting to upstream, client: 54.36.149.241, server: pouted.com, request: "GET /tag/audi-q3-a-worthy-investment/ HTTP/2.0", upstream: "https://192.145.236.239:8443/tag/audi-q3-a-worthy-investment/", host: "www.pouted.com"
2024/11/28 20:54:43 [error] 607#0: *1393 connect() failed (111: Connection refused) while connecting to upstream, client: 54.92.137.63, server: pouted.com, request: "GET /top-self-defense-weapons-woman-should-carry/ HTTP/2.0", upstream: "https://192.145.236.239:8443/top-self-defense-weapons-woman-should-carry/", host: "www.pouted.com"
2024/11/28 20:54:43 [error] 607#0: *1395 open() "/home/pouted/public_html/wp-content/uploads/2013/05/Bezel-Solitaire-Ring-in-Yellow-Gold-475x475.jpg" failed (2: No such file or directory), client: 130.84.14.22, server: pouted.com, request: "GET /wp-content/uploads/2013/05/Bezel-Solitaire-Ring-in-Yellow-Gold-475x475.jpg HTTP/2.0", host: "www.pouted.com"
2024/11/28 20:54:45 [error] 607#0: *1396 connect() failed (111: Connection refused) while connecting to upstream, client: 15.188.59.80, server: pouted.com, request: "GET /tag/modern-wood-flooring/ HTTP/2.0", upstream: "https://192.145.236.239:8443/tag/modern-wood-flooring/", host: "www.pouted.com", referrer: "https://www.pouted.com/modern-wood-flooring/"
2024/11/28 20:54:47 [error] 607#0: *1399 connect() failed (111: Connection refused) while connecting to upstream, client: 15.188.59.80, server: pouted.com, request: "GET /tag/modern-hardwood-floors/ HTTP/2.0", upstream: "https://192.145.236.239:8443/tag/modern-hardwood-floors/", host: "www.pouted.com", referrer: "https://www.pouted.com/modern-wood-flooring/"
2024/11/28 20:54:47 [error] 607#0: *1401 open() "/home/pouted/public_html/wp-content/uploads/2014/08/mouawad-diamond-ruby-jewelry-apr02.jpg" failed (2: No such file or directory), client: 18.188.237.43, server: pouted.com, request: "GET /wp-content/uploads/2014/08/mouawad-diamond-ruby-jewelry-apr02.jpg?x45357 HTTP/2.0", host: "www.pouted.com"
2024/11/28 20:54:48 [error] 607#0: *1403 open() "/home/pouted/public_html/wp-content/uploads/2013/10/final2.jpg" failed (2: No such file or directory), client: 162.43.231.39, server: pouted.com, request: "GET /wp-content/uploads/2013/10/final2.jpg?x71148 HTTP/2.0", host: "www.pouted.com"
2024/11/28 20:54:49 [error] 607#0: *1405 connect() failed (111: Connection refused) while connecting to upstream, client: 2a03:2880:f800:15::, server: pouted.com, request: "GET /15-cutest-kids-fashion-trends-for-winter/ HTTP/2.0", upstream: "https://192.145.236.239:8443/15-cutest-kids-fashion-trends-for-winter/", host: "www.pouted.com"
2024/11/28 20:54:49 [error] 607#0: *1407 connect() failed (111: Connection refused) while connecting to upstream, client: 15.188.59.80, server: pouted.com, request: "GET /5-top-must-have-home-appliances/ HTTP/2.0", upstream: "https://192.145.236.239:8443/5-top-must-have-home-appliances/", host: "www.pouted.com", referrer: "https://www.pouted.com/modern-wood-flooring/"
2024/11/28 20:54:54 [error] 607#0: *1376 open() "/home/pouted/public_html/wp-content/uploads/2013/11/student_loan_debt.jpg" failed (2: No such file or directory), client: 144.80.64.105, server: pouted.com, request: "GET /wp-content/uploads/2013/11/student_loan_debt.jpg?x44527 HTTP/2.0", host: "www.pouted.com"
2024/11/28 20:54:54 [error] 607#0: *1411 connect() failed (111: Connection refused) while connecting to upstream, client: 2409:40e0:102:f9cc:6cd1:cb27:2220:3da6, server: intensed.com, request: "GET /youtube-video-titles-generator-app/ HTTP/2.0", upstream: "https://192.145.236.239:8443/youtube-video-titles-generator-app/", host: "www.intensed.com"
2024/11/28 20:54:54 [error] 607#0: *1413 connect() failed (111: Connection refused) while connecting to upstream, client: 54.36.149.246, server: pouted.com, request: "GET /top-10-unusual-handbags-fashion/ HTTP/2.0", upstream: "https://192.145.236.239:8443/top-10-unusual-handbags-fashion/", host: "www.pouted.com"
2024/11/28 20:54:54 [error] 607#0: *1415 open() "/home/pouted/public_html/wp-content/uploads/2013/11/Wolfenstein_FeaturedImage.jpg" failed (2: No such file or directory), client: 18.188.237.43, server: pouted.com, request: "GET /wp-content/uploads/2013/11/Wolfenstein_FeaturedImage.jpg?x45357 HTTP/2.0", host: "www.pouted.com"
2024/11/28 20:54:54 [error] 607#0: *1218 connect() failed (111: Connection refused) while connecting to upstream, client: 2409:40e0:102:f9cc:6cd1:cb27:2220:3da6, server: intensed.com, request: "GET /favicon.ico HTTP/2.0", upstream: "https://192.145.236.239:8443/favicon.ico", host: "www.intensed.com", referrer: "https://www.intensed.com/youtube-video-titles-generator-app/"
2024/11/28 20:54:55 [error] 607#0: *1218 connect() failed (111: Connection refused) while connecting to upstream, client: 2409:40e0:102:f9cc:6cd1:cb27:2220:3da6, server: intensed.com, request: "GET /favicon.ico HTTP/2.0", upstream: "https://192.145.236.239:8443/favicon.ico", host: "www.intensed.com", referrer: "https://www.intensed.com/youtube-video-titles-generator-app/"
2024/11/28 20:54:57 [error] 607#0: *1421 connect() failed (111: Connection refused) while connecting to upstream, client: 64.23.129.165, server: pouted.com, request: "POST /wp-login.php HTTP/2.0", upstream: "https://192.145.236.239:8443/wp-login.php", host: "www.pouted.com"
2024/11/28 20:54:57 [error] 607#0: *1423 open() "/home/pouted/public_html/wp-content/uploads/2013/02/Interactive-educational-TALKING-intelligent-LED-light-SMART-GLOBE-with-Multimedia-electronical-talking-pen.jpg" failed (2: No such file or directory), client: 147.160.184.136, server: pouted.com, request: "GET /wp-content/uploads/2013/02/Interactive-educational-TALKING-intelligent-LED-light-SMART-GLOBE-with-Multimedia-electronical-talking-pen.jpg HTTP/2.0", host: "www.pouted.com"
2024/11/28 20:54:59 [error] 607#0: *1424 connect() failed (111: Connection refused) while connecting to upstream, client: 54.36.149.240, server: pouted.com, request: "GET /tag/architecture-and-design/ HTTP/2.0", upstream: "https://192.145.236.239:8443/tag/architecture-and-design/", host: "www.pouted.com"
2024/11/28 20:55:00 [error] 607#0: *1373 connect() failed (111: Connection refused) while connecting to upstream, client: 15.188.59.80, server: pouted.com, request: "GET /2014-short-hair-trends-round-faces/ HTTP/2.0", upstream: "https://192.145.236.239:8443/2014-short-hair-trends-round-faces/", host: "www.pouted.com", referrer: "https://www.pouted.com/tag/short-hair/"
2024/11/28 20:55:02 [error] 607#0: *1431 connect() failed (111: Connection refused) while connecting to upstream, client: 217.182.158.226, server: pouted.com, request: "POST /wp-login.php HTTP/2.0", upstream: "https://192.145.236.239:8443/wp-login.php", host: "www.pouted.com"
2024/11/28 20:55:04 [error] 607#0: *1434 connect() failed (111: Connection refused) while connecting to upstream, client: 34.138.190.143, server: pouted.com, request: "GET /top-10-flowers-that-bloom-all-year/ HTTP/2.0", upstream: "https://192.145.236.239:8443/top-10-flowers-that-bloom-all-year/", host: "www.pouted.com"
2024/11/28 20:55:05 [error] 607#0: *1379 connect() failed (111: Connection refused) while connecting to upstream, client: 15.188.59.80, server: pouted.com, request: "GET /tag/learn-english/ HTTP/2.0", upstream: "https://192.145.236.239:8443/tag/learn-english/", host: "www.pouted.com", referrer: "https://www.pouted.com/improve-english-easily-quickly-without-exercises/"
2024/11/28 20:55:08 [error] 607#0: *1440 connect() failed (111: Connection refused) while connecting to upstream, client: 54.36.149.244, server: pouted.com, request: "GET /tag/hair-tips/ HTTP/2.0", upstream: "https://192.145.236.239:8443/tag/hair-tips/", host: "www.pouted.com"
2024/11/28 20:55:11 [error] 607#0: *1443 connect() failed (111: Connection refused) while connecting to upstream, client: 15.188.59.80, server: pouted.com, request: "GET /tag/learn-a-new-language/ HTTP/2.0", upstream: "https://192.145.236.239:8443/tag/learn-a-new-language/", host: "www.pouted.com", referrer: "https://www.pouted.com/improve-english-easily-quickly-without-exercises/"
2024/11/28 20:55:12 [error] 607#0: *1445 connect() failed (111: Connection refused) while connecting to upstream, client: 44.220.240.225, server: pouted.com, request: "GET /25-victorian-jewelry-designs-reflect-wealth-beauty/ HTTP/2.0", upstream: "https://192.145.236.239:8443/25-victorian-jewelry-designs-reflect-wealth-beauty/", host: "www.pouted.com"
2024/11/28 20:55:12 [error] 607#0: *1448 open() "/home/pouted/public_html/wp-content/uploads/2017/02/How-to-Stock-Your-Refrigerator-For-Healthy-Eating-Picture-1-675x529.jpg" failed (2: No such file or directory), client: 120.241.153.30, server: pouted.com, request: "GET /wp-content/uploads/2017/02/How-to-Stock-Your-Refrigerator-For-Healthy-Eating-Picture-1-675x529.jpg?x71148 HTTP/2.0", host: "www.pouted.com"
2024/11/28 20:55:12 [error] 607#0: *1399 connect() failed (111: Connection refused) while connecting to upstream, client: 15.188.59.80, server: pouted.com, request: "GET /tag/languages/ HTTP/2.0", upstream: "https://192.145.236.239:8443/tag/languages/", host: "www.pouted.com", referrer: "https://www.pouted.com/improve-english-easily-quickly-without-exercises/"
2024/11/28 20:55:13 [error] 607#0: *1450 connect() failed (111: Connection refused) while connecting to upstream, client: 54.36.149.240, server: pouted.com, request: "GET /tag/workintool-pdf-converter/ HTTP/2.0", upstream: "https://192.145.236.239:8443/tag/workintool-pdf-converter/", host: "www.pouted.com"
2024/11/28 20:55:15 [error] 607#0: *1407 connect() failed (111: Connection refused) while connecting to upstream, client: 15.188.59.80, server: pouted.com, request: "GET /tag/improve-your-english/ HTTP/2.0", upstream: "https://192.145.236.239:8443/tag/improve-your-english/", host: "www.pouted.com", referrer: "https://www.pouted.com/improve-english-easily-quickly-without-exercises/"
2024/11/28 20:55:16 [error] 607#0: *1455 open() "/home/pouted/public_html/wp-content/uploads/2013/06/mirrors-for-living-room-wall.jpg" failed (2: No such file or directory), client: 130.84.14.31, server: pouted.com, request: "GET /wp-content/uploads/2013/06/mirrors-for-living-room-wall.jpg?x44527 HTTP/2.0", host: "www.pouted.com"
2024/11/28 20:55:16 [error] 607#0: *1456 open() "/home/pouted/public_html/wp-content/uploads/2013/02/China_touch_and_read_pen2.jpg" failed (2: No such file or directory), client: 147.32.87.114, server: pouted.com, request: "GET /wp-content/uploads/2013/02/China_touch_and_read_pen2.jpg?x71148 HTTP/2.0", host: "www.pouted.com"
2024/11/28 20:55:18 [error] 607#0: *1458 connect() failed (111: Connection refused) while connecting to upstream, client: 15.188.59.80, server: pouted.com, request: "GET /tag/english/ HTTP/2.0", upstream: "https://192.145.236.239:8443/tag/english/", host: "www.pouted.com", referrer: "https://www.pouted.com/improve-english-easily-quickly-without-exercises/"
2024/11/28 20:55:19 [error] 607#0: *1461 connect() failed (111: Connection refused) while connecting to upstream, client: 131.153.240.162, server: pouted.com, request: "GET / HTTP/2.0", upstream: "https://192.145.236.239:8443/", host: "pouted.com"
2024/11/28 20:55:20 [error] 607#0: *1463 connect() failed (111: Connection refused) while connecting to upstream, client: 15.188.59.80, server: pouted.com, request: "GET /tag/baby-boys/ HTTP/2.0", upstream: "https://192.145.236.239:8443/tag/baby-boys/", host: "www.pouted.com", referrer: "https://www.pouted.com/cute-baby-clothes-for-summer-2013/"
2024/11/28 20:55:23 [error] 607#0: *1469 open() "/home/pouted/public_html/wp-content/uploads/2013/10/how-to-clean-make-up-brushes-at-home11.jpg" failed (2: No such file or directory), client: 18.219.91.60, server: pouted.com, request: "GET /wp-content/uploads/2013/10/how-to-clean-make-up-brushes-at-home11.jpg?x44527 HTTP/2.0", host: "www.pouted.com"
2024/11/28 20:55:24 [error] 607#0: *1470 connect() failed (111: Connection refused) while connecting to upstream, client: 54.36.149.247, server: pouted.com, request: "GET /tag/watches-that-are-inspired-by-the-designs-of-military-watches/ HTTP/2.0", upstream: "https://192.145.236.239:8443/tag/watches-that-are-inspired-by-the-designs-of-military-watches/", host: "www.pouted.com"
2024/11/28 20:55:25 [error] 607#0: *1472 connect() failed (111: Connection refused) while connecting to upstream, client: 52.225.75.218, server: pouted.com, request: "GET /most-played-sports/ HTTP/2.0", upstream: "https://192.145.236.239:8443/most-played-sports/", host: "www.pouted.com"
2024/11/28 20:55:25 [error] 607#0: *1475 connect() failed (111: Connection refused) while connecting to upstream, client: 52.225.75.209, server: pouted.com, request: "GET /most-played-sports/ HTTP/2.0", upstream: "https://192.145.236.239:8443/most-played-sports/", host: "www.pouted.com"
2024/11/28 20:55:25 [error] 607#0: *1477 connect() failed (111: Connection refused) while connecting to upstream, client: 52.225.75.208, server: pouted.com, request: "GET /most-played-sports/ HTTP/2.0", upstream: "https://192.145.236.239:8443/most-played-sports/", host: "www.pouted.com"
2024/11/28 20:55:25 [error] 607#0: *1474 connect() failed (111: Connection refused) while connecting to upstream, client: 190.104.45.2, server: pouted.com, request: "GET /the-catchiest-scarf-trends-for-women/amp/ HTTP/2.0", upstream: "https://192.145.236.239:8443/the-catchiest-scarf-trends-for-women/amp/", host: "www.pouted.com"
2024/11/28 20:55:25 [error] 607#0: *1480 connect() failed (111: Connection refused) while connecting to upstream, client: 52.225.75.208, server: pouted.com, request: "GET /most-played-sports/ HTTP/2.0", upstream: "https://192.145.236.239:8443/most-played-sports/", host: "www.pouted.com"
2024/11/28 20:55:25 [error] 607#0: *1483 connect() failed (111: Connection refused) while connecting to upstream, client: 54.236.1.13, server: pouted.com, request: "GET /behavioral-economics-investment-choices/ HTTP/2.0", upstream: "https://192.145.236.239:8443/behavioral-economics-investment-choices/", host: "www.pouted.com"
2024/11/28 20:55:26 [error] 607#0: *1482 connect() failed (111: Connection refused) while connecting to upstream, client: 66.249.93.99, server: pouted.com, request: "HEAD /feed/ HTTP/2.0", upstream: "https://192.145.236.239:8443/feed/", host: "www.pouted.com"
2024/11/28 20:55:26 [error] 607#0: *1484 connect() failed (111: Connection refused) while connecting to upstream, client: 15.188.59.80, server: pouted.com, request: "GET /tag/baby/ HTTP/2.0", upstream: "https://192.145.236.239:8443/tag/baby/", host: "www.pouted.com", referrer: "https://www.pouted.com/cute-baby-clothes-for-summer-2013/"
2024/11/28 20:55:26 [error] 607#0: *1482 connect() failed (111: Connection refused) while connecting to upstream, client: 66.249.93.102, server: pouted.com, request: "GET /feed/ HTTP/2.0", upstream: "https://192.145.236.239:8443/feed/", host: "www.pouted.com"
2024/11/28 20:55:27 [error] 607#0: *1490 connect() failed (111: Connection refused) while connecting to upstream, client: 37.59.21.100, server: pouted.com, request: "GET /14-images-largest-swimming-pool-world/feed/ HTTP/2.0", upstream: "https://192.145.236.239:8443/14-images-largest-swimming-pool-world/feed/", host: "www.pouted.com"
2024/11/28 20:55:30 [error] 607#0: *1494 connect() failed (111: Connection refused) while connecting to upstream, client: 194.233.78.152, server: pouted.com, request: "GET /sftp-config.json HTTP/2.0", upstream: "https://192.145.236.239:8443/sftp-config.json", host: "pouted.com"
2024/11/28 20:55:31 [error] 607#0: *1496 connect() failed (111: Connection refused) while connecting to upstream, client: 54.36.149.243, server: pouted.com, request: "GET /tag/lawyers/ HTTP/2.0", upstream: "https://192.145.236.239:8443/tag/lawyers/", host: "www.pouted.com"
2024/11/28 20:55:31 [error] 607#0: *1497 connect() failed (111: Connection refused) while connecting to upstream, client: 54.36.149.241, server: pouted.com, request: "GET /tag/bath-bomb/ HTTP/2.0", upstream: "https://192.145.236.239:8443/tag/bath-bomb/", host: "www.pouted.com"
2024/11/28 20:55:31 [error] 607#0: *1500 connect() failed (111: Connection refused) while connecting to upstream, client: 194.233.78.152, server: pouted.com, request: "GET /.vscode/sftp.json HTTP/2.0", upstream: "https://192.145.236.239:8443/.vscode/sftp.json", host: "pouted.com"
2024/11/28 20:55:41 [error] 607#0: *1515 open() "/home/pouted/public_html/wp-content/uploads/2017/05/wall-Hang-Canvases-675x925.jpg" failed (2: No such file or directory), client: 3.254.141.240, server: pouted.com, request: "GET /wp-content/uploads/2017/05/wall-Hang-Canvases-675x925.jpg?x44527 HTTP/2.0", host: "www.pouted.com"
2024/11/28 20:55:42 [error] 607#0: *1516 open() "/home/pouted/public_html/wp-content/uploads/2013/10/iPhone4BlackPenguin1000.jpg" failed (2: No such file or directory), client: 34.245.79.205, server: pouted.com, request: "GET /wp-content/uploads/2013/10/iPhone4BlackPenguin1000.jpg HTTP/2.0", host: "www.pouted.com"
2024/11/28 20:55:42 [error] 607#0: *1517 open() "/home/pouted/public_html/wp-content/uploads/2013/01/flowers-for-decoration.jpg" failed (2: No such file or directory), client: 3.252.208.226, server: pouted.com, request: "GET /wp-content/uploads/2013/01/flowers-for-decoration.jpg?x71148 HTTP/2.0", host: "www.pouted.com"
2024/11/28 20:55:43 [error] 607#0: *1521 connect() failed (111: Connection refused) while connecting to upstream, client: 172.178.141.133, server: pouted.com, request: "GET /top-5-best-selling-men-perfumes/ HTTP/2.0", upstream: "https://192.145.236.239:8443/top-5-best-selling-men-perfumes/", host: "www.pouted.com"
2024/11/28 20:55:43 [error] 607#0: *1522 connect() failed (111: Connection refused) while connecting to upstream, client: 172.178.141.138, server: pouted.com, request: "GET /top-5-best-selling-men-perfumes/ HTTP/2.0", upstream: "https://192.145.236.239:8443/top-5-best-selling-men-perfumes/", host: "www.pouted.com"
2024/11/28 20:55:43 [error] 607#0: *1519 connect() failed (111: Connection refused) while connecting to upstream, client: 51.68.224.123, server: pouted.com, request: "POST /wp-login.php HTTP/2.0", upstream: "https://192.145.236.239:8443/wp-login.php", host: "www.pouted.com"
