2024/11/28 20:48:24 [error] 607#0: *404 open() "/home/pouted/public_html/wp-content/uploads/2013/08/apartment-living-room-view-floral-ornament-designed-by-Daria-Grigorieva-.jpg" failed (2: No such file or directory), client: 125.103.127.143, server: pouted.com, request: "GET /wp-content/uploads/2013/08/apartment-living-room-view-floral-ornament-designed-by-Daria-Grigorieva-.jpg?x44527 HTTP/2.0", host: "www.pouted.com"
2024/11/28 20:48:24 [error] 607#0: *403 connect() failed (111: Connection refused) while connecting to upstream, client: 15.188.59.80, server: pouted.com, request: "GET /tag/affordable-gifts-for-men/ HTTP/2.0", upstream: "https://192.145.236.239:8443/tag/affordable-gifts-for-men/", host: "www.pouted.com", referrer: "https://www.pouted.com/best-35-money-clips-men/"
2024/11/28 20:48:25 [error] 607#0: *407 connect() failed (111: Connection refused) while connecting to upstream, client: 54.36.149.244, server: pouted.com, request: "GET /tag/travel-rewards-points/ HTTP/2.0", upstream: "https://192.145.236.239:8443/tag/travel-rewards-points/", host: "www.pouted.com"
2024/11/28 20:48:25 [error] 607#0: *409 connect() failed (111: Connection refused) while connecting to upstream, client: 36.132.231.175, server: pouted.com, request: "GET /best-7-technological-inventions-changed-digital-photography/ HTTP/2.0", upstream: "https://192.145.236.239:8443/best-7-technological-inventions-changed-digital-photography/", host: "www.pouted.com"
2024/11/28 20:48:29 [error] 607#0: *412 connect() failed (111: Connection refused) while connecting to upstream, client: 15.188.59.80, server: pouted.com, request: "GET /tag/accessories-for-men/ HTTP/2.0", upstream: "https://192.145.236.239:8443/tag/accessories-for-men/", host: "www.pouted.com", referrer: "https://www.pouted.com/best-35-money-clips-men/"
2024/11/28 20:48:31 [error] 607#0: *416 connect() failed (111: Connection refused) while connecting to upstream, client: 54.36.149.249, server: pouted.com, request: "GET /tag/from-all-over-the-world/ HTTP/2.0", upstream: "https://192.145.236.239:8443/tag/from-all-over-the-world/", host: "www.pouted.com"
2024/11/28 20:48:38 [error] 607#0: *381 connect() failed (111: Connection refused) while connecting to upstream, client: 15.188.59.80, server: pouted.com, request: "GET /tag/exhibitions-2/ HTTP/2.0", upstream: "https://192.145.236.239:8443/tag/exhibitions-2/", host: "www.pouted.com", referrer: "https://www.pouted.com/visual-marketing-and-business-promotion-through-exhibition-designs/"
2024/11/28 20:48:38 [error] 607#0: *425 connect() failed (111: Connection refused) while connecting to upstream, client: 85.208.98.19, server: pouted.com, request: "GET /top-10-best-eyelash-products-worth-trying/ HTTP/2.0", upstream: "https://192.145.236.239:8443/top-10-best-eyelash-products-worth-trying/", host: "www.pouted.com"
2024/11/28 20:48:39 [error] 607#0: *428 open() "/home/pouted/public_html/wp-content/uploads/2013/04/abu-dhabi-capital-united-arab-emirates-world-architecture.jpg" failed (2: No such file or directory), client: 147.32.87.114, server: pouted.com, request: "GET /wp-content/uploads/2013/04/abu-dhabi-capital-united-arab-emirates-world-architecture.jpg HTTP/2.0", host: "www.pouted.com"
2024/11/28 20:48:40 [error] 607#0: *393 connect() failed (111: Connection refused) while connecting to upstream, client: 216.244.66.248, server: pouted.com, request: "GET /submarine-shark-real-just-fake/ HTTP/2.0", upstream: "https://192.145.236.239:8443/submarine-shark-real-just-fake/", host: "www.pouted.com"
2024/11/28 20:48:42 [error] 607#0: *434 open() "/home/pouted/public_html/wp-content/uploads/2013/01/dune_black_sand_220513-780x405.jpg" failed (2: No such file or directory), client: 147.32.87.114, server: pouted.com, request: "GET /wp-content/uploads/2013/01/dune_black_sand_220513-780x405.jpg?x85627 HTTP/2.0", host: "www.pouted.com"
2024/11/28 20:48:43 [error] 607#0: *435 connect() failed (111: Connection refused) while connecting to upstream, client: 15.188.59.80, server: pouted.com, request: "GET /tag/exhibition-designs/ HTTP/2.0", upstream: "https://192.145.236.239:8443/tag/exhibition-designs/", host: "www.pouted.com", referrer: "https://www.pouted.com/visual-marketing-and-business-promotion-through-exhibition-designs/"
2024/11/28 20:48:43 [error] 607#0: *414 open() "/home/pouted/public_html/wp-content/uploads/2013/04/1..jpg" failed (2: No such file or directory), client: 3.252.208.226, server: pouted.com, request: "GET /wp-content/uploads/2013/04/1..jpg?x71148 HTTP/2.0", host: "www.pouted.com"
2024/11/28 20:48:44 [error] 607#0: *397 connect() failed (111: Connection refused) while connecting to upstream, client: 15.188.59.80, server: pouted.com, request: "GET /tag/watches-for-geeks/ HTTP/2.0", upstream: "https://192.145.236.239:8443/tag/watches-for-geeks/", host: "www.pouted.com", referrer: "https://www.pouted.com/top-10-craziest-mens-watches-for-2018/"
2024/11/28 20:48:44 [error] 611#0: *441 open() "/home/pouted/public_html/wp-content/uploads/2016/07/Christmas-Decoration-Trends-2017-19.jpg" failed (2: No such file or directory), client: 34.244.58.36, server: pouted.com, request: "GET /wp-content/uploads/2016/07/Christmas-Decoration-Trends-2017-19.jpg HTTP/2.0", host: "www.pouted.com"
2024/11/28 20:48:46 [error] 607#0: *403 connect() failed (111: Connection refused) while connecting to upstream, client: 15.188.59.80, server: pouted.com, request: "GET /tag/smart-watches/ HTTP/2.0", upstream: "https://192.145.236.239:8443/tag/smart-watches/", host: "www.pouted.com", referrer: "https://www.pouted.com/top-10-craziest-mens-watches-for-2018/"
2024/11/28 20:48:46 [error] 607#0: *444 connect() failed (111: Connection refused) while connecting to upstream, client: 54.36.149.249, server: pouted.com, request: "GET /tag/effect-of-cannabis-on-the-immune-system/ HTTP/2.0", upstream: "https://192.145.236.239:8443/tag/effect-of-cannabis-on-the-immune-system/", host: "www.pouted.com"
2024/11/28 20:48:47 [error] 607#0: *449 connect() failed (111: Connection refused) while connecting to upstream, client: 138.128.245.84, server: pouted.com, request: "POST /wp-login.php HTTP/2.0", upstream: "https://192.145.236.239:8443/wp-login.php", host: "www.pouted.com"
2024/11/28 20:48:47 [error] 607#0: *412 connect() failed (111: Connection refused) while connecting to upstream, client: 15.188.59.80, server: pouted.com, request: "GET /tag/fancy-watches/ HTTP/2.0", upstream: "https://192.145.236.239:8443/tag/fancy-watches/", host: "www.pouted.com", referrer: "https://www.pouted.com/top-10-craziest-mens-watches-for-2018/"
2024/11/28 20:48:48 [error] 607#0: *445 open() "/home/pouted/public_html/wp-content/uploads/2014/01/Handmade-Pearl-and-Gemstone-Leaf-cluster-bracelet-4.jpg" failed (2: No such file or directory), client: 63.32.91.34, server: pouted.com, request: "GET /wp-content/uploads/2014/01/Handmade-Pearl-and-Gemstone-Leaf-cluster-bracelet-4.jpg?x44527 HTTP/2.0", host: "www.pouted.com"
2024/11/28 20:48:48 [error] 607#0: *453 open() "/home/pouted/public_html/wp-content/uploads/2014/12/menthol_ice.jpg" failed (2: No such file or directory), client: 3.250.1.12, server: pouted.com, request: "GET /wp-content/uploads/2014/12/menthol_ice.jpg?x71148 HTTP/2.0", host: "www.pouted.com"
2024/11/28 20:48:48 [error] 607#0: *397 connect() failed (111: Connection refused) while connecting to upstream, client: 54.36.149.244, server: pouted.com, request: "GET /tag/burn-fat/ HTTP/2.0", upstream: "https://192.145.236.239:8443/tag/burn-fat/", host: "www.pouted.com"
2024/11/28 20:48:49 [error] 607#0: *457 open() "/home/pouted/public_html/wp-content/uploads/2015/11/enamelfluoroevileyepile-475x475.jpg" failed (2: No such file or directory), client: 3.250.3.28, server: pouted.com, request: "GET /wp-content/uploads/2015/11/enamelfluoroevileyepile-475x475.jpg HTTP/2.0", host: "www.pouted.com"
2024/11/28 20:48:50 [error] 607#0: *458 connect() failed (111: Connection refused) while connecting to upstream, client: 15.188.59.80, server: pouted.com, request: "GET /tag/famous-brands/ HTTP/2.0", upstream: "https://192.145.236.239:8443/tag/famous-brands/", host: "www.pouted.com", referrer: "https://www.pouted.com/top-10-craziest-mens-watches-for-2018/"
2024/11/28 20:48:50 [error] 607#0: *463 open() "/home/pouted/public_html/wp-content/uploads/2015/12/ewan-mcgregor-10.jpg" failed (2: No such file or directory), client: 3.252.208.226, server: pouted.com, request: "GET /wp-content/uploads/2015/12/ewan-mcgregor-10.jpg?x44527 HTTP/2.0", host: "www.pouted.com"
2024/11/28 20:48:53 [error] 607#0: *469 connect() failed (111: Connection refused) while connecting to upstream, client: 54.236.1.13, server: pouted.com, request: "GET /2017-wedding-dresses-trends-gorgeous-looking-bride/ HTTP/2.0", upstream: "https://192.145.236.239:8443/2017-wedding-dresses-trends-gorgeous-looking-bride/", host: "www.pouted.com"
2024/11/28 20:48:55 [error] 607#0: *473 open() "/home/pouted/public_html/wp-content/uploads/2013/01/Rieker-Ladies-Jette-Trainer-style-shoe-in-BrownTan-nubuck-leather.-300x300.jpg" failed (2: No such file or directory), client: 208.93.69.100, server: pouted.com, request: "GET /wp-content/uploads/2013/01/Rieker-Ladies-Jette-Trainer-style-shoe-in-BrownTan-nubuck-leather.-300x300.jpg HTTP/2.0", host: "www.pouted.com"
2024/11/28 20:48:55 [error] 607#0: *474 open() "/home/pouted/public_html/wp-content/uploads/2013/06/white-house-down.jpg" failed (2: No such file or directory), client: 3.253.57.201, server: pouted.com, request: "GET /wp-content/uploads/2013/06/white-house-down.jpg?x71148 HTTP/2.0", host: "www.pouted.com"
2024/11/28 20:48:56 [error] 607#0: *479 connect() failed (111: Connection refused) while connecting to upstream, client: 127.0.0.1, server: 127.0.0.1, request: "GET /whm-server-status HTTP/1.0", upstream: "http://127.0.0.1:8080/whm-server-status", host: "localhost"
2024/11/28 20:48:57 [error] 607#0: *483 connect() failed (111: Connection refused) while connecting to upstream, client: 34.48.98.6, server: pouted.com, request: "GET /feed/ HTTP/2.0", upstream: "https://192.145.236.239:8443/feed/", host: "www.pouted.com"
2024/11/28 20:48:59 [error] 607#0: *489 open() "/home/pouted/public_html/wp-content/uploads/2013/11/gallery-unit1-large4.jpg" failed (2: No such file or directory), client: 3.252.208.226, server: pouted.com, request: "GET /wp-content/uploads/2013/11/gallery-unit1-large4.jpg HTTP/2.0", host: "www.pouted.com"
2024/11/28 20:48:59 [error] 607#0: *396 open() "/home/pouted/public_html/wp-content/uploads/jewels/Sterling-Silver-CZ-Love-Knot-Round-Diamond-Teardrop-Earrings.jpg" failed (2: No such file or directory), client: 34.244.58.36, server: pouted.com, request: "GET /wp-content/uploads/jewels/Sterling-Silver-CZ-Love-Knot-Round-Diamond-Teardrop-Earrings.jpg?x85627 HTTP/2.0", host: "www.pouted.com"
2024/11/28 20:49:00 [error] 607#0: *492 open() "/home/pouted/public_html/wp-content/uploads/2013/10/iOS7_edited-1.jpg" failed (2: No such file or directory), client: 3.253.57.201, server: pouted.com, request: "GET /wp-content/uploads/2013/10/iOS7_edited-1.jpg HTTP/2.0", host: "www.pouted.com"
2024/11/28 20:49:00 [error] 607#0: *378 open() "/home/pouted/public_html/wp-content/uploads/2013/03/stmartin-petiteplage.jpg" failed (2: No such file or directory), client: 3.250.3.28, server: pouted.com, request: "GET /wp-content/uploads/2013/03/stmartin-petiteplage.jpg?x45357 HTTP/2.0", host: "www.pouted.com"
2024/11/28 20:49:01 [error] 607#0: *493 open() "/home/pouted/public_html/wp-content/uploads/2017/03/Most-Expensive-Diamond-Watches-390x220.jpg" failed (2: No such file or directory), client: 130.84.14.22, server: pouted.com, request: "GET /wp-content/uploads/2017/03/Most-Expensive-Diamond-Watches-390x220.jpg?x44527 HTTP/2.0", host: "www.pouted.com"
2024/11/28 20:49:01 [error] 607#0: *494 connect() failed (111: Connection refused) while connecting to upstream, client: 17.241.219.101, server: pouted.com, request: "GET /magazine/interior-designs/home-decorations/page/2/ HTTP/2.0", upstream: "https://192.145.236.239:8443/magazine/interior-designs/home-decorations/page/2/", host: "www.pouted.com"
2024/11/28 20:49:02 [error] 607#0: *498 open() "/home/pouted/public_html/wp-content/uploads/2013/03/handpicking_sao-benedito.jpg" failed (2: No such file or directory), client: 34.245.79.205, server: pouted.com, request: "GET /wp-content/uploads/2013/03/handpicking_sao-benedito.jpg?x45357 HTTP/2.0", host: "www.pouted.com"
2024/11/28 20:49:04 [error] 607#0: *504 open() "/home/pouted/public_html/wp-content/uploads/2013/11/bsnnitrix2.jpg" failed (2: No such file or directory), client: 3.252.208.226, server: pouted.com, request: "GET /wp-content/uploads/2013/11/bsnnitrix2.jpg?x44527 HTTP/2.0", host: "www.pouted.com"
2024/11/28 20:49:04 [error] 607#0: *477 open() "/home/pouted/public_html/wp-content/uploads/2018/07/home-exterior-roof-675x312.jpg" failed (2: No such file or directory), client: 120.241.153.30, server: pouted.com, request: "GET /wp-content/uploads/2018/07/home-exterior-roof-675x312.jpg?x45357 HTTP/2.0", host: "www.pouted.com"
2024/11/28 20:49:06 [error] 607#0: *448 open() "/home/pouted/public_html/wp-content/uploads/2014/05/hcit_services.png" failed (2: No such file or directory), client: 18.219.91.60, server: pouted.com, request: "GET /wp-content/uploads/2014/05/hcit_services.png?x44527 HTTP/2.0", host: "www.pouted.com"
2024/11/28 20:49:07 [error] 607#0: *509 connect() failed (111: Connection refused) while connecting to upstream, client: 103.181.174.93, server: pouted.com, request: "GET /cyber-security-issues-of-internet-with-electric-vehicles/ HTTP/2.0", upstream: "https://192.145.236.239:8443/cyber-security-issues-of-internet-with-electric-vehicles/", host: "www.pouted.com"
2024/11/28 20:49:08 [error] 607#0: *511 open() "/home/pouted/public_html/wp-content/uploads/2013/02/dresser1.jpg" failed (2: No such file or directory), client: 3.253.57.201, server: pouted.com, request: "GET /wp-content/uploads/2013/02/dresser1.jpg?x45357 HTTP/2.0", host: "www.pouted.com"
2024/11/28 20:49:10 [error] 607#0: *458 connect() failed (111: Connection refused) while connecting to upstream, client: 15.188.59.80, server: pouted.com, request: "GET /tag/wedding-cakes/ HTTP/2.0", upstream: "https://192.145.236.239:8443/tag/wedding-cakes/", host: "www.pouted.com", referrer: "https://www.pouted.com/2014-wedding-trends-look-gorgeous-catchy-wedding/"
2024/11/28 20:49:10 [error] 607#0: *516 connect() failed (111: Connection refused) while connecting to upstream, client: 54.36.149.243, server: pouted.com, request: "GET /tag/brands/ HTTP/2.0", upstream: "https://192.145.236.239:8443/tag/brands/", host: "www.pouted.com"
2024/11/28 20:49:10 [error] 607#0: *517 connect() failed (111: Connection refused) while connecting to upstream, client: 66.249.77.77, server: pouted.com, request: "GET /people-inadvertently-diminish-their-sleep-quality/ HTTP/2.0", upstream: "https://192.145.236.239:8443/people-inadvertently-diminish-their-sleep-quality/", host: "www.pouted.com"
2024/11/28 20:49:11 [error] 607#0: *520 open() "/home/pouted/public_html/wp-content/uploads/2015/06/Does-Your-Pet-Have-Some-Kind-of-Allergy1-780x405.jpg" failed (2: No such file or directory), client: 34.244.58.36, server: pouted.com, request: "GET /wp-content/uploads/2015/06/Does-Your-Pet-Have-Some-Kind-of-Allergy1-780x405.jpg?x85627 HTTP/2.0", host: "www.pouted.com"
2024/11/28 20:49:12 [error] 607#0: *521 connect() failed (111: Connection refused) while connecting to upstream, client: 15.188.59.80, server: pouted.com, request: "GET /tag/veils/ HTTP/2.0", upstream: "https://192.145.236.239:8443/tag/veils/", host: "www.pouted.com", referrer: "https://www.pouted.com/2014-wedding-trends-look-gorgeous-catchy-wedding/"
2024/11/28 20:49:12 [error] 607#0: *525 open() "/home/pouted/public_html/wp-content/uploads/2013/11/6385830859_76e8226cfc_o.jpg" failed (2: No such file or directory), client: 3.250.3.28, server: pouted.com, request: "GET /wp-content/uploads/2013/11/6385830859_76e8226cfc_o.jpg?x71148 HTTP/2.0", host: "www.pouted.com"
2024/11/28 20:49:14 [error] 607#0: *530 connect() failed (111: Connection refused) while connecting to upstream, client: 15.188.59.80, server: pouted.com, request: "GET /tag/short-veils/ HTTP/2.0", upstream: "https://192.145.236.239:8443/tag/short-veils/", host: "www.pouted.com", referrer: "https://www.pouted.com/2014-wedding-trends-look-gorgeous-catchy-wedding/"
2024/11/28 20:49:15 [error] 607#0: *534 connect() failed (111: Connection refused) while connecting to upstream, client: 66.249.77.77, server: pouted.com, request: "GET /best-winter-fragrances/ HTTP/2.0", upstream: "https://192.145.236.239:8443/best-winter-fragrances/", host: "www.pouted.com"
2024/11/28 20:49:16 [error] 607#0: *538 connect() failed (111: Connection refused) while connecting to upstream, client: 2a03:2880:f800:d::, server: pouted.com, request: "GET /interior-design-trends-2024/ HTTP/2.0", upstream: "https://192.145.236.239:8443/interior-design-trends-2024/", host: "www.pouted.com"
2024/11/28 20:49:18 [error] 607#0: *542 open() "/home/pouted/public_html/wp-content/uploads/2013/06/family.jpg" failed (2: No such file or directory), client: 63.32.91.34, server: pouted.com, request: "GET /wp-content/uploads/2013/06/family.jpg HTTP/2.0", host: "www.pouted.com"
2024/11/28 20:49:18 [error] 607#0: *543 connect() failed (111: Connection refused) while connecting to upstream, client: 66.249.93.68, server: intensed.com, request: "GET /digital-marketing/seo/feed/ HTTP/2.0", upstream: "https://192.145.236.239:8443/digital-marketing/seo/feed/", host: "www.intensed.com"
2024/11/28 20:49:19 [error] 607#0: *549 connect() failed (111: Connection refused) while connecting to upstream, client: 66.249.75.163, server: pouted.com, request: "GET / HTTP/2.0", upstream: "https://192.145.236.239:8443/", host: "pouted.com"
2024/11/28 20:49:22 [error] 607#0: *562 open() "/home/pouted/public_html/wp-content/uploads/2013/11/Df_SL_50_1.8_SE_top-680x582.jpg" failed (2: No such file or directory), client: 3.131.160.15, server: pouted.com, request: "GET /wp-content/uploads/2013/11/Df_SL_50_1.8_SE_top-680x582.jpg HTTP/2.0", host: "www.pouted.com"
2024/11/28 20:49:27 [error] 607#0: *571 open() "/home/pouted/public_html/wp-content/uploads/2013/02/necklace1.jpg" failed (2: No such file or directory), client: 192.0.116.210, server: pouted.com, request: "GET /wp-content/uploads/2013/02/necklace1.jpg HTTP/2.0", host: "www.pouted.com"
2024/11/28 20:49:28 [error] 607#0: *573 connect() failed (111: Connection refused) while connecting to upstream, client: 54.36.149.243, server: pouted.com, request: "GET /tag/winter-hat-trends/ HTTP/2.0", upstream: "https://192.145.236.239:8443/tag/winter-hat-trends/", host: "www.pouted.com"
2024/11/28 20:49:28 [error] 607#0: *575 open() "/home/pouted/public_html/wp-content/uploads/2013/01/2013-green-bathrooms-trends2.jpg" failed (2: No such file or directory), client: 3.250.3.28, server: pouted.com, request: "GET /wp-content/uploads/2013/01/2013-green-bathrooms-trends2.jpg HTTP/2.0", host: "www.pouted.com"
2024/11/28 20:49:29 [error] 607#0: *576 open() "/home/pouted/public_html/wp-content/uploads/2013/07/recitymagazine-GHOST-chair_DRIFT_-780x405.jpg" failed (2: No such file or directory), client: 130.84.14.29, server: pouted.com, request: "GET /wp-content/uploads/2013/07/recitymagazine-GHOST-chair_DRIFT_-780x405.jpg HTTP/2.0", host: "www.pouted.com"
2024/11/28 20:49:34 [error] 607#0: *584 open() "/home/pouted/public_html/wp-content/uploads/2013/06/rihanna-hairstyles-penhahermess.blogspot.jpeg" failed (2: No such file or directory), client: 3.250.3.28, server: pouted.com, request: "GET /wp-content/uploads/2013/06/rihanna-hairstyles-penhahermess.blogspot.jpeg?x45357 HTTP/2.0", host: "www.pouted.com"
2024/11/28 20:49:35 [error] 607#0: *586 open() "/home/pouted/public_html/wp-content/uploads/2013/04/kids-glasses-cool-line-french-sunglasses-stylish.png" failed (2: No such file or directory), client: 63.32.91.34, server: pouted.com, request: "GET /wp-content/uploads/2013/04/kids-glasses-cool-line-french-sunglasses-stylish.png HTTP/2.0", host: "www.pouted.com"
2024/11/28 20:49:36 [error] 607#0: *588 connect() failed (111: Connection refused) while connecting to upstream, client: 54.36.149.241, server: pouted.com, request: "GET /tag/quirky-fitness/ HTTP/2.0", upstream: "https://192.145.236.239:8443/tag/quirky-fitness/", host: "www.pouted.com"
2024/11/28 20:49:36 [error] 607#0: *591 open() "/home/pouted/public_html/wp-content/uploads/2013/06/blackberry_q10.jpg" failed (2: No such file or directory), client: 3.254.141.240, server: pouted.com, request: "GET /wp-content/uploads/2013/06/blackberry_q10.jpg?x44527 HTTP/2.0", host: "www.pouted.com"
2024/11/28 20:49:37 [error] 607#0: *594 open() "/home/pouted/public_html/wp-content/uploads/jewels/sapphire-wedding-rings-for-women-475x475.png" failed (2: No such file or directory), client: 3.252.208.226, server: pouted.com, request: "GET /wp-content/uploads/jewels/sapphire-wedding-rings-for-women-475x475.png?x45357 HTTP/2.0", host: "www.pouted.com"
2024/11/28 20:49:38 [error] 607#0: *521 connect() failed (111: Connection refused) while connecting to upstream, client: 15.188.59.80, server: pouted.com, request: "GET /tag/bridesmaids/ HTTP/2.0", upstream: "https://192.145.236.239:8443/tag/bridesmaids/", host: "www.pouted.com", referrer: "https://www.pouted.com/2014-wedding-trends-look-gorgeous-catchy-wedding/"
2024/11/28 20:49:39 [error] 607#0: *599 connect() failed (111: Connection refused) while connecting to upstream, client: 216.244.66.248, server: pouted.com, request: "GET /rarest-yellow-diamonds-breathtaking-beauty/ HTTP/2.0", upstream: "https://192.145.236.239:8443/rarest-yellow-diamonds-breathtaking-beauty/", host: "www.pouted.com"
2024/11/28 20:49:39 [error] 607#0: *598 connect() failed (111: Connection refused) while connecting to upstream, client: 54.36.149.246, server: pouted.com, request: "GET /tag/wall-paintings/ HTTP/2.0", upstream: "https://192.145.236.239:8443/tag/wall-paintings/", host: "www.pouted.com"
2024/11/28 20:49:40 [error] 607#0: *530 connect() failed (111: Connection refused) while connecting to upstream, client: 15.188.59.80, server: pouted.com, request: "GET /dealing-with-a-bad-haircut-the-right-way/ HTTP/2.0", upstream: "https://192.145.236.239:8443/dealing-with-a-bad-haircut-the-right-way/", host: "www.pouted.com", referrer: "https://www.pouted.com/12-wedding-day-killer-hairstyles-for-curly-hair/"
2024/11/28 20:49:41 [error] 607#0: *605 open() "/home/pouted/public_html/wp-content/uploads/2016/01/personalized-cufflinks-2.jpg" failed (2: No such file or directory), client: 3.214.213.176, server: pouted.com, request: "GET /wp-content/uploads/2016/01/personalized-cufflinks-2.jpg?x44527 HTTP/2.0", host: "www.pouted.com"
2024/11/28 20:49:44 [error] 607#0: *609 connect() failed (111: Connection refused) while connecting to upstream, client: 15.188.59.80, server: pouted.com, request: "GET /get-whiter-eye-whites-with-these-7-exclusive-tips/ HTTP/2.0", upstream: "https://192.145.236.239:8443/get-whiter-eye-whites-with-these-7-exclusive-tips/", host: "www.pouted.com", referrer: "https://www.pouted.com/12-wedding-day-killer-hairstyles-for-curly-hair/"
2024/11/28 20:49:44 [error] 607#0: *562 open() "/home/pouted/public_html/wp-content/uploads/2014/02/asteroid.jpg" failed (2: No such file or directory), client: 3.250.3.28, server: pouted.com, request: "GET /wp-content/uploads/2014/02/asteroid.jpg HTTP/2.0", host: "www.pouted.com"
2024/11/28 20:49:44 [error] 607#0: *613 open() "/home/pouted/public_html/wp-content/uploads/2014/07/cufflinks2.jpg" failed (2: No such file or directory), client: 34.244.58.36, server: pouted.com, request: "GET /wp-content/uploads/2014/07/cufflinks2.jpg HTTP/2.0", host: "www.pouted.com"
2024/11/28 20:49:45 [error] 607#0: *617 open() "/home/pouted/public_html/wp-content/uploads/2014/05/65047_10151281182653914_1936948276Pyramid_n.jpg" failed (2: No such file or directory), client: 34.244.58.36, server: pouted.com, request: "GET /wp-content/uploads/2014/05/65047_10151281182653914_1936948276Pyramid_n.jpg HTTP/2.0", host: "www.pouted.com"
2024/11/28 20:49:45 [error] 607#0: *618 connect() failed (111: Connection refused) while connecting to upstream, client: 15.188.59.80, server: pouted.com, request: "GET /tag/wedding-hairstyles-for-curly-hair/ HTTP/2.0", upstream: "https://192.145.236.239:8443/tag/wedding-hairstyles-for-curly-hair/", host: "www.pouted.com", referrer: "https://www.pouted.com/12-wedding-day-killer-hairstyles-for-curly-hair/"
2024/11/28 20:49:45 [error] 607#0: *619 connect() failed (111: Connection refused) while connecting to upstream, client: 20.161.75.211, server: pouted.com, request: "GET /hottest-eyewear-trends-for-men/amp/ HTTP/2.0", upstream: "https://192.145.236.239:8443/hottest-eyewear-trends-for-men/amp/", host: "www.pouted.com"
2024/11/28 20:49:46 [error] 607#0: *625 open() "/home/pouted/public_html/wp-content/uploads/2013/02/asus_transformer_book.jpg" failed (2: No such file or directory), client: 3.253.57.201, server: pouted.com, request: "GET /wp-content/uploads/2013/02/asus_transformer_book.jpg HTTP/2.0", host: "www.pouted.com"
2024/11/28 20:49:46 [error] 607#0: *624 connect() failed (111: Connection refused) while connecting to upstream, client: 20.161.75.211, server: pouted.com, request: "GET /hottest-eyewear-trends-for-men/amp/ HTTP/2.0", upstream: "https://192.145.236.239:8443/hottest-eyewear-trends-for-men/amp/", host: "www.pouted.com"
2024/11/28 20:49:46 [error] 607#0: *623 connect() failed (111: Connection refused) while connecting to upstream, client: 54.36.149.240, server: pouted.com, request: "GET /tag/visit-st-petersburg/ HTTP/2.0", upstream: "https://192.145.236.239:8443/tag/visit-st-petersburg/", host: "www.pouted.com"
2024/11/28 20:49:46 [error] 607#0: *628 connect() failed (111: Connection refused) while connecting to upstream, client: 20.161.75.210, server: pouted.com, request: "GET /hottest-eyewear-trends-for-men/amp/ HTTP/2.0", upstream: "https://192.145.236.239:8443/hottest-eyewear-trends-for-men/amp/", host: "www.pouted.com"
2024/11/28 20:49:47 [error] 607#0: *632 connect() failed (111: Connection refused) while connecting to upstream, client: 20.161.75.210, server: pouted.com, request: "GET /hottest-eyewear-trends-for-men/amp/ HTTP/2.0", upstream: "https://192.145.236.239:8443/hottest-eyewear-trends-for-men/amp/", host: "www.pouted.com"
2024/11/28 20:49:47 [error] 607#0: *634 connect() failed (111: Connection refused) while connecting to upstream, client: 15.188.59.80, server: pouted.com, request: "GET /tag/curly-hair/ HTTP/2.0", upstream: "https://192.145.236.239:8443/tag/curly-hair/", host: "www.pouted.com", referrer: "https://www.pouted.com/12-wedding-day-killer-hairstyles-for-curly-hair/"
2024/11/28 20:49:48 [error] 607#0: *378 open() "/home/pouted/public_html/wp-content/uploads/2018/09/saving-electricity-shutting-off-printer-675x482.jpg" failed (2: No such file or directory), client: 3.250.3.28, server: pouted.com, request: "GET /wp-content/uploads/2018/09/saving-electricity-shutting-off-printer-675x482.jpg?x71148 HTTP/2.0", host: "www.pouted.com"
2024/11/28 20:49:49 [error] 607#0: *636 open() "/home/pouted/public_html/wp-content/uploads/2013/05/1111-475x439.jpg" failed (2: No such file or directory), client: 34.245.79.205, server: pouted.com, request: "GET /wp-content/uploads/2013/05/1111-475x439.jpg?x85627 HTTP/2.0", host: "www.pouted.com"
2024/11/28 20:49:50 [error] 607#0: *638 connect() failed (111: Connection refused) while connecting to upstream, client: 15.188.59.80, server: pouted.com, request: "GET /how-make-wedding-party-memorable/ HTTP/2.0", upstream: "https://192.145.236.239:8443/how-make-wedding-party-memorable/", host: "www.pouted.com", referrer: "https://www.pouted.com/12-wedding-day-killer-hairstyles-for-curly-hair/"
2024/11/28 20:49:53 [error] 607#0: *648 connect() failed (111: Connection refused) while connecting to upstream, client: 15.188.59.80, server: pouted.com, request: "GET /tag/build-furniture-better/ HTTP/2.0", upstream: "https://192.145.236.239:8443/tag/build-furniture-better/", host: "www.pouted.com", referrer: "https://www.pouted.com/use-saw-horse-to-build-furniture-better/"
2024/11/28 20:49:54 [error] 607#0: *614 open() "/home/pouted/public_html/wp-content/uploads/2014/02/pale-leaf-headband-2.jpg" failed (2: No such file or directory), client: 3.253.57.201, server: pouted.com, request: "GET /wp-content/uploads/2014/02/pale-leaf-headband-2.jpg?x45357 HTTP/2.0", host: "www.pouted.com"
2024/11/28 20:49:54 [error] 607#0: *650 connect() failed (111: Connection refused) while connecting to upstream, client: 51.79.67.249, server: pouted.com, request: "GET /types-of-grave-markers-and-headstones/ HTTP/2.0", upstream: "https://192.145.236.239:8443/types-of-grave-markers-and-headstones/", host: "www.pouted.com"
2024/11/28 20:49:55 [error] 607#0: *653 open() "/home/pouted/public_html/wp-content/uploads/2013/11/a42b949c98258cebdad59265ef96b125.jpg" failed (2: No such file or directory), client: 3.254.141.240, server: pouted.com, request: "GET /wp-content/uploads/2013/11/a42b949c98258cebdad59265ef96b125.jpg?x71148 HTTP/2.0", host: "www.pouted.com"
2024/11/28 20:49:56 [error] 607#0: *655 connect() failed (111: Connection refused) while connecting to upstream, client: 47.128.38.203, server: pouted.com, request: "GET /unique-baby-gift-ideas/ HTTP/2.0", upstream: "https://192.145.236.239:8443/unique-baby-gift-ideas/", host: "www.pouted.com"
2024/11/28 20:49:56 [error] 607#0: *658 connect() failed (111: Connection refused) while connecting to upstream, client: 66.249.77.77, server: pouted.com, request: "GET /android-or-ios/amp/ HTTP/2.0", upstream: "https://192.145.236.239:8443/android-or-ios/amp/", host: "www.pouted.com"
2024/11/28 20:49:57 [error] 611#0: *662 open() "/home/pouted/public_html/wp-content/uploads/2013/02/bca1031g380yn7.jpg" failed (2: No such file or directory), client: 195.234.109.118, server: pouted.com, request: "GET /wp-content/uploads/2013/02/bca1031g380yn7.jpg HTTP/2.0", host: "www.pouted.com"
2024/11/28 20:49:58 [error] 607#0: *663 connect() failed (111: Connection refused) while connecting to upstream, client: 54.36.149.247, server: pouted.com, request: "GET /tag/home-color-trends/ HTTP/2.0", upstream: "https://192.145.236.239:8443/tag/home-color-trends/", host: "www.pouted.com"
2024/11/28 20:49:59 [error] 607#0: *668 open() "/home/pouted/public_html/wp-content/uploads/2018/07/woman-applying-makeup-675x450.jpg" failed (2: No such file or directory), client: 63.32.91.34, server: pouted.com, request: "GET /wp-content/uploads/2018/07/woman-applying-makeup-675x450.jpg?x44527 HTTP/2.0", host: "www.pouted.com"
2024/11/28 20:50:01 [error] 607#0: *671 open() "/home/pouted/public_html/wp-content/uploads/2017/04/DIY-Confetti-Dipped-Balloons-675x1013.jpg" failed (2: No such file or directory), client: 3.131.160.15, server: pouted.com, request: "GET /wp-content/uploads/2017/04/DIY-Confetti-Dipped-Balloons-675x1013.jpg?x44527 HTTP/2.0", host: "www.pouted.com"
2024/11/28 20:50:02 [error] 607#0: *676 open() "/home/pouted/public_html/wp-content/uploads/2013/07/Bedroom-Ceiling-Lighting-Design-at-Contemporary-and-Luxury-Tenaya-Residence-in-Las-Vegas-Design-by-DesignCell1.jpg" failed (2: No such file or directory), client: 8.222.220.181, server: pouted.com, request: "GET /wp-content/uploads/2013/07/Bedroom-Ceiling-Lighting-Design-at-Contemporary-and-Luxury-Tenaya-Residence-in-Las-Vegas-Design-by-DesignCell1.jpg HTTP/2.0", host: "www.pouted.com"
2024/11/28 20:50:03 [error] 607#0: *678 open() "/home/pouted/public_html/wp-content/uploads/2015/05/3D-Insects-and-Snails-20.jpg" failed (2: No such file or directory), client: 3.250.3.28, server: pouted.com, request: "GET /wp-content/uploads/2015/05/3D-Insects-and-Snails-20.jpg?x71148 HTTP/2.0", host: "www.pouted.com"
2024/11/28 20:50:05 [error] 607#0: *680 connect() failed (111: Connection refused) while connecting to upstream, client: 127.0.0.1, server: 127.0.0.1, request: "GET /whm-server-status HTTP/1.0", upstream: "http://127.0.0.1:8080/whm-server-status", host: "localhost"
2024/11/28 20:50:05 [error] 607#0: *682 connect() failed (111: Connection refused) while connecting to upstream, client: 2401:4900:7b9b:68c3:944d:26ff:fe17:9354, server: pouted.com, request: "GET /reasons-follow-ugly-dad-sneaker-trend/ HTTP/2.0", upstream: "https://192.145.236.239:8443/reasons-follow-ugly-dad-sneaker-trend/", host: "www.pouted.com", referrer: "android-app://com.pinterest/"
2024/11/28 20:50:05 [error] 607#0: *683 connect() failed (111: Connection refused) while connecting to upstream, client: 54.36.149.242, server: pouted.com, request: "GET /tag/carve-pumpkins/ HTTP/2.0", upstream: "https://192.145.236.239:8443/tag/carve-pumpkins/", host: "www.pouted.com"
2024/11/28 20:50:06 [error] 607#0: *688 connect() failed (111: Connection refused) while connecting to upstream, client: 192.227.168.145, server: pouted.com, request: "GET /feed/ HTTP/2.0", upstream: "https://192.145.236.239:8443/feed/", host: "www.pouted.com"
2024/11/28 20:50:06 [error] 607#0: *607 open() "/home/pouted/public_html/wp-content/uploads/2013/11/gallery-unit2-large1.jpg" failed (2: No such file or directory), client: 130.84.14.30, server: pouted.com, request: "GET /wp-content/uploads/2013/11/gallery-unit2-large1.jpg?x44527 HTTP/2.0", host: "www.pouted.com"
2024/11/28 20:50:08 [error] 607#0: *692 open() "/home/pouted/public_html/wp-content/uploads/2017/04/fatcow-vs-justhost1-390x220.jpg" failed (2: No such file or directory), client: 3.250.1.12, server: pouted.com, request: "GET /wp-content/uploads/2017/04/fatcow-vs-justhost1-390x220.jpg?x85627 HTTP/2.0", host: "www.pouted.com"
2024/11/28 20:50:09 [error] 607#0: *695 open() "/home/pouted/public_html/wp-content/uploads/2013/06/new-trendy-short-cut-hairstyles-2011-2.jpg" failed (2: No such file or directory), client: 34.244.58.36, server: pouted.com, request: "GET /wp-content/uploads/2013/06/new-trendy-short-cut-hairstyles-2011-2.jpg?x44527 HTTP/2.0", host: "www.pouted.com"
2024/11/28 20:50:10 [error] 607#0: *609 connect() failed (111: Connection refused) while connecting to upstream, client: 15.188.59.80, server: pouted.com, request: "GET /tag/euphoric-makeup/ HTTP/2.0", upstream: "https://192.145.236.239:8443/tag/euphoric-makeup/", host: "www.pouted.com", referrer: "https://www.pouted.com/euphoric-makeup/"
2024/11/28 20:50:12 [error] 607#0: *608 open() "/home/pouted/public_html/wp-content/uploads/2020/04/Wine-Glasses-1-675x466.jpg" failed (2: No such file or directory), client: 34.245.79.205, server: pouted.com, request: "GET /wp-content/uploads/2020/04/Wine-Glasses-1-675x466.jpg HTTP/2.0", host: "www.pouted.com"
2024/11/28 20:50:12 [error] 607#0: *618 connect() failed (111: Connection refused) while connecting to upstream, client: 15.188.59.80, server: pouted.com, request: "GET /eye-makeup-tips-women-over-30/ HTTP/2.0", upstream: "https://192.145.236.239:8443/eye-makeup-tips-women-over-30/", host: "www.pouted.com", referrer: "https://www.pouted.com/euphoric-makeup/"
2024/11/28 20:50:12 [error] 607#0: *705 connect() failed (111: Connection refused) while connecting to upstream, client: 216.244.66.248, server: pouted.com, request: "GET /10-tips-take-good-care-heart-health/ HTTP/2.0", upstream: "https://192.145.236.239:8443/10-tips-take-good-care-heart-health/", host: "www.pouted.com"
2024/11/28 20:50:14 [error] 607#0: *710 connect() failed (111: Connection refused) while connecting to upstream, client: 15.188.59.80, server: pouted.com, request: "GET /rarest-unusual-eye-colors/ HTTP/2.0", upstream: "https://192.145.236.239:8443/rarest-unusual-eye-colors/", host: "www.pouted.com", referrer: "https://www.pouted.com/euphoric-makeup/"
2024/11/28 20:50:15 [error] 607#0: *713 connect() failed (111: Connection refused) while connecting to upstream, client: 51.132.229.198, server: pouted.com, request: "POST /wp-login.php HTTP/2.0", upstream: "https://192.145.236.239:8443/wp-login.php", host: "www.pouted.com"
2024/11/28 20:50:15 [error] 607#0: *716 connect() failed (111: Connection refused) while connecting to upstream, client: 52.167.144.166, server: pouted.com, request: "GET /cobots-changed-way-humans-work/ HTTP/2.0", upstream: "https://192.145.236.239:8443/cobots-changed-way-humans-work/", host: "www.pouted.com"
2024/11/28 20:50:16 [error] 607#0: *672 open() "/home/pouted/public_html/wp-content/uploads/2017/05/nail-art-ideas-2017-52.jpg" failed (2: No such file or directory), client: 34.245.79.205, server: pouted.com, request: "GET /wp-content/uploads/2017/05/nail-art-ideas-2017-52.jpg HTTP/2.0", host: "www.pouted.com"
2024/11/28 20:50:17 [error] 607#0: *721 open() "/home/pouted/public_html/wp-content/uploads/2014/01/MBS_AngelEyes_SilverNecklace_01-475x627.jpg" failed (2: No such file or directory), client: 144.80.64.105, server: pouted.com, request: "GET /wp-content/uploads/2014/01/MBS_AngelEyes_SilverNecklace_01-475x627.jpg?x44527 HTTP/2.0", host: "www.pouted.com"
2024/11/28 20:50:18 [error] 607#0: *638 connect() failed (111: Connection refused) while connecting to upstream, client: 15.188.59.80, server: pouted.com, request: "GET /bridal-skincare-for-glowing-skin/ HTTP/2.0", upstream: "https://192.145.236.239:8443/bridal-skincare-for-glowing-skin/", host: "www.pouted.com", referrer: "https://www.pouted.com/euphoric-makeup/"
2024/11/28 20:50:19 [error] 607#0: *724 connect() failed (111: Connection refused) while connecting to upstream, client: 37.59.21.100, server: pouted.com, request: "GET /magazine/interior-designs/home-decorations/feed/ HTTP/2.0", upstream: "https://192.145.236.239:8443/magazine/interior-designs/home-decorations/feed/", host: "www.pouted.com"
2024/11/28 20:50:21 [error] 607#0: *648 connect() failed (111: Connection refused) while connecting to upstream, client: 15.188.59.80, server: pouted.com, request: "GET /top-10-eco-friendly-beauty-essentials/ HTTP/2.0", upstream: "https://192.145.236.239:8443/top-10-eco-friendly-beauty-essentials/", host: "www.pouted.com", referrer: "https://www.pouted.com/euphoric-makeup/"
2024/11/28 20:50:22 [error] 607#0: *733 open() "/home/pouted/public_html/wp-content/uploads/2015/01/vpn-.jpg" failed (2: No such file or directory), client: 3.250.3.28, server: pouted.com, request: "GET /wp-content/uploads/2015/01/vpn-.jpg HTTP/2.0", host: "www.pouted.com"
2024/11/28 20:50:23 [error] 607#0: *734 connect() failed (111: Connection refused) while connecting to upstream, client: 2a03:2880:f800:3::, server: pouted.com, request: "GET /10-most-expensive-perfumes-for-women-in-the-world-2014/ HTTP/2.0", upstream: "https://192.145.236.239:8443/10-most-expensive-perfumes-for-women-in-the-world-2014/", host: "www.pouted.com"
2024/11/28 20:50:24 [error] 607#0: *737 connect() failed (111: Connection refused) while connecting to upstream, client: 164.77.90.26, server: pouted.com, request: "POST /wp-login.php HTTP/2.0", upstream: "https://192.145.236.239:8443/wp-login.php", host: "www.pouted.com"
2024/11/28 20:50:24 [error] 607#0: *739 connect() failed (111: Connection refused) while connecting to upstream, client: 15.188.59.80, server: pouted.com, request: "GET /tag/countryside/ HTTP/2.0", upstream: "https://192.145.236.239:8443/tag/countryside/", host: "www.pouted.com", referrer: "https://www.pouted.com/countryside-life-will-be-enjoyable-if-you-choose-the-most-suitable-clothing/"
2024/11/28 20:50:26 [error] 607#0: *748 connect() failed (111: Connection refused) while connecting to upstream, client: 17.22.237.25, server: pouted.com, request: "GET /magazine/interior-designs/home-decorations/page/2/ HTTP/2.0", upstream: "https://192.145.236.239:8443/magazine/interior-designs/home-decorations/page/2/", host: "www.pouted.com", referrer: "https://www.pouted.com/magazine/interior-designs/home-decorations/page/2/"
2024/11/28 20:50:26 [error] 607#0: *751 connect() failed (111: Connection refused) while connecting to upstream, client: 2001:8004:5210:b546:8447:d69f:d0ff:1b07, server: pouted.com, request: "GET /10-most-expensive-perfumes-for-men-in-the-world/ HTTP/2.0", upstream: "https://192.145.236.239:8443/10-most-expensive-perfumes-for-men-in-the-world/", host: "www.pouted.com"
2024/11/28 20:50:26 [error] 607#0: *752 connect() failed (111: Connection refused) while connecting to upstream, client: 2001:8004:5210:b546:8447:d69f:d0ff:1b07, server: pouted.com, request: "GET /10-most-expensive-perfumes-for-men-in-the-world/ HTTP/2.0", upstream: "https://192.145.236.239:8443/10-most-expensive-perfumes-for-men-in-the-world/", host: "www.pouted.com"
2024/11/28 20:50:27 [error] 607#0: *751 connect() failed (111: Connection refused) while connecting to upstream, client: 2001:8004:5210:b546:8447:d69f:d0ff:1b07, server: pouted.com, request: "GET /10-most-expensive-perfumes-for-men-in-the-world/ HTTP/2.0", upstream: "https://192.145.236.239:8443/10-most-expensive-perfumes-for-men-in-the-world/", host: "www.pouted.com", referrer: "https://www.pouted.com/10-most-expensive-perfumes-for-men-in-the-world/"
2024/11/28 20:50:27 [error] 607#0: *752 connect() failed (111: Connection refused) while connecting to upstream, client: 2001:8004:5210:b546:8447:d69f:d0ff:1b07, server: pouted.com, request: "GET /10-most-expensive-perfumes-for-men-in-the-world/ HTTP/2.0", upstream: "https://192.145.236.239:8443/10-most-expensive-perfumes-for-men-in-the-world/", host: "www.pouted.com", referrer: "https://www.pouted.com/10-most-expensive-perfumes-for-men-in-the-world/"
2024/11/28 20:50:27 [error] 607#0: *760 connect() failed (111: Connection refused) while connecting to upstream, client: 2001:8004:5210:b546:8447:d69f:d0ff:1b07, server: pouted.com, request: "GET /apple-touch-icon-120x120-precomposed.png HTTP/2.0", upstream: "https://192.145.236.239:8443/apple-touch-icon-120x120-precomposed.png", host: "www.pouted.com"
2024/11/28 20:50:27 [error] 607#0: *751 connect() failed (111: Connection refused) while connecting to upstream, client: 2001:8004:5210:b546:8447:d69f:d0ff:1b07, server: pouted.com, request: "GET /10-most-expensive-perfumes-for-men-in-the-world/ HTTP/2.0", upstream: "https://192.145.236.239:8443/10-most-expensive-perfumes-for-men-in-the-world/", host: "www.pouted.com", referrer: "https://www.pouted.com/10-most-expensive-perfumes-for-men-in-the-world/"
2024/11/28 20:50:27 [error] 607#0: *752 connect() failed (111: Connection refused) while connecting to upstream, client: 2001:8004:5210:b546:8447:d69f:d0ff:1b07, server: pouted.com, request: "GET /10-most-expensive-perfumes-for-men-in-the-world/ HTTP/2.0", upstream: "https://192.145.236.239:8443/10-most-expensive-perfumes-for-men-in-the-world/", host: "www.pouted.com", referrer: "https://www.pouted.com/10-most-expensive-perfumes-for-men-in-the-world/"
2024/11/28 20:50:27 [error] 607#0: *760 connect() failed (111: Connection refused) while connecting to upstream, client: 2001:8004:5210:b546:8447:d69f:d0ff:1b07, server: pouted.com, request: "GET /apple-touch-icon-120x120-precomposed.png HTTP/2.0", upstream: "https://192.145.236.239:8443/apple-touch-icon-120x120-precomposed.png", host: "www.pouted.com"
2024/11/28 20:50:27 [error] 607#0: *751 connect() failed (111: Connection refused) while connecting to upstream, client: 2001:8004:5210:b546:8447:d69f:d0ff:1b07, server: pouted.com, request: "GET /10-most-expensive-perfumes-for-men-in-the-world/ HTTP/2.0", upstream: "https://192.145.236.239:8443/10-most-expensive-perfumes-for-men-in-the-world/", host: "www.pouted.com", referrer: "https://www.pouted.com/10-most-expensive-perfumes-for-men-in-the-world/"
2024/11/28 20:50:27 [error] 607#0: *752 connect() failed (111: Connection refused) while connecting to upstream, client: 2001:8004:5210:b546:8447:d69f:d0ff:1b07, server: pouted.com, request: "GET /10-most-expensive-perfumes-for-men-in-the-world/ HTTP/2.0", upstream: "https://192.145.236.239:8443/10-most-expensive-perfumes-for-men-in-the-world/", host: "www.pouted.com", referrer: "https://www.pouted.com/10-most-expensive-perfumes-for-men-in-the-world/"
2024/11/28 20:50:27 [error] 607#0: *701 open() "/home/pouted/public_html/wp-content/uploads/2013/06/divorce-.jpg" failed (2: No such file or directory), client: 3.250.3.28, server: pouted.com, request: "GET /wp-content/uploads/2013/06/divorce-.jpg?x71148 HTTP/2.0", host: "www.pouted.com"
2024/11/28 20:50:28 [error] 607#0: *752 connect() failed (111: Connection refused) while connecting to upstream, client: 2001:8004:5210:b546:8447:d69f:d0ff:1b07, server: pouted.com, request: "GET /10-most-expensive-perfumes-for-men-in-the-world/ HTTP/2.0", upstream: "https://192.145.236.239:8443/10-most-expensive-perfumes-for-men-in-the-world/", host: "www.pouted.com", referrer: "https://www.pouted.com/10-most-expensive-perfumes-for-men-in-the-world/"
2024/11/28 20:50:28 [error] 607#0: *751 connect() failed (111: Connection refused) while connecting to upstream, client: 2001:8004:5210:b546:8447:d69f:d0ff:1b07, server: pouted.com, request: "GET /10-most-expensive-perfumes-for-men-in-the-world/ HTTP/2.0", upstream: "https://192.145.236.239:8443/10-most-expensive-perfumes-for-men-in-the-world/", host: "www.pouted.com", referrer: "https://www.pouted.com/10-most-expensive-perfumes-for-men-in-the-world/"
2024/11/28 20:50:28 [error] 607#0: *751 connect() failed (111: Connection refused) while connecting to upstream, client: 2001:8004:5210:b546:8447:d69f:d0ff:1b07, server: pouted.com, request: "GET /10-most-expensive-perfumes-for-men-in-the-world/ HTTP/2.0", upstream: "https://192.145.236.239:8443/10-most-expensive-perfumes-for-men-in-the-world/", host: "www.pouted.com", referrer: "https://www.pouted.com/10-most-expensive-perfumes-for-men-in-the-world/"
2024/11/28 20:50:28 [error] 607#0: *752 connect() failed (111: Connection refused) while connecting to upstream, client: 2001:8004:5210:b546:8447:d69f:d0ff:1b07, server: pouted.com, request: "GET /10-most-expensive-perfumes-for-men-in-the-world/ HTTP/2.0", upstream: "https://192.145.236.239:8443/10-most-expensive-perfumes-for-men-in-the-world/", host: "www.pouted.com", referrer: "https://www.pouted.com/10-most-expensive-perfumes-for-men-in-the-world/"
2024/11/28 20:50:28 [error] 607#0: *774 connect() failed (111: Connection refused) while connecting to upstream, client: 2001:8004:5210:b546:8447:d69f:d0ff:1b07, server: pouted.com, request: "GET /apple-touch-icon-precomposed.png HTTP/2.0", upstream: "https://192.145.236.239:8443/apple-touch-icon-precomposed.png", host: "www.pouted.com"
2024/11/28 20:50:28 [error] 607#0: *774 connect() failed (111: Connection refused) while connecting to upstream, client: 2001:8004:5210:b546:8447:d69f:d0ff:1b07, server: pouted.com, request: "GET /apple-touch-icon-precomposed.png HTTP/2.0", upstream: "https://192.145.236.239:8443/apple-touch-icon-precomposed.png", host: "www.pouted.com"
2024/11/28 20:50:28 [error] 607#0: *751 connect() failed (111: Connection refused) while connecting to upstream, client: 2001:8004:5210:b546:8447:d69f:d0ff:1b07, server: pouted.com, request: "GET /10-most-expensive-perfumes-for-men-in-the-world/ HTTP/2.0", upstream: "https://192.145.236.239:8443/10-most-expensive-perfumes-for-men-in-the-world/", host: "www.pouted.com", referrer: "https://www.pouted.com/10-most-expensive-perfumes-for-men-in-the-world/"
2024/11/28 20:50:28 [error] 607#0: *752 connect() failed (111: Connection refused) while connecting to upstream, client: 2001:8004:5210:b546:8447:d69f:d0ff:1b07, server: pouted.com, request: "GET /10-most-expensive-perfumes-for-men-in-the-world/ HTTP/2.0", upstream: "https://192.145.236.239:8443/10-most-expensive-perfumes-for-men-in-the-world/", host: "www.pouted.com", referrer: "https://www.pouted.com/10-most-expensive-perfumes-for-men-in-the-world/"
2024/11/28 20:50:28 [error] 607#0: *751 connect() failed (111: Connection refused) while connecting to upstream, client: 2001:8004:5210:b546:8447:d69f:d0ff:1b07, server: pouted.com, request: "GET /10-most-expensive-perfumes-for-men-in-the-world/ HTTP/2.0", upstream: "https://192.145.236.239:8443/10-most-expensive-perfumes-for-men-in-the-world/", host: "www.pouted.com", referrer: "https://www.pouted.com/10-most-expensive-perfumes-for-men-in-the-world/"
2024/11/28 20:50:28 [error] 607#0: *752 connect() failed (111: Connection refused) while connecting to upstream, client: 2001:8004:5210:b546:8447:d69f:d0ff:1b07, server: pouted.com, request: "GET /10-most-expensive-perfumes-for-men-in-the-world/ HTTP/2.0", upstream: "https://192.145.236.239:8443/10-most-expensive-perfumes-for-men-in-the-world/", host: "www.pouted.com", referrer: "https://www.pouted.com/10-most-expensive-perfumes-for-men-in-the-world/"
2024/11/28 20:50:28 [error] 607#0: *781 connect() failed (111: Connection refused) while connecting to upstream, client: 2001:8004:5210:b546:8447:d69f:d0ff:1b07, server: pouted.com, request: "GET /apple-touch-icon.png HTTP/2.0", upstream: "https://192.145.236.239:8443/apple-touch-icon.png", host: "www.pouted.com"
2024/11/28 20:50:28 [error] 607#0: *782 connect() failed (111: Connection refused) while connecting to upstream, client: 2001:8004:5210:b546:8447:d69f:d0ff:1b07, server: pouted.com, request: "GET /apple-touch-icon.png HTTP/2.0", upstream: "https://192.145.236.239:8443/apple-touch-icon.png", host: "www.pouted.com"
2024/11/28 20:50:29 [error] 607#0: *751 connect() failed (111: Connection refused) while connecting to upstream, client: 2001:8004:5210:b546:8447:d69f:d0ff:1b07, server: pouted.com, request: "GET /10-most-expensive-perfumes-for-men-in-the-world/ HTTP/2.0", upstream: "https://192.145.236.239:8443/10-most-expensive-perfumes-for-men-in-the-world/", host: "www.pouted.com", referrer: "https://www.pouted.com/10-most-expensive-perfumes-for-men-in-the-world/"
