2025/01/06 07:41:50 [error] 768#0: *3122 connect() failed (111: Connection refused) while connecting to upstream, client: 100.27.153.9, server: ayaclass.com, request: "GET /?a=385136615 HTTP/1.1", upstream: "http://192.145.236.239:8080/?a=385136615", host: "www.ayaclass.com"
2025/01/06 07:41:52 [error] 768#0: *3125 open() "/home/pouted/public_html/wp-content/uploads/2013/11/Galaxy-Note-ii.jpg" failed (2: No such file or directory), client: 129.226.141.38, server: pouted.com, request: "GET /wp-content/uploads/2013/11/Galaxy-Note-ii.jpg?x85627 HTTP/2.0", host: "www.pouted.com"
2025/01/06 07:41:52 [error] 768#0: *3124 connect() failed (111: Connection refused) while connecting to upstream, client: 47.128.35.44, server: pouted.com, request: "GET /tag/pink-gold/ HTTP/2.0", upstream: "https://192.145.236.239:8443/tag/pink-gold/", host: "www.pouted.com"
2025/01/06 07:41:53 [error] 768#0: *2627 connect() failed (111: Connection refused) while connecting to upstream, client: 197.35.53.176, server: pouted.com, request: "POST /wp-admin/admin-ajax.php HTTP/2.0", upstream: "https://192.145.236.239:8443/wp-admin/admin-ajax.php", host: "www.pouted.com", referrer: "https://www.pouted.com/wp-admin/post.php?post=156281&action=edit&classic-editor"
2025/01/06 07:41:55 [error] 768#0: *3130 connect() failed (111: Connection refused) while connecting to upstream, client: 18.204.89.56, server: ayaclass.com, request: "GET /?a=357197315 HTTP/1.1", upstream: "http://192.145.236.239:8080/?a=357197315", host: "www.ayaclass.com"
2025/01/06 07:41:55 [error] 768#0: *3129 connect() failed (111: Connection refused) while connecting to upstream, client: 44.220.2.97, server: pouted.com, request: "GET /tag/childs-tantrum/ HTTP/2.0", upstream: "https://192.145.236.239:8443/tag/childs-tantrum/", host: "www.pouted.com"
2025/01/06 07:41:56 [error] 768#0: *3133 open() "/home/pouted/public_html/wp-content/uploads/2014/01/81TjWEUR-ML._SL1500_.jpg" failed (2: No such file or directory), client: 47.84.160.102, server: pouted.com, request: "GET /wp-content/uploads/2014/01/81TjWEUR-ML._SL1500_.jpg?x71148 HTTP/2.0", host: "www.pouted.com"
2025/01/06 07:41:56 [error] 768#0: *3134 connect() failed (111: Connection refused) while connecting to upstream, client: 18.206.47.187, server: pouted.com, request: "GET /tag/angry-children/ HTTP/2.0", upstream: "https://192.145.236.239:8443/tag/angry-children/", host: "www.pouted.com"
2025/01/06 07:41:58 [error] 768#0: *3136 connect() failed (111: Connection refused) while connecting to upstream, client: 52.0.105.244, server: ayaclass.com, request: "GET /?a=193001915 HTTP/1.1", upstream: "http://192.145.236.239:8080/?a=193001915", host: "www.ayaclass.com"
2025/01/06 07:41:59 [error] 768#0: *3138 connect() failed (111: Connection refused) while connecting to upstream, client: 185.191.171.4, server: ayaclass.com, request: "GET /?a=86450115 HTTP/1.1", upstream: "http://192.145.236.239:8080/?a=86450115", host: "www.ayaclass.com"
2025/01/06 07:42:00 [error] 768#0: *3140 connect() failed (111: Connection refused) while connecting to upstream, client: 23.23.103.31, server: pouted.com, request: "GET /tag/fatcow-hosting/ HTTP/2.0", upstream: "https://192.145.236.239:8443/tag/fatcow-hosting/", host: "www.pouted.com"
2025/01/06 07:42:01 [error] 768#0: *3142 connect() failed (111: Connection refused) while connecting to upstream, client: 85.208.96.200, server: ayaclass.com, request: "GET /?a=71599115 HTTP/1.1", upstream: "http://192.145.236.239:8080/?a=71599115", host: "www.ayaclass.com"
2025/01/06 07:42:03 [error] 768#0: *3145 connect() failed (111: Connection refused) while connecting to upstream, client: 18.204.89.56, server: ayaclass.com, request: "GET /?a=634956415 HTTP/1.1", upstream: "http://192.145.236.239:8080/?a=634956415", host: "www.ayaclass.com"
2025/01/06 07:42:04 [error] 768#0: *2627 connect() failed (111: Connection refused) while connecting to upstream, client: 197.35.53.176, server: pouted.com, request: "POST /wp-admin/admin-ajax.php HTTP/2.0", upstream: "https://192.145.236.239:8443/wp-admin/admin-ajax.php", host: "www.pouted.com", referrer: "https://www.pouted.com/wp-admin/post.php?post=156281&action=edit&classic-editor"
2025/01/06 07:42:05 [error] 768#0: *3151 connect() failed (111: Connection refused) while connecting to upstream, client: 189.1.247.47, server: pouted.com, request: "GET /create-unique-fashionable-jewelry-using-tibetan-silver-beads/amp/ HTTP/2.0", upstream: "https://192.145.236.239:8443/create-unique-fashionable-jewelry-using-tibetan-silver-beads/amp/", host: "www.pouted.com", referrer: "https://www.pouted.com/create-unique-fashionable-jewelry-using-tibetan-silver-beads/amp/"
2025/01/06 07:42:07 [error] 768#0: *3153 open() "/home/pouted/public_html/wp-content/uploads/2013/07/tanah.png" failed (2: No such file or directory), client: 130.63.94.213, server: pouted.com, request: "GET /wp-content/uploads/2013/07/tanah.png?x71148 HTTP/2.0", host: "www.pouted.com"
2025/01/06 07:42:07 [error] 768#0: *3154 connect() failed (111: Connection refused) while connecting to upstream, client: 44.215.210.112, server: ayaclass.com, request: "GET /?a=688671315 HTTP/1.1", upstream: "http://192.145.236.239:8080/?a=688671315", host: "www.ayaclass.com"
2025/01/06 07:42:07 [error] 768#0: *3156 open() "/home/pouted/public_html/wp-content/uploads/2013/06/Cycling-shutterstock.jpg" failed (2: No such file or directory), client: 2408:8726:2000:9::62, server: pouted.com, request: "GET /wp-content/uploads/2013/06/Cycling-shutterstock.jpg?x44527 HTTP/2.0", host: "www.pouted.com"
2025/01/06 07:42:08 [error] 768#0: *3157 connect() failed (111: Connection refused) while connecting to upstream, client: 34.231.181.240, server: pouted.com, request: "GET /tag/webdav-hosting/ HTTP/2.0", upstream: "https://192.145.236.239:8443/tag/webdav-hosting/", host: "www.pouted.com"
2025/01/06 07:42:09 [error] 768#0: *3159 connect() failed (111: Connection refused) while connecting to upstream, client: 52.71.218.25, server: pouted.com, request: "GET /tag/shared-hosting/ HTTP/2.0", upstream: "https://192.145.236.239:8443/tag/shared-hosting/", host: "www.pouted.com"
2025/01/06 07:42:09 [error] 768#0: *3161 connect() failed (111: Connection refused) while connecting to upstream, client: 185.191.171.8, server: ayaclass.com, request: "GET /?a=76127315 HTTP/1.1", upstream: "http://192.145.236.239:8080/?a=76127315", host: "www.ayaclass.com"
2025/01/06 07:42:10 [error] 768#0: *3163 connect() failed (111: Connection refused) while connecting to upstream, client: 54.157.84.74, server: ayaclass.com, request: "GET /?a=257239815 HTTP/1.1", upstream: "http://192.145.236.239:8080/?a=257239815", host: "www.ayaclass.com"
2025/01/06 07:42:11 [error] 768#0: *3165 connect() failed (111: Connection refused) while connecting to upstream, client: 45.207.239.10, server: pouted.com, request: "GET /most-expensive-unusual-things-owned-by-president-trump/ HTTP/2.0", upstream: "https://192.145.236.239:8443/most-expensive-unusual-things-owned-by-president-trump/", host: "www.pouted.com"
2025/01/06 07:42:12 [error] 768#0: *3167 connect() failed (111: Connection refused) while connecting to upstream, client: 185.191.171.14, server: ayaclass.com, request: "GET /?a=89141315 HTTP/1.1", upstream: "http://192.145.236.239:8080/?a=89141315", host: "www.ayaclass.com"
2025/01/06 07:42:12 [error] 768#0: *3169 connect() failed (111: Connection refused) while connecting to upstream, client: 52.200.93.170, server: pouted.com, request: "GET /tag/online-trading/ HTTP/2.0", upstream: "https://192.145.236.239:8443/tag/online-trading/", host: "www.pouted.com"
2025/01/06 07:42:14 [error] 768#0: *2627 connect() failed (111: Connection refused) while connecting to upstream, client: 197.35.53.176, server: pouted.com, request: "POST /wp-admin/admin-ajax.php HTTP/2.0", upstream: "https://192.145.236.239:8443/wp-admin/admin-ajax.php", host: "www.pouted.com", referrer: "https://www.pouted.com/wp-admin/post.php?post=156281&action=edit&classic-editor"
2025/01/06 07:42:14 [error] 768#0: *3142 connect() failed (111: Connection refused) while connecting to upstream, client: 44.213.36.21, server: ayaclass.com, request: "GET /?a=116199615 HTTP/1.1", upstream: "http://192.145.236.239:8080/?a=116199615", host: "www.ayaclass.com"
2025/01/06 07:42:14 [error] 768#0: *3174 connect() failed (111: Connection refused) while connecting to upstream, client: 185.191.171.10, server: ayaclass.com, request: "GET /?a=92125715 HTTP/1.1", upstream: "http://192.145.236.239:8080/?a=92125715", host: "www.ayaclass.com"
2025/01/06 07:42:16 [error] 768#0: *3177 connect() failed (111: Connection refused) while connecting to upstream, client: 204.217.167.68, server: pouted.com, request: "GET /contact-us/ HTTP/2.0", upstream: "https://192.145.236.239:8443/contact-us/", host: "www.pouted.com"
2025/01/06 07:42:16 [error] 768#0: *3176 connect() failed (111: Connection refused) while connecting to upstream, client: 47.128.115.0, server: pouted.com, request: "GET /tag/won-the-competition/ HTTP/2.0", upstream: "https://192.145.236.239:8443/tag/won-the-competition/", host: "www.pouted.com"
2025/01/06 07:42:16 [error] 768#0: *3180 connect() failed (111: Connection refused) while connecting to upstream, client: 107.23.62.75, server: pouted.com, request: "GET /tag/online-brokers/ HTTP/2.0", upstream: "https://192.145.236.239:8443/tag/online-brokers/", host: "www.pouted.com"
2025/01/06 07:42:16 [error] 768#0: *3182 connect() failed (111: Connection refused) while connecting to upstream, client: 172.110.146.164, server: pouted.com, request: "GET /contact-us/ HTTP/2.0", upstream: "https://192.145.236.239:8443/contact-us/", host: "www.pouted.com"
2025/01/06 07:42:17 [error] 768#0: *3184 connect() failed (111: Connection refused) while connecting to upstream, client: 172.110.146.164, server: pouted.com, request: "GET /contact-us/ HTTP/2.0", upstream: "https://192.145.236.239:8443/contact-us/", host: "www.pouted.com"
2025/01/06 07:42:18 [error] 768#0: *3186 connect() failed (111: Connection refused) while connecting to upstream, client: 204.217.167.79, server: pouted.com, request: "GET /contact-us/ HTTP/2.0", upstream: "https://192.145.236.239:8443/contact-us/", host: "www.pouted.com"
2025/01/06 07:42:19 [error] 768#0: *3188 connect() failed (111: Connection refused) while connecting to upstream, client: 54.235.158.162, server: ayaclass.com, request: "GET /?a=511030715 HTTP/1.1", upstream: "http://192.145.236.239:8080/?a=511030715", host: "www.ayaclass.com"
2025/01/06 07:42:19 [error] 768#0: *3190 connect() failed (111: Connection refused) while connecting to upstream, client: 204.217.167.79, server: pouted.com, request: "GET / HTTP/2.0", upstream: "https://192.145.236.239:8443/", host: "www.pouted.com"
2025/01/06 07:42:20 [error] 768#0: *3193 connect() failed (111: Connection refused) while connecting to upstream, client: 204.217.167.79, server: pouted.com, request: "GET / HTTP/2.0", upstream: "https://192.145.236.239:8443/", host: "www.pouted.com"
2025/01/06 07:42:20 [error] 768#0: *3196 connect() failed (111: Connection refused) while connecting to upstream, client: 54.159.98.248, server: pouted.com, request: "GET /tag/preparing-food/ HTTP/2.0", upstream: "https://192.145.236.239:8443/tag/preparing-food/", host: "www.pouted.com"
2025/01/06 07:42:20 [error] 768#0: *3197 connect() failed (111: Connection refused) while connecting to upstream, client: 204.217.167.79, server: pouted.com, request: "GET / HTTP/2.0", upstream: "https://192.145.236.239:8443/", host: "www.pouted.com"
2025/01/06 07:42:21 [error] 768#0: *3200 connect() failed (111: Connection refused) while connecting to upstream, client: 172.110.146.57, server: pouted.com, request: "GET / HTTP/2.0", upstream: "https://192.145.236.239:8443/", host: "www.pouted.com"
2025/01/06 07:42:22 [error] 768#0: *3202 connect() failed (111: Connection refused) while connecting to upstream, client: 66.249.65.99, server: ayaclass.com, request: "GET /?a=753073115 HTTP/1.1", upstream: "http://192.145.236.239:8080/?a=753073115", host: "www.ayaclass.com"
2025/01/06 07:42:22 [error] 768#0: *3204 connect() failed (111: Connection refused) while connecting to upstream, client: 52.200.251.20, server: ayaclass.com, request: "GET /?a=111532515 HTTP/1.1", upstream: "http://192.145.236.239:8080/?a=111532515", host: "www.ayaclass.com"
2025/01/06 07:42:24 [error] 768#0: *2627 connect() failed (111: Connection refused) while connecting to upstream, client: 197.35.53.176, server: pouted.com, request: "POST /wp-admin/admin-ajax.php HTTP/2.0", upstream: "https://192.145.236.239:8443/wp-admin/admin-ajax.php", host: "www.pouted.com", referrer: "https://www.pouted.com/wp-admin/post.php?post=156281&action=edit&classic-editor"
2025/01/06 07:42:24 [error] 761#0: *3208 connect() failed (111: Connection refused) while connecting to upstream, client: 52.203.65.83, server: pouted.com, request: "GET /tag/garden-designs/ HTTP/2.0", upstream: "https://192.145.236.239:8443/tag/garden-designs/", host: "www.pouted.com"
2025/01/06 07:42:26 [error] 768#0: *3211 connect() failed (111: Connection refused) while connecting to upstream, client: 66.249.77.67, server: pouted.com, request: "GET /70-stunning-thrilling-photos-biggest-waves-ever-surfed/ HTTP/2.0", upstream: "https://192.145.236.239:8443/70-stunning-thrilling-photos-biggest-waves-ever-surfed/", host: "www.pouted.com"
2025/01/06 07:42:26 [error] 768#0: *3213 open() "/home/pouted/public_html/wp-content/uploads/2013/10/partial-solar-eclipse-today-january-4-201111.jpg" failed (2: No such file or directory), client: 47.84.144.207, server: pouted.com, request: "GET /wp-content/uploads/2013/10/partial-solar-eclipse-today-january-4-201111.jpg HTTP/2.0", host: "www.pouted.com"
2025/01/06 07:42:27 [error] 768#0: *3214 connect() failed (111: Connection refused) while connecting to upstream, client: 18.215.49.176, server: ayaclass.com, request: "GET /?a=143127415 HTTP/1.1", upstream: "http://192.145.236.239:8080/?a=143127415", host: "www.ayaclass.com"
2025/01/06 07:42:27 [error] 768#0: *3216 open() "/home/pouted/public_html/wp-content/uploads/2013/03/Swimming-Pool-s.jpg" failed (2: No such file or directory), client: 195.234.109.190, server: pouted.com, request: "GET /wp-content/uploads/2013/03/Swimming-Pool-s.jpg HTTP/2.0", host: "www.pouted.com"
2025/01/06 07:42:29 [error] 768#0: *3217 connect() failed (111: Connection refused) while connecting to upstream, client: 34.196.114.170, server: pouted.com, request: "GET /tag/post-pregnancy/ HTTP/2.0", upstream: "https://192.145.236.239:8443/tag/post-pregnancy/", host: "www.pouted.com"
2025/01/06 07:42:31 [error] 768#0: *3220 connect() failed (111: Connection refused) while connecting to upstream, client: 54.144.185.255, server: ayaclass.com, request: "GET /?a=46370715 HTTP/1.1", upstream: "http://192.145.236.239:8080/?a=46370715", host: "www.ayaclass.com"
2025/01/06 07:42:33 [error] 768#0: *3222 connect() failed (111: Connection refused) while connecting to upstream, client: 54.83.56.1, server: pouted.com, request: "GET /tag/contact-lenses/ HTTP/2.0", upstream: "https://192.145.236.239:8443/tag/contact-lenses/", host: "www.pouted.com"
2025/01/06 07:42:34 [error] 768#0: *2627 connect() failed (111: Connection refused) while connecting to upstream, client: 197.35.53.176, server: pouted.com, request: "POST /wp-admin/admin-ajax.php HTTP/2.0", upstream: "https://192.145.236.239:8443/wp-admin/admin-ajax.php", host: "www.pouted.com", referrer: "https://www.pouted.com/wp-admin/post.php?post=156281&action=edit&classic-editor"
2025/01/06 07:42:34 [error] 768#0: *3225 connect() failed (111: Connection refused) while connecting to upstream, client: 18.207.79.144, server: ayaclass.com, request: "GET /?a=271096815 HTTP/1.1", upstream: "http://192.145.236.239:8080/?a=271096815", host: "www.ayaclass.com"
2025/01/06 07:42:35 [error] 768#0: *3227 open() "/home/pouted/public_html/wp-content/uploads/2013/11/dexaprine_xr_box.jpg" failed (2: No such file or directory), client: 14.137.135.212, server: pouted.com, request: "GET /wp-content/uploads/2013/11/dexaprine_xr_box.jpg?x44527 HTTP/2.0", host: "www.pouted.com"
2025/01/06 07:42:36 [error] 768#0: *3228 connect() failed (111: Connection refused) while connecting to upstream, client: 185.191.171.9, server: ayaclass.com, request: "GET /?a=439715 HTTP/1.1", upstream: "http://192.145.236.239:8080/?a=439715", host: "www.ayaclass.com"
2025/01/06 07:42:36 [error] 768#0: *3157 connect() failed (111: Connection refused) while connecting to upstream, client: 98.84.70.201, server: pouted.com, request: "GET /tag/nail-art-ideas/ HTTP/2.0", upstream: "https://192.145.236.239:8443/tag/nail-art-ideas/", host: "www.pouted.com"
2025/01/06 07:42:38 [error] 768#0: *3231 connect() failed (111: Connection refused) while connecting to upstream, client: 185.191.171.18, server: ayaclass.com, request: "GET /?a=88808615 HTTP/1.1", upstream: "http://192.145.236.239:8080/?a=88808615", host: "www.ayaclass.com"
2025/01/06 07:42:39 [error] 768#0: *3234 connect() failed (111: Connection refused) while connecting to upstream, client: 52.3.155.146, server: ayaclass.com, request: "GET /?a=727762515 HTTP/1.1", upstream: "http://192.145.236.239:8080/?a=727762515", host: "www.ayaclass.com"
2025/01/06 07:42:40 [error] 768#0: *3236 connect() failed (111: Connection refused) while connecting to upstream, client: 47.128.122.62, server: pouted.com, request: "GET /tag/putting-antique-diamond-brooches/ HTTP/2.0", upstream: "https://192.145.236.239:8443/tag/putting-antique-diamond-brooches/", host: "www.pouted.com"
2025/01/06 07:42:40 [error] 768#0: *3238 connect() failed (111: Connection refused) while connecting to upstream, client: 107.20.255.194, server: pouted.com, request: "GET /tag/new-technology/ HTTP/2.0", upstream: "https://192.145.236.239:8443/tag/new-technology/", host: "www.pouted.com"
2025/01/06 07:42:42 [error] 768#0: *3241 connect() failed (111: Connection refused) while connecting to upstream, client: 2a03:4000:13:174:a8fe:e4ff:feb6:d5e, server: pouted.com, request: "GET /helpful-tips-for-doing-technical-assignment-trust-qualified-solver/amp/ HTTP/2.0", upstream: "https://192.145.236.239:8443/helpful-tips-for-doing-technical-assignment-trust-qualified-solver/amp/", host: "www.pouted.com"
2025/01/06 07:42:43 [error] 768#0: *3244 connect() failed (111: Connection refused) while connecting to upstream, client: 18.209.201.119, server: ayaclass.com, request: "GET /?a=746916315 HTTP/1.1", upstream: "http://192.145.236.239:8080/?a=746916315", host: "www.ayaclass.com"
2025/01/06 07:42:44 [error] 768#0: *2627 connect() failed (111: Connection refused) while connecting to upstream, client: 197.35.53.176, server: pouted.com, request: "POST /wp-admin/admin-ajax.php HTTP/2.0", upstream: "https://192.145.236.239:8443/wp-admin/admin-ajax.php", host: "www.pouted.com", referrer: "https://www.pouted.com/wp-admin/post.php?post=156281&action=edit&classic-editor"
2025/01/06 07:42:45 [error] 768#0: *3247 connect() failed (111: Connection refused) while connecting to upstream, client: 3.213.213.161, server: pouted.com, request: "GET /tag/minecraft-tips/ HTTP/2.0", upstream: "https://192.145.236.239:8443/tag/minecraft-tips/", host: "www.pouted.com"
2025/01/06 07:42:47 [error] 768#0: *3250 connect() failed (111: Connection refused) while connecting to upstream, client: 54.156.248.117, server: ayaclass.com, request: "GET /?a=573296415 HTTP/1.1", upstream: "http://192.145.236.239:8080/?a=573296415", host: "www.ayaclass.com"
2025/01/06 07:42:47 [error] 768#0: *3252 open() "/home/pouted/public_html/wp-content/uploads/2014/02/mrs-chang-korean-jewelry-fine-crystal-collet.jpg" failed (2: No such file or directory), client: 154.85.45.62, server: pouted.com, request: "GET /wp-content/uploads/2014/02/mrs-chang-korean-jewelry-fine-crystal-collet.jpg?x33143 HTTP/2.0", host: "www.pouted.com"
2025/01/06 07:42:48 [error] 768#0: *3253 connect() failed (111: Connection refused) while connecting to upstream, client: 127.0.0.1, server: 127.0.0.1, request: "GET /whm-server-status HTTP/1.0", upstream: "http://127.0.0.1:8080/whm-server-status", host: "localhost"
2025/01/06 07:42:49 [error] 768#0: *3255 connect() failed (111: Connection refused) while connecting to upstream, client: 44.212.145.46, server: pouted.com, request: "GET /tag/minecraft-game/ HTTP/2.0", upstream: "https://192.145.236.239:8443/tag/minecraft-game/", host: "www.pouted.com"
2025/01/06 07:42:49 [error] 768#0: *3257 connect() failed (111: Connection refused) while connecting to upstream, client: 185.191.171.4, server: ayaclass.com, request: "GET /?a=954015 HTTP/1.1", upstream: "http://192.145.236.239:8080/?a=954015", host: "www.ayaclass.com"
2025/01/06 07:42:50 [error] 768#0: *3259 connect() failed (111: Connection refused) while connecting to upstream, client: 3.224.205.25, server: ayaclass.com, request: "GET /?a=738935715 HTTP/1.1", upstream: "http://192.145.236.239:8080/?a=738935715", host: "www.ayaclass.com"
2025/01/06 07:42:51 [error] 768#0: *3257 connect() failed (111: Connection refused) while connecting to upstream, client: 185.191.171.8, server: ayaclass.com, request: "GET /?a=83387715 HTTP/1.1", upstream: "http://192.145.236.239:8080/?a=83387715", host: "www.ayaclass.com"
2025/01/06 07:42:52 [error] 768#0: *3263 open() "/home/pouted/public_html/wp-content/uploads/2017/08/The-Grand-Sheikh-Mosque-675x506.jpg" failed (2: No such file or directory), client: 47.84.144.181, server: pouted.com, request: "GET /wp-content/uploads/2017/08/The-Grand-Sheikh-Mosque-675x506.jpg HTTP/2.0", host: "www.pouted.com"
2025/01/06 07:42:52 [error] 768#0: *3262 connect() failed (111: Connection refused) while connecting to upstream, client: 34.234.200.207, server: pouted.com, request: "GET /tag/detoxification/ HTTP/2.0", upstream: "https://192.145.236.239:8443/tag/detoxification/", host: "www.pouted.com"
2025/01/06 07:42:54 [error] 768#0: *2627 connect() failed (111: Connection refused) while connecting to upstream, client: 197.35.53.176, server: pouted.com, request: "POST /wp-admin/admin-ajax.php HTTP/2.0", upstream: "https://192.145.236.239:8443/wp-admin/admin-ajax.php", host: "www.pouted.com", referrer: "https://www.pouted.com/wp-admin/post.php?post=156281&action=edit&classic-editor"
2025/01/06 07:42:54 [error] 768#0: *3267 connect() failed (111: Connection refused) while connecting to upstream, client: 44.215.210.112, server: ayaclass.com, request: "GET /?a=708457115 HTTP/1.1", upstream: "http://192.145.236.239:8080/?a=708457115", host: "www.ayaclass.com"
2025/01/06 07:42:56 [error] 768#0: *3269 connect() failed (111: Connection refused) while connecting to upstream, client: 2a03:2880:f800:e::, server: pouted.com, request: "GET /magazine/fashion-designs/page/86/ HTTP/2.0", upstream: "https://192.145.236.239:8443/magazine/fashion-designs/page/86/", host: "www.pouted.com"
2025/01/06 07:42:56 [error] 768#0: *3271 connect() failed (111: Connection refused) while connecting to upstream, client: 54.90.8.255, server: pouted.com, request: "GET /tag/online-therapy/ HTTP/2.0", upstream: "https://192.145.236.239:8443/tag/online-therapy/", host: "www.pouted.com"
2025/01/06 07:42:58 [error] 768#0: *3273 connect() failed (111: Connection refused) while connecting to upstream, client: 3.229.95.193, server: ayaclass.com, request: "GET /?a=252604115 HTTP/1.1", upstream: "http://192.145.236.239:8080/?a=252604115", host: "www.ayaclass.com"
2025/01/06 07:43:00 [error] 768#0: *3276 connect() failed (111: Connection refused) while connecting to upstream, client: 52.45.92.83, server: pouted.com, request: "GET /tag/silver-jewelry/ HTTP/2.0", upstream: "https://192.145.236.239:8443/tag/silver-jewelry/", host: "www.pouted.com"
2025/01/06 07:43:03 [error] 768#0: *3279 connect() failed (111: Connection refused) while connecting to upstream, client: 3.229.95.193, server: ayaclass.com, request: "GET /?a=320045015 HTTP/1.1", upstream: "http://192.145.236.239:8080/?a=320045015", host: "www.ayaclass.com"
2025/01/06 07:43:04 [error] 768#0: *3281 connect() failed (111: Connection refused) while connecting to upstream, client: 2a03:2880:f800:1b::, server: pouted.com, request: "GET /organization-needs-hr-software/ HTTP/2.0", upstream: "https://192.145.236.239:8443/organization-needs-hr-software/", host: "www.pouted.com"
2025/01/06 07:43:04 [error] 768#0: *2627 connect() failed (111: Connection refused) while connecting to upstream, client: 197.35.53.176, server: pouted.com, request: "POST /wp-admin/admin-ajax.php HTTP/2.0", upstream: "https://192.145.236.239:8443/wp-admin/admin-ajax.php", host: "www.pouted.com", referrer: "https://www.pouted.com/wp-admin/post.php?post=156281&action=edit&classic-editor"
2025/01/06 07:43:04 [error] 768#0: *2627 connect() failed (111: Connection refused) while connecting to upstream, client: 197.35.53.176, server: pouted.com, request: "POST /wp-admin/admin-ajax.php HTTP/2.0", upstream: "https://192.145.236.239:8443/wp-admin/admin-ajax.php", host: "www.pouted.com", referrer: "https://www.pouted.com/wp-admin/post.php?post=156281&action=edit&classic-editor"
2025/01/06 07:43:05 [error] 768#0: *3285 open() "/home/pouted/public_html/wp-content/uploads/2015/04/chris-pine.jpg/favicon.ico" failed (20: Not a directory), client: 153.92.40.196, server: pouted.com, request: "GET /wp-content/uploads/2015/04/chris-pine.jpg/favicon.ico HTTP/2.0", host: "www.pouted.com"
2025/01/06 07:43:05 [error] 768#0: *3286 open() "/home/pouted/public_html/wp-content/uploads/2013/07/Slide1121-300x225.jpg" failed (2: No such file or directory), client: 156.59.198.135, server: pouted.com, request: "GET /wp-content/uploads/2013/07/Slide1121-300x225.jpg?x43083 HTTP/2.0", host: "www.pouted.com"
2025/01/06 07:43:06 [error] 768#0: *3288 connect() failed (111: Connection refused) while connecting to upstream, client: 34.196.6.199, server: ayaclass.com, request: "GET /?a=405398615 HTTP/1.1", upstream: "http://192.145.236.239:8080/?a=405398615", host: "www.ayaclass.com"
2025/01/06 07:43:08 [error] 768#0: *3290 connect() failed (111: Connection refused) while connecting to upstream, client: 185.191.171.11, server: ayaclass.com, request: "GET /?a=88910115 HTTP/1.1", upstream: "http://192.145.236.239:8080/?a=88910115", host: "www.ayaclass.com"
2025/01/06 07:43:09 [error] 768#0: *3292 connect() failed (111: Connection refused) while connecting to upstream, client: 3.94.157.25, server: pouted.com, request: "GET /tag/shiba-inu-dogs/ HTTP/2.0", upstream: "https://192.145.236.239:8443/tag/shiba-inu-dogs/", host: "www.pouted.com"
2025/01/06 07:43:10 [error] 768#0: *3294 connect() failed (111: Connection refused) while connecting to upstream, client: 3.215.221.125, server: ayaclass.com, request: "GET /?a=158707615 HTTP/1.1", upstream: "http://192.145.236.239:8080/?a=158707615", host: "www.ayaclass.com"
2025/01/06 07:43:12 [error] 768#0: *3296 connect() failed (111: Connection refused) while connecting to upstream, client: 3.212.86.97, server: pouted.com, request: "GET /tag/connected-home/ HTTP/2.0", upstream: "https://192.145.236.239:8443/tag/connected-home/", host: "www.pouted.com"
2025/01/06 07:43:13 [error] 768#0: *3298 connect() failed (111: Connection refused) while connecting to upstream, client: 54.216.117.177, server: pouted.com, request: "GET / HTTP/2.0", upstream: "https://192.145.236.239:8443/", host: "pouted.com"
2025/01/06 07:43:13 [error] 768#0: *3299 connect() failed (111: Connection refused) while connecting to upstream, client: 54.229.154.114, server: pouted.com, request: "GET /feed HTTP/2.0", upstream: "https://192.145.236.239:8443/feed", host: "pouted.com"
2025/01/06 07:43:13 [error] 768#0: *3303 connect() failed (111: Connection refused) while connecting to upstream, client: 185.191.171.1, server: ayaclass.com, request: "GET /?a=76326615 HTTP/1.1", upstream: "http://192.145.236.239:8080/?a=76326615", host: "www.ayaclass.com"
2025/01/06 07:43:13 [error] 768#0: *3302 connect() failed (111: Connection refused) while connecting to upstream, client: 34.205.163.103, server: pouted.com, request: "GET /tag/lighting-guide/ HTTP/2.0", upstream: "https://192.145.236.239:8443/tag/lighting-guide/", host: "www.pouted.com"
2025/01/06 07:43:14 [error] 768#0: *2627 connect() failed (111: Connection refused) while connecting to upstream, client: 197.35.53.176, server: pouted.com, request: "POST /wp-admin/admin-ajax.php HTTP/2.0", upstream: "https://192.145.236.239:8443/wp-admin/admin-ajax.php", host: "www.pouted.com", referrer: "https://www.pouted.com/wp-admin/post.php?post=156281&action=edit&classic-editor"
2025/01/06 07:43:14 [error] 768#0: *3309 connect() failed (111: Connection refused) while connecting to upstream, client: 35.172.125.172, server: ayaclass.com, request: "GET /?a=81006615 HTTP/1.1", upstream: "http://192.145.236.239:8080/?a=81006615", host: "www.ayaclass.com"
2025/01/06 07:43:16 [error] 768#0: *3311 connect() failed (111: Connection refused) while connecting to upstream, client: 18.205.127.11, server: pouted.com, request: "GET /tag/automated-home/ HTTP/2.0", upstream: "https://192.145.236.239:8443/tag/automated-home/", host: "www.pouted.com"
2025/01/06 07:43:16 [error] 768#0: *3313 open() "/home/pouted/public_html/wp-content/uploads/2013/05/appdevsecrets.png" failed (2: No such file or directory), client: 101.32.221.146, server: pouted.com, request: "GET /wp-content/uploads/2013/05/appdevsecrets.png?x45357 HTTP/2.0", host: "www.pouted.com"
2025/01/06 07:43:18 [error] 768#0: *3314 connect() failed (111: Connection refused) while connecting to upstream, client: 85.208.96.207, server: ayaclass.com, request: "GET /?a=95681715 HTTP/1.1", upstream: "http://192.145.236.239:8080/?a=95681715", host: "www.ayaclass.com"
2025/01/06 07:43:18 [error] 768#0: *3316 connect() failed (111: Connection refused) while connecting to upstream, client: 3.218.35.239, server: ayaclass.com, request: "GET /?a=383545115 HTTP/1.1", upstream: "http://192.145.236.239:8080/?a=383545115", host: "www.ayaclass.com"
2025/01/06 07:43:20 [error] 768#0: *3318 connect() failed (111: Connection refused) while connecting to upstream, client: 3.214.176.44, server: pouted.com, request: "GET /tag/rich-countries/ HTTP/2.0", upstream: "https://192.145.236.239:8443/tag/rich-countries/", host: "www.pouted.com"
2025/01/06 07:43:22 [error] 768#0: *3320 connect() failed (111: Connection refused) while connecting to upstream, client: 52.167.144.187, server: pouted.com, request: "GET /hypnotic-lamps-and-how-it-can-make-you-fall-asleep/hypnotic_lamp4/ HTTP/2.0", upstream: "https://192.145.236.239:8443/hypnotic-lamps-and-how-it-can-make-you-fall-asleep/hypnotic_lamp4/", host: "www.pouted.com"
2025/01/06 07:43:22 [error] 768#0: *3322 connect() failed (111: Connection refused) while connecting to upstream, client: 52.73.6.26, server: ayaclass.com, request: "GET /?a=19148715 HTTP/1.1", upstream: "http://192.145.236.239:8080/?a=19148715", host: "www.ayaclass.com"
2025/01/06 07:43:23 [error] 768#0: *3325 open() "/home/pouted/public_html/wp-content/uploads/2013/06/Hennessey-Venom-GT-Front-Back-Image.jpg" failed (2: No such file or directory), client: 52.167.144.187, server: pouted.com, request: "GET /wp-content/uploads/2013/06/Hennessey-Venom-GT-Front-Back-Image.jpg HTTP/2.0", host: "www.pouted.com"
2025/01/06 07:43:23 [error] 768#0: *3326 connect() failed (111: Connection refused) while connecting to upstream, client: 85.208.96.200, server: ayaclass.com, request: "GET /?a=87668215 HTTP/1.1", upstream: "http://192.145.236.239:8080/?a=87668215", host: "www.ayaclass.com"
2025/01/06 07:43:24 [error] 768#0: *2627 connect() failed (111: Connection refused) while connecting to upstream, client: 197.35.53.176, server: pouted.com, request: "POST /wp-admin/admin-ajax.php HTTP/2.0", upstream: "https://192.145.236.239:8443/wp-admin/admin-ajax.php", host: "www.pouted.com", referrer: "https://www.pouted.com/wp-admin/post.php?post=156281&action=edit&classic-editor"
2025/01/06 07:43:24 [error] 768#0: *3331 connect() failed (111: Connection refused) while connecting to upstream, client: 52.205.113.104, server: pouted.com, request: "GET /tag/exercise-bikes/ HTTP/2.0", upstream: "https://192.145.236.239:8443/tag/exercise-bikes/", host: "www.pouted.com"
2025/01/06 07:43:25 [error] 768#0: *3337 open() "/home/pouted/public_html/wp-content/uploads/jewels/golden-money-clip.jpg" failed (2: No such file or directory), client: 213.255.220.124, server: pouted.com, request: "GET /wp-content/uploads/jewels/golden-money-clip.jpg?x45357 HTTP/2.0", host: "www.pouted.com"
2025/01/06 07:43:26 [error] 768#0: *3292 connect() failed (111: Connection refused) while connecting to upstream, client: 54.236.1.13, server: pouted.com, request: "GET /outdated-home-decorating-trends-to-avoid/ HTTP/2.0", upstream: "https://192.145.236.239:8443/outdated-home-decorating-trends-to-avoid/", host: "www.pouted.com"
2025/01/06 07:43:26 [error] 768#0: *3340 connect() failed (111: Connection refused) while connecting to upstream, client: 52.207.47.227, server: ayaclass.com, request: "GET /?a=399102115 HTTP/1.1", upstream: "http://192.145.236.239:8080/?a=399102115", host: "www.ayaclass.com"
2025/01/06 07:43:27 [error] 768#0: *3339 connect() failed (111: Connection refused) while connecting to upstream, client: 54.236.1.11, server: pouted.com, request: "GET /outdated-home-decorating-trends-to-avoid/ HTTP/2.0", upstream: "https://192.145.236.239:8443/outdated-home-decorating-trends-to-avoid/", host: "www.pouted.com"
2025/01/06 07:43:29 [error] 768#0: *3343 connect() failed (111: Connection refused) while connecting to upstream, client: 52.6.97.88, server: pouted.com, request: "GET /tag/treasury-bonds/ HTTP/2.0", upstream: "https://192.145.236.239:8443/tag/treasury-bonds/", host: "www.pouted.com"
2025/01/06 07:43:30 [error] 768#0: *3345 connect() failed (111: Connection refused) while connecting to upstream, client: 47.128.99.46, server: pouted.com, request: "GET /tag/pin-earrings/ HTTP/2.0", upstream: "https://192.145.236.239:8443/tag/pin-earrings/", host: "www.pouted.com"
2025/01/06 07:43:30 [error] 768#0: *3347 open() "/home/pouted/public_html/wp-content/uploads/2014/07/\u062e\u0648\u0627\u062a\u0645-\u0627\u0644\u0645\u0627\u0638-\u0627\u0644\u0645\u0627\u0633-6-780x405.jpg" failed (2: No such file or directory), client: 60.50.88.192, server: pouted.com, request: "GET /wp-content/uploads/2014/07/\u062e\u0648\u0627\u062a\u0645-\u0627\u0644\u0645\u0627\u0638-\u0627\u0644\u0645\u0627\u0633-6-780x405.jpg?x43083 HTTP/2.0", host: "www.pouted.com"
2025/01/06 07:43:31 [error] 768#0: *3348 connect() failed (111: Connection refused) while connecting to upstream, client: 98.82.39.241, server: ayaclass.com, request: "GET /?a=775633815 HTTP/1.1", upstream: "http://192.145.236.239:8080/?a=775633815", host: "www.ayaclass.com"
2025/01/06 07:43:31 [error] 768#0: *3350 connect() failed (111: Connection refused) while connecting to upstream, client: 185.191.171.4, server: ayaclass.com, request: "GET /?a=92392615 HTTP/1.1", upstream: "http://192.145.236.239:8080/?a=92392615", host: "www.ayaclass.com"
2025/01/06 07:43:32 [error] 768#0: *3352 connect() failed (111: Connection refused) while connecting to upstream, client: 34.226.89.140, server: pouted.com, request: "GET /tag/bond-investing/ HTTP/2.0", upstream: "https://192.145.236.239:8443/tag/bond-investing/", host: "www.pouted.com"
2025/01/06 07:43:34 [error] 768#0: *2627 connect() failed (111: Connection refused) while connecting to upstream, client: 197.35.53.176, server: pouted.com, request: "POST /wp-admin/admin-ajax.php HTTP/2.0", upstream: "https://192.145.236.239:8443/wp-admin/admin-ajax.php", host: "www.pouted.com", referrer: "https://www.pouted.com/wp-admin/post.php?post=156281&action=edit&classic-editor"
2025/01/06 07:43:35 [error] 768#0: *3355 connect() failed (111: Connection refused) while connecting to upstream, client: 34.194.95.99, server: ayaclass.com, request: "GET /?a=159294515 HTTP/1.1", upstream: "http://192.145.236.239:8080/?a=159294515", host: "www.ayaclass.com"
2025/01/06 07:43:35 [error] 768#0: *3357 open() "/home/pouted/public_html/wp-content/uploads/2013/02/Luxury-black-leather-living-room-furniture-set.jpg" failed (2: No such file or directory), client: 130.63.94.213, server: pouted.com, request: "GET /wp-content/uploads/2013/02/Luxury-black-leather-living-room-furniture-set.jpg HTTP/2.0", host: "www.pouted.com"
2025/01/06 07:43:35 [error] 768#0: *3359 open() "/home/pouted/public_html/wp-content/uploads/2013/11/Saola_Circle_image_HI_37218-780x405.jpg" failed (2: No such file or directory), client: 3.214.213.176, server: pouted.com, request: "GET /wp-content/uploads/2013/11/Saola_Circle_image_HI_37218-780x405.jpg HTTP/2.0", host: "www.pouted.com"
2025/01/06 07:43:36 [error] 768#0: *3360 connect() failed (111: Connection refused) while connecting to upstream, client: 18.211.148.239, server: pouted.com, request: "GET /tag/womens-outfits/ HTTP/2.0", upstream: "https://192.145.236.239:8443/tag/womens-outfits/", host: "www.pouted.com"
2025/01/06 07:43:38 [error] 768#0: *3364 connect() failed (111: Connection refused) while connecting to upstream, client: 44.213.202.136, server: ayaclass.com, request: "GET /?a=163861215 HTTP/1.1", upstream: "http://192.145.236.239:8080/?a=163861215", host: "www.ayaclass.com"
2025/01/06 07:43:39 [error] 768#0: *3374 connect() failed (111: Connection refused) while connecting to upstream, client: 66.249.84.36, server: pouted.com, request: "GET /magazine/more-categories/lifestyle/feed/ HTTP/2.0", upstream: "https://192.145.236.239:8443/magazine/more-categories/lifestyle/feed/", host: "www.pouted.com"
2025/01/06 07:43:39 [error] 768#0: *3367 connect() failed (111: Connection refused) while connecting to upstream, client: 2001:41d0:701:1000::4d73, server: pouted.com, request: "GET /can-quit-smoking/ HTTP/2.0", upstream: "https://192.145.236.239:8443/can-quit-smoking/", host: "www.pouted.com", referrer: "http://www.pouted.com/can-quit-smoking/"
2025/01/06 07:43:39 [error] 768#0: *3368 connect() failed (111: Connection refused) while connecting to upstream, client: 2001:41d0:701:1000::4d73, server: pouted.com, request: "GET /can-quit-smoking/ HTTP/2.0", upstream: "https://192.145.236.239:8443/can-quit-smoking/", host: "www.pouted.com", referrer: "http://www.pouted.com/can-quit-smoking/"
2025/01/06 07:43:39 [error] 768#0: *3369 connect() failed (111: Connection refused) while connecting to upstream, client: 2001:41d0:701:1000::4d73, server: pouted.com, request: "GET /can-quit-smoking/ HTTP/2.0", upstream: "https://192.145.236.239:8443/can-quit-smoking/", host: "www.pouted.com", referrer: "http://www.pouted.com/can-quit-smoking/"
2025/01/06 07:43:39 [error] 768#0: *3370 connect() failed (111: Connection refused) while connecting to upstream, client: 2001:41d0:701:1000::4d73, server: pouted.com, request: "GET /can-quit-smoking/ HTTP/2.0", upstream: "https://192.145.236.239:8443/can-quit-smoking/", host: "www.pouted.com", referrer: "http://www.pouted.com/can-quit-smoking/"
2025/01/06 07:43:39 [error] 768#0: *3371 connect() failed (111: Connection refused) while connecting to upstream, client: 2001:41d0:701:1000::4d73, server: pouted.com, request: "GET /can-quit-smoking/ HTTP/2.0", upstream: "https://192.145.236.239:8443/can-quit-smoking/", host: "www.pouted.com", referrer: "http://www.pouted.com/can-quit-smoking/"
2025/01/06 07:43:39 [error] 768#0: *3372 connect() failed (111: Connection refused) while connecting to upstream, client: 2001:41d0:701:1000::4d73, server: pouted.com, request: "GET /can-quit-smoking/ HTTP/2.0", upstream: "https://192.145.236.239:8443/can-quit-smoking/", host: "www.pouted.com", referrer: "http://www.pouted.com/can-quit-smoking/"
2025/01/06 07:43:39 [error] 768#0: *3373 connect() failed (111: Connection refused) while connecting to upstream, client: 2001:41d0:701:1000::4d73, server: pouted.com, request: "GET /can-quit-smoking/ HTTP/2.0", upstream: "https://192.145.236.239:8443/can-quit-smoking/", host: "www.pouted.com", referrer: "http://www.pouted.com/can-quit-smoking/"
2025/01/06 07:43:40 [error] 768#0: *3375 connect() failed (111: Connection refused) while connecting to upstream, client: 2001:41d0:701:1000::4d73, server: pouted.com, request: "GET /can-quit-smoking/ HTTP/2.0", upstream: "https://192.145.236.239:8443/can-quit-smoking/", host: "www.pouted.com", referrer: "http://www.pouted.com/can-quit-smoking/"
2025/01/06 07:43:40 [error] 768#0: *3376 connect() failed (111: Connection refused) while connecting to upstream, client: 2001:41d0:701:1000::4d73, server: pouted.com, request: "GET /can-quit-smoking/ HTTP/2.0", upstream: "https://192.145.236.239:8443/can-quit-smoking/", host: "www.pouted.com", referrer: "http://www.pouted.com/can-quit-smoking/"
2025/01/06 07:43:40 [error] 768#0: *3385 connect() failed (111: Connection refused) while connecting to upstream, client: 2001:41d0:701:1000::4d73, server: pouted.com, request: "GET /can-quit-smoking/ HTTP/2.0", upstream: "https://192.145.236.239:8443/can-quit-smoking/", host: "www.pouted.com", referrer: "http://www.pouted.com/can-quit-smoking/"
2025/01/06 07:43:40 [error] 768#0: *3366 connect() failed (111: Connection refused) while connecting to upstream, client: 2001:41d0:701:1000::4d73, server: pouted.com, request: "GET /can-quit-smoking/ HTTP/2.0", upstream: "https://192.145.236.239:8443/can-quit-smoking/", host: "www.pouted.com", referrer: "http://www.pouted.com/can-quit-smoking/"
2025/01/06 07:43:40 [error] 768#0: *3390 connect() failed (111: Connection refused) while connecting to upstream, client: 52.22.64.232, server: pouted.com, request: "GET /tag/hidden-secrets/ HTTP/2.0", upstream: "https://192.145.236.239:8443/tag/hidden-secrets/", host: "www.pouted.com"
2025/01/06 07:43:40 [error] 768#0: *2627 connect() failed (111: Connection refused) while connecting to upstream, client: 197.35.53.176, server: pouted.com, request: "GET /wp-admin/post.php?post=156281&action=edit&classic-editor HTTP/2.0", upstream: "https://192.145.236.239:8443/wp-admin/post.php?post=156281&action=edit&classic-editor", host: "www.pouted.com", referrer: "https://www.pouted.com/wp-admin/post.php?post=156281&action=edit&classic-editor"
2025/01/06 07:43:40 [error] 768#0: *3347 open() "/home/pouted/public_html/wp-content/uploads/2014/07/\u062e\u0648\u0627\u062a\u0645-\u0627\u0644\u0645\u0627\u0638-\u0627\u0644\u0645\u0627\u0633-6-780x405.jpg" failed (2: No such file or directory), client: 177.73.9.99, server: pouted.com, request: "GET /wp-content/uploads/2014/07/\u062e\u0648\u0627\u062a\u0645-\u0627\u0644\u0645\u0627\u0638-\u0627\u0644\u0645\u0627\u0633-6-780x405.jpg?x43083 HTTP/2.0", host: "www.pouted.com"
2025/01/06 07:43:41 [error] 768#0: *2627 connect() failed (111: Connection refused) while connecting to upstream, client: 197.35.53.176, server: pouted.com, request: "POST /wp-admin/admin-ajax.php HTTP/2.0", upstream: "https://192.145.236.239:8443/wp-admin/admin-ajax.php", host: "www.pouted.com", referrer: "https://www.pouted.com/wp-admin/post.php?post=156281&action=edit&classic-editor"
2025/01/06 07:43:41 [error] 768#0: *3367 connect() failed (111: Connection refused) while connecting to upstream, client: 2001:41d0:701:1000::4d73, server: pouted.com, request: "GET /can-quit-smoking/ HTTP/2.0", upstream: "https://192.145.236.239:8443/can-quit-smoking/", host: "www.pouted.com", referrer: "http://www.pouted.com/can-quit-smoking/"
2025/01/06 07:43:41 [error] 768#0: *3367 connect() failed (111: Connection refused) while connecting to upstream, client: 2001:41d0:701:1000::4d73, server: pouted.com, request: "GET /can-quit-smoking/ HTTP/2.0", upstream: "https://192.145.236.239:8443/can-quit-smoking/", host: "www.pouted.com", referrer: "http://www.pouted.com/can-quit-smoking/"
2025/01/06 07:43:42 [error] 768#0: *3367 connect() failed (111: Connection refused) while connecting to upstream, client: 2001:41d0:701:1000::4d73, server: pouted.com, request: "GET /can-quit-smoking/ HTTP/2.0", upstream: "https://192.145.236.239:8443/can-quit-smoking/", host: "www.pouted.com", referrer: "http://www.pouted.com/can-quit-smoking/"
2025/01/06 07:43:42 [error] 768#0: *3367 connect() failed (111: Connection refused) while connecting to upstream, client: 2001:41d0:701:1000::4d73, server: pouted.com, request: "GET /can-quit-smoking/ HTTP/2.0", upstream: "https://192.145.236.239:8443/can-quit-smoking/", host: "www.pouted.com", referrer: "http://www.pouted.com/can-quit-smoking/"
2025/01/06 07:43:42 [error] 768#0: *3322 connect() failed (111: Connection refused) while connecting to upstream, client: 85.208.96.211, server: ayaclass.com, request: "GET /?a=6167515 HTTP/1.1", upstream: "http://192.145.236.239:8080/?a=6167515", host: "www.ayaclass.com"
2025/01/06 07:43:42 [error] 768#0: *3399 connect() failed (111: Connection refused) while connecting to upstream, client: 54.225.98.148, server: ayaclass.com, request: "GET /?a=634909315 HTTP/1.1", upstream: "http://192.145.236.239:8080/?a=634909315", host: "www.ayaclass.com"
2025/01/06 07:43:42 [error] 768#0: *3401 open() "/home/pouted/public_html/wp-content/uploads/jewels/Silver-six-claw-earrings-925-sterling-silver-earrings-earrings.jpg" failed (2: No such file or directory), client: 114.119.154.203, server: pouted.com, request: "GET /wp-content/uploads/jewels/Silver-six-claw-earrings-925-sterling-silver-earrings-earrings.jpg?x72261 HTTP/2.0", host: "www.pouted.com", referrer: "https://www.pouted.com/best-ways-choose-stylish-earrings/amp/"
2025/01/06 07:43:43 [error] 768#0: *3368 connect() failed (111: Connection refused) while connecting to upstream, client: 2001:41d0:701:1000::4d73, server: pouted.com, request: "GET /can-quit-smoking/ HTTP/2.0", upstream: "https://192.145.236.239:8443/can-quit-smoking/", host: "www.pouted.com", referrer: "http://www.pouted.com/can-quit-smoking/"
2025/01/06 07:43:43 [error] 768#0: *3368 connect() failed (111: Connection refused) while connecting to upstream, client: 2001:41d0:701:1000::4d73, server: pouted.com, request: "GET /can-quit-smoking/ HTTP/2.0", upstream: "https://192.145.236.239:8443/can-quit-smoking/", host: "www.pouted.com", referrer: "http://www.pouted.com/can-quit-smoking/"
2025/01/06 07:43:43 [error] 768#0: *3404 connect() failed (111: Connection refused) while connecting to upstream, client: 2a03:2880:f800::, server: pouted.com, request: "GET /hottest-hairstyle-trends-2014/ HTTP/2.0", upstream: "https://192.145.236.239:8443/hottest-hairstyle-trends-2014/", host: "www.pouted.com"
2025/01/06 07:43:43 [error] 768#0: *3406 connect() failed (111: Connection refused) while connecting to upstream, client: 35.212.115.150, server: pouted.com, request: "GET /stylish-female-celebrities-fashion-trends HTTP/2.0", upstream: "https://192.145.236.239:8443/stylish-female-celebrities-fashion-trends", host: "www.pouted.com", referrer: "https://www.google.com"
2025/01/06 07:43:44 [error] 768#0: *3408 connect() failed (111: Connection refused) while connecting to upstream, client: 107.23.62.75, server: pouted.com, request: "GET /tag/luxury-watches/ HTTP/2.0", upstream: "https://192.145.236.239:8443/tag/luxury-watches/", host: "www.pouted.com"
2025/01/06 07:43:47 [error] 768#0: *3355 connect() failed (111: Connection refused) while connecting to upstream, client: 44.196.118.6, server: ayaclass.com, request: "GET /?a=575577515 HTTP/1.1", upstream: "http://192.145.236.239:8080/?a=575577515", host: "www.ayaclass.com"
2025/01/06 07:43:49 [error] 768#0: *3412 connect() failed (111: Connection refused) while connecting to upstream, client: 44.217.177.142, server: pouted.com, request: "GET /tag/miserable-life/ HTTP/2.0", upstream: "https://192.145.236.239:8443/tag/miserable-life/", host: "www.pouted.com"
2025/01/06 07:43:50 [error] 768#0: *3416 connect() failed (111: Connection refused) while connecting to upstream, client: 184.73.195.18, server: ayaclass.com, request: "GET /?a=592937015 HTTP/1.1", upstream: "http://192.145.236.239:8080/?a=592937015", host: "www.ayaclass.com"
2025/01/06 07:43:50 [error] 768#0: *3369 connect() failed (111: Connection refused) while connecting to upstream, client: 2001:41d0:701:1000::4d73, server: pouted.com, request: "GET /can-quit-smoking/ HTTP/2.0", upstream: "https://192.145.236.239:8443/can-quit-smoking/", host: "www.pouted.com", referrer: "http://www.pouted.com/can-quit-smoking/"
2025/01/06 07:43:51 [error] 768#0: *2627 connect() failed (111: Connection refused) while connecting to upstream, client: 197.35.53.176, server: pouted.com, request: "GET /wp-admin/post.php?post=156281&action=edit&classic-editor HTTP/2.0", upstream: "https://192.145.236.239:8443/wp-admin/post.php?post=156281&action=edit&classic-editor", host: "www.pouted.com", referrer: "https://www.pouted.com/wp-admin/post.php?post=156281&action=edit&classic-editor"
2025/01/06 07:43:52 [error] 768#0: *3404 connect() failed (111: Connection refused) while connecting to upstream, client: 35.172.125.172, server: pouted.com, request: "GET /tag/party-planning/ HTTP/2.0", upstream: "https://192.145.236.239:8443/tag/party-planning/", host: "www.pouted.com"
2025/01/06 07:43:54 [error] 768#0: *3423 connect() failed (111: Connection refused) while connecting to upstream, client: 47.128.33.15, server: pouted.com, request: "GET /tag/boot-trends/ HTTP/2.0", upstream: "https://192.145.236.239:8443/tag/boot-trends/", host: "www.pouted.com"
2025/01/06 07:43:54 [error] 768#0: *3425 connect() failed (111: Connection refused) while connecting to upstream, client: 100.29.160.53, server: ayaclass.com, request: "GET /?a=573919315 HTTP/1.1", upstream: "http://192.145.236.239:8080/?a=573919315", host: "www.ayaclass.com"
2025/01/06 07:43:55 [error] 768#0: *3427 connect() failed (111: Connection refused) while connecting to upstream, client: 85.208.96.209, server: ayaclass.com, request: "GET /?a=9361415 HTTP/1.1", upstream: "http://192.145.236.239:8080/?a=9361415", host: "www.ayaclass.com"
