2025/06/19 09:59:05 [error] 721#0: *12313 connect() failed (111: Connection refused) while connecting to upstream, client: 2001:ee0:4f36:c210:d0de:caae:eba0:646e, server: pouted.com, request: "GET /tag/medium-length-hairstyles-over-40 HTTP/2.0", upstream: "https://192.145.236.239:8443/tag/medium-length-hairstyles-over-40", host: "pouted.com"
2025/06/19 09:59:05 [error] 721#0: *12317 connect() failed (111: Connection refused) while connecting to upstream, client: 172.213.21.127, server: pouted.com, request: "GET /top-haircuts-for-men-2025/ HTTP/2.0", upstream: "https://192.145.236.239:8443/top-haircuts-for-men-2025/", host: "www.pouted.com"
2025/06/19 09:59:06 [error] 721#0: *12320 connect() failed (111: Connection refused) while connecting to upstream, client: 172.213.21.121, server: pouted.com, request: "GET /top-haircuts-for-men-2025/ HTTP/2.0", upstream: "https://192.145.236.239:8443/top-haircuts-for-men-2025/", host: "www.pouted.com"
2025/06/19 09:59:07 [error] 721#0: *12324 connect() failed (111: Connection refused) while connecting to upstream, client: 172.213.21.117, server: pouted.com, request: "GET /top-haircuts-for-men-2025/ HTTP/2.0", upstream: "https://192.145.236.239:8443/top-haircuts-for-men-2025/", host: "www.pouted.com"
2025/06/19 09:59:07 [error] 721#0: *12327 connect() failed (111: Connection refused) while connecting to upstream, client: 54.147.80.137, server: pouted.com, request: "GET /tag/screw-art/ HTTP/2.0", upstream: "https://192.145.236.239:8443/tag/screw-art/", host: "www.pouted.com"
2025/06/19 09:59:07 [error] 721#0: *12329 connect() failed (111: Connection refused) while connecting to upstream, client: 172.213.21.118, server: pouted.com, request: "GET /top-haircuts-for-men-2025/ HTTP/2.0", upstream: "https://192.145.236.239:8443/top-haircuts-for-men-2025/", host: "www.pouted.com"
2025/06/19 09:59:10 [error] 721#0: *12334 connect() failed (111: Connection refused) while connecting to upstream, client: 66.249.79.226, server: classing.ru, request: "GET /shopdetail/151569671 HTTP/2.0", upstream: "https://192.249.127.245:8443/shopdetail/151569671", host: "www.classing.ru"
2025/06/19 09:59:12 [error] 721#0: *12338 connect() failed (111: Connection refused) while connecting to upstream, client: 14.191.62.83, server: pouted.com, request: "GET /tag/homemade-christmas-gift-ideas HTTP/2.0", upstream: "https://192.145.236.239:8443/tag/homemade-christmas-gift-ideas", host: "pouted.com"
2025/06/19 09:59:13 [error] 721#0: *12341 connect() failed (111: Connection refused) while connecting to upstream, client: 191.209.99.226, server: pouted.com, request: "GET /trends/popular-trends/sport/15-usain-bolt-facts-that-will-make-you-say-damn/ HTTP/2.0", upstream: "https://192.145.236.239:8443/trends/popular-trends/sport/15-usain-bolt-facts-that-will-make-you-say-damn/", host: "www.pouted.com"
2025/06/19 09:59:14 [error] 721#0: *12344 connect() failed (111: Connection refused) while connecting to upstream, client: 20.97.189.100, server: pouted.com, request: "GET /top-10-professional-hairstyles-for-blonde-women/ HTTP/2.0", upstream: "https://192.145.236.239:8443/top-10-professional-hairstyles-for-blonde-women/", host: "www.pouted.com"
2025/06/19 09:59:14 [error] 721#0: *12343 connect() failed (111: Connection refused) while connecting to upstream, client: 2a03:2880:31ff:3::, server: pouted.com, request: "GET /top-2025-teen-fashion-trends/ HTTP/2.0", upstream: "https://192.145.236.239:8443/top-2025-teen-fashion-trends/", host: "www.pouted.com"
2025/06/19 09:59:14 [error] 721#0: *12347 connect() failed (111: Connection refused) while connecting to upstream, client: 20.97.189.109, server: pouted.com, request: "GET /top-10-professional-hairstyles-for-blonde-women/ HTTP/2.0", upstream: "https://192.145.236.239:8443/top-10-professional-hairstyles-for-blonde-women/", host: "www.pouted.com"
2025/06/19 09:59:14 [error] 721#0: *12284 connect() failed (111: Connection refused) while connecting to upstream, client: 20.97.189.98, server: pouted.com, request: "GET /top-10-professional-hairstyles-for-blonde-women/ HTTP/2.0", upstream: "https://192.145.236.239:8443/top-10-professional-hairstyles-for-blonde-women/", host: "www.pouted.com"
2025/06/19 09:59:15 [error] 721#0: *12350 connect() failed (111: Connection refused) while connecting to upstream, client: 20.97.189.107, server: pouted.com, request: "GET /top-10-professional-hairstyles-for-blonde-women/ HTTP/2.0", upstream: "https://192.145.236.239:8443/top-10-professional-hairstyles-for-blonde-women/", host: "www.pouted.com"
2025/06/19 09:59:19 [error] 721#0: *12357 connect() failed (111: Connection refused) while connecting to upstream, client: 85.208.96.197, server: ayaclass.com, request: "GET /?a=715919815 HTTP/1.1", upstream: "http://192.145.236.239:8080/?a=715919815", host: "www.ayaclass.com"
2025/06/19 09:59:20 [error] 721#0: *12359 connect() failed (111: Connection refused) while connecting to upstream, client: 204.15.208.26, server: pouted.com, request: "GET /women-over40-workout-routine-get-fit-fast HTTP/2.0", upstream: "https://192.145.236.239:8443/women-over40-workout-routine-get-fit-fast", host: "www.pouted.com"
2025/06/19 09:59:20 [error] 721#0: *12361 connect() failed (111: Connection refused) while connecting to upstream, client: 85.208.96.208, server: ayaclass.com, request: "GET /?a=723463715 HTTP/1.1", upstream: "http://192.145.236.239:8080/?a=723463715", host: "www.ayaclass.com"
2025/06/19 09:59:22 [error] 721#0: *12367 connect() failed (111: Connection refused) while connecting to upstream, client: 2001:ee0:5481:e686:a9d7:36e:214d:e2e, server: pouted.com, request: "GET /tag/nail-technician-schools HTTP/2.0", upstream: "https://192.145.236.239:8443/tag/nail-technician-schools", host: "pouted.com"
2025/06/19 09:59:22 [error] 721#0: *12369 connect() failed (111: Connection refused) while connecting to upstream, client: 85.208.96.208, server: ayaclass.com, request: "GET /?a=736530015 HTTP/1.1", upstream: "http://192.145.236.239:8080/?a=736530015", host: "www.ayaclass.com"
2025/06/19 09:59:23 [error] 721#0: *12372 connect() failed (111: Connection refused) while connecting to upstream, client: 2a03:2880:27ff:72::, server: pouted.com, request: "GET /effects-of-short-reels-on-kids-tiktok-brain/ HTTP/2.0", upstream: "https://192.145.236.239:8443/effects-of-short-reels-on-kids-tiktok-brain/", host: "www.pouted.com"
2025/06/19 09:59:24 [error] 721#0: *12376 open() "/home/pouted/public_html/wp-content/uploads/2014/06/1136567793.jpg" failed (2: No such file or directory), client: 114.119.158.217, server: pouted.com, request: "GET /wp-content/uploads/2014/06/1136567793.jpg?x71148 HTTP/2.0", host: "www.pouted.com"
2025/06/19 09:59:24 [error] 721#0: *12375 connect() failed (111: Connection refused) while connecting to upstream, client: 168.0.226.1, server: pouted.com, request: "GET /unexpected-creative-gift-ideas-for-best-friends/ HTTP/2.0", upstream: "https://192.145.236.239:8443/unexpected-creative-gift-ideas-for-best-friends/", host: "www.pouted.com"
2025/06/19 09:59:25 [error] 721#0: *12379 directory index of "/home/pouted/public_html/wp-content/uploads/pep-vn/b1/b149d882/" is forbidden, client: 177.37.177.155, server: pouted.com, request: "GET /wp-content/uploads/pep-vn/b1/b149d882/?C=N&O=D HTTP/2.0", host: "www.pouted.com"
2025/06/19 09:59:25 [error] 721#0: *12381 connect() failed (111: Connection refused) while connecting to upstream, client: 54.236.1.11, server: pouted.com, request: "GET /60-most-creative-3d-handmade-gift-boxes/amp/ HTTP/2.0", upstream: "https://192.145.236.239:8443/60-most-creative-3d-handmade-gift-boxes/amp/", host: "www.pouted.com"
2025/06/19 09:59:26 [error] 721#0: *12383 connect() failed (111: Connection refused) while connecting to upstream, client: 66.249.74.9, server: mrmyst.com, request: "GET /bluered/bejodaxenohiyisa.html HTTP/2.0", upstream: "https://192.145.236.239:8443/bluered/bejodaxenohiyisa.html", host: "mrmyst.com"
2025/06/19 09:59:30 [error] 721#0: *12392 connect() failed (111: Connection refused) while connecting to upstream, client: 127.0.0.1, server: 127.0.0.1, request: "GET /whm-server-status HTTP/1.0", upstream: "http://127.0.0.1:8080/whm-server-status", host: "localhost"
2025/06/19 09:59:30 [error] 721#0: *12394 connect() failed (111: Connection refused) while connecting to upstream, client: 52.255.111.13, server: pouted.com, request: "GET /do-you-hear-about-these-expensive-watches-of-rolex/ HTTP/2.0", upstream: "https://192.145.236.239:8443/do-you-hear-about-these-expensive-watches-of-rolex/", host: "www.pouted.com"
2025/06/19 09:59:30 [error] 721#0: *12395 connect() failed (111: Connection refused) while connecting to upstream, client: 52.255.111.13, server: pouted.com, request: "GET /do-you-hear-about-these-expensive-watches-of-rolex/ HTTP/2.0", upstream: "https://192.145.236.239:8443/do-you-hear-about-these-expensive-watches-of-rolex/", host: "www.pouted.com"
2025/06/19 09:59:30 [error] 721#0: *12396 connect() failed (111: Connection refused) while connecting to upstream, client: 52.255.111.13, server: pouted.com, request: "GET /do-you-hear-about-these-expensive-watches-of-rolex/ HTTP/2.0", upstream: "https://192.145.236.239:8443/do-you-hear-about-these-expensive-watches-of-rolex/", host: "www.pouted.com"
2025/06/19 09:59:30 [error] 721#0: *12401 connect() failed (111: Connection refused) while connecting to upstream, client: 52.255.111.1, server: pouted.com, request: "GET /do-you-hear-about-these-expensive-watches-of-rolex/ HTTP/2.0", upstream: "https://192.145.236.239:8443/do-you-hear-about-these-expensive-watches-of-rolex/", host: "www.pouted.com"
2025/06/19 09:59:30 [error] 721#0: *12402 connect() failed (111: Connection refused) while connecting to upstream, client: 52.255.111.14, server: pouted.com, request: "GET /do-you-hear-about-these-expensive-watches-of-rolex/ HTTP/2.0", upstream: "https://192.145.236.239:8443/do-you-hear-about-these-expensive-watches-of-rolex/", host: "www.pouted.com"
2025/06/19 09:59:30 [error] 721#0: *12403 connect() failed (111: Connection refused) while connecting to upstream, client: 52.255.111.14, server: pouted.com, request: "GET /do-you-hear-about-these-expensive-watches-of-rolex/ HTTP/2.0", upstream: "https://192.145.236.239:8443/do-you-hear-about-these-expensive-watches-of-rolex/", host: "www.pouted.com"
2025/06/19 09:59:30 [error] 721#0: *12407 connect() failed (111: Connection refused) while connecting to upstream, client: 2a03:2880:2ff:73::, server: pouted.com, request: "GET /most-famous-makeup-artists-in-usa/ HTTP/2.0", upstream: "https://192.145.236.239:8443/most-famous-makeup-artists-in-usa/", host: "www.pouted.com"
2025/06/19 09:59:31 [error] 721#0: *12400 connect() failed (111: Connection refused) while connecting to upstream, client: 82.26.246.116, server: pouted.com, request: "GET /2025-summer-outfits-for-women-trends/ HTTP/2.0", upstream: "https://192.145.236.239:8443/2025-summer-outfits-for-women-trends/", host: "www.pouted.com", referrer: "https://www.bing.com/"
2025/06/19 09:59:31 [error] 721#0: *12409 connect() failed (111: Connection refused) while connecting to upstream, client: 52.255.111.15, server: pouted.com, request: "GET /do-you-hear-about-these-expensive-watches-of-rolex/ HTTP/2.0", upstream: "https://192.145.236.239:8443/do-you-hear-about-these-expensive-watches-of-rolex/", host: "www.pouted.com"
2025/06/19 09:59:31 [error] 726#0: *12410 connect() failed (111: Connection refused) while connecting to upstream, client: 52.255.111.15, server: pouted.com, request: "GET /do-you-hear-about-these-expensive-watches-of-rolex/ HTTP/2.0", upstream: "https://192.145.236.239:8443/do-you-hear-about-these-expensive-watches-of-rolex/", host: "www.pouted.com"
2025/06/19 09:59:31 [error] 721#0: *12411 connect() failed (111: Connection refused) while connecting to upstream, client: 52.255.111.8, server: pouted.com, request: "GET /do-you-hear-about-these-expensive-watches-of-rolex/ HTTP/2.0", upstream: "https://192.145.236.239:8443/do-you-hear-about-these-expensive-watches-of-rolex/", host: "www.pouted.com"
2025/06/19 09:59:31 [error] 721#0: *12416 connect() failed (111: Connection refused) while connecting to upstream, client: 52.255.111.14, server: pouted.com, request: "GET /do-you-hear-about-these-expensive-watches-of-rolex/ HTTP/2.0", upstream: "https://192.145.236.239:8443/do-you-hear-about-these-expensive-watches-of-rolex/", host: "www.pouted.com"
2025/06/19 09:59:31 [error] 721#0: *12417 connect() failed (111: Connection refused) while connecting to upstream, client: 52.255.111.14, server: pouted.com, request: "GET /do-you-hear-about-these-expensive-watches-of-rolex/ HTTP/2.0", upstream: "https://192.145.236.239:8443/do-you-hear-about-these-expensive-watches-of-rolex/", host: "www.pouted.com"
2025/06/19 09:59:31 [error] 721#0: *12418 connect() failed (111: Connection refused) while connecting to upstream, client: 52.255.111.10, server: pouted.com, request: "GET /do-you-hear-about-these-expensive-watches-of-rolex/ HTTP/2.0", upstream: "https://192.145.236.239:8443/do-you-hear-about-these-expensive-watches-of-rolex/", host: "www.pouted.com"
2025/06/19 09:59:33 [error] 721#0: *12424 connect() failed (111: Connection refused) while connecting to upstream, client: 34.138.190.136, server: pouted.com, request: "GET /best-10-trendy-short-hairstyles-with-bangs/ HTTP/2.0", upstream: "https://192.145.236.239:8443/best-10-trendy-short-hairstyles-with-bangs/", host: "www.pouted.com"
2025/06/19 09:59:36 [error] 721#0: *12380 open() "/home/pouted/public_html/wp-content/uploads/2014/07/original_art-deco-diamante-pearl-shoe-clips.jpg" failed (2: No such file or directory), client: 74.249.10.71, server: pouted.com, request: "GET /wp-content/uploads/2014/07/original_art-deco-diamante-pearl-shoe-clips.jpg?x71148 HTTP/2.0", host: "www.pouted.com"
2025/06/19 09:59:36 [error] 721#0: *12433 open() "/home/pouted/public_html/wp-content/uploads/2013/06/Childrens-christmas-tree-fancy-dress.jpg" failed (2: No such file or directory), client: 74.249.10.71, server: pouted.com, request: "GET /wp-content/uploads/2013/06/Childrens-christmas-tree-fancy-dress.jpg?x44527 HTTP/2.0", host: "www.pouted.com"
2025/06/19 09:59:36 [error] 721#0: *12434 connect() failed (111: Connection refused) while connecting to upstream, client: 66.249.79.128, server: pouted.com, request: "GET /barefoot-jewelry/ HTTP/2.0", upstream: "https://192.145.236.239:8443/barefoot-jewelry/", host: "www.pouted.com"
2025/06/19 09:59:36 [error] 721#0: *12435 connect() failed (111: Connection refused) while connecting to upstream, client: 2a03:2880:12ff:4::, server: pouted.com, request: "GET /top-mens-fashion-for-2025/ HTTP/2.0", upstream: "https://192.145.236.239:8443/top-mens-fashion-for-2025/", host: "www.pouted.com"
2025/06/19 09:59:37 [error] 721#0: *12434 connect() failed (111: Connection refused) while connecting to upstream, client: 66.249.79.128, server: pouted.com, request: "GET /30-creative-ideas-food-presentation/amp/ HTTP/2.0", upstream: "https://192.145.236.239:8443/30-creative-ideas-food-presentation/amp/", host: "www.pouted.com"
2025/06/19 09:59:37 [error] 721#0: *12434 connect() failed (111: Connection refused) while connecting to upstream, client: 66.249.79.128, server: pouted.com, request: "GET /top-10-must-have-men-christmas-gifts/ HTTP/2.0", upstream: "https://192.145.236.239:8443/top-10-must-have-men-christmas-gifts/", host: "www.pouted.com"
2025/06/19 09:59:40 [error] 721#0: *12444 open() "/home/pouted/public_html/wp-content/uploads/2016/01/catchy-beacelet-for-men-4.jpg" failed (2: No such file or directory), client: 66.249.79.128, server: pouted.com, request: "GET /wp-content/uploads/2016/01/catchy-beacelet-for-men-4.jpg HTTP/2.0", host: "www.pouted.com"
2025/06/19 09:59:42 [error] 721#0: *12447 connect() failed (111: Connection refused) while connecting to upstream, client: 146.70.166.223, server: pouted.com, request: "GET /feed/ HTTP/2.0", upstream: "https://192.145.236.239:8443/feed/", host: "www.pouted.com"
2025/06/19 09:59:42 [error] 721#0: *12449 open() "/home/pouted/public_html/wp-content/uploads/2013/06/aston_martin_one-77.jpg" failed (2: No such file or directory), client: 2605:340::4a, server: pouted.com, request: "GET /wp-content/uploads/2013/06/aston_martin_one-77.jpg?x71148 HTTP/2.0", host: "www.pouted.com"
2025/06/19 09:59:42 [error] 721#0: *12450 connect() failed (111: Connection refused) while connecting to upstream, client: 43.231.112.138, server: mrmyst.com, request: "POST /xmlrpc.php HTTP/2.0", upstream: "https://192.145.236.239:8443/xmlrpc.php", host: "www.mrmyst.com", referrer: "https://www.mrmyst.com"
2025/06/19 09:59:43 [error] 721#0: *12452 connect() failed (111: Connection refused) while connecting to upstream, client: 43.231.112.138, server: mrmyst.com, request: "POST /wp-login.php HTTP/2.0", upstream: "https://192.145.236.239:8443/wp-login.php", host: "www.mrmyst.com", referrer: "https://www.mrmyst.com"
2025/06/19 09:59:44 [error] 721#0: *12456 connect() failed (111: Connection refused) while connecting to upstream, client: 149.36.48.165, server: pouted.com, request: "GET /feed/ HTTP/2.0", upstream: "https://192.145.236.239:8443/feed/", host: "www.pouted.com"
2025/06/19 09:59:44 [error] 721#0: *12455 connect() failed (111: Connection refused) while connecting to upstream, client: 182.161.74.68, server: pouted.com, request: "GET /smart-clothing-with-built-in-technology/ HTTP/2.0", upstream: "https://192.145.236.239:8443/smart-clothing-with-built-in-technology/", host: "www.pouted.com"
2025/06/19 09:59:46 [error] 721#0: *12462 connect() failed (111: Connection refused) while connecting to upstream, client: 45.149.173.195, server: pouted.com, request: "GET /feed/ HTTP/2.0", upstream: "https://192.145.236.239:8443/feed/", host: "www.pouted.com"
2025/06/19 09:59:47 [error] 721#0: *12465 connect() failed (111: Connection refused) while connecting to upstream, client: 3.225.45.252, server: pouted.com, request: "GET /tag/cyber-crime-terrible-facts/ HTTP/2.0", upstream: "https://192.145.236.239:8443/tag/cyber-crime-terrible-facts/", host: "www.pouted.com"
2025/06/19 09:59:47 [error] 721#0: *12467 connect() failed (111: Connection refused) while connecting to upstream, client: 66.249.79.227, server: classing.ru, request: "GET /shopdetail/153293471 HTTP/2.0", upstream: "https://192.249.127.245:8443/shopdetail/153293471", host: "www.classing.ru"
2025/06/19 09:59:49 [error] 721#0: *12434 connect() failed (111: Connection refused) while connecting to upstream, client: 66.249.79.128, server: pouted.com, request: "GET /hot-citizen-ladies-watches-best-design-images/ HTTP/2.0", upstream: "https://192.145.236.239:8443/hot-citizen-ladies-watches-best-design-images/", host: "www.pouted.com"
2025/06/19 09:59:49 [error] 721#0: *12471 connect() failed (111: Connection refused) while connecting to upstream, client: 66.249.79.227, server: classing.ru, request: "GET /shopdetail/194200171 HTTP/2.0", upstream: "https://192.249.127.245:8443/shopdetail/194200171", host: "www.classing.ru"
2025/06/19 09:59:51 [error] 721#0: *12474 open() "/home/pouted/public_html/wp-content/uploads/2013/07/Atlantis-Paradise-Island-Bahamas-610x330.jpg" failed (2: No such file or directory), client: 66.249.79.128, server: pouted.com, request: "GET /wp-content/uploads/2013/07/Atlantis-Paradise-Island-Bahamas-610x330.jpg HTTP/2.0", host: "www.pouted.com"
2025/06/19 09:59:51 [error] 721#0: *12475 connect() failed (111: Connection refused) while connecting to upstream, client: 2a03:2880:13ff:44::, server: pouted.com, request: "GET /curtain-trends/ HTTP/2.0", upstream: "https://192.145.236.239:8443/curtain-trends/", host: "www.pouted.com"
2025/06/19 09:59:53 [error] 721#0: *12477 connect() failed (111: Connection refused) while connecting to upstream, client: 45.77.159.83, server: pouted.com, request: "POST /wp-json/seowriting/v1/webhook HTTP/2.0", upstream: "https://192.145.236.239:8443/wp-json/seowriting/v1/webhook", host: "www.pouted.com"
2025/06/19 09:59:54 [error] 721#0: *12480 connect() failed (111: Connection refused) while connecting to upstream, client: 66.249.79.226, server: classing.ru, request: "GET /goods/pid=1689175 HTTP/2.0", upstream: "https://192.249.127.245:8443/goods/pid=1689175", host: "www.classing.ru"
2025/06/19 09:59:56 [error] 721#0: *12483 open() "/home/pouted/public_html/wp-content/uploads/2014/05/college-students-awesome.jpg" failed (2: No such file or directory), client: 114.119.143.1, server: pouted.com, request: "GET /wp-content/uploads/2014/05/college-students-awesome.jpg?x45357 HTTP/2.0", host: "www.pouted.com"
2025/06/19 09:59:58 [error] 721#0: *12395 connect() failed (111: Connection refused) while connecting to upstream, client: 52.255.111.13, server: pouted.com, request: "GET /do-you-hear-about-these-expensive-watches-of-rolex/ HTTP/2.0", upstream: "https://192.145.236.239:8443/do-you-hear-about-these-expensive-watches-of-rolex/", host: "www.pouted.com"
2025/06/19 09:59:58 [error] 721#0: *12394 connect() failed (111: Connection refused) while connecting to upstream, client: 52.255.111.13, server: pouted.com, request: "GET /do-you-hear-about-these-expensive-watches-of-rolex/ HTTP/2.0", upstream: "https://192.145.236.239:8443/do-you-hear-about-these-expensive-watches-of-rolex/", host: "www.pouted.com"
2025/06/19 09:59:58 [error] 721#0: *12396 connect() failed (111: Connection refused) while connecting to upstream, client: 52.255.111.13, server: pouted.com, request: "GET /do-you-hear-about-these-expensive-watches-of-rolex/ HTTP/2.0", upstream: "https://192.145.236.239:8443/do-you-hear-about-these-expensive-watches-of-rolex/", host: "www.pouted.com"
2025/06/19 09:59:58 [error] 721#0: *12402 connect() failed (111: Connection refused) while connecting to upstream, client: 52.255.111.14, server: pouted.com, request: "GET /do-you-hear-about-these-expensive-watches-of-rolex/ HTTP/2.0", upstream: "https://192.145.236.239:8443/do-you-hear-about-these-expensive-watches-of-rolex/", host: "www.pouted.com"
2025/06/19 09:59:58 [error] 721#0: *12401 connect() failed (111: Connection refused) while connecting to upstream, client: 52.255.111.1, server: pouted.com, request: "GET /do-you-hear-about-these-expensive-watches-of-rolex/ HTTP/2.0", upstream: "https://192.145.236.239:8443/do-you-hear-about-these-expensive-watches-of-rolex/", host: "www.pouted.com"
2025/06/19 09:59:58 [error] 721#0: *12401 connect() failed (111: Connection refused) while connecting to upstream, client: 52.255.111.1, server: pouted.com, request: "GET /do-you-hear-about-these-expensive-watches-of-rolex/ HTTP/2.0", upstream: "https://192.145.236.239:8443/do-you-hear-about-these-expensive-watches-of-rolex/", host: "www.pouted.com"
2025/06/19 09:59:58 [error] 721#0: *12411 connect() failed (111: Connection refused) while connecting to upstream, client: 52.255.111.8, server: pouted.com, request: "GET /do-you-hear-about-these-expensive-watches-of-rolex/ HTTP/2.0", upstream: "https://192.145.236.239:8443/do-you-hear-about-these-expensive-watches-of-rolex/", host: "www.pouted.com"
2025/06/19 09:59:58 [error] 721#0: *12409 connect() failed (111: Connection refused) while connecting to upstream, client: 52.255.111.15, server: pouted.com, request: "GET /do-you-hear-about-these-expensive-watches-of-rolex/ HTTP/2.0", upstream: "https://192.145.236.239:8443/do-you-hear-about-these-expensive-watches-of-rolex/", host: "www.pouted.com"
2025/06/19 09:59:58 [error] 726#0: *12410 connect() failed (111: Connection refused) while connecting to upstream, client: 52.255.111.15, server: pouted.com, request: "GET /do-you-hear-about-these-expensive-watches-of-rolex/ HTTP/2.0", upstream: "https://192.145.236.239:8443/do-you-hear-about-these-expensive-watches-of-rolex/", host: "www.pouted.com"
2025/06/19 09:59:58 [error] 721#0: *12416 connect() failed (111: Connection refused) while connecting to upstream, client: 52.255.111.14, server: pouted.com, request: "GET /do-you-hear-about-these-expensive-watches-of-rolex/ HTTP/2.0", upstream: "https://192.145.236.239:8443/do-you-hear-about-these-expensive-watches-of-rolex/", host: "www.pouted.com"
2025/06/19 09:59:58 [error] 721#0: *12486 connect() failed (111: Connection refused) while connecting to upstream, client: 186.211.162.187, server: pouted.com, request: "GET /tag/simpsons/ HTTP/2.0", upstream: "https://192.145.236.239:8443/tag/simpsons/", host: "www.pouted.com"
2025/06/19 09:59:59 [error] 721#0: *12417 connect() failed (111: Connection refused) while connecting to upstream, client: 52.255.111.14, server: pouted.com, request: "GET /do-you-hear-about-these-expensive-watches-of-rolex/ HTTP/2.0", upstream: "https://192.145.236.239:8443/do-you-hear-about-these-expensive-watches-of-rolex/", host: "www.pouted.com"
2025/06/19 09:59:59 [error] 721#0: *12499 connect() failed (111: Connection refused) while connecting to upstream, client: 52.255.111.5, server: pouted.com, request: "GET /do-you-hear-about-these-expensive-watches-of-rolex/ HTTP/2.0", upstream: "https://192.145.236.239:8443/do-you-hear-about-these-expensive-watches-of-rolex/", host: "www.pouted.com"
2025/06/19 10:00:01 [error] 721#0: *12506 open() "/home/pouted/public_html/wp-content/uploads/2013/11/6a00d83452652569e2014e89c92fcf970d-500wi.jpg" failed (2: No such file or directory), client: 74.249.10.71, server: pouted.com, request: "GET /wp-content/uploads/2013/11/6a00d83452652569e2014e89c92fcf970d-500wi.jpg?x44527 HTTP/2.0", host: "www.pouted.com"
2025/06/19 10:00:01 [error] 726#0: *12509 connect() failed (111: Connection refused) while connecting to upstream, client: 185.191.171.7, server: ayaclass.com, request: "GET /?a=662703015 HTTP/1.1", upstream: "http://192.145.236.239:8080/?a=662703015", host: "www.ayaclass.com"
2025/06/19 10:00:03 [error] 723#0: *12512 connect() failed (111: Connection refused) while connecting to upstream, client: 2a03:2880:f800:18::, server: pouted.com, request: "GET /tips-before-buying-new-smartphone/ HTTP/2.0", upstream: "https://192.145.236.239:8443/tips-before-buying-new-smartphone/", host: "www.pouted.com"
2025/06/19 10:00:05 [error] 723#0: *12517 connect() failed (111: Connection refused) while connecting to upstream, client: 2a03:2880:3ff:1::, server: pouted.com, request: "GET /best-affordable-clothing-brands/ HTTP/2.0", upstream: "https://192.145.236.239:8443/best-affordable-clothing-brands/", host: "www.pouted.com"
2025/06/19 10:00:06 [error] 725#0: *12520 connect() failed (111: Connection refused) while connecting to upstream, client: 113.187.244.247, server: pouted.com, request: "GET /tag/puppies HTTP/2.0", upstream: "https://192.145.236.239:8443/tag/puppies", host: "pouted.com"
2025/06/19 10:00:06 [error] 727#0: *12523 connect() failed (111: Connection refused) while connecting to upstream, client: 104.153.92.6, server: pouted.com, request: "GET /robots.txt HTTP/2.0", upstream: "https://192.145.236.239:8443/robots.txt", host: "www.pouted.com"
2025/06/19 10:00:07 [error] 722#0: *12529 connect() failed (111: Connection refused) while connecting to upstream, client: 52.167.144.215, server: pouted.com, request: "GET /rarest-unusual-eye-colors/ HTTP/2.0", upstream: "https://192.145.236.239:8443/rarest-unusual-eye-colors/", host: "www.pouted.com"
2025/06/19 10:00:09 [error] 721#0: *12534 connect() failed (111: Connection refused) while connecting to upstream, client: 54.236.1.11, server: pouted.com, request: "GET /stellar-european-fashions-for-spring-2017/ HTTP/2.0", upstream: "https://192.145.236.239:8443/stellar-european-fashions-for-spring-2017/", host: "www.pouted.com"
2025/06/19 10:00:09 [error] 721#0: *12533 connect() failed (111: Connection refused) while connecting to upstream, client: 2001:ee0:4870:4c9:51e7:825e:9fa3:ec31, server: pouted.com, request: "GET /tag/plumbing HTTP/2.0", upstream: "https://192.145.236.239:8443/tag/plumbing", host: "pouted.com"
2025/06/19 10:00:09 [error] 727#0: *12524 connect() failed (111: Connection refused) while connecting to upstream, client: 172.213.11.147, server: pouted.com, request: "GET /expensive-mens-watches-designs/ HTTP/2.0", upstream: "https://192.145.236.239:8443/expensive-mens-watches-designs/", host: "www.pouted.com"
2025/06/19 10:00:09 [error] 724#0: *12527 connect() failed (111: Connection refused) while connecting to upstream, client: 104.153.92.6, server: pouted.com, request: "GET /75-most-breathtaking-colored-wedding-dresses-in-2017 HTTP/2.0", upstream: "https://192.145.236.239:8443/75-most-breathtaking-colored-wedding-dresses-in-2017", host: "www.pouted.com"
2025/06/19 10:00:10 [error] 727#0: *12523 connect() failed (111: Connection refused) while connecting to upstream, client: 66.249.79.128, server: pouted.com, request: "GET /robots.txt HTTP/2.0", upstream: "https://192.145.236.239:8443/robots.txt", host: "www.pouted.com"
2025/06/19 10:00:10 [error] 726#0: *12541 connect() failed (111: Connection refused) while connecting to upstream, client: 172.213.11.151, server: pouted.com, request: "GET /expensive-mens-watches-designs/ HTTP/2.0", upstream: "https://192.145.236.239:8443/expensive-mens-watches-designs/", host: "www.pouted.com"
2025/06/19 10:00:11 [error] 721#0: *12544 connect() failed (111: Connection refused) while connecting to upstream, client: 172.213.11.149, server: pouted.com, request: "GET /expensive-mens-watches-designs/ HTTP/2.0", upstream: "https://192.145.236.239:8443/expensive-mens-watches-designs/", host: "www.pouted.com"
2025/06/19 10:00:12 [error] 726#0: *12548 connect() failed (111: Connection refused) while connecting to upstream, client: 172.213.11.150, server: pouted.com, request: "GET /expensive-mens-watches-designs/ HTTP/2.0", upstream: "https://192.145.236.239:8443/expensive-mens-watches-designs/", host: "www.pouted.com"
2025/06/19 10:00:12 [error] 726#0: *12550 connect() failed (111: Connection refused) while connecting to upstream, client: 76.118.63.5, server: pouted.com, request: "GET /83-most-fabulous-white-wedding-shoes-in-2017/ HTTP/2.0", upstream: "https://192.145.236.239:8443/83-most-fabulous-white-wedding-shoes-in-2017/", host: "www.pouted.com", referrer: "android-app://com.google.android.googlequicksearchbox/"
2025/06/19 10:00:14 [error] 727#0: *12556 connect() failed (111: Connection refused) while connecting to upstream, client: 3.94.122.109, server: pouted.com, request: "GET /smart-clothing-with-built-in-technology/ HTTP/2.0", upstream: "https://192.145.236.239:8443/smart-clothing-with-built-in-technology/", host: "www.pouted.com"
2025/06/19 10:00:17 [error] 721#0: *12560 connect() failed (111: Connection refused) while connecting to upstream, client: 52.255.111.59, server: pouted.com, request: "GET /top-haircuts-for-men-2025/ HTTP/2.0", upstream: "https://192.145.236.239:8443/top-haircuts-for-men-2025/", host: "www.pouted.com"
2025/06/19 10:00:18 [error] 721#0: *12562 connect() failed (111: Connection refused) while connecting to upstream, client: 52.255.111.55, server: pouted.com, request: "GET /top-haircuts-for-men-2025/ HTTP/2.0", upstream: "https://192.145.236.239:8443/top-haircuts-for-men-2025/", host: "www.pouted.com"
2025/06/19 10:00:18 [error] 721#0: *12564 connect() failed (111: Connection refused) while connecting to upstream, client: 52.255.111.59, server: pouted.com, request: "GET /top-haircuts-for-men-2025/ HTTP/2.0", upstream: "https://192.145.236.239:8443/top-haircuts-for-men-2025/", host: "www.pouted.com"
2025/06/19 10:00:18 [error] 726#0: *12567 connect() failed (111: Connection refused) while connecting to upstream, client: 52.255.111.62, server: pouted.com, request: "GET /top-haircuts-for-men-2025/ HTTP/2.0", upstream: "https://192.145.236.239:8443/top-haircuts-for-men-2025/", host: "www.pouted.com"
2025/06/19 10:00:19 [error] 726#0: *12569 connect() failed (111: Connection refused) while connecting to upstream, client: 45.77.159.83, server: pouted.com, request: "POST /wp-json/seowriting/v1/webhook HTTP/2.0", upstream: "https://192.145.236.239:8443/wp-json/seowriting/v1/webhook", host: "www.pouted.com"
2025/06/19 10:00:21 [error] 721#0: *12573 open() "/home/pouted/public_html/wp-content/uploads/2013/01/Lamp-Kerosene-Lamp1.jpg" failed (2: No such file or directory), client: 137.110.52.235, server: pouted.com, request: "GET /wp-content/uploads/2013/01/Lamp-Kerosene-Lamp1.jpg HTTP/2.0", host: "www.pouted.com"
2025/06/19 10:00:22 [error] 721#0: *12575 open() "/home/pouted/public_html/wp-content/uploads/2017/02/c-chaco-canyon-sw-turquoise-copper-leaf-cuff-bracelet-d-20120613115116827180976-475x475.jpg" failed (2: No such file or directory), client: 74.249.10.71, server: pouted.com, request: "GET /wp-content/uploads/2017/02/c-chaco-canyon-sw-turquoise-copper-leaf-cuff-bracelet-d-20120613115116827180976-475x475.jpg HTTP/2.0", host: "www.pouted.com"
2025/06/19 10:00:23 [error] 721#0: *12576 connect() failed (111: Connection refused) while connecting to upstream, client: 85.208.96.208, server: ayaclass.com, request: "GET /?a=716880115 HTTP/1.1", upstream: "http://192.145.236.239:8080/?a=716880115", host: "www.ayaclass.com"
2025/06/19 10:00:26 [error] 721#0: *12579 connect() failed (111: Connection refused) while connecting to upstream, client: 40.77.167.19, server: pouted.com, request: "GET /santa-claus-bring-christmas-eve/ HTTP/2.0", upstream: "https://192.145.236.239:8443/santa-claus-bring-christmas-eve/", host: "www.pouted.com"
2025/06/19 10:00:26 [error] 721#0: *12581 connect() failed (111: Connection refused) while connecting to upstream, client: 66.249.74.8, server: mrmyst.com, request: "GET /three/rough/IBMFE/xoyo.html HTTP/2.0", upstream: "https://192.145.236.239:8443/three/rough/IBMFE/xoyo.html", host: "mrmyst.com"
2025/06/19 10:00:27 [error] 721#0: *12585 open() "/home/pouted/public_html/wp-content/uploads/2016/12/WXBUY-Baby-Girl-Shoes2-675x543.jpg" failed (2: No such file or directory), client: 2001:41d0:268:1200::, server: pouted.com, request: "GET /wp-content/uploads/2016/12/WXBUY-Baby-Girl-Shoes2-675x543.jpg?x45357 HTTP/2.0", host: "www.pouted.com"
2025/06/19 10:00:28 [error] 721#0: *12586 connect() failed (111: Connection refused) while connecting to upstream, client: 197.35.105.132, server: pouted.com, request: "GET /wp-admin/ HTTP/2.0", upstream: "https://192.145.236.239:8443/wp-admin/", host: "www.pouted.com"
2025/06/19 10:00:29 [error] 721#0: *12586 connect() failed (111: Connection refused) while connecting to upstream, client: 197.35.105.132, server: pouted.com, request: "GET /wp-admin/ HTTP/2.0", upstream: "https://192.145.236.239:8443/wp-admin/", host: "www.pouted.com"
2025/06/19 10:00:34 [error] 721#0: *12595 open() "/home/pouted/public_html/wp-content/uploads/2015/06/Does-Your-Pet-Have-Some-Kind-of-Allergy-2.jpg" failed (2: No such file or directory), client: 2001:41d0:268:1200::, server: pouted.com, request: "GET /wp-content/uploads/2015/06/Does-Your-Pet-Have-Some-Kind-of-Allergy-2.jpg?x44527 HTTP/2.0", host: "www.pouted.com"
2025/06/19 10:00:34 [error] 721#0: *12594 connect() failed (111: Connection refused) while connecting to upstream, client: 2001:ee0:5502:6a44:5c4a:ad90:80bf:aa8, server: pouted.com, request: "GET /tag/saving-home-before-going-on-vacation HTTP/2.0", upstream: "https://192.145.236.239:8443/tag/saving-home-before-going-on-vacation", host: "pouted.com"
2025/06/19 10:00:36 [error] 721#0: *12599 connect() failed (111: Connection refused) while connecting to upstream, client: 2a03:2880:24ff:70::, server: pouted.com, request: "GET /formal-matching-outfits-couples/ HTTP/2.0", upstream: "https://192.145.236.239:8443/formal-matching-outfits-couples/", host: "www.pouted.com"
2025/06/19 10:00:37 [error] 721#0: *12586 connect() failed (111: Connection refused) while connecting to upstream, client: 197.35.105.132, server: pouted.com, request: "GET / HTTP/2.0", upstream: "https://192.145.236.239:8443/", host: "www.pouted.com"
2025/06/19 10:00:37 [error] 721#0: *12603 connect() failed (111: Connection refused) while connecting to upstream, client: 66.249.79.128, server: pouted.com, request: "GET /top-10-fairytale-christmas-places-for-couples/ HTTP/2.0", upstream: "https://192.145.236.239:8443/top-10-fairytale-christmas-places-for-couples/", host: "www.pouted.com"
2025/06/19 10:00:37 [error] 721#0: *12586 connect() failed (111: Connection refused) while connecting to upstream, client: 197.35.105.132, server: pouted.com, request: "GET / HTTP/2.0", upstream: "https://192.145.236.239:8443/", host: "www.pouted.com"
2025/06/19 10:00:37 [error] 721#0: *12606 connect() failed (111: Connection refused) while connecting to upstream, client: 74.7.36.95, server: pouted.com, request: "GET /mexican-home-decor-ideas/ HTTP/2.0", upstream: "https://192.145.236.239:8443/mexican-home-decor-ideas/", host: "www.pouted.com"
2025/06/19 10:00:37 [error] 721#0: *12607 connect() failed (111: Connection refused) while connecting to upstream, client: 74.7.36.95, server: pouted.com, request: "GET /mexican-home-decor-ideas/ HTTP/2.0", upstream: "https://192.145.236.239:8443/mexican-home-decor-ideas/", host: "www.pouted.com"
2025/06/19 10:00:37 [error] 721#0: *12609 connect() failed (111: Connection refused) while connecting to upstream, client: 74.7.36.83, server: pouted.com, request: "GET /mexican-home-decor-ideas/ HTTP/2.0", upstream: "https://192.145.236.239:8443/mexican-home-decor-ideas/", host: "www.pouted.com"
2025/06/19 10:00:37 [error] 726#0: *12610 connect() failed (111: Connection refused) while connecting to upstream, client: 74.7.36.83, server: pouted.com, request: "GET /mexican-home-decor-ideas/ HTTP/2.0", upstream: "https://192.145.236.239:8443/mexican-home-decor-ideas/", host: "www.pouted.com"
2025/06/19 10:00:38 [error] 721#0: *12615 connect() failed (111: Connection refused) while connecting to upstream, client: 74.7.36.89, server: pouted.com, request: "GET /mexican-home-decor-ideas/ HTTP/2.0", upstream: "https://192.145.236.239:8443/mexican-home-decor-ideas/", host: "www.pouted.com"
2025/06/19 10:00:38 [error] 721#0: *12616 connect() failed (111: Connection refused) while connecting to upstream, client: 74.7.36.89, server: pouted.com, request: "GET /mexican-home-decor-ideas/ HTTP/2.0", upstream: "https://192.145.236.239:8443/mexican-home-decor-ideas/", host: "www.pouted.com"
2025/06/19 10:00:38 [error] 721#0: *12617 connect() failed (111: Connection refused) while connecting to upstream, client: 74.7.36.89, server: pouted.com, request: "GET /mexican-home-decor-ideas/ HTTP/2.0", upstream: "https://192.145.236.239:8443/mexican-home-decor-ideas/", host: "www.pouted.com"
2025/06/19 10:00:38 [error] 726#0: *12618 connect() failed (111: Connection refused) while connecting to upstream, client: 74.7.36.84, server: pouted.com, request: "GET /mexican-home-decor-ideas/ HTTP/2.0", upstream: "https://192.145.236.239:8443/mexican-home-decor-ideas/", host: "www.pouted.com"
2025/06/19 10:00:38 [error] 721#0: *12623 connect() failed (111: Connection refused) while connecting to upstream, client: 74.7.36.89, server: pouted.com, request: "GET /mexican-home-decor-ideas/ HTTP/2.0", upstream: "https://192.145.236.239:8443/mexican-home-decor-ideas/", host: "www.pouted.com"
2025/06/19 10:00:38 [error] 721#0: *12624 connect() failed (111: Connection refused) while connecting to upstream, client: 74.7.36.89, server: pouted.com, request: "GET /mexican-home-decor-ideas/ HTTP/2.0", upstream: "https://192.145.236.239:8443/mexican-home-decor-ideas/", host: "www.pouted.com"
2025/06/19 10:00:38 [error] 721#0: *12625 connect() failed (111: Connection refused) while connecting to upstream, client: 74.7.36.95, server: pouted.com, request: "GET /mexican-home-decor-ideas/ HTTP/2.0", upstream: "https://192.145.236.239:8443/mexican-home-decor-ideas/", host: "www.pouted.com"
2025/06/19 10:00:38 [error] 721#0: *12626 connect() failed (111: Connection refused) while connecting to upstream, client: 74.7.36.89, server: pouted.com, request: "GET /mexican-home-decor-ideas/ HTTP/2.0", upstream: "https://192.145.236.239:8443/mexican-home-decor-ideas/", host: "www.pouted.com"
2025/06/19 10:00:39 [error] 721#0: *12632 connect() failed (111: Connection refused) while connecting to upstream, client: 74.7.36.84, server: pouted.com, request: "GET /mexican-home-decor-ideas/ HTTP/2.0", upstream: "https://192.145.236.239:8443/mexican-home-decor-ideas/", host: "www.pouted.com"
2025/06/19 10:00:39 [error] 721#0: *12633 connect() failed (111: Connection refused) while connecting to upstream, client: 157.245.6.207, server: pouted.com, request: "GET /xmlrpc.php HTTP/2.0", upstream: "https://192.145.236.239:8443/xmlrpc.php", host: "pouted.com", referrer: "http://pouted.com"
2025/06/19 10:00:39 [error] 721#0: *12634 connect() failed (111: Connection refused) while connecting to upstream, client: 74.7.36.84, server: pouted.com, request: "GET /mexican-home-decor-ideas/ HTTP/2.0", upstream: "https://192.145.236.239:8443/mexican-home-decor-ideas/", host: "www.pouted.com"
2025/06/19 10:00:39 [error] 721#0: *12635 connect() failed (111: Connection refused) while connecting to upstream, client: 74.7.36.92, server: pouted.com, request: "GET /mexican-home-decor-ideas/ HTTP/2.0", upstream: "https://192.145.236.239:8443/mexican-home-decor-ideas/", host: "www.pouted.com"
2025/06/19 10:00:39 [error] 721#0: *12636 connect() failed (111: Connection refused) while connecting to upstream, client: 74.7.36.92, server: pouted.com, request: "GET /mexican-home-decor-ideas/ HTTP/2.0", upstream: "https://192.145.236.239:8443/mexican-home-decor-ideas/", host: "www.pouted.com"
2025/06/19 10:00:39 [error] 721#0: *12643 connect() failed (111: Connection refused) while connecting to upstream, client: 157.245.6.207, server: pouted.com, request: "POST /wp-login.php HTTP/2.0", upstream: "https://192.145.236.239:8443/wp-login.php", host: "pouted.com", referrer: "https://pouted.com"
2025/06/19 10:00:39 [error] 721#0: *12646 connect() failed (111: Connection refused) while connecting to upstream, client: 127.0.0.1, server: 127.0.0.1, request: "GET /whm-server-status HTTP/1.0", upstream: "http://127.0.0.1:8080/whm-server-status", host: "localhost"
2025/06/19 10:00:40 [error] 721#0: *12648 connect() failed (111: Connection refused) while connecting to upstream, client: 35.188.101.244, server: pouted.com, request: "GET /top-10-most-luxurious-hair-salons-in-the-usa HTTP/2.0", upstream: "https://192.145.236.239:8443/top-10-most-luxurious-hair-salons-in-the-usa", host: "www.pouted.com"
2025/06/19 10:00:41 [error] 721#0: *12603 connect() failed (111: Connection refused) while connecting to upstream, client: 66.249.79.128, server: pouted.com, request: "GET /how-to-pass-microsoft-70-411-exam-on-your-first-trial-with-prepaway-online-platform/amp/ HTTP/2.0", upstream: "https://192.145.236.239:8443/how-to-pass-microsoft-70-411-exam-on-your-first-trial-with-prepaway-online-platform/amp/", host: "www.pouted.com"
2025/06/19 10:00:44 [error] 721#0: *12560 connect() failed (111: Connection refused) while connecting to upstream, client: 52.255.111.59, server: pouted.com, request: "GET /top-haircuts-for-men-2025/ HTTP/2.0", upstream: "https://192.145.236.239:8443/top-haircuts-for-men-2025/", host: "www.pouted.com"
2025/06/19 10:00:44 [error] 721#0: *12586 connect() failed (111: Connection refused) while connecting to upstream, client: 197.35.105.132, server: pouted.com, request: "GET / HTTP/2.0", upstream: "https://192.145.236.239:8443/", host: "www.pouted.com"
2025/06/19 10:00:44 [error] 721#0: *12663 connect() failed (111: Connection refused) while connecting to upstream, client: 52.255.111.62, server: pouted.com, request: "GET /top-haircuts-for-men-2025/ HTTP/2.0", upstream: "https://192.145.236.239:8443/top-haircuts-for-men-2025/", host: "www.pouted.com"
2025/06/19 10:00:44 [error] 721#0: *12564 connect() failed (111: Connection refused) while connecting to upstream, client: 52.255.111.59, server: pouted.com, request: "GET /top-haircuts-for-men-2025/ HTTP/2.0", upstream: "https://192.145.236.239:8443/top-haircuts-for-men-2025/", host: "www.pouted.com"
2025/06/19 10:00:44 [error] 721#0: *12666 connect() failed (111: Connection refused) while connecting to upstream, client: 52.255.111.56, server: pouted.com, request: "GET /top-haircuts-for-men-2025/ HTTP/2.0", upstream: "https://192.145.236.239:8443/top-haircuts-for-men-2025/", host: "www.pouted.com"
2025/06/19 10:00:45 [error] 721#0: *12667 connect() failed (111: Connection refused) while connecting to upstream, client: 52.215.192.28, server: intensed.com, request: "GET /xmlrpc.php HTTP/2.0", upstream: "https://192.249.127.250:8443/xmlrpc.php", host: "intensed.com", referrer: "http://intensed.com"
2025/06/19 10:00:45 [error] 721#0: *12670 connect() failed (111: Connection refused) while connecting to upstream, client: 52.215.192.28, server: intensed.com, request: "POST /wp-login.php HTTP/2.0", upstream: "https://192.249.127.250:8443/wp-login.php", host: "intensed.com", referrer: "https://intensed.com"
2025/06/19 10:00:47 [error] 721#0: *12674 connect() failed (111: Connection refused) while connecting to upstream, client: 35.169.107.109, server: pouted.com, request: "GET /2025-solo-travel-adventures HTTP/2.0", upstream: "https://192.145.236.239:8443/2025-solo-travel-adventures", host: "pouted.com"
2025/06/19 10:00:49 [error] 721#0: *12677 connect() failed (111: Connection refused) while connecting to upstream, client: 2a03:2880:2ff::, server: pouted.com, request: "GET /smart-clothing-with-built-in-technology/ HTTP/2.0", upstream: "https://192.145.236.239:8443/smart-clothing-with-built-in-technology/", host: "www.pouted.com"
2025/06/19 10:00:50 [error] 721#0: *12681 connect() failed (111: Connection refused) while connecting to upstream, client: 76.118.63.5, server: pouted.com, request: "GET /83-most-fabulous-white-wedding-shoes-in-2017/ HTTP/2.0", upstream: "https://192.145.236.239:8443/83-most-fabulous-white-wedding-shoes-in-2017/", host: "www.pouted.com", referrer: "android-app://com.google.android.googlequicksearchbox/"
2025/06/19 10:00:51 [error] 726#0: *12618 connect() failed (111: Connection refused) while connecting to upstream, client: 52.70.123.241, server: pouted.com, request: "GET /tag/generate-leads/ HTTP/2.0", upstream: "https://192.145.236.239:8443/tag/generate-leads/", host: "www.pouted.com"
2025/06/19 10:00:53 [error] 721#0: *12685 open() "/home/pouted/public_html/wp-content/uploads/2013/12/GTY_kris_allen_katie_oconnell_tk_130731_16x9_992.jpg" failed (2: No such file or directory), client: 34.174.218.0, server: pouted.com, request: "GET /wp-content/uploads/2013/12/GTY_kris_allen_katie_oconnell_tk_130731_16x9_992.jpg HTTP/2.0", host: "www.pouted.com"
2025/06/19 10:00:54 [error] 721#0: *12687 connect() failed (111: Connection refused) while connecting to upstream, client: 185.191.171.17, server: ayaclass.com, request: "GET /?a=723447715 HTTP/1.1", upstream: "http://192.145.236.239:8080/?a=723447715", host: "www.ayaclass.com"
2025/06/19 10:00:55 [error] 721#0: *12586 connect() failed (111: Connection refused) while connecting to upstream, client: 197.35.105.132, server: pouted.com, request: "POST /wp-admin/admin-ajax.php HTTP/2.0", upstream: "https://192.145.236.239:8443/wp-admin/admin-ajax.php", host: "www.pouted.com", referrer: "https://www.pouted.com/wp-admin/post.php?post=159277&action=edit&classic-editor&classic-editor__forget"
2025/06/19 10:00:58 [error] 721#0: *12696 connect() failed (111: Connection refused) while connecting to upstream, client: 185.191.171.17, server: ayaclass.com, request: "GET /?a=648893815 HTTP/1.1", upstream: "http://192.145.236.239:8080/?a=648893815", host: "www.ayaclass.com"
2025/06/19 10:00:59 [error] 721#0: *12700 connect() failed (111: Connection refused) while connecting to upstream, client: 185.191.171.10, server: ayaclass.com, request: "GET /?a=660553715 HTTP/1.1", upstream: "http://192.145.236.239:8080/?a=660553715", host: "www.ayaclass.com"
2025/06/19 10:01:01 [error] 721#0: *12586 connect() failed (111: Connection refused) while connecting to upstream, client: 197.35.105.132, server: pouted.com, request: "GET /wp-admin/post.php?post=159157&action=edit&classic-editor&classic-editor__forget HTTP/2.0", upstream: "https://192.145.236.239:8443/wp-admin/post.php?post=159157&action=edit&classic-editor&classic-editor__forget", host: "www.pouted.com", referrer: "https://www.pouted.com/wp-login.php?redirect_to=https%3A%2F%2Fwww.pouted.com%2Fwp-admin%2Fpost.php%3Fpost%3D159157%26action%3Dedit%26classic-editor%26classic-editor__forget&reauth=1"
2025/06/19 10:01:02 [error] 723#0: *12705 connect() failed (111: Connection refused) while connecting to upstream, client: 85.208.96.202, server: ayaclass.com, request: "GET /?a=712288115 HTTP/1.1", upstream: "http://192.145.236.239:8080/?a=712288115", host: "www.ayaclass.com"
2025/06/19 10:01:03 [error] 721#0: *12603 connect() failed (111: Connection refused) while connecting to upstream, client: 66.249.79.128, server: pouted.com, request: "GET /top-16-funny-kids-quotes/ HTTP/2.0", upstream: "https://192.145.236.239:8443/top-16-funny-kids-quotes/", host: "www.pouted.com"
2025/06/19 10:01:03 [error] 725#0: *12708 open() "/home/pouted/public_html/wp-content/uploads/2013/04/StirlingSolarEngine.jpg" failed (2: No such file or directory), client: 66.249.79.130, server: pouted.com, request: "GET /wp-content/uploads/2013/04/StirlingSolarEngine.jpg HTTP/2.0", host: "www.pouted.com"
2025/06/19 10:01:04 [error] 721#0: *12586 connect() failed (111: Connection refused) while connecting to upstream, client: 197.35.105.132, server: pouted.com, request: "GET /wp-admin/edit.php?post_status=draft&post_type=post HTTP/2.0", upstream: "https://192.145.236.239:8443/wp-admin/edit.php?post_status=draft&post_type=post", host: "www.pouted.com", referrer: "https://www.pouted.com/wp-admin/edit.php?post_status=draft&post_type=post&paged=2"
