2025/06/19 10:09:36 [error] 721#0: *14301 connect() failed (111: Connection refused) while connecting to upstream, client: 35.75.6.238, server: pouted.com, request: "GET /ads.txt HTTP/2.0", upstream: "https://192.145.236.239:8443/ads.txt", host: "pouted.com"
2025/06/19 10:09:37 [error] 721#0: *13806 connect() failed (111: Connection refused) while connecting to upstream, client: 66.249.79.131, server: pouted.com, request: "GET /work-outfit-ideas-for-women-over50/amp/ HTTP/2.0", upstream: "https://192.145.236.239:8443/work-outfit-ideas-for-women-over50/amp/", host: "www.pouted.com"
2025/06/19 10:09:38 [error] 721#0: *14304 connect() failed (111: Connection refused) while connecting to upstream, client: 34.204.150.196, server: pouted.com, request: "GET /tag/property-investment/ HTTP/2.0", upstream: "https://192.145.236.239:8443/tag/property-investment/", host: "www.pouted.com"
2025/06/19 10:09:39 [error] 721#0: *14307 open() "/home/pouted/public_html/wp-content/uploads/2017/08/Tampa-Financial-Planning_1-675x352.jpg" failed (2: No such file or directory), client: 74.249.10.71, server: pouted.com, request: "GET /wp-content/uploads/2017/08/Tampa-Financial-Planning_1-675x352.jpg HTTP/2.0", host: "www.pouted.com"
2025/06/19 10:09:42 [error] 721#0: *14309 connect() failed (111: Connection refused) while connecting to upstream, client: 35.171.117.160, server: pouted.com, request: "GET /tag/spring-men-outfits/ HTTP/2.0", upstream: "https://192.145.236.239:8443/tag/spring-men-outfits/", host: "www.pouted.com"
2025/06/19 10:09:43 [error] 721#0: *14312 connect() failed (111: Connection refused) while connecting to upstream, client: 185.191.171.7, server: ayaclass.com, request: "GET /?a=724283415 HTTP/1.1", upstream: "http://192.145.236.239:8080/?a=724283415", host: "www.ayaclass.com"
2025/06/19 10:09:43 [error] 721#0: *14315 open() "/home/pouted/public_html/wp-content/uploads/2013/04/banbot.jpg" failed (2: No such file or directory), client: 2001:41d0:268:1200::, server: pouted.com, request: "GET /wp-content/uploads/2013/04/banbot.jpg HTTP/2.0", host: "www.pouted.com"
2025/06/19 10:09:43 [error] 721#0: *14314 connect() failed (111: Connection refused) while connecting to upstream, client: 66.249.79.131, server: pouted.com, request: "GET /20-ceiling-lamp-ideas-kids-rooms-2017 HTTP/2.0", upstream: "https://192.145.236.239:8443/20-ceiling-lamp-ideas-kids-rooms-2017", host: "www.pouted.com"
2025/06/19 10:09:43 [error] 721#0: *14314 connect() failed (111: Connection refused) while connecting to upstream, client: 66.249.79.131, server: pouted.com, request: "GET /20-ceiling-lamp-ideas-kids-rooms-2017 HTTP/2.0", upstream: "https://192.145.236.239:8443/20-ceiling-lamp-ideas-kids-rooms-2017", host: "www.pouted.com"
2025/06/19 10:09:44 [error] 721#0: *14319 connect() failed (111: Connection refused) while connecting to upstream, client: 85.208.96.208, server: ayaclass.com, request: "GET /robots.txt HTTP/1.1", upstream: "http://192.145.236.239:8080/robots.txt", host: "www.ayaclass.com"
2025/06/19 10:09:44 [error] 721#0: *14314 connect() failed (111: Connection refused) while connecting to upstream, client: 66.249.79.131, server: pouted.com, request: "GET /20-ceiling-lamp-ideas-kids-rooms-2017 HTTP/2.0", upstream: "https://192.145.236.239:8443/20-ceiling-lamp-ideas-kids-rooms-2017", host: "www.pouted.com"
2025/06/19 10:09:44 [error] 721#0: *14322 connect() failed (111: Connection refused) while connecting to upstream, client: 85.208.96.203, server: ayaclass.com, request: "GET /?a=719153915 HTTP/1.1", upstream: "http://192.145.236.239:8080/?a=719153915", host: "www.ayaclass.com"
2025/06/19 10:09:45 [error] 721#0: *14314 connect() failed (111: Connection refused) while connecting to upstream, client: 66.249.79.131, server: pouted.com, request: "GET /20-ceiling-lamp-ideas-kids-rooms-2017 HTTP/2.0", upstream: "https://192.145.236.239:8443/20-ceiling-lamp-ideas-kids-rooms-2017", host: "www.pouted.com"
2025/06/19 10:09:46 [error] 721#0: *14326 connect() failed (111: Connection refused) while connecting to upstream, client: 148.178.117.38, server: pouted.com, request: "GET /most-important-events-coming-in-usa/ HTTP/2.0", upstream: "https://192.145.236.239:8443/most-important-events-coming-in-usa/", host: "www.pouted.com"
2025/06/19 10:09:46 [error] 721#0: *14331 connect() failed (111: Connection refused) while connecting to upstream, client: 66.249.79.131, server: pouted.com, request: "GET /robots.txt HTTP/2.0", upstream: "https://192.145.236.239:8443/robots.txt", host: "www.pouted.com"
2025/06/19 10:09:46 [error] 721#0: *14330 connect() failed (111: Connection refused) while connecting to upstream, client: 34.195.60.66, server: pouted.com, request: "GET /tag/addons/ HTTP/2.0", upstream: "https://192.145.236.239:8443/tag/addons/", host: "www.pouted.com"
2025/06/19 10:09:50 [error] 721#0: *14336 connect() failed (111: Connection refused) while connecting to upstream, client: 52.3.26.180, server: pouted.com, request: "GET /tag/natural-wood-handles/ HTTP/2.0", upstream: "https://192.145.236.239:8443/tag/natural-wood-handles/", host: "www.pouted.com"
2025/06/19 10:09:50 [error] 721#0: *13806 connect() failed (111: Connection refused) while connecting to upstream, client: 66.249.79.131, server: pouted.com, request: "GET /top-10-highest-paying-fast-food-restaurants/ HTTP/2.0", upstream: "https://192.145.236.239:8443/top-10-highest-paying-fast-food-restaurants/", host: "www.pouted.com"
2025/06/19 10:09:52 [error] 721#0: *14343 connect() failed (111: Connection refused) while connecting to upstream, client: 127.0.0.1, server: 127.0.0.1, request: "GET /whm-server-status HTTP/1.0", upstream: "http://127.0.0.1:8080/whm-server-status", host: "localhost"
2025/06/19 10:09:54 [error] 721#0: *14349 connect() failed (111: Connection refused) while connecting to upstream, client: 3.93.98.99, server: pouted.com, request: "GET /tag/amz-seller-account/ HTTP/2.0", upstream: "https://192.145.236.239:8443/tag/amz-seller-account/", host: "www.pouted.com"
2025/06/19 10:09:54 [error] 721#0: *14353 open() "/home/pouted/public_html/wp-content/uploads/2013/12/bottled-honey-wedding-favor.jpg" failed (2: No such file or directory), client: 2001:41d0:268:1200::, server: pouted.com, request: "GET /wp-content/uploads/2013/12/bottled-honey-wedding-favor.jpg HTTP/2.0", host: "www.pouted.com"
2025/06/19 10:09:58 [error] 721#0: *14358 connect() failed (111: Connection refused) while connecting to upstream, client: 44.193.102.198, server: pouted.com, request: "GET /tag/theft-among-other-creatures/ HTTP/2.0", upstream: "https://192.145.236.239:8443/tag/theft-among-other-creatures/", host: "www.pouted.com"
2025/06/19 10:09:58 [error] 721#0: *14360 directory index of "/home/pouted/public_html/wp-content/uploads/pep-vn/aa/aa613812/" is forbidden, client: 113.175.174.187, server: pouted.com, request: "GET /wp-content/uploads/pep-vn/aa/aa613812/?C=N&O=A HTTP/2.0", host: "www.pouted.com"
2025/06/19 10:09:59 [error] 721#0: *14361 connect() failed (111: Connection refused) while connecting to upstream, client: 135.181.112.221, server: pouted.com, request: "GET /10-wood-floors-design-ideas-for-living-rooms HTTP/2.0", upstream: "https://192.145.236.239:8443/10-wood-floors-design-ideas-for-living-rooms", host: "www.pouted.com"
2025/06/19 10:10:00 [error] 721#0: *14363 connect() failed (111: Connection refused) while connecting to upstream, client: 2a03:2880:22ff:3::, server: pouted.com, request: "GET /top-trendy-hairstyles-2025/ HTTP/2.0", upstream: "https://192.145.236.239:8443/top-trendy-hairstyles-2025/", host: "www.pouted.com"
2025/06/19 10:10:00 [error] 721#0: *14361 connect() failed (111: Connection refused) while connecting to upstream, client: 135.181.112.221, server: pouted.com, request: "GET /work-outfit-ideas-for-women-over50 HTTP/2.0", upstream: "https://192.145.236.239:8443/work-outfit-ideas-for-women-over50", host: "www.pouted.com"
2025/06/19 10:10:00 [error] 721#0: *14367 connect() failed (111: Connection refused) while connecting to upstream, client: 2a03:2880:ff:71::, server: pouted.com, request: "GET /formal-matching-outfits-couples/ HTTP/2.0", upstream: "https://192.145.236.239:8443/formal-matching-outfits-couples/", host: "www.pouted.com"
2025/06/19 10:10:03 [error] 721#0: *14371 connect() failed (111: Connection refused) while connecting to upstream, client: 85.208.96.206, server: ayaclass.com, request: "GET /?a=779656115 HTTP/1.1", upstream: "http://192.145.236.239:8080/?a=779656115", host: "www.ayaclass.com"
2025/06/19 10:10:03 [error] 721#0: *14373 open() "/home/pouted/public_html/wp-content/uploads/2014/08/hatha_mala2_1024x1024.jpg" failed (2: No such file or directory), client: 74.249.10.71, server: pouted.com, request: "GET /wp-content/uploads/2014/08/hatha_mala2_1024x1024.jpg?x45357 HTTP/2.0", host: "www.pouted.com"
2025/06/19 10:10:03 [error] 721#0: *14374 connect() failed (111: Connection refused) while connecting to upstream, client: 14.173.163.7, server: pouted.com, request: "GET /blogs/learn/mood-gummies HTTP/2.0", upstream: "https://192.145.236.239:8443/blogs/learn/mood-gummies", host: "pouted.com"
2025/06/19 10:10:03 [error] 721#0: *14375 connect() failed (111: Connection refused) while connecting to upstream, client: 181.94.228.23, server: pouted.com, request: "GET /tag/take-care-of-pets-in-emergency-situations/ HTTP/2.0", upstream: "https://192.145.236.239:8443/tag/take-care-of-pets-in-emergency-situations/", host: "www.pouted.com"
2025/06/19 10:10:04 [error] 721#0: *14378 connect() failed (111: Connection refused) while connecting to upstream, client: 2a03:2880:f800:2::, server: pouted.com, request: "GET /tag/tv-shows/ HTTP/2.0", upstream: "https://192.145.236.239:8443/tag/tv-shows/", host: "www.pouted.com"
2025/06/19 10:10:06 [error] 725#0: *14383 connect() failed (111: Connection refused) while connecting to upstream, client: 50.16.248.61, server: pouted.com, request: "GET /tag/coffee-filter/ HTTP/2.0", upstream: "https://192.145.236.239:8443/tag/coffee-filter/", host: "www.pouted.com"
2025/06/19 10:10:08 [error] 727#0: *14386 connect() failed (111: Connection refused) while connecting to upstream, client: 201.10.96.82, server: pouted.com, request: "GET /tag/celebrities-hairstyles/ HTTP/2.0", upstream: "https://192.145.236.239:8443/tag/celebrities-hairstyles/", host: "www.pouted.com"
2025/06/19 10:10:08 [error] 721#0: *14390 connect() failed (111: Connection refused) while connecting to upstream, client: 96.239.28.96, server: pouted.com, request: "GET /control-iphone-ipod-apple-device-remotely-using-ring/ HTTP/2.0", upstream: "https://192.145.236.239:8443/control-iphone-ipod-apple-device-remotely-using-ring/", host: "www.pouted.com"
2025/06/19 10:10:09 [error] 725#0: *14398 connect() failed (111: Connection refused) while connecting to upstream, client: 18.209.201.119, server: pouted.com, request: "GET /tag/bad-haircut/ HTTP/2.0", upstream: "https://192.145.236.239:8443/tag/bad-haircut/", host: "www.pouted.com"
2025/06/19 10:10:09 [error] 725#0: *14400 connect() failed (111: Connection refused) while connecting to upstream, client: 52.91.109.135, server: pouted.com, request: "GET /work-outfit-ideas-for-women-over50/ HTTP/2.0", upstream: "https://192.145.236.239:8443/work-outfit-ideas-for-women-over50/", host: "www.pouted.com"
2025/06/19 10:10:11 [error] 721#0: *14390 connect() failed (111: Connection refused) while connecting to upstream, client: 96.239.28.96, server: pouted.com, request: "GET /control-iphone-ipod-apple-device-remotely-using-ring/ HTTP/2.0", upstream: "https://192.145.236.239:8443/control-iphone-ipod-apple-device-remotely-using-ring/", host: "www.pouted.com"
2025/06/19 10:10:11 [error] 721#0: *14392 connect() failed (111: Connection refused) while connecting to upstream, client: 14.191.167.64, server: pouted.com, request: "GET /inmotion-hosting-review-2 HTTP/2.0", upstream: "https://192.145.236.239:8443/inmotion-hosting-review-2", host: "pouted.com"
2025/06/19 10:10:11 [error] 725#0: *14402 connect() failed (111: Connection refused) while connecting to upstream, client: 18.205.213.231, server: pouted.com, request: "GET /tag/carpets-for-your-livingroom-interior/ HTTP/2.0", upstream: "https://192.145.236.239:8443/tag/carpets-for-your-livingroom-interior/", host: "www.pouted.com"
2025/06/19 10:10:11 [error] 723#0: *14395 connect() failed (111: Connection refused) while connecting to upstream, client: 68.221.75.26, server: pouted.com, request: "GET /top-smartphones-2025/ HTTP/2.0", upstream: "https://192.145.236.239:8443/top-smartphones-2025/", host: "www.pouted.com"
2025/06/19 10:10:11 [error] 723#0: *14396 connect() failed (111: Connection refused) while connecting to upstream, client: 47.82.60.100, server: pouted.com, request: "GET /tag/modern-chic-home-decor/ HTTP/2.0", upstream: "https://192.145.236.239:8443/tag/modern-chic-home-decor/", host: "www.pouted.com", referrer: "https://www.pouted.com/tag/modern-chic-home-decor/"
2025/06/19 10:10:12 [error] 721#0: *14390 connect() failed (111: Connection refused) while connecting to upstream, client: 96.239.28.96, server: pouted.com, request: "GET /control-iphone-ipod-apple-device-remotely-using-ring/ HTTP/2.0", upstream: "https://192.145.236.239:8443/control-iphone-ipod-apple-device-remotely-using-ring/", host: "www.pouted.com"
2025/06/19 10:10:12 [error] 721#0: *14411 connect() failed (111: Connection refused) while connecting to upstream, client: 68.221.75.18, server: pouted.com, request: "GET /top-smartphones-2025/ HTTP/2.0", upstream: "https://192.145.236.239:8443/top-smartphones-2025/", host: "www.pouted.com"
2025/06/19 10:10:12 [error] 721#0: *14414 open() "/home/pouted/public_html/wp-content/uploads/2019/01/logo300.png" failed (2: No such file or directory), client: 66.249.79.131, server: pouted.com, request: "GET /wp-content/uploads/2019/01/logo300.png?x72261 HTTP/2.0", host: "www.pouted.com"
2025/06/19 10:10:13 [error] 726#0: *14417 connect() failed (111: Connection refused) while connecting to upstream, client: 2a03:2880:27ff:74::, server: pouted.com, request: "GET /kids-fashion-trends-2025/ HTTP/2.0", upstream: "https://192.145.236.239:8443/kids-fashion-trends-2025/", host: "www.pouted.com"
2025/06/19 10:10:13 [error] 721#0: *14415 connect() failed (111: Connection refused) while connecting to upstream, client: 68.221.75.22, server: pouted.com, request: "GET /top-smartphones-2025/ HTTP/2.0", upstream: "https://192.145.236.239:8443/top-smartphones-2025/", host: "www.pouted.com"
2025/06/19 10:10:13 [error] 721#0: *14419 connect() failed (111: Connection refused) while connecting to upstream, client: 52.167.144.225, server: pouted.com, request: "GET /45-handmade-brooches-start-making/ HTTP/2.0", upstream: "https://192.145.236.239:8443/45-handmade-brooches-start-making/", host: "www.pouted.com"
2025/06/19 10:10:13 [error] 721#0: *14390 connect() failed (111: Connection refused) while connecting to upstream, client: 96.239.28.96, server: pouted.com, request: "GET /control-iphone-ipod-apple-device-remotely-using-ring/ HTTP/2.0", upstream: "https://192.145.236.239:8443/control-iphone-ipod-apple-device-remotely-using-ring/", host: "www.pouted.com"
2025/06/19 10:10:13 [error] 721#0: *14423 connect() failed (111: Connection refused) while connecting to upstream, client: 85.208.96.206, server: ayaclass.com, request: "GET /?a=727394115 HTTP/1.1", upstream: "http://192.145.236.239:8080/?a=727394115", host: "www.ayaclass.com"
2025/06/19 10:10:14 [error] 726#0: *14425 connect() failed (111: Connection refused) while connecting to upstream, client: 68.221.75.30, server: pouted.com, request: "GET /top-smartphones-2025/ HTTP/2.0", upstream: "https://192.145.236.239:8443/top-smartphones-2025/", host: "www.pouted.com"
2025/06/19 10:10:14 [error] 721#0: *14427 connect() failed (111: Connection refused) while connecting to upstream, client: 3.232.102.111, server: pouted.com, request: "GET /tag/eid/ HTTP/2.0", upstream: "https://192.145.236.239:8443/tag/eid/", host: "www.pouted.com"
2025/06/19 10:10:15 [error] 721#0: *14392 connect() failed (111: Connection refused) while connecting to upstream, client: 14.191.167.64, server: pouted.com, request: "GET /inmotion-hosting-review-2 HTTP/2.0", upstream: "https://192.145.236.239:8443/inmotion-hosting-review-2", host: "pouted.com"
2025/06/19 10:10:15 [error] 721#0: *13806 connect() failed (111: Connection refused) while connecting to upstream, client: 66.249.79.131, server: pouted.com, request: "GET /top-10-professional-hairstyles-for-blonde-women/?epik=dj0yJnU9alRvNm9LaTNjU0t6MURnN24yalJWU3c2RmZDZHpZRlYmcD0wJm49MlZEUGlHRXRLTHVUYlF3WDIycGYwZyZ0PUFBQUFBR0FVZUdj/ HTTP/2.0", upstream: "https://192.145.236.239:8443/top-10-professional-hairstyles-for-blonde-women/?epik=dj0yJnU9alRvNm9LaTNjU0t6MURnN24yalJWU3c2RmZDZHpZRlYmcD0wJm49MlZEUGlHRXRLTHVUYlF3WDIycGYwZyZ0PUFBQUFBR0FVZUdj/", host: "www.pouted.com"
2025/06/19 10:10:16 [error] 721#0: *14432 connect() failed (111: Connection refused) while connecting to upstream, client: 2a03:2880:27ff:71::, server: pouted.com, request: "GET /best-graduation-makeup-ideas-tutorials/ HTTP/2.0", upstream: "https://192.145.236.239:8443/best-graduation-makeup-ideas-tutorials/", host: "www.pouted.com"
2025/06/19 10:10:17 [error] 721#0: *14435 open() "/home/pouted/public_html/wp-content/uploads/2013/05/appdev.jpg" failed (2: No such file or directory), client: 74.249.10.71, server: pouted.com, request: "GET /wp-content/uploads/2013/05/appdev.jpg?x71148 HTTP/2.0", host: "www.pouted.com"
2025/06/19 10:10:18 [error] 721#0: *14436 connect() failed (111: Connection refused) while connecting to upstream, client: 184.73.167.217, server: pouted.com, request: "GET /tag/nose-piercing/ HTTP/2.0", upstream: "https://192.145.236.239:8443/tag/nose-piercing/", host: "www.pouted.com"
2025/06/19 10:10:18 [error] 721#0: *14419 connect() failed (111: Connection refused) while connecting to upstream, client: 52.167.144.225, server: pouted.com, request: "GET /?s=tinner+at+Erico+International HTTP/2.0", upstream: "https://192.145.236.239:8443/?s=tinner+at+Erico+International", host: "www.pouted.com"
2025/06/19 10:10:19 [error] 721#0: *14438 connect() failed (111: Connection refused) while connecting to upstream, client: 103.130.18.167, server: pouted.com, request: "GET /tag/water-deer/ HTTP/2.0", upstream: "https://192.145.236.239:8443/tag/water-deer/", host: "www.pouted.com"
2025/06/19 10:10:21 [error] 721#0: *14441 connect() failed (111: Connection refused) while connecting to upstream, client: 14.224.206.74, server: pouted.com, request: "GET /services/wordpress-site-maintenance HTTP/2.0", upstream: "https://192.145.236.239:8443/services/wordpress-site-maintenance", host: "pouted.com"
2025/06/19 10:10:22 [error] 721#0: *14444 connect() failed (111: Connection refused) while connecting to upstream, client: 34.123.196.90, server: pouted.com, request: "HEAD /yahoo-web-hosting-review HTTP/2.0", upstream: "https://192.145.236.239:8443/yahoo-web-hosting-review", host: "www.pouted.com"
2025/06/19 10:10:22 [error] 721#0: *14447 connect() failed (111: Connection refused) while connecting to upstream, client: 98.83.8.142, server: pouted.com, request: "GET /tag/personalized-bedroom-retreat/ HTTP/2.0", upstream: "https://192.145.236.239:8443/tag/personalized-bedroom-retreat/", host: "www.pouted.com"
2025/06/19 10:10:22 [error] 721#0: *14446 connect() failed (111: Connection refused) while connecting to upstream, client: 14.191.83.60, server: pouted.com, request: "GET /tag/nail-technician-schools HTTP/2.0", upstream: "https://192.145.236.239:8443/tag/nail-technician-schools", host: "pouted.com"
2025/06/19 10:10:24 [error] 721#0: *14451 connect() failed (111: Connection refused) while connecting to upstream, client: 14.191.83.60, server: pouted.com, request: "GET /favicon.ico HTTP/2.0", upstream: "https://192.145.236.239:8443/favicon.ico", host: "pouted.com", referrer: "https://pouted.com/tag/nail-technician-schools"
2025/06/19 10:10:24 [error] 721#0: *14452 connect() failed (111: Connection refused) while connecting to upstream, client: 35.211.110.95, server: pouted.com, request: "GET /ads.txt HTTP/2.0", upstream: "https://192.145.236.239:8443/ads.txt", host: "pouted.com"
2025/06/19 10:10:24 [error] 721#0: *14455 connect() failed (111: Connection refused) while connecting to upstream, client: 35.211.110.95, server: pouted.com, request: "GET /ads.txt HTTP/2.0", upstream: "https://192.145.236.239:8443/ads.txt", host: "pouted.com"
2025/06/19 10:10:25 [error] 721#0: *14458 connect() failed (111: Connection refused) while connecting to upstream, client: 113.175.75.124, server: pouted.com, request: "GET /tag/medium-length-hairstyles-over-40 HTTP/2.0", upstream: "https://192.145.236.239:8443/tag/medium-length-hairstyles-over-40", host: "pouted.com"
2025/06/19 10:10:25 [error] 721#0: *14331 connect() failed (111: Connection refused) while connecting to upstream, client: 85.208.98.18, server: pouted.com, request: "GET /robots.txt HTTP/2.0", upstream: "https://192.145.236.239:8443/robots.txt", host: "www.pouted.com", referrer: "http://www.pouted.com/robots.txt"
2025/06/19 10:10:26 [error] 721#0: *14331 connect() failed (111: Connection refused) while connecting to upstream, client: 85.208.98.18, server: pouted.com, request: "GET /robots.txt HTTP/2.0", upstream: "https://192.145.236.239:8443/robots.txt", host: "www.pouted.com", referrer: "http://www.pouted.com/robots.txt"
2025/06/19 10:10:26 [error] 721#0: *14463 connect() failed (111: Connection refused) while connecting to upstream, client: 3.235.215.92, server: pouted.com, request: "GET /tag/mens-hairstyles-for-summer/ HTTP/2.0", upstream: "https://192.145.236.239:8443/tag/mens-hairstyles-for-summer/", host: "www.pouted.com"
2025/06/19 10:10:27 [error] 721#0: *14466 connect() failed (111: Connection refused) while connecting to upstream, client: 185.191.171.8, server: ayaclass.com, request: "GET /?a=734685415 HTTP/1.1", upstream: "http://192.145.236.239:8080/?a=734685415", host: "www.ayaclass.com"
2025/06/19 10:10:28 [error] 721#0: *14451 connect() failed (111: Connection refused) while connecting to upstream, client: 113.175.75.124, server: pouted.com, request: "GET /favicon.ico HTTP/2.0", upstream: "https://192.145.236.239:8443/favicon.ico", host: "pouted.com", referrer: "https://pouted.com/tag/medium-length-hairstyles-over-40"
2025/06/19 10:10:28 [error] 721#0: *14474 connect() failed (111: Connection refused) while connecting to upstream, client: 93.229.108.232, server: pouted.com, request: "GET /top-countries-renowned-best-bakeries/ HTTP/2.0", upstream: "https://192.145.236.239:8443/top-countries-renowned-best-bakeries/", host: "www.pouted.com", referrer: "https://www.bing.com/"
2025/06/19 10:10:29 [error] 721#0: *14473 connect() failed (111: Connection refused) while connecting to upstream, client: 2001:ee0:5540:2ce1:b0de:b8de:6fd7:eede, server: pouted.com, request: "GET /6-steps-for-successful-mobile-application-testing HTTP/2.0", upstream: "https://192.145.236.239:8443/6-steps-for-successful-mobile-application-testing", host: "pouted.com"
2025/06/19 10:10:29 [error] 721#0: *14363 connect() failed (111: Connection refused) while connecting to upstream, client: 2a03:2880:27ff:2::, server: pouted.com, request: "GET /30-unusual-furniture-designs-home/ HTTP/2.0", upstream: "https://192.145.236.239:8443/30-unusual-furniture-designs-home/", host: "www.pouted.com"
2025/06/19 10:10:30 [error] 721#0: *14480 connect() failed (111: Connection refused) while connecting to upstream, client: 85.208.96.206, server: ayaclass.com, request: "GET /?a=750886315 HTTP/1.1", upstream: "http://192.145.236.239:8080/?a=750886315", host: "www.ayaclass.com"
2025/06/19 10:10:30 [error] 721#0: *14473 connect() failed (111: Connection refused) while connecting to upstream, client: 2001:ee0:5540:2ce1:b0de:b8de:6fd7:eede, server: pouted.com, request: "GET /6-steps-for-successful-mobile-application-testing HTTP/2.0", upstream: "https://192.145.236.239:8443/6-steps-for-successful-mobile-application-testing", host: "pouted.com"
2025/06/19 10:10:30 [error] 721#0: *14482 connect() failed (111: Connection refused) while connecting to upstream, client: 98.80.130.239, server: pouted.com, request: "GET /tag/tall-buildings/ HTTP/2.0", upstream: "https://192.145.236.239:8443/tag/tall-buildings/", host: "www.pouted.com"
2025/06/19 10:10:31 [error] 723#0: *14395 connect() failed (111: Connection refused) while connecting to upstream, client: 68.221.75.26, server: pouted.com, request: "GET /elegant-outfit-ideas-women-over60/ HTTP/2.0", upstream: "https://192.145.236.239:8443/elegant-outfit-ideas-women-over60/", host: "www.pouted.com"
2025/06/19 10:10:31 [error] 721#0: *13806 connect() failed (111: Connection refused) while connecting to upstream, client: 66.249.79.131, server: pouted.com, request: "GET /best-selling-women-beauty-products-in-2025/ HTTP/2.0", upstream: "https://192.145.236.239:8443/best-selling-women-beauty-products-in-2025/", host: "www.pouted.com"
2025/06/19 10:10:32 [error] 721#0: *14411 connect() failed (111: Connection refused) while connecting to upstream, client: 68.221.75.18, server: pouted.com, request: "GET /elegant-outfit-ideas-women-over60/ HTTP/2.0", upstream: "https://192.145.236.239:8443/elegant-outfit-ideas-women-over60/", host: "www.pouted.com"
2025/06/19 10:10:32 [error] 721#0: *14415 connect() failed (111: Connection refused) while connecting to upstream, client: 68.221.75.22, server: pouted.com, request: "GET /elegant-outfit-ideas-women-over60/ HTTP/2.0", upstream: "https://192.145.236.239:8443/elegant-outfit-ideas-women-over60/", host: "www.pouted.com"
2025/06/19 10:10:32 [error] 721#0: *14487 connect() failed (111: Connection refused) while connecting to upstream, client: 68.221.75.18, server: pouted.com, request: "GET /elegant-outfit-ideas-women-over60/ HTTP/2.0", upstream: "https://192.145.236.239:8443/elegant-outfit-ideas-women-over60/", host: "www.pouted.com"
2025/06/19 10:10:32 [error] 723#0: *14395 connect() failed (111: Connection refused) while connecting to upstream, client: 68.221.75.24, server: pouted.com, request: "GET /elegant-outfit-ideas-women-over60/ HTTP/2.0", upstream: "https://192.145.236.239:8443/elegant-outfit-ideas-women-over60/", host: "www.pouted.com"
2025/06/19 10:10:33 [error] 721#0: *14492 connect() failed (111: Connection refused) while connecting to upstream, client: 68.221.75.27, server: pouted.com, request: "GET /elegant-outfit-ideas-women-over60/ HTTP/2.0", upstream: "https://192.145.236.239:8443/elegant-outfit-ideas-women-over60/", host: "www.pouted.com"
2025/06/19 10:10:34 [error] 721#0: *14494 connect() failed (111: Connection refused) while connecting to upstream, client: 68.221.75.28, server: pouted.com, request: "GET /elegant-outfit-ideas-women-over60/ HTTP/2.0", upstream: "https://192.145.236.239:8443/elegant-outfit-ideas-women-over60/", host: "www.pouted.com"
2025/06/19 10:10:34 [error] 721#0: *14415 connect() failed (111: Connection refused) while connecting to upstream, client: 68.221.75.22, server: pouted.com, request: "GET /elegant-outfit-ideas-women-over60/ HTTP/2.0", upstream: "https://192.145.236.239:8443/elegant-outfit-ideas-women-over60/", host: "www.pouted.com"
2025/06/19 10:10:34 [error] 726#0: *14497 connect() failed (111: Connection refused) while connecting to upstream, client: 113.173.105.46, server: pouted.com, request: "GET /tag/homemade-christmas-gift-ideas HTTP/2.0", upstream: "https://192.145.236.239:8443/tag/homemade-christmas-gift-ideas", host: "pouted.com"
2025/06/19 10:10:34 [error] 721#0: *14499 connect() failed (111: Connection refused) while connecting to upstream, client: 34.193.2.57, server: pouted.com, request: "GET /tag/sensitive-skin-shaving-tips/ HTTP/2.0", upstream: "https://192.145.236.239:8443/tag/sensitive-skin-shaving-tips/", host: "www.pouted.com"
2025/06/19 10:10:35 [error] 721#0: *14503 open() "/home/pouted/public_html/wp-content/uploads/2013/12/fun-with-calligraphy-and-wedding-vows-L-avyJLW.jpg" failed (2: No such file or directory), client: 2001:41d0:268:1200::, server: pouted.com, request: "GET /wp-content/uploads/2013/12/fun-with-calligraphy-and-wedding-vows-L-avyJLW.jpg HTTP/2.0", host: "www.pouted.com"
2025/06/19 10:10:35 [error] 721#0: *14502 connect() failed (111: Connection refused) while connecting to upstream, client: 2001:ee0:468a:da7a:d8e5:477d:bb59:8291, server: pouted.com, request: "GET /magazine/technology/page/73 HTTP/2.0", upstream: "https://192.145.236.239:8443/magazine/technology/page/73", host: "pouted.com"
2025/06/19 10:10:35 [error] 726#0: *14504 connect() failed (111: Connection refused) while connecting to upstream, client: 14.162.202.183, server: pouted.com, request: "GET /tag/earrings-with-unique-designs HTTP/2.0", upstream: "https://192.145.236.239:8443/tag/earrings-with-unique-designs", host: "pouted.com"
2025/06/19 10:10:35 [error] 726#0: *14497 connect() failed (111: Connection refused) while connecting to upstream, client: 113.173.105.46, server: pouted.com, request: "GET /tag/homemade-christmas-gift-ideas HTTP/2.0", upstream: "https://192.145.236.239:8443/tag/homemade-christmas-gift-ideas", host: "pouted.com"
2025/06/19 10:10:35 [error] 721#0: *14505 connect() failed (111: Connection refused) while connecting to upstream, client: 143.0.190.153, server: pouted.com, request: "GET /tag/the-caucasian-mountain-dog/ HTTP/2.0", upstream: "https://192.145.236.239:8443/tag/the-caucasian-mountain-dog/", host: "www.pouted.com"
2025/06/19 10:10:36 [error] 721#0: *14511 connect() failed (111: Connection refused) while connecting to upstream, client: 240f:51:e54a:1:5816:a493:c23:b5a1, server: pouted.com, request: "GET /top-10-flowers-that-bloom-all-year/ HTTP/2.0", upstream: "https://192.145.236.239:8443/top-10-flowers-that-bloom-all-year/", host: "www.pouted.com"
2025/06/19 10:10:37 [error] 721#0: *13806 connect() failed (111: Connection refused) while connecting to upstream, client: 66.249.79.131, server: pouted.com, request: "GET /top-makeup-brands-2025/amp/ HTTP/2.0", upstream: "https://192.145.236.239:8443/top-makeup-brands-2025/amp/", host: "www.pouted.com"
2025/06/19 10:10:37 [error] 721#0: *14515 connect() failed (111: Connection refused) while connecting to upstream, client: 20.215.214.20, server: pouted.com, request: "GET /top-mens-fashion-for-2025/ HTTP/2.0", upstream: "https://192.145.236.239:8443/top-mens-fashion-for-2025/", host: "www.pouted.com"
2025/06/19 10:10:38 [error] 721#0: *14518 connect() failed (111: Connection refused) while connecting to upstream, client: 52.54.249.218, server: pouted.com, request: "GET /tag/skydiving/ HTTP/2.0", upstream: "https://192.145.236.239:8443/tag/skydiving/", host: "www.pouted.com"
2025/06/19 10:10:38 [error] 721#0: *14517 connect() failed (111: Connection refused) while connecting to upstream, client: 20.215.214.23, server: pouted.com, request: "GET /top-mens-fashion-for-2025/ HTTP/2.0", upstream: "https://192.145.236.239:8443/top-mens-fashion-for-2025/", host: "www.pouted.com"
2025/06/19 10:10:39 [error] 726#0: *14525 connect() failed (111: Connection refused) while connecting to upstream, client: 20.215.214.17, server: pouted.com, request: "GET /top-mens-fashion-for-2025/ HTTP/2.0", upstream: "https://192.145.236.239:8443/top-mens-fashion-for-2025/", host: "www.pouted.com"
2025/06/19 10:10:41 [error] 721#0: *13806 connect() failed (111: Connection refused) while connecting to upstream, client: 66.249.79.131, server: pouted.com, request: "GET /reasons-you-need-professional-home-cleaning-service/ HTTP/2.0", upstream: "https://192.145.236.239:8443/reasons-you-need-professional-home-cleaning-service/", host: "www.pouted.com"
2025/06/19 10:10:41 [error] 721#0: *14528 connect() failed (111: Connection refused) while connecting to upstream, client: 20.215.214.16, server: pouted.com, request: "GET /top-mens-fashion-for-2025/ HTTP/2.0", upstream: "https://192.145.236.239:8443/top-mens-fashion-for-2025/", host: "www.pouted.com"
2025/06/19 10:10:41 [error] 721#0: *14534 connect() failed (111: Connection refused) while connecting to upstream, client: 172.178.141.141, server: pouted.com, request: "GET /best-online-fashion-clothing-apps/ HTTP/2.0", upstream: "https://192.145.236.239:8443/best-online-fashion-clothing-apps/", host: "www.pouted.com"
2025/06/19 10:10:41 [error] 726#0: *14536 connect() failed (111: Connection refused) while connecting to upstream, client: 45.224.231.48, server: pouted.com, request: "GET /best-online-fashion-clothing-apps/ HTTP/2.0", upstream: "https://192.145.236.239:8443/best-online-fashion-clothing-apps/", host: "www.pouted.com"
2025/06/19 10:10:42 [error] 721#0: *14539 connect() failed (111: Connection refused) while connecting to upstream, client: 172.178.141.132, server: pouted.com, request: "GET /best-online-fashion-clothing-apps/ HTTP/2.0", upstream: "https://192.145.236.239:8443/best-online-fashion-clothing-apps/", host: "www.pouted.com"
2025/06/19 10:10:42 [error] 721#0: *14541 connect() failed (111: Connection refused) while connecting to upstream, client: 172.178.141.130, server: pouted.com, request: "GET /best-online-fashion-clothing-apps/ HTTP/2.0", upstream: "https://192.145.236.239:8443/best-online-fashion-clothing-apps/", host: "www.pouted.com"
2025/06/19 10:10:42 [error] 721#0: *14543 connect() failed (111: Connection refused) while connecting to upstream, client: 172.178.141.129, server: pouted.com, request: "GET /best-online-fashion-clothing-apps/ HTTP/2.0", upstream: "https://192.145.236.239:8443/best-online-fashion-clothing-apps/", host: "www.pouted.com"
2025/06/19 10:10:44 [error] 721#0: *14546 connect() failed (111: Connection refused) while connecting to upstream, client: 206.232.117.217, server: pouted.com, request: "GET /best-online-fashion-clothing-apps/ HTTP/2.0", upstream: "https://192.145.236.239:8443/best-online-fashion-clothing-apps/", host: "www.pouted.com"
2025/06/19 10:10:46 [error] 721#0: *14549 connect() failed (111: Connection refused) while connecting to upstream, client: 206.232.118.136, server: pouted.com, request: "GET /best-online-fashion-clothing-apps/ HTTP/2.0", upstream: "https://192.145.236.239:8443/best-online-fashion-clothing-apps/", host: "www.pouted.com"
2025/06/19 10:10:46 [error] 721#0: *14551 connect() failed (111: Connection refused) while connecting to upstream, client: 85.208.96.201, server: ayaclass.com, request: "GET /?a=739195015 HTTP/1.1", upstream: "http://192.145.236.239:8080/?a=739195015", host: "www.ayaclass.com"
2025/06/19 10:10:46 [error] 721#0: *14553 connect() failed (111: Connection refused) while connecting to upstream, client: 3.93.253.174, server: pouted.com, request: "GET /tag/christmas-scented-candles/ HTTP/2.0", upstream: "https://192.145.236.239:8443/tag/christmas-scented-candles/", host: "www.pouted.com"
2025/06/19 10:10:47 [error] 721#0: *14331 connect() failed (111: Connection refused) while connecting to upstream, client: 66.249.79.131, server: pouted.com, request: "GET /robots.txt HTTP/2.0", upstream: "https://192.145.236.239:8443/robots.txt", host: "www.pouted.com"
2025/06/19 10:10:47 [error] 721#0: *14518 connect() failed (111: Connection refused) while connecting to upstream, client: 54.209.100.30, server: pouted.com, request: "GET /tag/car-buying-trends/ HTTP/2.0", upstream: "https://192.145.236.239:8443/tag/car-buying-trends/", host: "www.pouted.com"
2025/06/19 10:10:47 [error] 721#0: *14559 connect() failed (111: Connection refused) while connecting to upstream, client: 52.230.164.178, server: pouted.com, request: "GET /60-hottest-nail-design-ideas-for-your-graduation/ HTTP/2.0", upstream: "https://192.145.236.239:8443/60-hottest-nail-design-ideas-for-your-graduation/", host: "www.pouted.com"
2025/06/19 10:10:48 [error] 721#0: *14560 connect() failed (111: Connection refused) while connecting to upstream, client: 206.232.117.14, server: pouted.com, request: "GET /best-online-fashion-clothing-apps/ HTTP/2.0", upstream: "https://192.145.236.239:8443/best-online-fashion-clothing-apps/", host: "www.pouted.com"
2025/06/19 10:10:48 [error] 721#0: *14563 connect() failed (111: Connection refused) while connecting to upstream, client: 52.230.164.191, server: pouted.com, request: "GET /60-hottest-nail-design-ideas-for-your-graduation/ HTTP/2.0", upstream: "https://192.145.236.239:8443/60-hottest-nail-design-ideas-for-your-graduation/", host: "www.pouted.com"
2025/06/19 10:10:48 [error] 721#0: *13806 connect() failed (111: Connection refused) while connecting to upstream, client: 66.249.79.131, server: pouted.com, request: "GET /best-mens-haircuts-according-to-face-shape/amp/ HTTP/2.0", upstream: "https://192.145.236.239:8443/best-mens-haircuts-according-to-face-shape/amp/", host: "www.pouted.com"
2025/06/19 10:10:48 [error] 721#0: *14568 connect() failed (111: Connection refused) while connecting to upstream, client: 66.249.79.228, server: classing.ru, request: "GET /shopdetail/140338871 HTTP/2.0", upstream: "https://192.249.127.245:8443/shopdetail/140338871", host: "www.classing.ru"
2025/06/19 10:10:48 [error] 721#0: *14570 connect() failed (111: Connection refused) while connecting to upstream, client: 52.230.164.187, server: pouted.com, request: "GET /60-hottest-nail-design-ideas-for-your-graduation/ HTTP/2.0", upstream: "https://192.145.236.239:8443/60-hottest-nail-design-ideas-for-your-graduation/", host: "www.pouted.com"
2025/06/19 10:10:48 [error] 721#0: *14566 connect() failed (111: Connection refused) while connecting to upstream, client: 123.24.6.12, server: pouted.com, request: "GET /tag/burn HTTP/2.0", upstream: "https://192.145.236.239:8443/tag/burn", host: "pouted.com"
2025/06/19 10:10:48 [error] 721#0: *14565 connect() failed (111: Connection refused) while connecting to upstream, client: 2001:ee0:5744:7e71:dc1e:a6:50a7:2f06, server: pouted.com, request: "GET /tag/birds-that-steal-to-eat HTTP/2.0", upstream: "https://192.145.236.239:8443/tag/birds-that-steal-to-eat", host: "pouted.com"
2025/06/19 10:10:48 [error] 721#0: *14574 connect() failed (111: Connection refused) while connecting to upstream, client: 52.230.164.191, server: pouted.com, request: "GET /60-hottest-nail-design-ideas-for-your-graduation/ HTTP/2.0", upstream: "https://192.145.236.239:8443/60-hottest-nail-design-ideas-for-your-graduation/", host: "www.pouted.com"
2025/06/19 10:10:48 [error] 721#0: *14575 connect() failed (111: Connection refused) while connecting to upstream, client: 66.249.79.226, server: classing.ru, request: "GET /shopdetail/21768071 HTTP/2.0", upstream: "https://192.249.127.245:8443/shopdetail/21768071", host: "www.classing.ru"
2025/06/19 10:10:49 [error] 726#0: *14576 connect() failed (111: Connection refused) while connecting to upstream, client: 2001:ee0:4f37:7799:e081:50b0:aa7e:47cc, server: pouted.com, request: "GET /tag/fall-winter-accessories HTTP/2.0", upstream: "https://192.145.236.239:8443/tag/fall-winter-accessories", host: "pouted.com"
2025/06/19 10:10:49 [error] 721#0: *14579 connect() failed (111: Connection refused) while connecting to upstream, client: 2001:ee0:4f3a:944b:30ca:3cc4:b1a7:bbcc, server: pouted.com, request: "GET /products/cbd-sleep-gummies HTTP/2.0", upstream: "https://192.145.236.239:8443/products/cbd-sleep-gummies", host: "pouted.com"
2025/06/19 10:10:49 [error] 721#0: *14451 connect() failed (111: Connection refused) while connecting to upstream, client: 123.24.6.12, server: pouted.com, request: "GET /favicon.ico HTTP/2.0", upstream: "https://192.145.236.239:8443/favicon.ico", host: "pouted.com", referrer: "https://pouted.com/tag/burn"
2025/06/19 10:10:49 [error] 721#0: *14583 connect() failed (111: Connection refused) while connecting to upstream, client: 66.249.79.226, server: classing.ru, request: "GET /shopdetail/110742771 HTTP/2.0", upstream: "https://192.249.127.245:8443/shopdetail/110742771", host: "www.classing.ru"
2025/06/19 10:10:50 [error] 721#0: *14588 connect() failed (111: Connection refused) while connecting to upstream, client: 96.239.28.96, server: pouted.com, request: "GET /top-jewelry-trends/ HTTP/2.0", upstream: "https://192.145.236.239:8443/top-jewelry-trends/", host: "www.pouted.com"
2025/06/19 10:10:50 [error] 721#0: *14594 connect() failed (111: Connection refused) while connecting to upstream, client: 50.19.221.48, server: pouted.com, request: "GET /tag/brain/ HTTP/2.0", upstream: "https://192.145.236.239:8443/tag/brain/", host: "www.pouted.com"
2025/06/19 10:10:51 [error] 721#0: *14591 connect() failed (111: Connection refused) while connecting to upstream, client: 14.180.137.122, server: pouted.com, request: "GET /author/sarah88/page/59 HTTP/2.0", upstream: "https://192.145.236.239:8443/author/sarah88/page/59", host: "pouted.com"
2025/06/19 10:10:51 [error] 721#0: *14590 connect() failed (111: Connection refused) while connecting to upstream, client: 14.174.112.164, server: pouted.com, request: "GET /magazine/fashion-designs/trendy-jewelry-fashion/amp/page/5 HTTP/2.0", upstream: "https://192.145.236.239:8443/magazine/fashion-designs/trendy-jewelry-fashion/amp/page/5", host: "pouted.com"
2025/06/19 10:10:51 [error] 721#0: *14592 connect() failed (111: Connection refused) while connecting to upstream, client: 2001:ee0:4f39:d3e7:a41d:d0e0:b51e:f3b8, server: pouted.com, request: "GET /tag/women-shoes HTTP/2.0", upstream: "https://192.145.236.239:8443/tag/women-shoes", host: "pouted.com"
2025/06/19 10:10:51 [error] 721#0: *14593 connect() failed (111: Connection refused) while connecting to upstream, client: 2001:ee0:49d3:7e97:60e7:ed02:e438:82b6, server: pouted.com, request: "GET /tag/puppies HTTP/2.0", upstream: "https://192.145.236.239:8443/tag/puppies", host: "pouted.com"
2025/06/19 10:10:51 [error] 721#0: *14595 connect() failed (111: Connection refused) while connecting to upstream, client: 2001:ee0:4f3c:d209:b5a5:7900:ca6e:4958, server: pouted.com, request: "GET /magazine/arts/amp/page/8 HTTP/2.0", upstream: "https://192.145.236.239:8443/magazine/arts/amp/page/8", host: "pouted.com"
2025/06/19 10:10:51 [error] 721#0: *14588 connect() failed (111: Connection refused) while connecting to upstream, client: 96.239.28.96, server: pouted.com, request: "GET /top-jewelry-trends/ HTTP/2.0", upstream: "https://192.145.236.239:8443/top-jewelry-trends/", host: "www.pouted.com"
2025/06/19 10:10:52 [error] 721#0: *14588 connect() failed (111: Connection refused) while connecting to upstream, client: 96.239.28.96, server: pouted.com, request: "GET /top-jewelry-trends/ HTTP/2.0", upstream: "https://192.145.236.239:8443/top-jewelry-trends/", host: "www.pouted.com"
2025/06/19 10:10:54 [error] 721#0: *14588 connect() failed (111: Connection refused) while connecting to upstream, client: 96.239.28.96, server: pouted.com, request: "GET /top-jewelry-trends/ HTTP/2.0", upstream: "https://192.145.236.239:8443/top-jewelry-trends/", host: "www.pouted.com"
2025/06/19 10:10:54 [error] 721#0: *14607 connect() failed (111: Connection refused) while connecting to upstream, client: 14.191.68.51, server: pouted.com, request: "GET /tag/music HTTP/2.0", upstream: "https://192.145.236.239:8443/tag/music", host: "pouted.com"
2025/06/19 10:10:54 [error] 721#0: *14609 connect() failed (111: Connection refused) while connecting to upstream, client: 3.90.73.206, server: pouted.com, request: "GET /tag/valentines-day-ideas/ HTTP/2.0", upstream: "https://192.145.236.239:8443/tag/valentines-day-ideas/", host: "www.pouted.com"
2025/06/19 10:10:57 [error] 721#0: *14613 connect() failed (111: Connection refused) while connecting to upstream, client: 40.77.167.155, server: pouted.com, request: "GET /most-trendy-mens-beard-styles/ HTTP/2.0", upstream: "https://192.145.236.239:8443/most-trendy-mens-beard-styles/", host: "www.pouted.com"
2025/06/19 10:10:58 [error] 721#0: *14617 connect() failed (111: Connection refused) while connecting to upstream, client: 18.205.213.231, server: pouted.com, request: "GET /tag/processed-meats-sausage/ HTTP/2.0", upstream: "https://192.145.236.239:8443/tag/processed-meats-sausage/", host: "www.pouted.com"
2025/06/19 10:10:58 [error] 721#0: *14616 connect() failed (111: Connection refused) while connecting to upstream, client: 113.190.137.124, server: pouted.com, request: "GET /tips-selecting-right-led-light-bar HTTP/2.0", upstream: "https://192.145.236.239:8443/tips-selecting-right-led-light-bar", host: "pouted.com"
2025/06/19 10:10:59 [error] 721#0: *14620 open() "/home/pouted/public_html/wp-content/uploads/jewels/14k-yellow-gold-fashion-pendant-round-shape-with-design-in-center.jpg" failed (2: No such file or directory), client: 66.249.79.131, server: pouted.com, request: "GET /wp-content/uploads/jewels/14k-yellow-gold-fashion-pendant-round-shape-with-design-in-center.jpg HTTP/2.0", host: "www.pouted.com"
2025/06/19 10:11:01 [error] 721#0: *14515 connect() failed (111: Connection refused) while connecting to upstream, client: 20.215.214.20, server: pouted.com, request: "GET /17-modern-designs-of-bathroom-sinks/ HTTP/2.0", upstream: "https://192.145.236.239:8443/17-modern-designs-of-bathroom-sinks/", host: "www.pouted.com"
2025/06/19 10:11:01 [error] 721#0: *14624 connect() failed (111: Connection refused) while connecting to upstream, client: 127.0.0.1, server: 127.0.0.1, request: "GET /whm-server-status HTTP/1.0", upstream: "http://127.0.0.1:8080/whm-server-status", host: "localhost"
2025/06/19 10:11:01 [error] 721#0: *14517 connect() failed (111: Connection refused) while connecting to upstream, client: 20.215.214.23, server: pouted.com, request: "GET /17-modern-designs-of-bathroom-sinks/ HTTP/2.0", upstream: "https://192.145.236.239:8443/17-modern-designs-of-bathroom-sinks/", host: "www.pouted.com"
2025/06/19 10:11:01 [error] 726#0: *14525 connect() failed (111: Connection refused) while connecting to upstream, client: 20.215.214.17, server: pouted.com, request: "GET /17-modern-designs-of-bathroom-sinks/ HTTP/2.0", upstream: "https://192.145.236.239:8443/17-modern-designs-of-bathroom-sinks/", host: "www.pouted.com"
2025/06/19 10:11:01 [error] 721#0: *14626 connect() failed (111: Connection refused) while connecting to upstream, client: 20.215.214.29, server: pouted.com, request: "GET /47-awesome-fabulous-bathroom-sink-designs-2015/ HTTP/2.0", upstream: "https://192.145.236.239:8443/47-awesome-fabulous-bathroom-sink-designs-2015/", host: "www.pouted.com"
2025/06/19 10:11:01 [error] 721#0: *14627 connect() failed (111: Connection refused) while connecting to upstream, client: 20.215.214.29, server: pouted.com, request: "GET /17-modern-designs-of-bathroom-sinks/ HTTP/2.0", upstream: "https://192.145.236.239:8443/17-modern-designs-of-bathroom-sinks/", host: "www.pouted.com"
2025/06/19 10:11:01 [error] 721#0: *14528 connect() failed (111: Connection refused) while connecting to upstream, client: 20.215.214.16, server: pouted.com, request: "GET /17-modern-designs-of-bathroom-sinks/ HTTP/2.0", upstream: "https://192.145.236.239:8443/17-modern-designs-of-bathroom-sinks/", host: "www.pouted.com"
2025/06/19 10:11:01 [error] 721#0: *14634 connect() failed (111: Connection refused) while connecting to upstream, client: 185.191.171.15, server: ayaclass.com, request: "GET /?a=659352315 HTTP/1.1", upstream: "http://192.145.236.239:8080/?a=659352315", host: "www.ayaclass.com"
2025/06/19 10:11:02 [error] 721#0: *14515 connect() failed (111: Connection refused) while connecting to upstream, client: 20.215.214.27, server: pouted.com, request: "GET /47-awesome-fabulous-bathroom-sink-designs-2015/ HTTP/2.0", upstream: "https://192.145.236.239:8443/47-awesome-fabulous-bathroom-sink-designs-2015/", host: "www.pouted.com"
2025/06/19 10:11:02 [error] 721#0: *14515 connect() failed (111: Connection refused) while connecting to upstream, client: 20.215.214.27, server: pouted.com, request: "GET /17-modern-designs-of-bathroom-sinks/ HTTP/2.0", upstream: "https://192.145.236.239:8443/17-modern-designs-of-bathroom-sinks/", host: "www.pouted.com"
2025/06/19 10:11:02 [error] 721#0: *14638 open() "/home/pouted/public_html/wp-content/uploads/2015/11/boucles-doreille-huichol-grand-modele-hematite-grand-modele-percee-tige-1_max-475x475.jpg" failed (2: No such file or directory), client: 114.119.158.217, server: pouted.com, request: "GET /wp-content/uploads/2015/11/boucles-doreille-huichol-grand-modele-hematite-grand-modele-percee-tige-1_max-475x475.jpg?x44527 HTTP/2.0", host: "www.pouted.com"
2025/06/19 10:11:02 [error] 726#0: *14640 connect() failed (111: Connection refused) while connecting to upstream, client: 20.215.214.17, server: pouted.com, request: "GET /47-awesome-fabulous-bathroom-sink-designs-2015/ HTTP/2.0", upstream: "https://192.145.236.239:8443/47-awesome-fabulous-bathroom-sink-designs-2015/", host: "www.pouted.com"
2025/06/19 10:11:02 [error] 721#0: *14642 connect() failed (111: Connection refused) while connecting to upstream, client: 184.73.239.35, server: pouted.com, request: "GET /tag/extravagant-jewelry/ HTTP/2.0", upstream: "https://192.145.236.239:8443/tag/extravagant-jewelry/", host: "www.pouted.com"
2025/06/19 10:11:02 [error] 721#0: *14641 connect() failed (111: Connection refused) while connecting to upstream, client: 20.215.214.17, server: pouted.com, request: "GET /17-modern-designs-of-bathroom-sinks/ HTTP/2.0", upstream: "https://192.145.236.239:8443/17-modern-designs-of-bathroom-sinks/", host: "www.pouted.com"
2025/06/19 10:11:03 [error] 721#0: *14528 connect() failed (111: Connection refused) while connecting to upstream, client: 20.215.214.16, server: pouted.com, request: "GET /47-awesome-fabulous-bathroom-sink-designs-2015/ HTTP/2.0", upstream: "https://192.145.236.239:8443/47-awesome-fabulous-bathroom-sink-designs-2015/", host: "www.pouted.com"
