2025/09/07 19:09:07 [error] 4144567#0: *5917 connect() failed (111: Connection refused) while connecting to upstream, client: 2a03:2880:25ff:4c::, server: pouted.com, request: "GET /best-comedy-movies-2025/ HTTP/2.0", upstream: "https://192.145.236.239:8443/best-comedy-movies-2025/", host: "www.pouted.com"
2025/09/07 19:09:09 [error] 4144567#0: *5922 open() "/home/pouted/public_html/wp-content/uploads/2013/06/cute_baby.jpg" failed (2: No such file or directory), client: 2408:8207:18e7:4db0:e540:99fb:ace5:6286, server: pouted.com, request: "GET /wp-content/uploads/2013/06/cute_baby.jpg?x45357 HTTP/2.0", host: "www.pouted.com"
2025/09/07 19:09:09 [error] 4144567#0: *5921 connect() failed (111: Connection refused) while connecting to upstream, client: 197.35.130.246, server: pouted.com, request: "POST /wp-admin/admin-ajax.php HTTP/2.0", upstream: "https://192.145.236.239:8443/wp-admin/admin-ajax.php", host: "www.pouted.com", referrer: "https://www.pouted.com/wp-admin/post.php?post=161646&action=edit&classic-editor"
2025/09/07 19:09:10 [error] 4144567#0: *5924 connect() failed (111: Connection refused) while connecting to upstream, client: 20.194.157.176, server: pouted.com, request: "GET /top-2025-sportswear-trends/ HTTP/2.0", upstream: "https://192.145.236.239:8443/top-2025-sportswear-trends/", host: "www.pouted.com"
2025/09/07 19:09:10 [error] 4144567#0: *5924 connect() failed (111: Connection refused) while connecting to upstream, client: 20.194.157.180, server: pouted.com, request: "GET /top-2025-sportswear-trends/ HTTP/2.0", upstream: "https://192.145.236.239:8443/top-2025-sportswear-trends/", host: "www.pouted.com"
2025/09/07 19:09:11 [error] 4144570#0: *5928 connect() failed (111: Connection refused) while connecting to upstream, client: 20.194.157.188, server: pouted.com, request: "GET /top-2025-sportswear-trends/ HTTP/2.0", upstream: "https://192.145.236.239:8443/top-2025-sportswear-trends/", host: "www.pouted.com"
2025/09/07 19:09:11 [error] 4144570#0: *5928 connect() failed (111: Connection refused) while connecting to upstream, client: 20.194.157.182, server: pouted.com, request: "GET /top-2025-sportswear-trends/ HTTP/2.0", upstream: "https://192.145.236.239:8443/top-2025-sportswear-trends/", host: "www.pouted.com"
2025/09/07 19:09:11 [error] 4144567#0: *5931 connect() failed (111: Connection refused) while connecting to upstream, client: 185.191.171.3, server: ayaclass.com, request: "GET /?a=10203215 HTTP/1.1", upstream: "http://192.145.236.239:8080/?a=10203215", host: "www.ayaclass.com"
2025/09/07 19:09:12 [error] 4144567#0: *5063 connect() failed (111: Connection refused) while connecting to upstream, client: 192.178.6.99, server: ayaclass.com, request: "GET /products/28067354/ HTTP/1.1", upstream: "http://192.145.236.239:8080/products/28067354/", host: "www.ayaclass.com"
2025/09/07 19:09:12 [error] 4144567#0: *5934 open() "/home/pouted/public_html/wp-content/uploads/2014/05/65047_10151281182653914_1936948276Pyramid_n.jpg" failed (2: No such file or directory), client: 38.80.152.78, server: pouted.com, request: "GET /wp-content/uploads/2014/05/65047_10151281182653914_1936948276Pyramid_n.jpg HTTP/2.0", host: "www.pouted.com"
2025/09/07 19:09:17 [error] 4144567#0: *5063 connect() failed (111: Connection refused) while connecting to upstream, client: 192.178.6.99, server: ayaclass.com, request: "GET /products/17294810/ HTTP/1.1", upstream: "http://192.145.236.239:8080/products/17294810/", host: "www.ayaclass.com"
2025/09/07 19:09:17 [error] 4144567#0: *5938 connect() failed (111: Connection refused) while connecting to upstream, client: 5.75.140.40, server: pouted.com, request: "GET /robots.txt HTTP/2.0", upstream: "https://192.145.236.239:8443/robots.txt", host: "pouted.com"
2025/09/07 19:09:18 [error] 4144567#0: *5941 connect() failed (111: Connection refused) while connecting to upstream, client: 5.75.140.40, server: pouted.com, request: "HEAD /sitemap.xml HTTP/2.0", upstream: "https://192.145.236.239:8443/sitemap.xml", host: "pouted.com"
2025/09/07 19:09:19 [error] 4144567#0: *5944 connect() failed (111: Connection refused) while connecting to upstream, client: 5.75.140.40, server: pouted.com, request: "HEAD /sitemap_index.xml HTTP/2.0", upstream: "https://192.145.236.239:8443/sitemap_index.xml", host: "www.pouted.com"
2025/09/07 19:09:20 [error] 4144567#0: *5941 connect() failed (111: Connection refused) while connecting to upstream, client: 5.75.140.40, server: pouted.com, request: "GET / HTTP/2.0", upstream: "https://192.145.236.239:8443/", host: "pouted.com"
2025/09/07 19:09:20 [error] 4144567#0: *5948 open() "/home/pouted/public_html/wp-content/uploads/2013/06/sand.jpg" failed (2: No such file or directory), client: 221.109.63.129, server: pouted.com, request: "GET /wp-content/uploads/2013/06/sand.jpg?x44527 HTTP/2.0", host: "www.pouted.com"
2025/09/07 19:09:21 [error] 4144567#0: *5921 connect() failed (111: Connection refused) while connecting to upstream, client: 197.35.130.246, server: pouted.com, request: "POST /wp-admin/admin-ajax.php HTTP/2.0", upstream: "https://192.145.236.239:8443/wp-admin/admin-ajax.php", host: "www.pouted.com", referrer: "https://www.pouted.com/wp-admin/post.php?post=161704&action=edit&classic-editor"
2025/09/07 19:09:22 [error] 4144567#0: *5063 connect() failed (111: Connection refused) while connecting to upstream, client: 192.178.6.99, server: ayaclass.com, request: "GET /products/18620821/ HTTP/1.1", upstream: "http://192.145.236.239:8080/products/18620821/", host: "www.ayaclass.com"
2025/09/07 19:09:22 [error] 4144567#0: *5953 connect() failed (111: Connection refused) while connecting to upstream, client: 52.178.141.116, server: pouted.com, request: "GET / HTTP/2.0", upstream: "https://192.145.236.239:8443/", host: "pouted.com"
2025/09/07 19:09:24 [error] 4144567#0: *5941 connect() failed (111: Connection refused) while connecting to upstream, client: 5.75.140.40, server: pouted.com, request: "GET / HTTP/2.0", upstream: "https://192.145.236.239:8443/", host: "pouted.com"
2025/09/07 19:09:24 [error] 4144567#0: *5956 connect() failed (111: Connection refused) while connecting to upstream, client: 72.167.220.30, server: pouted.com, request: "GET /magazine/interior-designs/feed/ HTTP/2.0", upstream: "https://192.145.236.239:8443/magazine/interior-designs/feed/", host: "www.pouted.com"
2025/09/07 19:09:27 [error] 4144567#0: *5063 connect() failed (111: Connection refused) while connecting to upstream, client: 192.178.6.99, server: ayaclass.com, request: "GET /products/16878110/ HTTP/1.1", upstream: "http://192.145.236.239:8080/products/16878110/", host: "www.ayaclass.com"
2025/09/07 19:09:27 [error] 4144567#0: *5961 open() "/home/pouted/public_html/wp-content/uploads/2013/02/samsung.jpg" failed (2: No such file or directory), client: 175.27.164.202, server: pouted.com, request: "GET /wp-content/uploads/2013/02/samsung.jpg?x43083 HTTP/2.0", host: "www.pouted.com"
2025/09/07 19:09:28 [error] 4144567#0: *5941 connect() failed (111: Connection refused) while connecting to upstream, client: 5.75.140.40, server: pouted.com, request: "GET / HTTP/2.0", upstream: "https://192.145.236.239:8443/", host: "pouted.com"
2025/09/07 19:09:32 [error] 4144567#0: *5063 connect() failed (111: Connection refused) while connecting to upstream, client: 192.178.6.99, server: ayaclass.com, request: "GET /products/25961498/ HTTP/1.1", upstream: "http://192.145.236.239:8080/products/25961498/", host: "www.ayaclass.com"
2025/09/07 19:09:32 [error] 4144567#0: *5941 connect() failed (111: Connection refused) while connecting to upstream, client: 5.75.140.40, server: pouted.com, request: "GET / HTTP/2.0", upstream: "https://192.145.236.239:8443/", host: "pouted.com"
2025/09/07 19:09:32 [error] 4144567#0: *5921 connect() failed (111: Connection refused) while connecting to upstream, client: 197.35.130.246, server: pouted.com, request: "POST /wp-admin/admin-ajax.php HTTP/2.0", upstream: "https://192.145.236.239:8443/wp-admin/admin-ajax.php", host: "www.pouted.com", referrer: "https://www.pouted.com/wp-admin/post.php?post=161655&action=edit&classic-editor"
2025/09/07 19:09:36 [error] 4144567#0: *5941 connect() failed (111: Connection refused) while connecting to upstream, client: 5.75.140.40, server: pouted.com, request: "GET / HTTP/2.0", upstream: "https://192.145.236.239:8443/", host: "pouted.com"
2025/09/07 19:09:39 [error] 4144567#0: *5941 connect() failed (111: Connection refused) while connecting to upstream, client: 5.75.140.40, server: pouted.com, request: "GET / HTTP/2.0", upstream: "https://192.145.236.239:8443/", host: "pouted.com"
2025/09/07 19:09:40 [error] 4144567#0: *5973 connect() failed (111: Connection refused) while connecting to upstream, client: 128.199.163.109, server: pouted.com, request: "GET /wp-login.php HTTP/2.0", upstream: "https://192.145.236.239:8443/wp-login.php", host: "www.pouted.com"
2025/09/07 19:09:41 [error] 4144567#0: *5976 connect() failed (111: Connection refused) while connecting to upstream, client: 192.178.6.98, server: ayaclass.com, request: "GET /products/27039354/ HTTP/1.1", upstream: "http://192.145.236.239:8080/products/27039354/", host: "www.ayaclass.com"
2025/09/07 19:09:43 [error] 4144567#0: *5978 connect() failed (111: Connection refused) while connecting to upstream, client: 66.249.79.132, server: pouted.com, request: "GET /30-unusual-furniture-designs-home/ HTTP/2.0", upstream: "https://192.145.236.239:8443/30-unusual-furniture-designs-home/", host: "www.pouted.com"
2025/09/07 19:09:43 [error] 4144567#0: *5941 connect() failed (111: Connection refused) while connecting to upstream, client: 5.75.140.40, server: pouted.com, request: "GET / HTTP/2.0", upstream: "https://192.145.236.239:8443/", host: "pouted.com"
2025/09/07 19:09:46 [error] 4144567#0: *5976 connect() failed (111: Connection refused) while connecting to upstream, client: 192.178.6.98, server: ayaclass.com, request: "GET /products/28524710/ HTTP/1.1", upstream: "http://192.145.236.239:8080/products/28524710/", host: "www.ayaclass.com"
2025/09/07 19:09:47 [error] 4144567#0: *5941 connect() failed (111: Connection refused) while connecting to upstream, client: 5.75.140.40, server: pouted.com, request: "GET / HTTP/2.0", upstream: "https://192.145.236.239:8443/", host: "pouted.com"
2025/09/07 19:09:51 [error] 4144567#0: *5976 connect() failed (111: Connection refused) while connecting to upstream, client: 192.178.6.98, server: ayaclass.com, request: "GET /products/29491265/ HTTP/1.1", upstream: "http://192.145.236.239:8080/products/29491265/", host: "www.ayaclass.com"
2025/09/07 19:09:51 [error] 4144567#0: *5941 connect() failed (111: Connection refused) while connecting to upstream, client: 5.75.140.40, server: pouted.com, request: "GET / HTTP/2.0", upstream: "https://192.145.236.239:8443/", host: "pouted.com"
2025/09/07 19:09:52 [error] 4144567#0: *5921 connect() failed (111: Connection refused) while connecting to upstream, client: 197.35.130.246, server: pouted.com, request: "POST /wp-admin/admin-ajax.php HTTP/2.0", upstream: "https://192.145.236.239:8443/wp-admin/admin-ajax.php", host: "www.pouted.com", referrer: "https://www.pouted.com/wp-admin/post.php?post=161718&action=edit&classic-editor"
2025/09/07 19:09:54 [error] 4144567#0: *5991 connect() failed (111: Connection refused) while connecting to upstream, client: 2a03:2880:3ff:1::, server: pouted.com, request: "GET /fashion-trends-for-men-spring-2025/ HTTP/2.0", upstream: "https://192.145.236.239:8443/fashion-trends-for-men-spring-2025/", host: "www.pouted.com"
2025/09/07 19:09:56 [error] 4144567#0: *5993 connect() failed (111: Connection refused) while connecting to upstream, client: 5.75.140.40, server: pouted.com, request: "GET / HTTP/2.0", upstream: "https://192.145.236.239:8443/", host: "pouted.com"
2025/09/07 19:09:56 [error] 4144567#0: *5976 connect() failed (111: Connection refused) while connecting to upstream, client: 192.178.6.98, server: ayaclass.com, request: "GET /products/25621565/ HTTP/1.1", upstream: "http://192.145.236.239:8080/products/25621565/", host: "www.ayaclass.com"
2025/09/07 19:10:00 [error] 4144567#0: *5993 connect() failed (111: Connection refused) while connecting to upstream, client: 5.75.140.40, server: pouted.com, request: "GET / HTTP/2.0", upstream: "https://192.145.236.239:8443/", host: "pouted.com"
2025/09/07 19:10:00 [error] 4144567#0: *5998 connect() failed (111: Connection refused) while connecting to upstream, client: 2a03:2880:12ff:9::, server: pouted.com, request: "GET /top-mens-fashion-for-2025/ HTTP/2.0", upstream: "https://192.145.236.239:8443/top-mens-fashion-for-2025/", host: "www.pouted.com"
2025/09/07 19:10:01 [error] 4144567#0: *6000 connect() failed (111: Connection refused) while connecting to upstream, client: 40.77.167.132, server: pouted.com, request: "GET /increasing-online-sales-with-instagram-better-marketing/ HTTP/2.0", upstream: "https://192.145.236.239:8443/increasing-online-sales-with-instagram-better-marketing/", host: "www.pouted.com"
2025/09/07 19:10:01 [error] 4144567#0: *6004 connect() failed (111: Connection refused) while connecting to upstream, client: 192.178.6.99, server: ayaclass.com, request: "GET /products/25925565/ HTTP/1.1", upstream: "http://192.145.236.239:8080/products/25925565/", host: "www.ayaclass.com"
2025/09/07 19:10:02 [error] 4144567#0: *6006 open() "/home/pouted/public_html/wp-content/uploads/2013/05/green-bug.jpg" failed (2: No such file or directory), client: 52.191.41.16, server: pouted.com, request: "GET /wp-content/uploads/2013/05/green-bug.jpg?x45357 HTTP/2.0", host: "www.pouted.com"
2025/09/07 19:10:03 [error] 4144567#0: *6007 connect() failed (111: Connection refused) while connecting to upstream, client: 68.221.67.166, server: pouted.com, request: "GET / HTTP/2.0", upstream: "https://192.145.236.239:8443/", host: "pouted.com"
2025/09/07 19:10:03 [error] 4144567#0: *6007 connect() failed (111: Connection refused) while connecting to upstream, client: 68.221.67.171, server: pouted.com, request: "GET / HTTP/2.0", upstream: "https://192.145.236.239:8443/", host: "pouted.com"
2025/09/07 19:10:04 [error] 4144567#0: *6007 connect() failed (111: Connection refused) while connecting to upstream, client: 68.221.67.163, server: pouted.com, request: "GET / HTTP/2.0", upstream: "https://192.145.236.239:8443/", host: "pouted.com"
2025/09/07 19:10:04 [error] 4144567#0: *6007 connect() failed (111: Connection refused) while connecting to upstream, client: 68.221.67.165, server: pouted.com, request: "GET / HTTP/2.0", upstream: "https://192.145.236.239:8443/", host: "pouted.com"
2025/09/07 19:10:06 [error] 4144567#0: *6006 open() "/home/pouted/public_html/wp-content/uploads/2013/05/green-bug.jpg" failed (2: No such file or directory), client: 52.191.41.16, server: pouted.com, request: "GET /wp-content/uploads/2013/05/green-bug.jpg?x45357 HTTP/2.0", host: "www.pouted.com"
2025/09/07 19:10:06 [error] 4144567#0: *5976 connect() failed (111: Connection refused) while connecting to upstream, client: 192.178.6.98, server: ayaclass.com, request: "GET /products/3483209/ HTTP/1.1", upstream: "http://192.145.236.239:8080/products/3483209/", host: "www.ayaclass.com"
2025/09/07 19:10:06 [error] 4144567#0: *6000 connect() failed (111: Connection refused) while connecting to upstream, client: 40.77.167.132, server: pouted.com, request: "GET /61-fabulous-staircase-design-ideas-catchier-home/ HTTP/2.0", upstream: "https://192.145.236.239:8443/61-fabulous-staircase-design-ideas-catchier-home/", host: "www.pouted.com"
2025/09/07 19:10:08 [error] 4144567#0: *6004 connect() failed (111: Connection refused) while connecting to upstream, client: 192.178.6.99, server: ayaclass.com, request: "GET /products/24600332/ HTTP/1.1", upstream: "http://192.145.236.239:8080/products/24600332/", host: "www.ayaclass.com"
2025/09/07 19:10:09 [error] 4144567#0: *6017 connect() failed (111: Connection refused) while connecting to upstream, client: 114.119.130.104, server: intensed.com, request: "GET /digital-marketing/social-media-marketing/ HTTP/2.0", upstream: "https://192.249.127.250:8443/digital-marketing/social-media-marketing/", host: "www.intensed.com", referrer: "https://www.intensed.com/digital-marketing/page/3/?filtered=oldest"
2025/09/07 19:10:12 [error] 4144567#0: *6019 connect() failed (111: Connection refused) while connecting to upstream, client: 185.191.171.16, server: ayaclass.com, request: "GET /?a=4440115 HTTP/1.1", upstream: "http://192.145.236.239:8080/?a=4440115", host: "www.ayaclass.com"
2025/09/07 19:10:13 [error] 4144567#0: *5976 connect() failed (111: Connection refused) while connecting to upstream, client: 192.178.6.98, server: ayaclass.com, request: "GET /products/28617721/ HTTP/1.1", upstream: "http://192.145.236.239:8080/products/28617721/", host: "www.ayaclass.com"
2025/09/07 19:10:14 [error] 4144567#0: *6022 connect() failed (111: Connection refused) while connecting to upstream, client: 199.96.164.62, server: pouted.com, request: "GET /index.php/imagelibrary/adminhtml_imagelibrary/index HTTP/2.0", upstream: "https://192.145.236.239:8443/index.php/imagelibrary/adminhtml_imagelibrary/index", host: "pouted.com"
2025/09/07 19:10:14 [error] 4144570#0: *6023 connect() failed (111: Connection refused) while connecting to upstream, client: 128.199.163.109, server: pouted.com, request: "GET /wp-login.php HTTP/2.0", upstream: "https://192.145.236.239:8443/wp-login.php", host: "www.pouted.com"
2025/09/07 19:10:14 [error] 4144567#0: *6022 connect() failed (111: Connection refused) while connecting to upstream, client: 199.96.164.62, server: pouted.com, request: "GET /index.php/imagelibrary/adminhtml_imagelibrary/index HTTP/2.0", upstream: "https://192.145.236.239:8443/index.php/imagelibrary/adminhtml_imagelibrary/index", host: "pouted.com", referrer: "http://pouted.com/index.php/imagelibrary/adminhtml_imagelibrary/index"
2025/09/07 19:10:14 [error] 4144567#0: *6028 connect() failed (111: Connection refused) while connecting to upstream, client: 127.0.0.1, server: 127.0.0.1, request: "GET /whm-server-status HTTP/1.0", upstream: "http://127.0.0.1:8080/whm-server-status", host: "localhost"
2025/09/07 19:10:15 [error] 4144567#0: *5976 connect() failed (111: Connection refused) while connecting to upstream, client: 192.178.6.98, server: ayaclass.com, request: "GET /products/29412876/ HTTP/1.1", upstream: "http://192.145.236.239:8080/products/29412876/", host: "www.ayaclass.com"
2025/09/07 19:10:16 [error] 4144567#0: *5921 connect() failed (111: Connection refused) while connecting to upstream, client: 197.35.130.246, server: pouted.com, request: "POST /wp-admin/admin-ajax.php HTTP/2.0", upstream: "https://192.145.236.239:8443/wp-admin/admin-ajax.php", host: "www.pouted.com", referrer: "https://www.pouted.com/wp-admin/post.php?post=161682&action=edit&classic-editor"
2025/09/07 19:10:17 [error] 4144567#0: *5976 connect() failed (111: Connection refused) while connecting to upstream, client: 192.178.6.98, server: ayaclass.com, request: "GET /products/3924554/ HTTP/1.1", upstream: "http://192.145.236.239:8080/products/3924554/", host: "www.ayaclass.com"
2025/09/07 19:10:22 [error] 4144567#0: *5976 connect() failed (111: Connection refused) while connecting to upstream, client: 192.178.6.98, server: ayaclass.com, request: "GET /products/9282443/ HTTP/1.1", upstream: "http://192.145.236.239:8080/products/9282443/", host: "www.ayaclass.com"
2025/09/07 19:10:24 [error] 4144567#0: *6041 connect() failed (111: Connection refused) while connecting to upstream, client: 2a03:2880:2ff:72::, server: pouted.com, request: "GET /top-comedy-actors/ HTTP/2.0", upstream: "https://192.145.236.239:8443/top-comedy-actors/", host: "www.pouted.com"
2025/09/07 19:10:26 [error] 4144567#0: *6043 connect() failed (111: Connection refused) while connecting to upstream, client: 103.179.56.29, server: pouted.com, request: "POST /xmlrpc.php HTTP/2.0", upstream: "https://192.145.236.239:8443/xmlrpc.php", host: "www.pouted.com", referrer: "https://www.pouted.com"
2025/09/07 19:10:27 [error] 4144567#0: *5976 connect() failed (111: Connection refused) while connecting to upstream, client: 192.178.6.98, server: ayaclass.com, request: "GET /products/27998498/ HTTP/1.1", upstream: "http://192.145.236.239:8080/products/27998498/", host: "www.ayaclass.com"
2025/09/07 19:10:27 [error] 4144567#0: *6046 connect() failed (111: Connection refused) while connecting to upstream, client: 52.230.163.46, server: pouted.com, request: "GET /top-10-viral-tiktok-beauty-products-worth-trying-in-2025/ HTTP/2.0", upstream: "https://192.145.236.239:8443/top-10-viral-tiktok-beauty-products-worth-trying-in-2025/", host: "www.pouted.com"
2025/09/07 19:10:28 [error] 4144567#0: *6049 connect() failed (111: Connection refused) while connecting to upstream, client: 52.230.163.37, server: pouted.com, request: "GET /top-10-viral-tiktok-beauty-products-worth-trying-in-2025/ HTTP/2.0", upstream: "https://192.145.236.239:8443/top-10-viral-tiktok-beauty-products-worth-trying-in-2025/", host: "www.pouted.com"
2025/09/07 19:10:29 [error] 4144567#0: *5998 connect() failed (111: Connection refused) while connecting to upstream, client: 52.230.163.41, server: pouted.com, request: "GET /top-10-viral-tiktok-beauty-products-worth-trying-in-2025/ HTTP/2.0", upstream: "https://192.145.236.239:8443/top-10-viral-tiktok-beauty-products-worth-trying-in-2025/", host: "www.pouted.com"
2025/09/07 19:10:29 [error] 4144567#0: *6046 connect() failed (111: Connection refused) while connecting to upstream, client: 52.230.163.32, server: pouted.com, request: "GET /top-10-viral-tiktok-beauty-products-worth-trying-in-2025/ HTTP/2.0", upstream: "https://192.145.236.239:8443/top-10-viral-tiktok-beauty-products-worth-trying-in-2025/", host: "www.pouted.com"
2025/09/07 19:10:31 [error] 4144567#0: *5976 connect() failed (111: Connection refused) while connecting to upstream, client: 192.178.6.98, server: ayaclass.com, request: "GET /products/27728798/ HTTP/1.1", upstream: "http://192.145.236.239:8080/products/27728798/", host: "www.ayaclass.com"
2025/09/07 19:10:36 [error] 4144567#0: *5976 connect() failed (111: Connection refused) while connecting to upstream, client: 192.178.6.98, server: ayaclass.com, request: "GET /products/24831410/ HTTP/1.1", upstream: "http://192.145.236.239:8080/products/24831410/", host: "www.ayaclass.com"
2025/09/07 19:10:38 [error] 4144567#0: *5976 connect() failed (111: Connection refused) while connecting to upstream, client: 192.178.6.98, server: ayaclass.com, request: "GET /products/18120854/ HTTP/1.1", upstream: "http://192.145.236.239:8080/products/18120854/", host: "www.ayaclass.com"
2025/09/07 19:10:42 [error] 4144567#0: *6062 connect() failed (111: Connection refused) while connecting to upstream, client: 52.173.235.83, server: pouted.com, request: "GET /best-comedy-movies-2025/ HTTP/2.0", upstream: "https://192.145.236.239:8443/best-comedy-movies-2025/", host: "www.pouted.com"
2025/09/07 19:10:43 [error] 4144567#0: *6064 connect() failed (111: Connection refused) while connecting to upstream, client: 52.173.235.93, server: pouted.com, request: "GET /best-comedy-movies-2025/ HTTP/2.0", upstream: "https://192.145.236.239:8443/best-comedy-movies-2025/", host: "www.pouted.com"
2025/09/07 19:10:43 [error] 4144567#0: *5976 connect() failed (111: Connection refused) while connecting to upstream, client: 192.178.6.98, server: ayaclass.com, request: "GET /products/26370554/ HTTP/1.1", upstream: "http://192.145.236.239:8080/products/26370554/", host: "www.ayaclass.com"
2025/09/07 19:10:43 [error] 4144567#0: *6062 connect() failed (111: Connection refused) while connecting to upstream, client: 52.173.235.90, server: pouted.com, request: "GET /best-comedy-movies-2025/ HTTP/2.0", upstream: "https://192.145.236.239:8443/best-comedy-movies-2025/", host: "www.pouted.com"
2025/09/07 19:10:44 [error] 4144567#0: *6046 connect() failed (111: Connection refused) while connecting to upstream, client: 52.173.235.92, server: pouted.com, request: "GET /best-comedy-movies-2025/ HTTP/2.0", upstream: "https://192.145.236.239:8443/best-comedy-movies-2025/", host: "www.pouted.com"
2025/09/07 19:10:46 [error] 4144567#0: *6069 open() "/home/pouted/public_html/wp-content/uploads/jewels/Ivanka-Trump-Soho-Bead-Drop-Wire-Grey-Pearl-and-Diamond-Earrings.jpg" failed (2: No such file or directory), client: 219.188.211.148, server: pouted.com, request: "GET /wp-content/uploads/jewels/Ivanka-Trump-Soho-Bead-Drop-Wire-Grey-Pearl-and-Diamond-Earrings.jpg HTTP/2.0", host: "www.pouted.com"
2025/09/07 19:10:46 [error] 4144567#0: *6070 connect() failed (111: Connection refused) while connecting to upstream, client: 66.249.66.5, server: mrmyst.com, request: "GET /CAPSULES/dcomm1834/wp_theme/rknss1/netmon2/onr/gisi HTTP/2.0", upstream: "https://192.145.236.239:8443/CAPSULES/dcomm1834/wp_theme/rknss1/netmon2/onr/gisi", host: "mrmyst.com"
2025/09/07 19:10:48 [error] 4144567#0: *6072 open() "/home/pouted/public_html/wp-content/uploads/jewels/Gold-Tennis-Racket-Pendant.jpg" failed (2: No such file or directory), client: 133.2.195.9, server: pouted.com, request: "GET /wp-content/uploads/jewels/Gold-Tennis-Racket-Pendant.jpg HTTP/2.0", host: "www.pouted.com"
2025/09/07 19:10:48 [error] 4144567#0: *5976 connect() failed (111: Connection refused) while connecting to upstream, client: 192.178.6.98, server: ayaclass.com, request: "GET /products/26107909/ HTTP/1.1", upstream: "http://192.145.236.239:8080/products/26107909/", host: "www.ayaclass.com"
2025/09/07 19:10:49 [error] 4144567#0: *6076 open() "/home/pouted/public_html/wp-content/uploads/2013/03/1.png" failed (2: No such file or directory), client: 45.43.83.109, server: pouted.com, request: "GET /wp-content/uploads/2013/03/1.png?x44527 HTTP/2.0", host: "www.pouted.com"
2025/09/07 19:10:50 [error] 4144567#0: *6078 connect() failed (111: Connection refused) while connecting to upstream, client: 61.206.226.59, server: pouted.com, request: "GET /movers-near-me-tips-to-find-best-local-moving-companies/ HTTP/2.0", upstream: "https://192.145.236.239:8443/movers-near-me-tips-to-find-best-local-moving-companies/", host: "www.pouted.com"
2025/09/07 19:10:53 [error] 4144567#0: *5976 connect() failed (111: Connection refused) while connecting to upstream, client: 192.178.6.98, server: ayaclass.com, request: "GET /products/4403932/ HTTP/1.1", upstream: "http://192.145.236.239:8080/products/4403932/", host: "www.ayaclass.com"
2025/09/07 19:10:54 [error] 4144567#0: *6082 connect() failed (111: Connection refused) while connecting to upstream, client: 2.189.5.162, server: pouted.com, request: "GET / HTTP/2.0", upstream: "https://192.145.236.239:8443/", host: "www.pouted.com"
2025/09/07 19:10:54 [error] 4144567#0: *6083 connect() failed (111: Connection refused) while connecting to upstream, client: 2.189.5.142, server: pouted.com, request: "GET / HTTP/2.0", upstream: "https://192.145.236.239:8443/", host: "www.pouted.com"
2025/09/07 19:10:54 [error] 4144567#0: *6084 connect() failed (111: Connection refused) while connecting to upstream, client: 40.77.167.71, server: pouted.com, request: "GET /newest-interior-design-ideas-for-home-2017/ HTTP/2.0", upstream: "https://192.145.236.239:8443/newest-interior-design-ideas-for-home-2017/", host: "www.pouted.com"
2025/09/07 19:10:55 [error] 4144567#0: *6046 connect() failed (111: Connection refused) while connecting to upstream, client: 35.245.213.236, server: pouted.com, request: "GET /magazine/travel-holidays/feed HTTP/2.0", upstream: "https://192.145.236.239:8443/magazine/travel-holidays/feed", host: "www.pouted.com"
2025/09/07 19:11:01 [error] 4144567#0: *6090 connect() failed (111: Connection refused) while connecting to upstream, client: 52.205.40.123, server: pouted.com, request: "GET /robots.txt HTTP/2.0", upstream: "https://192.145.236.239:8443/robots.txt", host: "www.pouted.com"
2025/09/07 19:11:03 [error] 4144567#0: *6092 connect() failed (111: Connection refused) while connecting to upstream, client: 192.178.6.100, server: ayaclass.com, request: "GET /products/23233632/ HTTP/1.1", upstream: "http://192.145.236.239:8080/products/23233632/", host: "www.ayaclass.com"
2025/09/07 19:11:06 [error] 4144567#0: *6095 connect() failed (111: Connection refused) while connecting to upstream, client: 167.235.70.62, server: mrmyst.com, request: "GET /xmlrpc.php HTTP/2.0", upstream: "https://192.145.236.239:8443/xmlrpc.php", host: "mrmyst.com", referrer: "http://mrmyst.com"
2025/09/07 19:11:08 [error] 4144567#0: *5976 connect() failed (111: Connection refused) while connecting to upstream, client: 192.178.6.98, server: ayaclass.com, request: "GET /products/27377798/ HTTP/1.1", upstream: "http://192.145.236.239:8080/products/27377798/", host: "www.ayaclass.com"
2025/09/07 19:11:10 [error] 4144567#0: *6090 connect() failed (111: Connection refused) while connecting to upstream, client: 44.207.146.154, server: pouted.com, request: "GET /robots.txt HTTP/2.0", upstream: "https://192.145.236.239:8443/robots.txt", host: "www.pouted.com"
2025/09/07 19:11:10 [error] 4144567#0: *6100 connect() failed (111: Connection refused) while connecting to upstream, client: 197.35.130.246, server: pouted.com, request: "POST /wp-admin/admin-ajax.php HTTP/2.0", upstream: "https://192.145.236.239:8443/wp-admin/admin-ajax.php", host: "www.pouted.com", referrer: "https://www.pouted.com/wp-admin/post.php?post=161646&action=edit&classic-editor"
2025/09/07 19:11:11 [error] 4144567#0: *6103 connect() failed (111: Connection refused) while connecting to upstream, client: 44.207.146.154, server: pouted.com, request: "GET /12-of-the-most-attractive-actors-over-60-2 HTTP/2.0", upstream: "https://192.145.236.239:8443/12-of-the-most-attractive-actors-over-60-2", host: "www.pouted.com"
2025/09/07 19:11:13 [error] 4144567#0: *5976 connect() failed (111: Connection refused) while connecting to upstream, client: 192.178.6.98, server: ayaclass.com, request: "GET /products/22199709/ HTTP/1.1", upstream: "http://192.145.236.239:8080/products/22199709/", host: "www.ayaclass.com"
2025/09/07 19:11:13 [error] 4144567#0: *6107 connect() failed (111: Connection refused) while connecting to upstream, client: 85.208.96.205, server: ayaclass.com, request: "GET /?a=55988815 HTTP/1.1", upstream: "http://192.145.236.239:8080/?a=55988815", host: "www.ayaclass.com"
2025/09/07 19:11:15 [error] 4144567#0: *6109 connect() failed (111: Connection refused) while connecting to upstream, client: 81.167.26.57, server: pouted.com, request: "GET /robots.txt HTTP/2.0", upstream: "https://192.145.236.239:8443/robots.txt", host: "www.pouted.com"
2025/09/07 19:11:17 [error] 4144567#0: *6113 connect() failed (111: Connection refused) while connecting to upstream, client: 81.167.26.57, server: pouted.com, request: "GET /free-swing-trading-course-sign-newsletter-www-currency-trader-co-uk/ HTTP/2.0", upstream: "https://192.145.236.239:8443/free-swing-trading-course-sign-newsletter-www-currency-trader-co-uk/", host: "www.pouted.com"
2025/09/07 19:11:17 [error] 4144567#0: *5976 connect() failed (111: Connection refused) while connecting to upstream, client: 192.178.6.98, server: ayaclass.com, request: "GET /products/22656710/ HTTP/1.1", upstream: "http://192.145.236.239:8080/products/22656710/", host: "www.ayaclass.com"
2025/09/07 19:11:21 [error] 4144567#0: *6118 connect() failed (111: Connection refused) while connecting to upstream, client: 52.205.40.123, server: pouted.com, request: "GET /15-beautiful-gray-hairstyles-that-suit-all-women-over-50 HTTP/2.0", upstream: "https://192.145.236.239:8443/15-beautiful-gray-hairstyles-that-suit-all-women-over-50", host: "www.pouted.com"
2025/09/07 19:11:21 [error] 4144567#0: *6120 open() "/home/pouted/public_html/wp-content/uploads/2017/05/nail-art-ideas-2017-16.jpg" failed (2: No such file or directory), client: 125.131.233.234, server: pouted.com, request: "GET /wp-content/uploads/2017/05/nail-art-ideas-2017-16.jpg?x71148 HTTP/2.0", host: "www.pouted.com"
2025/09/07 19:11:22 [error] 4144567#0: *6100 connect() failed (111: Connection refused) while connecting to upstream, client: 197.35.130.246, server: pouted.com, request: "POST /wp-admin/admin-ajax.php HTTP/2.0", upstream: "https://192.145.236.239:8443/wp-admin/admin-ajax.php", host: "www.pouted.com", referrer: "https://www.pouted.com/wp-admin/post.php?post=161704&action=edit&classic-editor"
2025/09/07 19:11:22 [error] 4144567#0: *5976 connect() failed (111: Connection refused) while connecting to upstream, client: 192.178.6.98, server: ayaclass.com, request: "GET /products/24607587/ HTTP/1.1", upstream: "http://192.145.236.239:8080/products/24607587/", host: "www.ayaclass.com"
2025/09/07 19:11:23 [error] 4144567#0: *6124 connect() failed (111: Connection refused) while connecting to upstream, client: 95.216.226.163, server: pouted.com, request: "GET /magazine/lifestyle/feed/ HTTP/2.0", upstream: "https://192.145.236.239:8443/magazine/lifestyle/feed/", host: "www.pouted.com"
2025/09/07 19:11:23 [error] 4144567#0: *6126 connect() failed (111: Connection refused) while connecting to upstream, client: 127.0.0.1, server: 127.0.0.1, request: "GET /whm-server-status HTTP/1.0", upstream: "http://127.0.0.1:8080/whm-server-status", host: "localhost"
2025/09/07 19:11:24 [error] 4144567#0: *5976 connect() failed (111: Connection refused) while connecting to upstream, client: 192.178.6.98, server: ayaclass.com, request: "GET /products/8094910/ HTTP/1.1", upstream: "http://192.145.236.239:8080/products/8094910/", host: "www.ayaclass.com"
2025/09/07 19:11:24 [error] 4144567#0: *6128 open() "/home/pouted/public_html/wp-content/uploads/2013/07/brides-needs-for-plus-size-follow-the-trends-of-2013-1-pclayer.jpg" failed (2: No such file or directory), client: 68.69.181.148, server: pouted.com, request: "GET /wp-content/uploads/2013/07/brides-needs-for-plus-size-follow-the-trends-of-2013-1-pclayer.jpg?x71148 HTTP/2.0", host: "www.pouted.com"
2025/09/07 19:11:29 [error] 4144567#0: *5976 connect() failed (111: Connection refused) while connecting to upstream, client: 192.178.6.98, server: ayaclass.com, request: "GET /products/21878232/ HTTP/1.1", upstream: "http://192.145.236.239:8080/products/21878232/", host: "www.ayaclass.com"
2025/09/07 19:11:33 [error] 4144567#0: *6100 connect() failed (111: Connection refused) while connecting to upstream, client: 197.35.130.246, server: pouted.com, request: "POST /wp-admin/admin-ajax.php HTTP/2.0", upstream: "https://192.145.236.239:8443/wp-admin/admin-ajax.php", host: "www.pouted.com", referrer: "https://www.pouted.com/wp-admin/post.php?post=161655&action=edit&classic-editor"
2025/09/07 19:11:34 [error] 4144567#0: *6135 connect() failed (111: Connection refused) while connecting to upstream, client: 182.52.149.78, server: pouted.com, request: "GET /wp-login.php HTTP/2.0", upstream: "https://192.145.236.239:8443/wp-login.php", host: "www.pouted.com"
2025/09/07 19:11:34 [error] 4144567#0: *5976 connect() failed (111: Connection refused) while connecting to upstream, client: 192.178.6.98, server: ayaclass.com, request: "GET /products/20747387/ HTTP/1.1", upstream: "http://192.145.236.239:8080/products/20747387/", host: "www.ayaclass.com"
2025/09/07 19:11:43 [error] 4144567#0: *5976 connect() failed (111: Connection refused) while connecting to upstream, client: 192.178.6.98, server: ayaclass.com, request: "GET /products/28911265/ HTTP/1.1", upstream: "http://192.145.236.239:8080/products/28911265/", host: "www.ayaclass.com"
2025/09/07 19:11:44 [error] 4144567#0: *6109 connect() failed (111: Connection refused) while connecting to upstream, client: 34.174.219.11, server: pouted.com, request: "GET /robots.txt HTTP/2.0", upstream: "https://192.145.236.239:8443/robots.txt", host: "www.pouted.com"
2025/09/07 19:11:45 [error] 4144567#0: *6143 connect() failed (111: Connection refused) while connecting to upstream, client: 34.174.219.11, server: pouted.com, request: "GET /magazine/fashion-designs/page/33/ HTTP/2.0", upstream: "https://192.145.236.239:8443/magazine/fashion-designs/page/33/", host: "www.pouted.com"
2025/09/07 19:11:48 [error] 4144567#0: *6146 connect() failed (111: Connection refused) while connecting to upstream, client: 85.208.98.18, server: pouted.com, request: "GET /top-10-newest-trends-in-marketing-strategies-2015/ HTTP/2.0", upstream: "https://192.145.236.239:8443/top-10-newest-trends-in-marketing-strategies-2015/", host: "www.pouted.com"
2025/09/07 19:11:48 [error] 4144567#0: *5976 connect() failed (111: Connection refused) while connecting to upstream, client: 192.178.6.98, server: ayaclass.com, request: "GET /products/1571409/ HTTP/1.1", upstream: "http://192.145.236.239:8080/products/1571409/", host: "www.ayaclass.com"
2025/09/07 19:11:53 [error] 4144567#0: *6100 connect() failed (111: Connection refused) while connecting to upstream, client: 197.35.130.246, server: pouted.com, request: "POST /wp-admin/admin-ajax.php HTTP/2.0", upstream: "https://192.145.236.239:8443/wp-admin/admin-ajax.php", host: "www.pouted.com", referrer: "https://www.pouted.com/wp-admin/post.php?post=161718&action=edit&classic-editor"
2025/09/07 19:11:53 [error] 4144567#0: *5976 connect() failed (111: Connection refused) while connecting to upstream, client: 192.178.6.98, server: ayaclass.com, request: "GET /products/29037987/ HTTP/1.1", upstream: "http://192.145.236.239:8080/products/29037987/", host: "www.ayaclass.com"
2025/09/07 19:11:56 [error] 4144567#0: *6152 connect() failed (111: Connection refused) while connecting to upstream, client: 114.119.135.98, server: intensed.com, request: "GET /digital-marketing/seo/offpage-seo/ HTTP/2.0", upstream: "https://192.249.127.250:8443/digital-marketing/seo/offpage-seo/", host: "www.intensed.com", referrer: "https://www.intensed.com/digital-marketing/page/3/?filtered=oldest"
2025/09/07 19:11:58 [error] 4144567#0: *5976 connect() failed (111: Connection refused) while connecting to upstream, client: 192.178.6.98, server: ayaclass.com, request: "GET /products/6100387/ HTTP/1.1", upstream: "http://192.145.236.239:8080/products/6100387/", host: "www.ayaclass.com"
2025/09/07 19:12:03 [error] 4144567#0: *6157 connect() failed (111: Connection refused) while connecting to upstream, client: 192.178.6.99, server: ayaclass.com, request: "GET /products/10887843/ HTTP/1.1", upstream: "http://192.145.236.239:8080/products/10887843/", host: "www.ayaclass.com"
2025/09/07 19:12:05 [error] 4144567#0: *6160 open() "/home/pouted/public_html/wp-content/uploads/2015/06/BMW-3-Series-12.jpg" failed (2: No such file or directory), client: 2a02:6b8:c42:86c6:0:48f0:8dba:0, server: pouted.com, request: "GET /wp-content/uploads/2015/06/BMW-3-Series-12.jpg?x85627 HTTP/2.0", host: "www.pouted.com"
2025/09/07 19:12:06 [error] 4144567#0: *6161 connect() failed (111: Connection refused) while connecting to upstream, client: 2a03:2880:3ff::, server: pouted.com, request: "GET /top-comedy-actors/ HTTP/2.0", upstream: "https://192.145.236.239:8443/top-comedy-actors/", host: "www.pouted.com"
2025/09/07 19:12:07 [error] 4144567#0: *6163 connect() failed (111: Connection refused) while connecting to upstream, client: 199.96.165.25, server: pouted.com, request: "GET /index.php/transaction/adminhtml_transaction/index HTTP/2.0", upstream: "https://192.145.236.239:8443/index.php/transaction/adminhtml_transaction/index", host: "pouted.com"
2025/09/07 19:12:08 [error] 4144567#0: *6163 connect() failed (111: Connection refused) while connecting to upstream, client: 199.96.165.25, server: pouted.com, request: "GET /index.php/transaction/adminhtml_transaction/index HTTP/2.0", upstream: "https://192.145.236.239:8443/index.php/transaction/adminhtml_transaction/index", host: "pouted.com", referrer: "http://pouted.com/index.php/transaction/adminhtml_transaction/index"
2025/09/07 19:12:08 [error] 4144567#0: *5976 connect() failed (111: Connection refused) while connecting to upstream, client: 192.178.6.98, server: ayaclass.com, request: "GET /products/17499454/ HTTP/1.1", upstream: "http://192.145.236.239:8080/products/17499454/", host: "www.ayaclass.com"
2025/09/07 19:12:12 [error] 4144567#0: *6168 open() "/home/pouted/public_html/wp-content/uploads/2014/08/oval-engagement-rings-661.jpg" failed (2: No such file or directory), client: 156.240.114.205, server: pouted.com, request: "GET /wp-content/uploads/2014/08/oval-engagement-rings-661.jpg?x44527 HTTP/2.0", host: "www.pouted.com"
2025/09/07 19:12:13 [error] 4144567#0: *5976 connect() failed (111: Connection refused) while connecting to upstream, client: 192.178.6.98, server: ayaclass.com, request: "GET /products/25452410/ HTTP/1.1", upstream: "http://192.145.236.239:8080/products/25452410/", host: "www.ayaclass.com"
2025/09/07 19:12:13 [error] 4144567#0: *6170 connect() failed (111: Connection refused) while connecting to upstream, client: 85.208.96.194, server: ayaclass.com, request: "GET /?a=45298415 HTTP/1.1", upstream: "http://192.145.236.239:8080/?a=45298415", host: "www.ayaclass.com"
2025/09/07 19:12:15 [error] 4144567#0: *6175 connect() failed (111: Connection refused) while connecting to upstream, client: 71.6.134.230, server: ai.intensed.com, request: "GET / HTTP/1.1", upstream: "https://192.249.127.250:8443/", host: "www.ai.intensed.com"
2025/09/07 19:12:17 [error] 4144567#0: *6100 connect() failed (111: Connection refused) while connecting to upstream, client: 197.35.130.246, server: pouted.com, request: "POST /wp-admin/admin-ajax.php HTTP/2.0", upstream: "https://192.145.236.239:8443/wp-admin/admin-ajax.php", host: "www.pouted.com", referrer: "https://www.pouted.com/wp-admin/post.php?post=161682&action=edit&classic-editor"
2025/09/07 19:12:18 [error] 4144567#0: *5976 connect() failed (111: Connection refused) while connecting to upstream, client: 192.178.6.98, server: ayaclass.com, request: "GET /products/5525987/ HTTP/1.1", upstream: "http://192.145.236.239:8080/products/5525987/", host: "www.ayaclass.com"
2025/09/07 19:12:18 [error] 4144567#0: *6180 connect() failed (111: Connection refused) while connecting to upstream, client: 125.228.216.16, server: pouted.com, request: "GET /taking-perfect-selfies-expert-selfie-tips/ HTTP/2.0", upstream: "https://192.145.236.239:8443/taking-perfect-selfies-expert-selfie-tips/", host: "www.pouted.com", referrer: "https://www.pouted.com/"
2025/09/07 19:12:18 [error] 4144567#0: *6182 open() "/home/pouted/public_html/wp-content/uploads/jewels/Badgley-Mischka-Blue-Topaz-Drop-Earrings-With-Diamonds.jpg" failed (2: No such file or directory), client: 109.171.181.38, server: pouted.com, request: "GET /wp-content/uploads/jewels/Badgley-Mischka-Blue-Topaz-Drop-Earrings-With-Diamonds.jpg HTTP/2.0", host: "www.pouted.com"
2025/09/07 19:12:19 [error] 4144567#0: *6183 connect() failed (111: Connection refused) while connecting to upstream, client: 52.230.164.177, server: pouted.com, request: "GET / HTTP/2.0", upstream: "https://192.145.236.239:8443/", host: "pouted.com"
2025/09/07 19:12:20 [error] 4144567#0: *6183 connect() failed (111: Connection refused) while connecting to upstream, client: 52.230.164.190, server: pouted.com, request: "GET / HTTP/2.0", upstream: "https://192.145.236.239:8443/", host: "pouted.com"
2025/09/07 19:12:23 [error] 4144567#0: *5976 connect() failed (111: Connection refused) while connecting to upstream, client: 192.178.6.98, server: ayaclass.com, request: "GET /products/5216010/ HTTP/1.1", upstream: "http://192.145.236.239:8080/products/5216010/", host: "www.ayaclass.com"
2025/09/07 19:12:24 [error] 4144567#0: *6188 connect() failed (111: Connection refused) while connecting to upstream, client: 2a03:2880:31ff:4a::, server: pouted.com, request: "GET /best-actresses-in-2025/ HTTP/2.0", upstream: "https://192.145.236.239:8443/best-actresses-in-2025/", host: "www.pouted.com"
2025/09/07 19:12:25 [error] 4144567#0: *5976 connect() failed (111: Connection refused) while connecting to upstream, client: 192.178.6.98, server: ayaclass.com, request: "GET /products/19088410/ HTTP/1.1", upstream: "http://192.145.236.239:8080/products/19088410/", host: "www.ayaclass.com"
2025/09/07 19:12:26 [error] 4144567#0: *5976 connect() failed (111: Connection refused) while connecting to upstream, client: 192.178.6.98, server: ayaclass.com, request: "GET /products/9180510/ HTTP/1.1", upstream: "http://192.145.236.239:8080/products/9180510/", host: "www.ayaclass.com"
2025/09/07 19:12:32 [error] 4144567#0: *6193 connect() failed (111: Connection refused) while connecting to upstream, client: 23.98.186.194, server: pouted.com, request: "GET /2025-dessert-trends/ HTTP/2.0", upstream: "https://192.145.236.239:8443/2025-dessert-trends/", host: "www.pouted.com"
2025/09/07 19:12:32 [error] 4144567#0: *5976 connect() failed (111: Connection refused) while connecting to upstream, client: 192.178.6.98, server: ayaclass.com, request: "GET /products/14980410/ HTTP/1.1", upstream: "http://192.145.236.239:8080/products/14980410/", host: "www.ayaclass.com"
2025/09/07 19:12:32 [error] 4144567#0: *6196 connect() failed (111: Connection refused) while connecting to upstream, client: 23.98.186.193, server: pouted.com, request: "GET /2025-dessert-trends/ HTTP/2.0", upstream: "https://192.145.236.239:8443/2025-dessert-trends/", host: "www.pouted.com"
2025/09/07 19:12:33 [error] 4144567#0: *6198 connect() failed (111: Connection refused) while connecting to upstream, client: 127.0.0.1, server: 127.0.0.1, request: "GET /whm-server-status HTTP/1.0", upstream: "http://127.0.0.1:8080/whm-server-status", host: "localhost"
2025/09/07 19:12:33 [error] 4144567#0: *6200 connect() failed (111: Connection refused) while connecting to upstream, client: 23.98.186.201, server: pouted.com, request: "GET /2025-dessert-trends/ HTTP/2.0", upstream: "https://192.145.236.239:8443/2025-dessert-trends/", host: "www.pouted.com"
2025/09/07 19:12:33 [error] 4144567#0: *6202 connect() failed (111: Connection refused) while connecting to upstream, client: 23.98.186.204, server: pouted.com, request: "GET /2025-dessert-trends/ HTTP/2.0", upstream: "https://192.145.236.239:8443/2025-dessert-trends/", host: "www.pouted.com"
2025/09/07 19:12:35 [error] 4144567#0: *6205 connect() failed (111: Connection refused) while connecting to upstream, client: 2a03:2880:22ff:4::, server: pouted.com, request: "GET /top-mens-fashion-for-2025/ HTTP/2.0", upstream: "https://192.145.236.239:8443/top-mens-fashion-for-2025/", host: "www.pouted.com"
2025/09/07 19:12:35 [error] 4144567#0: *6205 connect() failed (111: Connection refused) while connecting to upstream, client: 52.206.84.190, server: pouted.com, request: "GET /feed/ HTTP/2.0", upstream: "https://192.145.236.239:8443/feed/", host: "www.pouted.com"
2025/09/07 19:12:38 [error] 4144567#0: *5976 connect() failed (111: Connection refused) while connecting to upstream, client: 192.178.6.98, server: ayaclass.com, request: "GET /products/11133832/ HTTP/1.1", upstream: "http://192.145.236.239:8080/products/11133832/", host: "www.ayaclass.com"
2025/09/07 19:12:38 [error] 4144567#0: *6212 open() "/home/pouted/public_html/wp-content/uploads/2025/07/Fashion-Mistakes-That-Age-You--and-How-to-Avoid-Them-220x150.jpeg" failed (2: No such file or directory), client: 52.210.110.109, server: pouted.com, request: "GET /wp-content/uploads/2025/07/Fashion-Mistakes-That-Age-You--and-How-to-Avoid-Them-220x150.jpeg?x72261 HTTP/2.0", host: "www.pouted.com"
2025/09/07 19:12:39 [error] 4144567#0: *6213 connect() failed (111: Connection refused) while connecting to upstream, client: 20.194.1.6, server: pouted.com, request: "GET /budget-friendly-kitchen-makeover-ideas/ HTTP/2.0", upstream: "https://192.145.236.239:8443/budget-friendly-kitchen-makeover-ideas/", host: "www.pouted.com"
2025/09/07 19:12:39 [error] 4144567#0: *6213 connect() failed (111: Connection refused) while connecting to upstream, client: 20.194.1.8, server: pouted.com, request: "GET /budget-friendly-kitchen-makeover-ideas/ HTTP/2.0", upstream: "https://192.145.236.239:8443/budget-friendly-kitchen-makeover-ideas/", host: "www.pouted.com"
2025/09/07 19:12:39 [error] 4144567#0: *6216 connect() failed (111: Connection refused) while connecting to upstream, client: 2a03:2880:3ff:3::, server: pouted.com, request: "GET /go-viral-on-tiktok/ HTTP/2.0", upstream: "https://192.145.236.239:8443/go-viral-on-tiktok/", host: "www.pouted.com"
2025/09/07 19:12:40 [error] 4144567#0: *6218 connect() failed (111: Connection refused) while connecting to upstream, client: 20.194.1.7, server: pouted.com, request: "GET /budget-friendly-kitchen-makeover-ideas/ HTTP/2.0", upstream: "https://192.145.236.239:8443/budget-friendly-kitchen-makeover-ideas/", host: "www.pouted.com"
2025/09/07 19:12:40 [error] 4144567#0: *6213 connect() failed (111: Connection refused) while connecting to upstream, client: 20.194.1.2, server: pouted.com, request: "GET /budget-friendly-kitchen-makeover-ideas/ HTTP/2.0", upstream: "https://192.145.236.239:8443/budget-friendly-kitchen-makeover-ideas/", host: "www.pouted.com"
2025/09/07 19:12:42 [error] 4144567#0: *6221 connect() failed (111: Connection refused) while connecting to upstream, client: 89.44.58.112, server: intensed.com, request: "GET /wp-json/wp/v2/posts?slug=/micro-saas-ideas/ HTTP/2.0", upstream: "https://192.249.127.250:8443/wp-json/wp/v2/posts?slug=/micro-saas-ideas/", host: "www.intensed.com"
2025/09/07 19:12:42 [error] 4144567#0: *6222 connect() failed (111: Connection refused) while connecting to upstream, client: 89.44.58.112, server: intensed.com, request: "GET /wp-json/wp/v2/posts?slug=/micro-saas-ideas/ HTTP/2.0", upstream: "https://192.249.127.250:8443/wp-json/wp/v2/posts?slug=/micro-saas-ideas/", host: "www.intensed.com"
2025/09/07 19:12:43 [error] 4144567#0: *6225 connect() failed (111: Connection refused) while connecting to upstream, client: 40.84.221.232, server: pouted.com, request: "GET / HTTP/2.0", upstream: "https://192.145.236.239:8443/", host: "pouted.com"
