2025/09/07 19:50:17 [error] 4144567#0: *10160 connect() failed (111: Connection refused) while connecting to upstream, client: 2601:80:4804:5b20:d6c:b181:4e7b:81b8, server: pouted.com, request: "GET /top-10-most-handsome-good-looking-hollywood-actors/ HTTP/2.0", upstream: "https://192.145.236.239:8443/top-10-most-handsome-good-looking-hollywood-actors/", host: "www.pouted.com", referrer: "https://duckduckgo.com/"
2025/09/07 19:50:17 [error] 4144567#0: *10162 connect() failed (111: Connection refused) while connecting to upstream, client: 2601:80:4804:5b20:d6c:b181:4e7b:81b8, server: pouted.com, request: "GET /apple-touch-icon.png HTTP/2.0", upstream: "https://192.145.236.239:8443/apple-touch-icon.png", host: "pouted.com"
2025/09/07 19:50:18 [error] 4144567#0: *8632 connect() failed (111: Connection refused) while connecting to upstream, client: 192.178.6.99, server: ayaclass.com, request: "GET /products/1279332/ HTTP/1.1", upstream: "http://192.145.236.239:8080/products/1279332/", host: "www.ayaclass.com"
2025/09/07 19:50:19 [error] 4144567#0: *10165 connect() failed (111: Connection refused) while connecting to upstream, client: 2a03:2880:3ff:72::, server: pouted.com, request: "GET /what-you-may-not-know-about-travel-rewards-points/ HTTP/2.0", upstream: "https://192.145.236.239:8443/what-you-may-not-know-about-travel-rewards-points/", host: "www.pouted.com"
2025/09/07 19:50:20 [error] 4144567#0: *10167 connect() failed (111: Connection refused) while connecting to upstream, client: 2a03:2880:3ff:8::, server: pouted.com, request: "GET /what-you-may-not-know-about-travel-rewards-points/ HTTP/2.0", upstream: "https://192.145.236.239:8443/what-you-may-not-know-about-travel-rewards-points/", host: "www.pouted.com"
2025/09/07 19:50:21 [error] 4144567#0: *8632 connect() failed (111: Connection refused) while connecting to upstream, client: 192.178.6.99, server: ayaclass.com, request: "GET /products/17241876/ HTTP/1.1", upstream: "http://192.145.236.239:8080/products/17241876/", host: "www.ayaclass.com"
2025/09/07 19:50:23 [error] 4144567#0: *10162 connect() failed (111: Connection refused) while connecting to upstream, client: 2601:80:4804:5b20:d6c:b181:4e7b:81b8, server: pouted.com, request: "GET /apple-touch-icon.png HTTP/2.0", upstream: "https://192.145.236.239:8443/apple-touch-icon.png", host: "pouted.com"
2025/09/07 19:50:27 [error] 4144567#0: *8632 connect() failed (111: Connection refused) while connecting to upstream, client: 192.178.6.99, server: ayaclass.com, request: "GET /products/10619254/ HTTP/1.1", upstream: "http://192.145.236.239:8080/products/10619254/", host: "www.ayaclass.com"
2025/09/07 19:50:28 [error] 4144567#0: *10177 connect() failed (111: Connection refused) while connecting to upstream, client: 101.32.54.44, server: pouted.com, request: "GET /ebay-searches-tools/ HTTP/2.0", upstream: "https://192.145.236.239:8443/ebay-searches-tools/", host: "www.pouted.com"
2025/09/07 19:50:29 [error] 4144567#0: *10179 connect() failed (111: Connection refused) while connecting to upstream, client: 67.220.94.150, server: ayaclass.com, request: "GET / HTTP/1.1", upstream: "http://192.145.236.239:8080/", host: "www.ayaclass.com"
2025/09/07 19:50:29 [error] 4144567#0: *10104 connect() failed (111: Connection refused) while connecting to upstream, client: 43.128.76.238, server: pouted.com, request: "GET /continued-rise-of-survival-holidays/ HTTP/2.0", upstream: "https://192.145.236.239:8443/continued-rise-of-survival-holidays/", host: "www.pouted.com"
2025/09/07 19:50:29 [error] 4144567#0: *8632 connect() failed (111: Connection refused) while connecting to upstream, client: 192.178.6.99, server: ayaclass.com, request: "GET /products/21011754/ HTTP/1.1", upstream: "http://192.145.236.239:8080/products/21011754/", host: "www.ayaclass.com"
2025/09/07 19:50:29 [error] 4144567#0: *10138 connect() failed (111: Connection refused) while connecting to upstream, client: 43.128.87.231, server: pouted.com, request: "GET /magazine/tools-services/web-hosting-reviews/web-hosting/ HTTP/2.0", upstream: "https://192.145.236.239:8443/magazine/tools-services/web-hosting-reviews/web-hosting/", host: "www.pouted.com"
2025/09/07 19:50:31 [error] 4144567#0: *10185 connect() failed (111: Connection refused) while connecting to upstream, client: 43.153.216.71, server: pouted.com, request: "GET /valentines-day-accessories-gifts/ HTTP/2.0", upstream: "https://192.145.236.239:8443/valentines-day-accessories-gifts/", host: "www.pouted.com"
2025/09/07 19:50:31 [error] 4144567#0: *8632 connect() failed (111: Connection refused) while connecting to upstream, client: 192.178.6.99, server: ayaclass.com, request: "GET /classes?discount=on HTTP/1.1", upstream: "http://192.145.236.239:8080/classes?discount=on", host: "www.ayaclass.com"
2025/09/07 19:50:32 [error] 4144567#0: *10188 connect() failed (111: Connection refused) while connecting to upstream, client: 124.156.195.174, server: pouted.com, request: "GET /open-source-home-automation-projects-we-love/ HTTP/2.0", upstream: "https://192.145.236.239:8443/open-source-home-automation-projects-we-love/", host: "www.pouted.com"
2025/09/07 19:50:32 [error] 4144567#0: *10190 connect() failed (111: Connection refused) while connecting to upstream, client: 127.0.0.1, server: 127.0.0.1, request: "GET /whm-server-status HTTP/1.0", upstream: "http://127.0.0.1:8080/whm-server-status", host: "localhost"
2025/09/07 19:50:32 [error] 4144567#0: *10192 connect() failed (111: Connection refused) while connecting to upstream, client: 2a03:2880:13ff:70::, server: pouted.com, request: "GET /20-hottest-spring-summer-fragrances-men-2017/ HTTP/2.0", upstream: "https://192.145.236.239:8443/20-hottest-spring-summer-fragrances-men-2017/", host: "www.pouted.com"
2025/09/07 19:50:32 [error] 4144567#0: *10194 open() "/home/pouted/public_html/wp-content/uploads/2019/04/Technology-675x279.png" failed (2: No such file or directory), client: 2a02:6b8:c42:86c6:0:48f0:8dba:0, server: pouted.com, request: "GET /wp-content/uploads/2019/04/Technology-675x279.png HTTP/2.0", host: "www.pouted.com"
2025/09/07 19:50:32 [error] 4144567#0: *10143 connect() failed (111: Connection refused) while connecting to upstream, client: 43.134.75.243, server: pouted.com, request: "GET /signs-sewer-line-repair/ HTTP/2.0", upstream: "https://192.145.236.239:8443/signs-sewer-line-repair/", host: "www.pouted.com"
2025/09/07 19:50:33 [error] 4144567#0: *10196 connect() failed (111: Connection refused) while connecting to upstream, client: 52.167.144.183, server: pouted.com, request: "GET /?s=%E5%8C%97%E4%BA%A4%E5%A4%A7%E5%A5%96%E5%AD%A6%E9%87%91 HTTP/2.0", upstream: "https://192.145.236.239:8443/?s=%E5%8C%97%E4%BA%A4%E5%A4%A7%E5%A5%96%E5%AD%A6%E9%87%91", host: "www.pouted.com"
2025/09/07 19:50:33 [error] 4144567#0: *10197 connect() failed (111: Connection refused) while connecting to upstream, client: 43.156.21.71, server: pouted.com, request: "GET /the-body-boosting-spices-you-could-add-to-your-diet/ HTTP/2.0", upstream: "https://192.145.236.239:8443/the-body-boosting-spices-you-could-add-to-your-diet/", host: "www.pouted.com"
2025/09/07 19:50:34 [error] 4144567#0: *10197 connect() failed (111: Connection refused) while connecting to upstream, client: 43.134.68.22, server: pouted.com, request: "GET /magazine/tools-services/web-tools-and-design/ HTTP/2.0", upstream: "https://192.145.236.239:8443/magazine/tools-services/web-tools-and-design/", host: "www.pouted.com"
2025/09/07 19:50:34 [error] 4144567#0: *10202 connect() failed (111: Connection refused) while connecting to upstream, client: 45.145.128.64, server: pouted.com, request: "GET /index.php/inventorymanager/adminhtml_inventorymanager/index HTTP/2.0", upstream: "https://192.145.236.239:8443/index.php/inventorymanager/adminhtml_inventorymanager/index", host: "pouted.com"
2025/09/07 19:50:34 [error] 4144567#0: *10201 connect() failed (111: Connection refused) while connecting to upstream, client: 132.232.203.74, server: pouted.com, request: "GET / HTTP/2.0", upstream: "https://192.145.236.239:8443/", host: "www.pouted.com", referrer: "http://www.pouted.com"
2025/09/07 19:50:34 [error] 4144567#0: *10143 connect() failed (111: Connection refused) while connecting to upstream, client: 43.128.66.156, server: pouted.com, request: "GET /privacy-policy/ HTTP/2.0", upstream: "https://192.145.236.239:8443/privacy-policy/", host: "www.pouted.com"
2025/09/07 19:50:34 [error] 4144567#0: *8632 connect() failed (111: Connection refused) while connecting to upstream, client: 192.178.6.99, server: ayaclass.com, request: "GET /products/7472621/ HTTP/1.1", upstream: "http://192.145.236.239:8080/products/7472621/", host: "www.ayaclass.com"
2025/09/07 19:50:35 [error] 4144567#0: *10202 connect() failed (111: Connection refused) while connecting to upstream, client: 45.145.128.64, server: pouted.com, request: "GET /index.php/inventorymanager/adminhtml_inventorymanager/index HTTP/2.0", upstream: "https://192.145.236.239:8443/index.php/inventorymanager/adminhtml_inventorymanager/index", host: "pouted.com", referrer: "http://pouted.com/index.php/inventorymanager/adminhtml_inventorymanager/index"
2025/09/07 19:50:36 [error] 4144567#0: *10196 connect() failed (111: Connection refused) while connecting to upstream, client: 35.245.213.236, server: pouted.com, request: "GET /magazine/technology/feed HTTP/2.0", upstream: "https://192.145.236.239:8443/magazine/technology/feed", host: "www.pouted.com"
2025/09/07 19:50:36 [error] 4144567#0: *10053 connect() failed (111: Connection refused) while connecting to upstream, client: 197.35.130.246, server: pouted.com, request: "POST /wp-admin/admin-ajax.php HTTP/2.0", upstream: "https://192.145.236.239:8443/wp-admin/admin-ajax.php", host: "www.pouted.com", referrer: "https://www.pouted.com/wp-admin/post.php?post=161682&action=edit&classic-editor"
2025/09/07 19:50:36 [error] 4144567#0: *10210 connect() failed (111: Connection refused) while connecting to upstream, client: 43.153.224.103, server: pouted.com, request: "GET /magazine/law/ HTTP/2.0", upstream: "https://192.145.236.239:8443/magazine/law/", host: "www.pouted.com"
2025/09/07 19:50:37 [error] 4144567#0: *10138 connect() failed (111: Connection refused) while connecting to upstream, client: 43.134.95.32, server: pouted.com, request: "GET /tesla-cybercab-unveiled-2027/ HTTP/2.0", upstream: "https://192.145.236.239:8443/tesla-cybercab-unveiled-2027/", host: "www.pouted.com"
2025/09/07 19:50:37 [error] 4144567#0: *10210 connect() failed (111: Connection refused) while connecting to upstream, client: 43.163.89.194, server: pouted.com, request: "GET /most-luxurious-first-class-airlines/ HTTP/2.0", upstream: "https://192.145.236.239:8443/most-luxurious-first-class-airlines/", host: "www.pouted.com"
2025/09/07 19:50:38 [error] 4144567#0: *8632 connect() failed (111: Connection refused) while connecting to upstream, client: 192.178.6.99, server: ayaclass.com, request: "GET /products/4841409/ HTTP/1.1", upstream: "http://192.145.236.239:8080/products/4841409/", host: "www.ayaclass.com"
2025/09/07 19:50:39 [error] 4144567#0: *10134 connect() failed (111: Connection refused) while connecting to upstream, client: 43.153.212.106, server: pouted.com, request: "GET /innovative-ceiling-design-ideas-2025/ HTTP/2.0", upstream: "https://192.145.236.239:8443/innovative-ceiling-design-ideas-2025/", host: "www.pouted.com"
2025/09/07 19:50:39 [error] 4144567#0: *10217 connect() failed (111: Connection refused) while connecting to upstream, client: 2a03:2880:25ff:8::, server: pouted.com, request: "GET /how-to-dress-for-women-over50/ HTTP/2.0", upstream: "https://192.145.236.239:8443/how-to-dress-for-women-over50/", host: "www.pouted.com"
2025/09/07 19:50:39 [error] 4144567#0: *10143 connect() failed (111: Connection refused) while connecting to upstream, client: 124.156.207.252, server: pouted.com, request: "GET /61-awesome-valentines-day-decoration-ideas/ HTTP/2.0", upstream: "https://192.145.236.239:8443/61-awesome-valentines-day-decoration-ideas/", host: "www.pouted.com"
2025/09/07 19:50:40 [error] 4144567#0: *10220 open() "/home/pouted/public_html/wp-content/uploads/2013/10/02-bulls-eye-galaxy-hubble-latest-greatest-670x500-130128.jpg" failed (2: No such file or directory), client: 125.131.233.234, server: pouted.com, request: "GET /wp-content/uploads/2013/10/02-bulls-eye-galaxy-hubble-latest-greatest-670x500-130128.jpg HTTP/2.0", host: "www.pouted.com"
2025/09/07 19:50:40 [error] 4144567#0: *10221 connect() failed (111: Connection refused) while connecting to upstream, client: 43.163.124.170, server: pouted.com, request: "GET /magazine/lifestyle/ HTTP/2.0", upstream: "https://192.145.236.239:8443/magazine/lifestyle/", host: "www.pouted.com"
2025/09/07 19:50:41 [error] 4144567#0: *10138 connect() failed (111: Connection refused) while connecting to upstream, client: 43.134.170.148, server: pouted.com, request: "GET /best-mothers-day-gifts-2025/ HTTP/2.0", upstream: "https://192.145.236.239:8443/best-mothers-day-gifts-2025/", host: "www.pouted.com"
2025/09/07 19:50:41 [error] 4144567#0: *8632 connect() failed (111: Connection refused) while connecting to upstream, client: 192.178.6.99, server: ayaclass.com, request: "GET /products/7953665/ HTTP/1.1", upstream: "http://192.145.236.239:8080/products/7953665/", host: "www.ayaclass.com"
2025/09/07 19:50:41 [error] 4144567#0: *10134 connect() failed (111: Connection refused) while connecting to upstream, client: 43.134.171.56, server: pouted.com, request: "GET /magazine/lifestyle/luxury/ HTTP/2.0", upstream: "https://192.145.236.239:8443/magazine/lifestyle/luxury/", host: "www.pouted.com"
2025/09/07 19:50:42 [error] 4144567#0: *10188 connect() failed (111: Connection refused) while connecting to upstream, client: 129.226.221.20, server: pouted.com, request: "GET /magazine/medical/ HTTP/2.0", upstream: "https://192.145.236.239:8443/magazine/medical/", host: "www.pouted.com"
2025/09/07 19:50:42 [error] 4144567#0: *10228 open() "/home/pouted/public_html/wp-content/uploads/2013/11/book_100foods.jpg" failed (2: No such file or directory), client: 114.119.159.40, server: pouted.com, request: "GET /wp-content/uploads/2013/11/book_100foods.jpg?x45357 HTTP/2.0", host: "www.pouted.com"
2025/09/07 19:50:42 [error] 4144567#0: *10134 connect() failed (111: Connection refused) while connecting to upstream, client: 43.134.232.153, server: pouted.com, request: "GET /contact-us/ HTTP/2.0", upstream: "https://192.145.236.239:8443/contact-us/", host: "www.pouted.com"
2025/09/07 19:50:43 [error] 4144567#0: *10185 connect() failed (111: Connection refused) while connecting to upstream, client: 43.134.179.254, server: pouted.com, request: "GET /magazine/interior-designs/ HTTP/2.0", upstream: "https://192.145.236.239:8443/magazine/interior-designs/", host: "www.pouted.com"
2025/09/07 19:50:43 [error] 4144567#0: *10231 connect() failed (111: Connection refused) while connecting to upstream, client: 185.191.171.16, server: ayaclass.com, request: "GET /?a=52610515 HTTP/1.1", upstream: "http://192.145.236.239:8080/?a=52610515", host: "www.ayaclass.com"
2025/09/07 19:50:43 [error] 4144567#0: *10197 connect() failed (111: Connection refused) while connecting to upstream, client: 43.134.115.6, server: pouted.com, request: "GET /submit-guest-post/ HTTP/2.0", upstream: "https://192.145.236.239:8443/submit-guest-post/", host: "www.pouted.com"
2025/09/07 19:50:43 [error] 4144567#0: *10143 connect() failed (111: Connection refused) while connecting to upstream, client: 43.134.22.70, server: pouted.com, request: "GET /magazine/lifestyle/gift-ideas/ HTTP/2.0", upstream: "https://192.145.236.239:8443/magazine/lifestyle/gift-ideas/", host: "www.pouted.com"
2025/09/07 19:50:44 [error] 4144567#0: *10143 connect() failed (111: Connection refused) while connecting to upstream, client: 43.163.101.99, server: pouted.com, request: "GET /how-to-optimize-your-trades/ HTTP/2.0", upstream: "https://192.145.236.239:8443/how-to-optimize-your-trades/", host: "www.pouted.com"
2025/09/07 19:50:44 [error] 4144567#0: *8632 connect() failed (111: Connection refused) while connecting to upstream, client: 192.178.6.99, server: ayaclass.com, request: "GET /products/6415132/ HTTP/1.1", upstream: "http://192.145.236.239:8080/products/6415132/", host: "www.ayaclass.com"
2025/09/07 19:50:44 [error] 4144567#0: *10104 connect() failed (111: Connection refused) while connecting to upstream, client: 43.134.82.217, server: pouted.com, request: "GET /high-antioxidant-foods-better-health/ HTTP/2.0", upstream: "https://192.145.236.239:8443/high-antioxidant-foods-better-health/", host: "www.pouted.com"
2025/09/07 19:50:45 [error] 4144567#0: *10221 connect() failed (111: Connection refused) while connecting to upstream, client: 101.32.170.27, server: pouted.com, request: "GET /top-leaf-blowers/ HTTP/2.0", upstream: "https://192.145.236.239:8443/top-leaf-blowers/", host: "www.pouted.com"
2025/09/07 19:50:47 [error] 4144567#0: *10240 connect() failed (111: Connection refused) while connecting to upstream, client: 119.28.104.124, server: pouted.com, request: "GET /magazine/interior-designs/home-decorations/ HTTP/2.0", upstream: "https://192.145.236.239:8443/magazine/interior-designs/home-decorations/", host: "www.pouted.com"
2025/09/07 19:50:47 [error] 4144567#0: *10242 connect() failed (111: Connection refused) while connecting to upstream, client: 43.134.170.44, server: pouted.com, request: "GET /discover-digit-360/ HTTP/2.0", upstream: "https://192.145.236.239:8443/discover-digit-360/", host: "www.pouted.com"
2025/09/07 19:50:47 [error] 4144567#0: *8632 connect() failed (111: Connection refused) while connecting to upstream, client: 192.178.6.99, server: ayaclass.com, request: "GET /products/13385532/ HTTP/1.1", upstream: "http://192.145.236.239:8080/products/13385532/", host: "www.ayaclass.com"
2025/09/07 19:50:48 [error] 4144567#0: *10221 connect() failed (111: Connection refused) while connecting to upstream, client: 43.134.117.138, server: pouted.com, request: "GET /elon-musks-tesla-optimus-robots-2025/ HTTP/2.0", upstream: "https://192.145.236.239:8443/elon-musks-tesla-optimus-robots-2025/", host: "www.pouted.com"
2025/09/07 19:50:49 [error] 4144567#0: *10210 connect() failed (111: Connection refused) while connecting to upstream, client: 43.163.109.15, server: pouted.com, request: "GET /top-vitamin-c-serums-for-radiant-skin/ HTTP/2.0", upstream: "https://192.145.236.239:8443/top-vitamin-c-serums-for-radiant-skin/", host: "www.pouted.com"
2025/09/07 19:50:49 [error] 4144567#0: *10247 connect() failed (111: Connection refused) while connecting to upstream, client: 43.134.103.26, server: pouted.com, request: "GET /types-of-interior-design-styles/ HTTP/2.0", upstream: "https://192.145.236.239:8443/types-of-interior-design-styles/", host: "www.pouted.com"
2025/09/07 19:50:50 [error] 4144567#0: *10249 connect() failed (111: Connection refused) while connecting to upstream, client: 124.244.184.134, server: pouted.com, request: "GET /movers-near-me-tips-to-find-best-local-moving-companies/ HTTP/2.0", upstream: "https://192.145.236.239:8443/movers-near-me-tips-to-find-best-local-moving-companies/", host: "www.pouted.com"
2025/09/07 19:50:50 [error] 4144567#0: *10250 connect() failed (111: Connection refused) while connecting to upstream, client: 2400:9fc0:1:10b:1df3:308b:1776:277b, server: pouted.com, request: "GET /tag/medical-gifts/ HTTP/2.0", upstream: "https://192.145.236.239:8443/tag/medical-gifts/", host: "www.pouted.com"
2025/09/07 19:50:51 [error] 4144567#0: *10253 connect() failed (111: Connection refused) while connecting to upstream, client: 43.133.47.57, server: pouted.com, request: "GET /magazine/fashion-designs/ HTTP/2.0", upstream: "https://192.145.236.239:8443/magazine/fashion-designs/", host: "www.pouted.com"
2025/09/07 19:50:52 [error] 4144567#0: *10256 connect() failed (111: Connection refused) while connecting to upstream, client: 150.109.25.107, server: pouted.com, request: "GET /top-10-christmas-gifts-for-family/ HTTP/2.0", upstream: "https://192.145.236.239:8443/top-10-christmas-gifts-for-family/", host: "www.pouted.com"
2025/09/07 19:50:53 [error] 4144567#0: *10259 connect() failed (111: Connection refused) while connecting to upstream, client: 43.156.11.2, server: pouted.com, request: "GET /best-skincare-hacks-for-glowing-healthy-skin/ HTTP/2.0", upstream: "https://192.145.236.239:8443/best-skincare-hacks-for-glowing-healthy-skin/", host: "www.pouted.com"
2025/09/07 19:50:54 [error] 4144567#0: *10104 connect() failed (111: Connection refused) while connecting to upstream, client: 43.156.140.76, server: pouted.com, request: "GET /most-beautiful-waterfalls-in-world/ HTTP/2.0", upstream: "https://192.145.236.239:8443/most-beautiful-waterfalls-in-world/", host: "www.pouted.com"
2025/09/07 19:50:54 [error] 4144567#0: *8632 connect() failed (111: Connection refused) while connecting to upstream, client: 192.178.6.99, server: ayaclass.com, request: "GET /products/8546132/ HTTP/1.1", upstream: "http://192.145.236.239:8080/products/8546132/", host: "www.ayaclass.com"
2025/09/07 19:50:54 [error] 4144567#0: *10247 connect() failed (111: Connection refused) while connecting to upstream, client: 43.163.120.211, server: pouted.com, request: "GET /magazine/fashion-designs/men-fashion/ HTTP/2.0", upstream: "https://192.145.236.239:8443/magazine/fashion-designs/men-fashion/", host: "www.pouted.com"
2025/09/07 19:50:55 [error] 4144567#0: *10210 connect() failed (111: Connection refused) while connecting to upstream, client: 43.159.32.18, server: pouted.com, request: "GET /magazine/fashion-designs/trendy-jewelry-fashion/ HTTP/2.0", upstream: "https://192.145.236.239:8443/magazine/fashion-designs/trendy-jewelry-fashion/", host: "www.pouted.com"
2025/09/07 19:50:55 [error] 4144567#0: *10242 connect() failed (111: Connection refused) while connecting to upstream, client: 101.32.114.134, server: pouted.com, request: "GET /magazine/interior-designs/furniture/ HTTP/2.0", upstream: "https://192.145.236.239:8443/magazine/interior-designs/furniture/", host: "www.pouted.com"
2025/09/07 19:50:55 [error] 4144567#0: *10134 connect() failed (111: Connection refused) while connecting to upstream, client: 43.133.37.65, server: pouted.com, request: "GET /magazine/interior-designs/bathroom/ HTTP/2.0", upstream: "https://192.145.236.239:8443/magazine/interior-designs/bathroom/", host: "www.pouted.com"
2025/09/07 19:50:56 [error] 4144567#0: *10242 connect() failed (111: Connection refused) while connecting to upstream, client: 43.134.239.235, server: pouted.com, request: "GET /magazine/food-nutrition/ HTTP/2.0", upstream: "https://192.145.236.239:8443/magazine/food-nutrition/", host: "www.pouted.com"
2025/09/07 19:50:56 [error] 4144567#0: *10270 open() "/home/pouted/public_html/wp-content/uploads/2013/05/78-475x331.png" failed (2: No such file or directory), client: 114.119.152.147, server: pouted.com, request: "GET /wp-content/uploads/2013/05/78-475x331.png?x71148 HTTP/2.0", host: "www.pouted.com"
2025/09/07 19:50:57 [error] 4144567#0: *10271 connect() failed (111: Connection refused) while connecting to upstream, client: 43.134.108.114, server: pouted.com, request: "GET /90s-fashion-trends-comeback-in-2025/ HTTP/2.0", upstream: "https://192.145.236.239:8443/90s-fashion-trends-comeback-in-2025/", host: "www.pouted.com"
2025/09/07 19:50:57 [error] 4144567#0: *8632 connect() failed (111: Connection refused) while connecting to upstream, client: 192.178.6.99, server: ayaclass.com, request: "GET /products/14712365/ HTTP/1.1", upstream: "http://192.145.236.239:8080/products/14712365/", host: "www.ayaclass.com"
2025/09/07 19:50:57 [error] 4144567#0: *10250 connect() failed (111: Connection refused) while connecting to upstream, client: 160.187.131.57, server: pouted.com, request: "POST /xmlrpc.php HTTP/2.0", upstream: "https://192.145.236.239:8443/xmlrpc.php", host: "www.pouted.com", referrer: "https://www.pouted.com"
2025/09/07 19:50:58 [error] 4144567#0: *10250 connect() failed (111: Connection refused) while connecting to upstream, client: 43.134.226.141, server: pouted.com, request: "GET /magazine/tools-services/ HTTP/2.0", upstream: "https://192.145.236.239:8443/magazine/tools-services/", host: "www.pouted.com"
2025/09/07 19:50:58 [error] 4144567#0: *10197 connect() failed (111: Connection refused) while connecting to upstream, client: 43.134.82.217, server: pouted.com, request: "GET /7-unique-wedding-traditions-around-world/ HTTP/2.0", upstream: "https://192.145.236.239:8443/7-unique-wedding-traditions-around-world/", host: "www.pouted.com"
2025/09/07 19:50:58 [error] 4144567#0: *10134 connect() failed (111: Connection refused) while connecting to upstream, client: 43.163.126.69, server: pouted.com, request: "GET /magazine/automotive/ HTTP/2.0", upstream: "https://192.145.236.239:8443/magazine/automotive/", host: "www.pouted.com"
2025/09/07 19:50:59 [error] 4144567#0: *10192 connect() failed (111: Connection refused) while connecting to upstream, client: 104.153.92.6, server: pouted.com, request: "GET /why-men-like-puma-shoes HTTP/2.0", upstream: "https://192.145.236.239:8443/why-men-like-puma-shoes", host: "www.pouted.com"
2025/09/07 19:50:59 [error] 4144567#0: *10259 connect() failed (111: Connection refused) while connecting to upstream, client: 43.163.110.88, server: pouted.com, request: "GET /magazine/tools-services/web-hosting-reviews/ HTTP/2.0", upstream: "https://192.145.236.239:8443/magazine/tools-services/web-hosting-reviews/", host: "www.pouted.com"
2025/09/07 19:50:59 [error] 4144567#0: *10247 connect() failed (111: Connection refused) while connecting to upstream, client: 43.134.181.24, server: pouted.com, request: "GET /best-selling-video-games-of-2024/ HTTP/2.0", upstream: "https://192.145.236.239:8443/best-selling-video-games-of-2024/", host: "www.pouted.com"
2025/09/07 19:51:00 [error] 4144567#0: *10250 connect() failed (111: Connection refused) while connecting to upstream, client: 43.134.118.141, server: pouted.com, request: "GET /magazine/business-finance/trading-systems/ HTTP/2.0", upstream: "https://192.145.236.239:8443/magazine/business-finance/trading-systems/", host: "www.pouted.com"
2025/09/07 19:51:00 [error] 4144567#0: *10282 connect() failed (111: Connection refused) while connecting to upstream, client: 2a03:2880:ff:50::, server: pouted.com, request: "GET /top-10-beauty-trends-2025/ HTTP/2.0", upstream: "https://192.145.236.239:8443/top-10-beauty-trends-2025/", host: "www.pouted.com"
2025/09/07 19:51:00 [error] 4144567#0: *10259 connect() failed (111: Connection refused) while connecting to upstream, client: 129.226.210.44, server: pouted.com, request: "GET /best-places-in-portugal/ HTTP/2.0", upstream: "https://192.145.236.239:8443/best-places-in-portugal/", host: "www.pouted.com"
2025/09/07 19:51:00 [error] 4144567#0: *10285 connect() failed (111: Connection refused) while connecting to upstream, client: 192.178.6.101, server: ayaclass.com, request: "GET /products/9388409/ HTTP/1.1", upstream: "http://192.145.236.239:8080/products/9388409/", host: "www.ayaclass.com"
2025/09/07 19:51:01 [error] 4144567#0: *10242 connect() failed (111: Connection refused) while connecting to upstream, client: 124.156.204.28, server: pouted.com, request: "GET /best-winter-fragrances/ HTTP/2.0", upstream: "https://192.145.236.239:8443/best-winter-fragrances/", host: "www.pouted.com"
2025/09/07 19:51:01 [error] 4144567#0: *10188 connect() failed (111: Connection refused) while connecting to upstream, client: 43.153.212.106, server: pouted.com, request: "GET /magazine/pets/ HTTP/2.0", upstream: "https://192.145.236.239:8443/magazine/pets/", host: "www.pouted.com"
2025/09/07 19:51:01 [error] 4144567#0: *10210 connect() failed (111: Connection refused) while connecting to upstream, client: 43.163.101.99, server: pouted.com, request: "GET /magazine/travel-holidays/ HTTP/2.0", upstream: "https://192.145.236.239:8443/magazine/travel-holidays/", host: "www.pouted.com"
2025/09/07 19:51:02 [error] 4144567#0: *10259 connect() failed (111: Connection refused) while connecting to upstream, client: 43.153.210.57, server: pouted.com, request: "GET /fashion-trends-for-men-spring-2025/ HTTP/2.0", upstream: "https://192.145.236.239:8443/fashion-trends-for-men-spring-2025/", host: "www.pouted.com"
2025/09/07 19:51:02 [error] 4144567#0: *10295 open() "/home/pouted/public_html/wp-content/uploads/2017/04/LittleOak.net-Hosting-Review--390x220.jpg" failed (2: No such file or directory), client: 2001:250:603c:1112:b929:6419:34f5:26d7, server: pouted.com, request: "GET /wp-content/uploads/2017/04/LittleOak.net-Hosting-Review--390x220.jpg HTTP/2.0", host: "www.pouted.com"
2025/09/07 19:51:02 [error] 4144567#0: *10197 connect() failed (111: Connection refused) while connecting to upstream, client: 124.156.204.28, server: pouted.com, request: "GET /magazine/education/ HTTP/2.0", upstream: "https://192.145.236.239:8443/magazine/education/", host: "www.pouted.com"
2025/09/07 19:51:04 [error] 4144567#0: *10297 open() "/home/pouted/public_html/wp-content/uploads/2016/04/louis-vuitton-monogram-icons-Louis_Vuitton_Monogram_Icons_DIJ.jpg" failed (2: No such file or directory), client: 192.0.114.82, server: pouted.com, request: "GET /wp-content/uploads/2016/04/louis-vuitton-monogram-icons-Louis_Vuitton_Monogram_Icons_DIJ.jpg HTTP/2.0", host: "www.pouted.com"
2025/09/07 19:51:04 [error] 4144567#0: *8632 connect() failed (111: Connection refused) while connecting to upstream, client: 192.178.6.100, server: ayaclass.com, request: "GET /products/1413065/ HTTP/1.1", upstream: "http://192.145.236.239:8080/products/1413065/", host: "www.ayaclass.com"
2025/09/07 19:51:07 [error] 4144567#0: *8632 connect() failed (111: Connection refused) while connecting to upstream, client: 192.178.6.99, server: ayaclass.com, request: "GET / HTTP/1.1", upstream: "http://192.145.236.239:8080/", host: "www.ayaclass.com"
2025/09/07 19:51:08 [error] 4144567#0: *10301 connect() failed (111: Connection refused) while connecting to upstream, client: 125.228.216.16, server: pouted.com, request: "GET /taking-perfect-selfies-expert-selfie-tips/ HTTP/2.0", upstream: "https://192.145.236.239:8443/taking-perfect-selfies-expert-selfie-tips/", host: "www.pouted.com", referrer: "https://www.pouted.com/"
2025/09/07 19:51:10 [error] 4144567#0: *8632 connect() failed (111: Connection refused) while connecting to upstream, client: 192.178.6.100, server: ayaclass.com, request: "GET /products/24052687/ HTTP/1.1", upstream: "http://192.145.236.239:8080/products/24052687/", host: "www.ayaclass.com"
2025/09/07 19:51:13 [error] 4144567#0: *8632 connect() failed (111: Connection refused) while connecting to upstream, client: 192.178.6.99, server: ayaclass.com, request: "GET /products/28885698/ HTTP/1.1", upstream: "http://192.145.236.239:8080/products/28885698/", host: "www.ayaclass.com"
2025/09/07 19:51:14 [error] 4144567#0: *10309 connect() failed (111: Connection refused) while connecting to upstream, client: 98.83.154.101, server: pouted.com, request: "GET /best-short-term-investment-options-2025/ HTTP/2.0", upstream: "https://192.145.236.239:8443/best-short-term-investment-options-2025/", host: "www.pouted.com"
2025/09/07 19:51:15 [error] 4144567#0: *8632 connect() failed (111: Connection refused) while connecting to upstream, client: 192.178.6.99, server: ayaclass.com, request: "GET /products/18372865/ HTTP/1.1", upstream: "http://192.145.236.239:8080/products/18372865/", host: "www.ayaclass.com"
2025/09/07 19:51:16 [error] 4144567#0: *10271 connect() failed (111: Connection refused) while connecting to upstream, client: 47.128.55.156, server: pouted.com, request: "GET /borgioni-jewelry/amp/ HTTP/2.0", upstream: "https://192.145.236.239:8443/borgioni-jewelry/amp/", host: "www.pouted.com"
2025/09/07 19:51:17 [error] 4144567#0: *8632 connect() failed (111: Connection refused) while connecting to upstream, client: 192.178.6.99, server: ayaclass.com, request: "GET /products/13224654/ HTTP/1.1", upstream: "http://192.145.236.239:8080/products/13224654/", host: "www.ayaclass.com"
2025/09/07 19:51:19 [error] 4144567#0: *8632 connect() failed (111: Connection refused) while connecting to upstream, client: 192.178.6.99, server: ayaclass.com, request: "GET /products/6666554/ HTTP/1.1", upstream: "http://192.145.236.239:8080/products/6666554/", host: "www.ayaclass.com"
2025/09/07 19:51:21 [error] 4144567#0: *8632 connect() failed (111: Connection refused) while connecting to upstream, client: 192.178.6.99, server: ayaclass.com, request: "GET /products/20655132/ HTTP/1.1", upstream: "http://192.145.236.239:8080/products/20655132/", host: "www.ayaclass.com"
2025/09/07 19:51:23 [error] 4144567#0: *10321 connect() failed (111: Connection refused) while connecting to upstream, client: 148.178.94.199, server: pouted.com, request: "GET /most-expensive-unusual-things-owned-by-president-trump/ HTTP/2.0", upstream: "https://192.145.236.239:8443/most-expensive-unusual-things-owned-by-president-trump/", host: "www.pouted.com"
2025/09/07 19:51:23 [error] 4144567#0: *10320 connect() failed (111: Connection refused) while connecting to upstream, client: 47.238.14.0, server: pouted.com, request: "GET /7-bohemian-fashion-trends-for-fall-winter/amp HTTP/2.0", upstream: "https://192.145.236.239:8443/7-bohemian-fashion-trends-for-fall-winter/amp", host: "www.pouted.com"
2025/09/07 19:51:23 [error] 4144567#0: *8632 connect() failed (111: Connection refused) while connecting to upstream, client: 192.178.6.99, server: ayaclass.com, request: "GET /products/21245398/ HTTP/1.1", upstream: "http://192.145.236.239:8080/products/21245398/", host: "www.ayaclass.com"
2025/09/07 19:51:25 [error] 4144567#0: *8632 connect() failed (111: Connection refused) while connecting to upstream, client: 192.178.6.99, server: ayaclass.com, request: "GET /products/12182487/ HTTP/1.1", upstream: "http://192.145.236.239:8080/products/12182487/", host: "www.ayaclass.com"
2025/09/07 19:51:28 [error] 4144567#0: *10328 connect() failed (111: Connection refused) while connecting to upstream, client: 89.140.72.44, server: mrmyst.com, request: "GET /xmlrpc.php HTTP/2.0", upstream: "https://192.145.236.239:8443/xmlrpc.php", host: "mrmyst.com", referrer: "http://mrmyst.com"
2025/09/07 19:51:28 [error] 4144567#0: *8632 connect() failed (111: Connection refused) while connecting to upstream, client: 192.178.6.99, server: ayaclass.com, request: "GET /products/28322521/ HTTP/1.1", upstream: "http://192.145.236.239:8080/products/28322521/", host: "www.ayaclass.com"
2025/09/07 19:51:30 [error] 4144567#0: *10332 connect() failed (111: Connection refused) while connecting to upstream, client: 197.35.130.246, server: pouted.com, request: "POST /wp-admin/admin-ajax.php HTTP/2.0", upstream: "https://192.145.236.239:8443/wp-admin/admin-ajax.php", host: "www.pouted.com", referrer: "https://www.pouted.com/wp-admin/post.php?post=161646&action=edit&classic-editor"
2025/09/07 19:51:32 [error] 4144567#0: *8632 connect() failed (111: Connection refused) while connecting to upstream, client: 192.178.6.99, server: ayaclass.com, request: "GET /products/24727854/ HTTP/1.1", upstream: "http://192.145.236.239:8080/products/24727854/", host: "www.ayaclass.com"
2025/09/07 19:51:35 [error] 4144567#0: *8632 connect() failed (111: Connection refused) while connecting to upstream, client: 192.178.6.99, server: ayaclass.com, request: "GET /products/27788210/ HTTP/1.1", upstream: "http://192.145.236.239:8080/products/27788210/", host: "www.ayaclass.com"
2025/09/07 19:51:38 [error] 4144567#0: *8632 connect() failed (111: Connection refused) while connecting to upstream, client: 192.178.6.99, server: ayaclass.com, request: "GET /products/4505487/ HTTP/1.1", upstream: "http://192.145.236.239:8080/products/4505487/", host: "www.ayaclass.com"
2025/09/07 19:51:39 [error] 4144570#0: *10340 connect() failed (111: Connection refused) while connecting to upstream, client: 85.208.96.209, server: pouted.com, request: "GET /robots.txt HTTP/2.0", upstream: "https://192.145.236.239:8443/robots.txt", host: "www.pouted.com"
2025/09/07 19:51:39 [error] 4144567#0: *10342 connect() failed (111: Connection refused) while connecting to upstream, client: 85.208.96.199, server: pouted.com, request: "GET /tag/new-zealand/ HTTP/2.0", upstream: "https://192.145.236.239:8443/tag/new-zealand/", host: "www.pouted.com"
2025/09/07 19:51:39 [error] 4144567#0: *10344 open() "/home/pouted/public_html/wp-content/uploads/2018/12/Fossil-womens-Gen-4-Venture-HR-Smartwatch-675x839.jpg" failed (2: No such file or directory), client: 68.69.181.148, server: pouted.com, request: "GET /wp-content/uploads/2018/12/Fossil-womens-Gen-4-Venture-HR-Smartwatch-675x839.jpg HTTP/2.0", host: "www.pouted.com"
2025/09/07 19:51:40 [error] 4144567#0: *10345 open() "/home/pouted/public_html/wp-content/uploads/2013/04/pearl-necklace-with-shel-16947-1d-475x475-1.jpg" failed (2: No such file or directory), client: 114.119.156.110, server: pouted.com, request: "GET /wp-content/uploads/2013/04/pearl-necklace-with-shel-16947-1d-475x475-1.jpg?x71148 HTTP/2.0", host: "www.pouted.com"
2025/09/07 19:51:41 [error] 4144567#0: *10346 connect() failed (111: Connection refused) while connecting to upstream, client: 127.0.0.1, server: 127.0.0.1, request: "GET /whm-server-status HTTP/1.0", upstream: "http://127.0.0.1:8080/whm-server-status", host: "localhost"
2025/09/07 19:51:41 [error] 4144567#0: *8632 connect() failed (111: Connection refused) while connecting to upstream, client: 192.178.6.99, server: ayaclass.com, request: "GET /products/7623443/ HTTP/1.1", upstream: "http://192.145.236.239:8080/products/7623443/", host: "www.ayaclass.com"
2025/09/07 19:51:42 [error] 4144567#0: *10332 connect() failed (111: Connection refused) while connecting to upstream, client: 197.35.130.246, server: pouted.com, request: "POST /wp-admin/admin-ajax.php HTTP/2.0", upstream: "https://192.145.236.239:8443/wp-admin/admin-ajax.php", host: "www.pouted.com", referrer: "https://www.pouted.com/wp-admin/post.php?post=161704&action=edit&classic-editor"
2025/09/07 19:51:43 [error] 4144567#0: *8632 connect() failed (111: Connection refused) while connecting to upstream, client: 192.178.6.99, server: ayaclass.com, request: "GET /products/9028921/ HTTP/1.1", upstream: "http://192.145.236.239:8080/products/9028921/", host: "www.ayaclass.com"
2025/09/07 19:51:44 [error] 4144567#0: *10351 connect() failed (111: Connection refused) while connecting to upstream, client: 185.191.171.19, server: ayaclass.com, request: "GET /?a=46672915 HTTP/1.1", upstream: "http://192.145.236.239:8080/?a=46672915", host: "www.ayaclass.com"
2025/09/07 19:51:45 [error] 4144567#0: *8632 connect() failed (111: Connection refused) while connecting to upstream, client: 192.178.6.99, server: ayaclass.com, request: "GET /products/11712610/ HTTP/1.1", upstream: "http://192.145.236.239:8080/products/11712610/", host: "www.ayaclass.com"
2025/09/07 19:51:48 [error] 4144567#0: *10355 open() "/home/pouted/public_html/wp-content/uploads/2013/02/jewelry1111.jpg" failed (2: No such file or directory), client: 192.0.116.180, server: pouted.com, request: "GET /wp-content/uploads/2013/02/jewelry1111.jpg HTTP/2.0", host: "www.pouted.com"
2025/09/07 19:51:50 [error] 4144567#0: *8632 connect() failed (111: Connection refused) while connecting to upstream, client: 192.178.6.99, server: ayaclass.com, request: "GET /products/18293754/ HTTP/1.1", upstream: "http://192.145.236.239:8080/products/18293754/", host: "www.ayaclass.com"
2025/09/07 19:51:51 [error] 4144567#0: *10357 connect() failed (111: Connection refused) while connecting to upstream, client: 66.249.79.135, server: pouted.com, request: "GET /formal-matching-outfits-couples/amp/ HTTP/2.0", upstream: "https://192.145.236.239:8443/formal-matching-outfits-couples/amp/", host: "www.pouted.com"
2025/09/07 19:51:51 [error] 4144567#0: *10342 connect() failed (111: Connection refused) while connecting to upstream, client: 54.236.1.54, server: pouted.com, request: "GET /how-to-bring-joy-to-your-home-at-this-christmas-season/ HTTP/2.0", upstream: "https://192.145.236.239:8443/how-to-bring-joy-to-your-home-at-this-christmas-season/", host: "www.pouted.com"
2025/09/07 19:51:51 [error] 4144567#0: *10359 connect() failed (111: Connection refused) while connecting to upstream, client: 54.198.43.75, server: pouted.com, request: "GET /stylish-womens-outfits-for-job-interviews/amp/ HTTP/2.0", upstream: "https://192.145.236.239:8443/stylish-womens-outfits-for-job-interviews/amp/", host: "www.pouted.com", referrer: "ios-app://429047995/pinterest/"
2025/09/07 19:51:52 [error] 4144567#0: *10363 connect() failed (111: Connection refused) while connecting to upstream, client: 2a03:2880:25ff:72::, server: pouted.com, request: "GET /how-to-dress-for-women-over50/ HTTP/2.0", upstream: "https://192.145.236.239:8443/how-to-dress-for-women-over50/", host: "www.pouted.com"
2025/09/07 19:51:52 [error] 4144567#0: *10362 connect() failed (111: Connection refused) while connecting to upstream, client: 47.128.51.61, server: pouted.com, request: "GET /top-20-richest-youtubers-in-2020/ HTTP/2.0", upstream: "https://192.145.236.239:8443/top-20-richest-youtubers-in-2020/", host: "www.pouted.com"
2025/09/07 19:51:52 [error] 4144567#0: *10366 connect() failed (111: Connection refused) while connecting to upstream, client: 54.236.1.11, server: pouted.com, request: "GET /stylish-womens-outfits-for-job-interviews/amp/ HTTP/2.0", upstream: "https://192.145.236.239:8443/stylish-womens-outfits-for-job-interviews/amp/", host: "www.pouted.com"
2025/09/07 19:51:53 [error] 4144567#0: *10332 connect() failed (111: Connection refused) while connecting to upstream, client: 197.35.130.246, server: pouted.com, request: "POST /wp-admin/admin-ajax.php HTTP/2.0", upstream: "https://192.145.236.239:8443/wp-admin/admin-ajax.php", host: "www.pouted.com", referrer: "https://www.pouted.com/wp-admin/post.php?post=161655&action=edit&classic-editor"
2025/09/07 19:51:54 [error] 4144567#0: *8632 connect() failed (111: Connection refused) while connecting to upstream, client: 192.178.6.99, server: ayaclass.com, request: "GET /products/19382787/ HTTP/1.1", upstream: "http://192.145.236.239:8080/products/19382787/", host: "www.ayaclass.com"
2025/09/07 19:51:55 [error] 4144567#0: *10372 connect() failed (111: Connection refused) while connecting to upstream, client: 8.218.186.1, server: pouted.com, request: "GET /web-hosting-world-review/ HTTP/2.0", upstream: "https://192.145.236.239:8443/web-hosting-world-review/", host: "www.pouted.com"
2025/09/07 19:51:57 [error] 4144567#0: *8632 connect() failed (111: Connection refused) while connecting to upstream, client: 192.178.6.99, server: ayaclass.com, request: "GET /products/21627832/ HTTP/1.1", upstream: "http://192.145.236.239:8080/products/21627832/", host: "www.ayaclass.com"
2025/09/07 19:51:57 [error] 4144567#0: *10375 connect() failed (111: Connection refused) while connecting to upstream, client: 66.249.79.135, server: pouted.com, request: "GET /choosing-perfect-side-lamp-home/ HTTP/2.0", upstream: "https://192.145.236.239:8443/choosing-perfect-side-lamp-home/", host: "www.pouted.com"
2025/09/07 19:51:59 [error] 4144567#0: *8632 connect() failed (111: Connection refused) while connecting to upstream, client: 192.178.6.99, server: ayaclass.com, request: "GET /products/18105654/ HTTP/1.1", upstream: "http://192.145.236.239:8080/products/18105654/", host: "www.ayaclass.com"
2025/09/07 19:51:59 [error] 4144567#0: *10379 connect() failed (111: Connection refused) while connecting to upstream, client: 47.128.110.77, server: pouted.com, request: "GET /imhosted-review/ HTTP/2.0", upstream: "https://192.145.236.239:8443/imhosted-review/", host: "www.pouted.com"
2025/09/07 19:52:02 [error] 4144567#0: *10384 connect() failed (111: Connection refused) while connecting to upstream, client: 192.178.6.101, server: ayaclass.com, request: "GET /products/22234776/ HTTP/1.1", upstream: "http://192.145.236.239:8080/products/22234776/", host: "www.ayaclass.com"
2025/09/07 19:52:03 [error] 4144567#0: *10386 open() "/home/pouted/public_html/wp-content/uploads/2015/02/Happy-Valentine-Day-2015-1.jpg" failed (2: No such file or directory), client: 172.171.99.205, server: pouted.com, request: "GET /wp-content/uploads/2015/02/Happy-Valentine-Day-2015-1.jpg?x44527 HTTP/2.0", host: "www.pouted.com"
2025/09/07 19:52:04 [error] 4144567#0: *10388 connect() failed (111: Connection refused) while connecting to upstream, client: 80.92.205.128, server: pouted.com, request: "GET /admin_cd HTTP/2.0", upstream: "https://192.145.236.239:8443/admin_cd", host: "pouted.com"
2025/09/07 19:52:05 [error] 4144567#0: *10391 connect() failed (111: Connection refused) while connecting to upstream, client: 80.92.205.128, server: pouted.com, request: "GET /admin_cd HTTP/2.0", upstream: "https://192.145.236.239:8443/admin_cd", host: "pouted.com"
2025/09/07 19:52:05 [error] 4144567#0: *8632 connect() failed (111: Connection refused) while connecting to upstream, client: 192.178.6.99, server: ayaclass.com, request: "GET /products/3021776/ HTTP/1.1", upstream: "http://192.145.236.239:8080/products/3021776/", host: "www.ayaclass.com"
2025/09/07 19:52:06 [error] 4144567#0: *10394 connect() failed (111: Connection refused) while connecting to upstream, client: 80.92.205.128, server: pouted.com, request: "GET /admin_cd HTTP/2.0", upstream: "https://192.145.236.239:8443/admin_cd", host: "pouted.com"
2025/09/07 19:52:07 [error] 4144567#0: *8632 connect() failed (111: Connection refused) while connecting to upstream, client: 192.178.6.100, server: ayaclass.com, request: "GET /products/17800954/ HTTP/1.1", upstream: "http://192.145.236.239:8080/products/17800954/", host: "www.ayaclass.com"
2025/09/07 19:52:08 [error] 4144567#0: *10397 connect() failed (111: Connection refused) while connecting to upstream, client: 2.189.5.142, server: pouted.com, request: "GET / HTTP/2.0", upstream: "https://192.145.236.239:8443/", host: "www.pouted.com"
2025/09/07 19:52:08 [error] 4144567#0: *10398 connect() failed (111: Connection refused) while connecting to upstream, client: 2.189.5.162, server: pouted.com, request: "GET / HTTP/2.0", upstream: "https://192.145.236.239:8443/", host: "www.pouted.com"
2025/09/07 19:52:11 [error] 4144567#0: *8632 connect() failed (111: Connection refused) while connecting to upstream, client: 192.178.6.100, server: ayaclass.com, request: "GET /products/21835709/ HTTP/1.1", upstream: "http://192.145.236.239:8080/products/21835709/", host: "www.ayaclass.com"
2025/09/07 19:52:14 [error] 4144567#0: *8632 connect() failed (111: Connection refused) while connecting to upstream, client: 192.178.6.99, server: ayaclass.com, request: "GET /products/18865465/ HTTP/1.1", upstream: "http://192.145.236.239:8080/products/18865465/", host: "www.ayaclass.com"
2025/09/07 19:52:16 [error] 4144567#0: *10332 connect() failed (111: Connection refused) while connecting to upstream, client: 197.35.130.246, server: pouted.com, request: "POST /wp-admin/admin-ajax.php HTTP/2.0", upstream: "https://192.145.236.239:8443/wp-admin/admin-ajax.php", host: "www.pouted.com", referrer: "https://www.pouted.com/wp-admin/post.php?post=161718&action=edit&classic-editor"
2025/09/07 19:52:17 [error] 4144567#0: *8632 connect() failed (111: Connection refused) while connecting to upstream, client: 192.178.6.99, server: ayaclass.com, request: "GET /products/25994421/ HTTP/1.1", upstream: "http://192.145.236.239:8080/products/25994421/", host: "www.ayaclass.com"
2025/09/07 19:52:20 [error] 4144567#0: *10411 open() "/home/pouted/public_html/wp-content/uploads/2013/04/Great_Barrier_Reef_Biodiversity.jpg" failed (2: No such file or directory), client: 192.0.114.116, server: pouted.com, request: "GET /wp-content/uploads/2013/04/Great_Barrier_Reef_Biodiversity.jpg HTTP/2.0", host: "www.pouted.com"
2025/09/07 19:52:20 [error] 4144567#0: *8632 connect() failed (111: Connection refused) while connecting to upstream, client: 192.178.6.99, server: ayaclass.com, request: "GET /products/19949565/ HTTP/1.1", upstream: "http://192.145.236.239:8080/products/19949565/", host: "www.ayaclass.com"
2025/09/07 19:52:21 [error] 4144567#0: *10413 connect() failed (111: Connection refused) while connecting to upstream, client: 85.208.98.23, server: pouted.com, request: "GET /robots.txt HTTP/2.0", upstream: "https://192.145.236.239:8443/robots.txt", host: "www.pouted.com", referrer: "http://www.pouted.com/robots.txt"
2025/09/07 19:52:22 [error] 4144567#0: *10416 open() "/home/pouted/public_html/wp-content/uploads/2013/04/cover-sample..png" failed (2: No such file or directory), client: 114.119.156.86, server: pouted.com, request: "GET /wp-content/uploads/2013/04/cover-sample..png?x44527 HTTP/2.0", host: "www.pouted.com"
2025/09/07 19:52:23 [error] 4144567#0: *8632 connect() failed (111: Connection refused) while connecting to upstream, client: 192.178.6.99, server: ayaclass.com, request: "GET /products/8261265/ HTTP/1.1", upstream: "http://192.145.236.239:8080/products/8261265/", host: "www.ayaclass.com"
2025/09/07 19:52:25 [error] 4144567#0: *8632 connect() failed (111: Connection refused) while connecting to upstream, client: 192.178.6.99, server: ayaclass.com, request: "GET /products/20020010/ HTTP/1.1", upstream: "http://192.145.236.239:8080/products/20020010/", host: "www.ayaclass.com"
2025/09/07 19:52:27 [error] 4144567#0: *10421 connect() failed (111: Connection refused) while connecting to upstream, client: 54.234.90.187, server: pouted.com, request: "GET /travel-gift-ideas-for-couples/ HTTP/2.0", upstream: "https://192.145.236.239:8443/travel-gift-ideas-for-couples/", host: "www.pouted.com"
