2025/09/07 19:47:12 [error] 4144570#0: *9810 connect() failed (111: Connection refused) while connecting to upstream, client: 35.175.255.253, server: pouted.com, request: "GET /best-short-term-investment-options-2025/ HTTP/2.0", upstream: "https://192.145.236.239:8443/best-short-term-investment-options-2025/", host: "www.pouted.com"
2025/09/07 19:47:12 [error] 4144567#0: *9865 connect() failed (111: Connection refused) while connecting to upstream, client: 45.140.167.41, server: pouted.com, request: "GET /admin_gmp HTTP/2.0", upstream: "https://192.145.236.239:8443/admin_gmp", host: "pouted.com"
2025/09/07 19:47:12 [error] 4144567#0: *9867 open() "/home/pouted/public_html/wp-content/uploads/2017/03/Most-Expensive-Diamond-Watches-780x405.jpg" failed (2: No such file or directory), client: 52.167.144.183, server: pouted.com, request: "GET /wp-content/uploads/2017/03/Most-Expensive-Diamond-Watches-780x405.jpg HTTP/2.0", host: "www.pouted.com"
2025/09/07 19:47:13 [error] 4144567#0: *9868 connect() failed (111: Connection refused) while connecting to upstream, client: 52.167.144.183, server: pouted.com, request: "GET /top-10-fastest-growing-trees-world/ HTTP/2.0", upstream: "https://192.145.236.239:8443/top-10-fastest-growing-trees-world/", host: "www.pouted.com"
2025/09/07 19:47:13 [error] 4144567#0: *8632 connect() failed (111: Connection refused) while connecting to upstream, client: 192.178.6.99, server: ayaclass.com, request: "GET /products/28461843/ HTTP/1.1", upstream: "http://192.145.236.239:8080/products/28461843/", host: "www.ayaclass.com"
2025/09/07 19:47:17 [error] 4144567#0: *9871 connect() failed (111: Connection refused) while connecting to upstream, client: 62.144.160.17, server: pouted.com, request: "GET / HTTP/2.0", upstream: "https://192.145.236.239:8443/", host: "pouted.com"
2025/09/07 19:47:20 [error] 4144567#0: *8632 connect() failed (111: Connection refused) while connecting to upstream, client: 192.178.6.99, server: ayaclass.com, request: "GET /products/15709321/ HTTP/1.1", upstream: "http://192.145.236.239:8080/products/15709321/", host: "www.ayaclass.com"
2025/09/07 19:47:20 [error] 4144567#0: *9868 connect() failed (111: Connection refused) while connecting to upstream, client: 35.194.67.72, server: pouted.com, request: "GET /magazine/fashion-designs/feed HTTP/2.0", upstream: "https://192.145.236.239:8443/magazine/fashion-designs/feed", host: "www.pouted.com"
2025/09/07 19:47:23 [error] 4144567#0: *8632 connect() failed (111: Connection refused) while connecting to upstream, client: 192.178.6.99, server: ayaclass.com, request: "GET /products/14664654/ HTTP/1.1", upstream: "http://192.145.236.239:8080/products/14664654/", host: "www.ayaclass.com"
2025/09/07 19:47:24 [error] 4144567#0: *9877 open() "/home/pouted/public_html/wp-content/uploads/2013/01/kitchen-with-blue-rug.jpg" failed (2: No such file or directory), client: 68.69.181.148, server: pouted.com, request: "GET /wp-content/uploads/2013/01/kitchen-with-blue-rug.jpg?x44527 HTTP/2.0", host: "www.pouted.com"
2025/09/07 19:47:24 [error] 4144567#0: *9878 open() "/home/pouted/public_html/wp-content/uploads/jewels/Vintage-HAR-Creamy-Enamel-Flower-Pin.jpg" failed (2: No such file or directory), client: 52.167.144.146, server: pouted.com, request: "GET /wp-content/uploads/jewels/Vintage-HAR-Creamy-Enamel-Flower-Pin.jpg?x33143 HTTP/2.0", host: "www.pouted.com"
2025/09/07 19:47:26 [error] 4144567#0: *9879 open() "/home/pouted/public_html/wp-content/uploads/2013/05/snacks.jpg" failed (2: No such file or directory), client: 114.119.131.90, server: pouted.com, request: "GET /wp-content/uploads/2013/05/snacks.jpg?x43083 HTTP/2.0", host: "www.pouted.com", referrer: "https://www.pouted.com/how-to-choose-birthday-care-package/amp/"
2025/09/07 19:47:26 [error] 4144567#0: *8632 connect() failed (111: Connection refused) while connecting to upstream, client: 192.178.6.99, server: ayaclass.com, request: "GET /products/13544609/ HTTP/1.1", upstream: "http://192.145.236.239:8080/products/13544609/", host: "www.ayaclass.com"
2025/09/07 19:47:28 [error] 4144567#0: *9881 connect() failed (111: Connection refused) while connecting to upstream, client: 197.35.130.246, server: pouted.com, request: "POST /wp-admin/admin-ajax.php HTTP/2.0", upstream: "https://192.145.236.239:8443/wp-admin/admin-ajax.php", host: "www.pouted.com", referrer: "https://www.pouted.com/wp-admin/post.php?post=161646&action=edit&classic-editor"
2025/09/07 19:47:29 [error] 4144567#0: *8632 connect() failed (111: Connection refused) while connecting to upstream, client: 192.178.6.99, server: ayaclass.com, request: "GET /products/9490798/ HTTP/1.1", upstream: "http://192.145.236.239:8080/products/9490798/", host: "www.ayaclass.com"
2025/09/07 19:47:33 [error] 4144567#0: *8632 connect() failed (111: Connection refused) while connecting to upstream, client: 192.178.6.99, server: ayaclass.com, request: "GET /products/14628043/ HTTP/1.1", upstream: "http://192.145.236.239:8080/products/14628043/", host: "www.ayaclass.com"
2025/09/07 19:47:37 [error] 4144567#0: *9887 open() "/home/pouted/public_html/wp-content/uploads/2013/05/registeration1.png" failed (2: No such file or directory), client: 114.119.158.211, server: pouted.com, request: "GET /wp-content/uploads/2013/05/registeration1.png?x44527 HTTP/2.0", host: "www.pouted.com"
2025/09/07 19:47:39 [error] 4144567#0: *8632 connect() failed (111: Connection refused) while connecting to upstream, client: 192.178.6.99, server: ayaclass.com, request: "GET /products/10248465/ HTTP/1.1", upstream: "http://192.145.236.239:8080/products/10248465/", host: "www.ayaclass.com"
2025/09/07 19:47:39 [error] 4144567#0: *9889 connect() failed (111: Connection refused) while connecting to upstream, client: 40.77.167.30, server: pouted.com, request: "GET /?s=%E3%83%AA%E3%83%A9%E3%83%83%E3%82%AF%E3%83%9E+4%E3%82%B3%E3%83%9E HTTP/2.0", upstream: "https://192.145.236.239:8443/?s=%E3%83%AA%E3%83%A9%E3%83%83%E3%82%AF%E3%83%9E+4%E3%82%B3%E3%83%9E", host: "www.pouted.com"
2025/09/07 19:47:40 [error] 4144567#0: *9881 connect() failed (111: Connection refused) while connecting to upstream, client: 197.35.130.246, server: pouted.com, request: "POST /wp-admin/admin-ajax.php HTTP/2.0", upstream: "https://192.145.236.239:8443/wp-admin/admin-ajax.php", host: "www.pouted.com", referrer: "https://www.pouted.com/wp-admin/post.php?post=161704&action=edit&classic-editor"
2025/09/07 19:47:42 [error] 4144567#0: *8632 connect() failed (111: Connection refused) while connecting to upstream, client: 192.178.6.99, server: ayaclass.com, request: "GET /products/13707721/ HTTP/1.1", upstream: "http://192.145.236.239:8080/products/13707721/", host: "www.ayaclass.com"
2025/09/07 19:47:42 [error] 4144567#0: *9893 connect() failed (111: Connection refused) while connecting to upstream, client: 85.208.96.206, server: ayaclass.com, request: "GET /?a=73487415 HTTP/1.1", upstream: "http://192.145.236.239:8080/?a=73487415", host: "www.ayaclass.com"
2025/09/07 19:47:45 [error] 4144567#0: *9897 connect() failed (111: Connection refused) while connecting to upstream, client: 216.244.66.248, server: pouted.com, request: "GET /top-outstanding-top-notch-wallets-money/ HTTP/2.0", upstream: "https://192.145.236.239:8443/top-outstanding-top-notch-wallets-money/", host: "www.pouted.com"
2025/09/07 19:47:45 [error] 4144567#0: *8632 connect() failed (111: Connection refused) while connecting to upstream, client: 192.178.6.99, server: ayaclass.com, request: "GET /products/9808910/ HTTP/1.1", upstream: "http://192.145.236.239:8080/products/9808910/", host: "www.ayaclass.com"
2025/09/07 19:47:47 [error] 4144567#0: *8632 connect() failed (111: Connection refused) while connecting to upstream, client: 192.178.6.99, server: ayaclass.com, request: "GET /products/8712387/ HTTP/1.1", upstream: "http://192.145.236.239:8080/products/8712387/", host: "www.ayaclass.com"
2025/09/07 19:47:49 [error] 4144567#0: *9906 connect() failed (111: Connection refused) while connecting to upstream, client: 66.249.66.10, server: mrmyst.com, request: "GET /pipex/facebook/pc1048/pagebreak/tju/1847403818793.html HTTP/2.0", upstream: "https://192.145.236.239:8443/pipex/facebook/pc1048/pagebreak/tju/1847403818793.html", host: "mrmyst.com"
2025/09/07 19:47:49 [error] 4144567#0: *8632 connect() failed (111: Connection refused) while connecting to upstream, client: 192.178.6.99, server: ayaclass.com, request: "GET /products/10129587/ HTTP/1.1", upstream: "http://192.145.236.239:8080/products/10129587/", host: "www.ayaclass.com"
2025/09/07 19:47:51 [error] 4144567#0: *9881 connect() failed (111: Connection refused) while connecting to upstream, client: 197.35.130.246, server: pouted.com, request: "POST /wp-admin/admin-ajax.php HTTP/2.0", upstream: "https://192.145.236.239:8443/wp-admin/admin-ajax.php", host: "www.pouted.com", referrer: "https://www.pouted.com/wp-admin/post.php?post=161655&action=edit&classic-editor"
2025/09/07 19:47:52 [error] 4144567#0: *9910 open() "/home/pouted/public_html/wp-content/uploads/2013/05/pink_ribbon_stretch_bracelet_crystal_cz_studs_silver_plated_metal_casting-475x475.jpg" failed (2: No such file or directory), client: 114.119.156.86, server: pouted.com, request: "GET /wp-content/uploads/2013/05/pink_ribbon_stretch_bracelet_crystal_cz_studs_silver_plated_metal_casting-475x475.jpg HTTP/2.0", host: "www.pouted.com"
2025/09/07 19:47:53 [error] 4144567#0: *8632 connect() failed (111: Connection refused) while connecting to upstream, client: 192.178.6.99, server: ayaclass.com, request: "GET /products/14975954/ HTTP/1.1", upstream: "http://192.145.236.239:8080/products/14975954/", host: "www.ayaclass.com"
2025/09/07 19:47:56 [error] 4144567#0: *8632 connect() failed (111: Connection refused) while connecting to upstream, client: 192.178.6.99, server: ayaclass.com, request: "GET /products/12977198/ HTTP/1.1", upstream: "http://192.145.236.239:8080/products/12977198/", host: "www.ayaclass.com"
2025/09/07 19:47:59 [error] 4144567#0: *9916 connect() failed (111: Connection refused) while connecting to upstream, client: 66.249.79.135, server: pouted.com, request: "GET /81-beautiful-wedding-hairstyles-for-elegant-brides-in-2017/ HTTP/2.0", upstream: "https://192.145.236.239:8443/81-beautiful-wedding-hairstyles-for-elegant-brides-in-2017/", host: "www.pouted.com"
2025/09/07 19:47:59 [error] 4144567#0: *8632 connect() failed (111: Connection refused) while connecting to upstream, client: 192.178.6.99, server: ayaclass.com, request: "GET /products/13893376/ HTTP/1.1", upstream: "http://192.145.236.239:8080/products/13893376/", host: "www.ayaclass.com"
2025/09/07 19:48:01 [error] 4144567#0: *9921 connect() failed (111: Connection refused) while connecting to upstream, client: 2a03:2880:30ff:70::, server: pouted.com, request: "GET /most-expensive-foods/ HTTP/2.0", upstream: "https://192.145.236.239:8443/most-expensive-foods/", host: "www.pouted.com"
2025/09/07 19:48:05 [error] 4144567#0: *9923 connect() failed (111: Connection refused) while connecting to upstream, client: 192.178.6.101, server: ayaclass.com, request: "GET /products/10580709/ HTTP/1.1", upstream: "http://192.145.236.239:8080/products/10580709/", host: "www.ayaclass.com"
2025/09/07 19:48:09 [error] 4144567#0: *8632 connect() failed (111: Connection refused) while connecting to upstream, client: 192.178.6.99, server: ayaclass.com, request: "GET /products/11382676/ HTTP/1.1", upstream: "http://192.145.236.239:8080/products/11382676/", host: "www.ayaclass.com"
2025/09/07 19:48:10 [error] 4144567#0: *9928 open() "/home/pouted/public_html/wp-content/uploads/jewels/Diamond-and-Ruby-Tennis-Bracelet.jpg" failed (2: No such file or directory), client: 126.128.224.1, server: pouted.com, request: "GET /wp-content/uploads/jewels/Diamond-and-Ruby-Tennis-Bracelet.jpg HTTP/2.0", host: "www.pouted.com"
2025/09/07 19:48:12 [error] 4144567#0: *8632 connect() failed (111: Connection refused) while connecting to upstream, client: 192.178.6.99, server: ayaclass.com, request: "GET /products/21524521/ HTTP/1.1", upstream: "http://192.145.236.239:8080/products/21524521/", host: "www.ayaclass.com"
2025/09/07 19:48:13 [error] 4144567#0: *9913 open() "/home/pouted/public_html/wp-content/uploads/2013/10/Evasion-Jailbreak-iOS-7.jpg" failed (2: No such file or directory), client: 4.155.196.33, server: pouted.com, request: "GET /wp-content/uploads/2013/10/Evasion-Jailbreak-iOS-7.jpg HTTP/2.0", host: "www.pouted.com"
2025/09/07 19:48:14 [error] 4144567#0: *9931 connect() failed (111: Connection refused) while connecting to upstream, client: 127.0.0.1, server: 127.0.0.1, request: "GET /whm-server-status HTTP/1.0", upstream: "http://127.0.0.1:8080/whm-server-status", host: "localhost"
2025/09/07 19:48:14 [error] 4144567#0: *8632 connect() failed (111: Connection refused) while connecting to upstream, client: 192.178.6.100, server: ayaclass.com, request: "GET /products/11421510/ HTTP/1.1", upstream: "http://192.145.236.239:8080/products/11421510/", host: "www.ayaclass.com"
2025/09/07 19:48:14 [error] 4144567#0: *9881 connect() failed (111: Connection refused) while connecting to upstream, client: 197.35.130.246, server: pouted.com, request: "POST /wp-admin/admin-ajax.php HTTP/2.0", upstream: "https://192.145.236.239:8443/wp-admin/admin-ajax.php", host: "www.pouted.com", referrer: "https://www.pouted.com/wp-admin/post.php?post=161718&action=edit&classic-editor"
2025/09/07 19:48:15 [error] 4144567#0: *9935 open() "/home/pouted/public_html/wp-content/uploads/2013/06/cute-beautiful-baby-girl.jpg" failed (2: No such file or directory), client: 38.80.152.78, server: pouted.com, request: "GET /wp-content/uploads/2013/06/cute-beautiful-baby-girl.jpg?x44527 HTTP/2.0", host: "www.pouted.com"
2025/09/07 19:48:16 [error] 4144567#0: *8632 connect() failed (111: Connection refused) while connecting to upstream, client: 192.178.6.100, server: ayaclass.com, request: "GET /products/8152109/ HTTP/1.1", upstream: "http://192.145.236.239:8080/products/8152109/", host: "www.ayaclass.com"
2025/09/07 19:48:18 [error] 4144567#0: *8632 connect() failed (111: Connection refused) while connecting to upstream, client: 192.178.6.99, server: ayaclass.com, request: "GET /products/16529843/ HTTP/1.1", upstream: "http://192.145.236.239:8080/products/16529843/", host: "www.ayaclass.com"
2025/09/07 19:48:20 [error] 4144567#0: *9943 connect() failed (111: Connection refused) while connecting to upstream, client: 103.88.155.32, server: pouted.com, request: "GET /wp-login.php HTTP/2.0", upstream: "https://192.145.236.239:8443/wp-login.php", host: "www.pouted.com"
2025/09/07 19:48:20 [error] 4144567#0: *8632 connect() failed (111: Connection refused) while connecting to upstream, client: 192.178.6.99, server: ayaclass.com, request: "GET /products/11156510/ HTTP/1.1", upstream: "http://192.145.236.239:8080/products/11156510/", host: "www.ayaclass.com"
2025/09/07 19:48:22 [error] 4144567#0: *8632 connect() failed (111: Connection refused) while connecting to upstream, client: 192.178.6.99, server: ayaclass.com, request: "GET /products/18636187/ HTTP/1.1", upstream: "http://192.145.236.239:8080/products/18636187/", host: "www.ayaclass.com"
2025/09/07 19:48:23 [error] 4144567#0: *9947 connect() failed (111: Connection refused) while connecting to upstream, client: 104.153.92.6, server: pouted.com, request: "GET /robots.txt HTTP/2.0", upstream: "https://192.145.236.239:8443/robots.txt", host: "www.pouted.com"
2025/09/07 19:48:23 [error] 4144567#0: *9949 connect() failed (111: Connection refused) while connecting to upstream, client: 104.153.92.6, server: pouted.com, request: "GET /serious-facts-must-know-white-snow-wolf HTTP/2.0", upstream: "https://192.145.236.239:8443/serious-facts-must-know-white-snow-wolf", host: "www.pouted.com"
2025/09/07 19:48:24 [error] 4144567#0: *8632 connect() failed (111: Connection refused) while connecting to upstream, client: 192.178.6.99, server: ayaclass.com, request: "GET /products/15939098/ HTTP/1.1", upstream: "http://192.145.236.239:8080/products/15939098/", host: "www.ayaclass.com"
2025/09/07 19:48:25 [error] 4144567#0: *9952 connect() failed (111: Connection refused) while connecting to upstream, client: 85.142.40.77, server: pouted.com, request: "GET /most-luxurious-mens-fashion-brands/ HTTP/2.0", upstream: "https://192.145.236.239:8443/most-luxurious-mens-fashion-brands/", host: "www.pouted.com", referrer: "https://ya.ru/"
2025/09/07 19:48:25 [error] 4144567#0: *9954 connect() failed (111: Connection refused) while connecting to upstream, client: 110.238.105.54, server: pouted.com, request: "GET /magazine/lifestyle/products HTTP/2.0", upstream: "https://192.145.236.239:8443/magazine/lifestyle/products", host: "www.pouted.com", referrer: "https://www.pouted.com/magazine/lifestyle/products"
2025/09/07 19:48:26 [error] 4144567#0: *8632 connect() failed (111: Connection refused) while connecting to upstream, client: 192.178.6.99, server: ayaclass.com, request: "GET /products/18982487/ HTTP/1.1", upstream: "http://192.145.236.239:8080/products/18982487/", host: "www.ayaclass.com"
2025/09/07 19:48:28 [error] 4144567#0: *8632 connect() failed (111: Connection refused) while connecting to upstream, client: 192.178.6.99, server: ayaclass.com, request: "GET /products/12857432/ HTTP/1.1", upstream: "http://192.145.236.239:8080/products/12857432/", host: "www.ayaclass.com"
2025/09/07 19:48:31 [error] 4144567#0: *8632 connect() failed (111: Connection refused) while connecting to upstream, client: 192.178.6.99, server: ayaclass.com, request: "GET /products/15860743/ HTTP/1.1", upstream: "http://192.145.236.239:8080/products/15860743/", host: "www.ayaclass.com"
2025/09/07 19:48:34 [error] 4144567#0: *9966 open() "/home/pouted/public_html/wp-content/uploads/2013/05/Dog-Harness-AC565M1-Designer-Pet-Harness-My-Sweet-Bow-475x620.jpg" failed (2: No such file or directory), client: 114.119.151.152, server: pouted.com, request: "GET /wp-content/uploads/2013/05/Dog-Harness-AC565M1-Designer-Pet-Harness-My-Sweet-Bow-475x620.jpg HTTP/2.0", host: "www.pouted.com"
2025/09/07 19:48:34 [error] 4144567#0: *8632 connect() failed (111: Connection refused) while connecting to upstream, client: 192.178.6.99, server: ayaclass.com, request: "GET /products/12159854/ HTTP/1.1", upstream: "http://192.145.236.239:8080/products/12159854/", host: "www.ayaclass.com"
2025/09/07 19:48:35 [error] 4144567#0: *9881 connect() failed (111: Connection refused) while connecting to upstream, client: 197.35.130.246, server: pouted.com, request: "POST /wp-admin/admin-ajax.php HTTP/2.0", upstream: "https://192.145.236.239:8443/wp-admin/admin-ajax.php", host: "www.pouted.com", referrer: "https://www.pouted.com/wp-admin/post.php?post=161682&action=edit&classic-editor"
2025/09/07 19:48:36 [error] 4144567#0: *9969 connect() failed (111: Connection refused) while connecting to upstream, client: 45.133.236.77, server: pouted.com, request: "GET /tag/show-our-appreciation/ HTTP/2.0", upstream: "https://192.145.236.239:8443/tag/show-our-appreciation/", host: "www.pouted.com"
2025/09/07 19:48:37 [error] 4144567#0: *9881 connect() failed (111: Connection refused) while connecting to upstream, client: 197.35.130.246, server: pouted.com, request: "GET / HTTP/2.0", upstream: "https://192.145.236.239:8443/", host: "www.pouted.com"
2025/09/07 19:48:38 [error] 4144567#0: *8632 connect() failed (111: Connection refused) while connecting to upstream, client: 192.178.6.99, server: ayaclass.com, request: "GET /products/12325087/ HTTP/1.1", upstream: "http://192.145.236.239:8080/products/12325087/", host: "www.ayaclass.com"
2025/09/07 19:48:40 [error] 4144567#0: *9978 connect() failed (111: Connection refused) while connecting to upstream, client: 185.77.223.71, server: pouted.com, request: "GET /index.php/tracking/adminhtml_tracking/index HTTP/2.0", upstream: "https://192.145.236.239:8443/index.php/tracking/adminhtml_tracking/index", host: "pouted.com"
2025/09/07 19:48:40 [error] 4144567#0: *9978 connect() failed (111: Connection refused) while connecting to upstream, client: 185.77.223.71, server: pouted.com, request: "GET /index.php/tracking/adminhtml_tracking/index HTTP/2.0", upstream: "https://192.145.236.239:8443/index.php/tracking/adminhtml_tracking/index", host: "pouted.com", referrer: "http://pouted.com/index.php/tracking/adminhtml_tracking/index"
2025/09/07 19:48:42 [error] 4144567#0: *9981 connect() failed (111: Connection refused) while connecting to upstream, client: 185.191.171.13, server: ayaclass.com, request: "GET /?a=41521015 HTTP/1.1", upstream: "http://192.145.236.239:8080/?a=41521015", host: "www.ayaclass.com"
2025/09/07 19:48:44 [error] 4144567#0: *8632 connect() failed (111: Connection refused) while connecting to upstream, client: 192.178.6.99, server: ayaclass.com, request: "GET /products/10527943/ HTTP/1.1", upstream: "http://192.145.236.239:8080/products/10527943/", host: "www.ayaclass.com"
2025/09/07 19:48:46 [error] 4144567#0: *8632 connect() failed (111: Connection refused) while connecting to upstream, client: 192.178.6.99, server: ayaclass.com, request: "GET /products/12620798/ HTTP/1.1", upstream: "http://192.145.236.239:8080/products/12620798/", host: "www.ayaclass.com"
2025/09/07 19:48:50 [error] 4144567#0: *8632 connect() failed (111: Connection refused) while connecting to upstream, client: 192.178.6.99, server: ayaclass.com, request: "GET /products/Where-the-Crawdads-Sing-e-book HTTP/1.1", upstream: "http://192.145.236.239:8080/products/Where-the-Crawdads-Sing-e-book", host: "www.ayaclass.com"
2025/09/07 19:48:50 [error] 4144567#0: *9993 connect() failed (111: Connection refused) while connecting to upstream, client: 66.249.79.135, server: pouted.com, request: "GET /top-10-most-ancient-india-artifacts-ever/ HTTP/2.0", upstream: "https://192.145.236.239:8443/top-10-most-ancient-india-artifacts-ever/", host: "www.pouted.com"
2025/09/07 19:48:52 [error] 4144567#0: *8632 connect() failed (111: Connection refused) while connecting to upstream, client: 192.178.6.99, server: ayaclass.com, request: "GET /products/1366887/ HTTP/1.1", upstream: "http://192.145.236.239:8080/products/1366887/", host: "www.ayaclass.com"
2025/09/07 19:48:53 [error] 4144567#0: *9997 connect() failed (111: Connection refused) while connecting to upstream, client: 213.174.148.161, server: pouted.com, request: "GET /robots.txt HTTP/2.0", upstream: "https://192.145.236.239:8443/robots.txt", host: "www.pouted.com"
2025/09/07 19:48:53 [error] 4144567#0: *9999 connect() failed (111: Connection refused) while connecting to upstream, client: 213.174.148.161, server: pouted.com, request: "GET /top-mind-changing-books-to-read/ HTTP/2.0", upstream: "https://192.145.236.239:8443/top-mind-changing-books-to-read/", host: "www.pouted.com"
2025/09/07 19:48:54 [error] 4144567#0: *10001 connect() failed (111: Connection refused) while connecting to upstream, client: 223.150.68.29, server: pouted.com, request: "GET /magazine/automotive/page/6 HTTP/2.0", upstream: "https://192.145.236.239:8443/magazine/automotive/page/6", host: "www.pouted.com"
2025/09/07 19:48:55 [error] 4144567#0: *8632 connect() failed (111: Connection refused) while connecting to upstream, client: 192.178.6.99, server: ayaclass.com, request: "GET /register HTTP/1.1", upstream: "http://192.145.236.239:8080/register", host: "www.ayaclass.com"
2025/09/07 19:48:58 [error] 4144567#0: *8632 connect() failed (111: Connection refused) while connecting to upstream, client: 192.178.6.99, server: ayaclass.com, request: "GET /course/Learn-Linux-in-5-Days HTTP/1.1", upstream: "http://192.145.236.239:8080/course/Learn-Linux-in-5-Days", host: "www.ayaclass.com"
2025/09/07 19:48:59 [error] 4144567#0: *10006 connect() failed (111: Connection refused) while connecting to upstream, client: 2601:281:cf7e:750:ede2:2965:f795:d731, server: pouted.com, request: "GET /75-most-breathtaking-short-hairstyles-in-2015/ HTTP/2.0", upstream: "https://192.145.236.239:8443/75-most-breathtaking-short-hairstyles-in-2015/", host: "www.pouted.com", referrer: "android-app://com.pinterest/"
2025/09/07 19:48:59 [error] 4144567#0: *10008 connect() failed (111: Connection refused) while connecting to upstream, client: 54.236.1.53, server: pouted.com, request: "GET /75-most-breathtaking-short-hairstyles-in-2015/ HTTP/2.0", upstream: "https://192.145.236.239:8443/75-most-breathtaking-short-hairstyles-in-2015/", host: "www.pouted.com"
2025/09/07 19:49:01 [error] 4144567#0: *10012 connect() failed (111: Connection refused) while connecting to upstream, client: 192.178.6.101, server: ayaclass.com, request: "GET /instructor-finder HTTP/1.1", upstream: "http://192.145.236.239:8080/instructor-finder", host: "www.ayaclass.com"
2025/09/07 19:49:04 [error] 4144567#0: *10017 connect() failed (111: Connection refused) while connecting to upstream, client: 74.125.215.103, server: pouted.com, request: "HEAD /feed/ HTTP/2.0", upstream: "https://192.145.236.239:8443/feed/", host: "www.pouted.com"
2025/09/07 19:49:05 [error] 4144567#0: *10019 connect() failed (111: Connection refused) while connecting to upstream, client: 74.125.215.98, server: pouted.com, request: "GET /feed/ HTTP/2.0", upstream: "https://192.145.236.239:8443/feed/", host: "www.pouted.com"
2025/09/07 19:49:07 [error] 4144567#0: *8632 connect() failed (111: Connection refused) while connecting to upstream, client: 192.178.6.100, server: ayaclass.com, request: "GET /course/Health-And-Fitness-Masterclass HTTP/1.1", upstream: "http://192.145.236.239:8080/course/Health-And-Fitness-Masterclass", host: "www.ayaclass.com"
2025/09/07 19:49:09 [error] 4144567#0: *10025 connect() failed (111: Connection refused) while connecting to upstream, client: 220.181.108.167, server: pouted.com, request: "GET /black-fashion-style-for-real-men/ HTTP/2.0", upstream: "https://192.145.236.239:8443/black-fashion-style-for-real-men/", host: "www.pouted.com"
2025/09/07 19:49:10 [error] 4144567#0: *8632 connect() failed (111: Connection refused) while connecting to upstream, client: 192.178.6.99, server: ayaclass.com, request: "GET /course/New-Learning-Page HTTP/1.1", upstream: "http://192.145.236.239:8080/course/New-Learning-Page", host: "www.ayaclass.com"
2025/09/07 19:49:12 [error] 4144567#0: *8632 connect() failed (111: Connection refused) while connecting to upstream, client: 192.178.6.99, server: ayaclass.com, request: "GET /products/12465098/ HTTP/1.1", upstream: "http://192.145.236.239:8080/products/12465098/", host: "www.ayaclass.com"
2025/09/07 19:49:14 [error] 4144567#0: *8632 connect() failed (111: Connection refused) while connecting to upstream, client: 192.178.6.99, server: ayaclass.com, request: "GET /classes?type[]=bundle HTTP/1.1", upstream: "http://192.145.236.239:8080/classes?type[]=bundle", host: "www.ayaclass.com"
2025/09/07 19:49:16 [error] 4144567#0: *8632 connect() failed (111: Connection refused) while connecting to upstream, client: 192.178.6.99, server: ayaclass.com, request: "GET /course/live-class HTTP/1.1", upstream: "http://192.145.236.239:8080/course/live-class", host: "www.ayaclass.com"
2025/09/07 19:49:18 [error] 4144567#0: *10036 open() "/home/pouted/public_html/wp-content/uploads/2013/12/37896974_Graded_Gallery_TB_Day30B_05032012_JA_D3S3547-P.jpg" failed (2: No such file or directory), client: 2408:8207:18e7:4db0:e540:99fb:ace5:6286, server: pouted.com, request: "GET /wp-content/uploads/2013/12/37896974_Graded_Gallery_TB_Day30B_05032012_JA_D3S3547-P.jpg?x71148 HTTP/2.0", host: "www.pouted.com"
2025/09/07 19:49:18 [error] 4144567#0: *8632 connect() failed (111: Connection refused) while connecting to upstream, client: 192.178.6.99, server: ayaclass.com, request: "GET /products/20602809/ HTTP/1.1", upstream: "http://192.145.236.239:8080/products/20602809/", host: "www.ayaclass.com"
2025/09/07 19:49:22 [error] 4144567#0: *8632 connect() failed (111: Connection refused) while connecting to upstream, client: 192.178.6.99, server: ayaclass.com, request: "GET /products/769721/ HTTP/1.1", upstream: "http://192.145.236.239:8080/products/769721/", host: "www.ayaclass.com"
2025/09/07 19:49:23 [error] 4144567#0: *10040 connect() failed (111: Connection refused) while connecting to upstream, client: 127.0.0.1, server: 127.0.0.1, request: "GET /whm-server-status HTTP/1.0", upstream: "http://127.0.0.1:8080/whm-server-status", host: "localhost"
2025/09/07 19:49:25 [error] 4144567#0: *8632 connect() failed (111: Connection refused) while connecting to upstream, client: 192.178.6.99, server: ayaclass.com, request: "GET /products/12113343/ HTTP/1.1", upstream: "http://192.145.236.239:8080/products/12113343/", host: "www.ayaclass.com"
2025/09/07 19:49:25 [error] 4144567#0: *10044 connect() failed (111: Connection refused) while connecting to upstream, client: 74.7.36.79, server: pouted.com, request: "GET /kids-fashion-trends-2025/ HTTP/2.0", upstream: "https://192.145.236.239:8443/kids-fashion-trends-2025/", host: "www.pouted.com"
2025/09/07 19:49:26 [error] 4144567#0: *10046 connect() failed (111: Connection refused) while connecting to upstream, client: 74.7.36.79, server: pouted.com, request: "GET /kids-fashion-trends-2025/ HTTP/2.0", upstream: "https://192.145.236.239:8443/kids-fashion-trends-2025/", host: "www.pouted.com"
2025/09/07 19:49:26 [error] 4144567#0: *10008 connect() failed (111: Connection refused) while connecting to upstream, client: 74.7.36.76, server: pouted.com, request: "GET /kids-fashion-trends-2025/ HTTP/2.0", upstream: "https://192.145.236.239:8443/kids-fashion-trends-2025/", host: "www.pouted.com"
2025/09/07 19:49:26 [error] 4144567#0: *10008 connect() failed (111: Connection refused) while connecting to upstream, client: 74.7.36.66, server: pouted.com, request: "GET /kids-fashion-trends-2025/ HTTP/2.0", upstream: "https://192.145.236.239:8443/kids-fashion-trends-2025/", host: "www.pouted.com"
2025/09/07 19:49:28 [error] 4144567#0: *8632 connect() failed (111: Connection refused) while connecting to upstream, client: 192.178.6.99, server: ayaclass.com, request: "GET /categories/Design HTTP/1.1", upstream: "http://192.145.236.239:8080/categories/Design", host: "www.ayaclass.com"
2025/09/07 19:49:29 [error] 4144567#0: *10053 connect() failed (111: Connection refused) while connecting to upstream, client: 197.35.130.246, server: pouted.com, request: "POST /wp-admin/admin-ajax.php HTTP/2.0", upstream: "https://192.145.236.239:8443/wp-admin/admin-ajax.php", host: "www.pouted.com", referrer: "https://www.pouted.com/wp-admin/post.php?post=161646&action=edit&classic-editor"
2025/09/07 19:49:31 [error] 4144567#0: *8632 connect() failed (111: Connection refused) while connecting to upstream, client: 192.178.6.99, server: ayaclass.com, request: "GET /categories/%D9%83%D9%88%D8%B1%D8%B3%D8%A7%D8%AA%20%D9%83%D9%85%D8%A8%D9%8A%D9%88%D8%AA%D8%B1/Lifestyle HTTP/1.1", upstream: "http://192.145.236.239:8080/categories/%D9%83%D9%88%D8%B1%D8%B3%D8%A7%D8%AA%20%D9%83%D9%85%D8%A8%D9%8A%D9%88%D8%AA%D8%B1/Lifestyle", host: "www.ayaclass.com"
2025/09/07 19:49:32 [error] 4144567#0: *10057 connect() failed (111: Connection refused) while connecting to upstream, client: 47.128.49.113, server: pouted.com, request: "GET /7-things-to-do-before-you-leave-university/ HTTP/2.0", upstream: "https://192.145.236.239:8443/7-things-to-do-before-you-leave-university/", host: "www.pouted.com"
2025/09/07 19:49:33 [error] 4144567#0: *8632 connect() failed (111: Connection refused) while connecting to upstream, client: 192.178.6.99, server: ayaclass.com, request: "GET /products/23650043/ HTTP/1.1", upstream: "http://192.145.236.239:8080/products/23650043/", host: "www.ayaclass.com"
2025/09/07 19:49:33 [error] 4144567#0: *10059 connect() failed (111: Connection refused) while connecting to upstream, client: 52.187.246.142, server: pouted.com, request: "GET /kids-fashion-trends-2025/ HTTP/2.0", upstream: "https://192.145.236.239:8443/kids-fashion-trends-2025/", host: "www.pouted.com"
2025/09/07 19:49:33 [error] 4144567#0: *10061 connect() failed (111: Connection refused) while connecting to upstream, client: 52.187.246.142, server: pouted.com, request: "GET /kids-fashion-trends-2025/ HTTP/2.0", upstream: "https://192.145.236.239:8443/kids-fashion-trends-2025/", host: "www.pouted.com"
2025/09/07 19:49:34 [error] 4144567#0: *10065 connect() failed (111: Connection refused) while connecting to upstream, client: 52.187.246.131, server: pouted.com, request: "GET /kids-fashion-trends-2025/ HTTP/2.0", upstream: "https://192.145.236.239:8443/kids-fashion-trends-2025/", host: "www.pouted.com"
2025/09/07 19:49:34 [error] 4144567#0: *10067 connect() failed (111: Connection refused) while connecting to upstream, client: 52.187.246.131, server: pouted.com, request: "GET /kids-fashion-trends-2025/ HTTP/2.0", upstream: "https://192.145.236.239:8443/kids-fashion-trends-2025/", host: "www.pouted.com"
2025/09/07 19:49:35 [error] 4144567#0: *10071 open() "/home/pouted/public_html/wp-content/uploads/2018/11/unnamed-4.png" failed (2: No such file or directory), client: 120.92.12.170, server: pouted.com, request: "GET /wp-content/uploads/2018/11/unnamed-4.png?x71148 HTTP/2.0", host: "www.pouted.com"
2025/09/07 19:49:35 [error] 4144567#0: *10070 connect() failed (111: Connection refused) while connecting to upstream, client: 52.187.246.143, server: pouted.com, request: "GET /kids-fashion-trends-2025/ HTTP/2.0", upstream: "https://192.145.236.239:8443/kids-fashion-trends-2025/", host: "www.pouted.com"
2025/09/07 19:49:35 [error] 4144567#0: *8632 connect() failed (111: Connection refused) while connecting to upstream, client: 192.178.6.99, server: ayaclass.com, request: "GET /products/17117032/ HTTP/1.1", upstream: "http://192.145.236.239:8080/products/17117032/", host: "www.ayaclass.com"
2025/09/07 19:49:35 [error] 4144567#0: *10072 connect() failed (111: Connection refused) while connecting to upstream, client: 52.187.246.143, server: pouted.com, request: "GET /kids-fashion-trends-2025/ HTTP/2.0", upstream: "https://192.145.236.239:8443/kids-fashion-trends-2025/", host: "www.pouted.com"
2025/09/07 19:49:35 [error] 4144567#0: *10072 connect() failed (111: Connection refused) while connecting to upstream, client: 52.187.246.143, server: pouted.com, request: "GET /kids-fashion-trends-2025/ HTTP/2.0", upstream: "https://192.145.236.239:8443/kids-fashion-trends-2025/", host: "www.pouted.com"
2025/09/07 19:49:36 [error] 4144567#0: *10072 connect() failed (111: Connection refused) while connecting to upstream, client: 52.187.246.143, server: pouted.com, request: "GET /kids-fashion-trends-2025/ HTTP/2.0", upstream: "https://192.145.236.239:8443/kids-fashion-trends-2025/", host: "www.pouted.com"
2025/09/07 19:49:37 [error] 4144567#0: *8632 connect() failed (111: Connection refused) while connecting to upstream, client: 192.178.6.99, server: ayaclass.com, request: "GET /course/Become-a-Product-Manager HTTP/1.1", upstream: "http://192.145.236.239:8080/course/Become-a-Product-Manager", host: "www.ayaclass.com"
2025/09/07 19:49:40 [error] 4144567#0: *10080 connect() failed (111: Connection refused) while connecting to upstream, client: 2601:c4:c880:1640:dfe:36a0:7f6a:3b09, server: pouted.com, request: "GET /6-fashionable-hairstyles-every-man-in-his-30s-should-nail/ HTTP/2.0", upstream: "https://192.145.236.239:8443/6-fashionable-hairstyles-every-man-in-his-30s-should-nail/", host: "www.pouted.com", referrer: "https://www.pinterest.com/"
2025/09/07 19:49:40 [error] 4144567#0: *8632 connect() failed (111: Connection refused) while connecting to upstream, client: 192.178.6.99, server: ayaclass.com, request: "GET /pages/about HTTP/1.1", upstream: "http://192.145.236.239:8080/pages/about", host: "www.ayaclass.com"
2025/09/07 19:49:41 [error] 4144567#0: *10053 connect() failed (111: Connection refused) while connecting to upstream, client: 197.35.130.246, server: pouted.com, request: "POST /wp-admin/admin-ajax.php HTTP/2.0", upstream: "https://192.145.236.239:8443/wp-admin/admin-ajax.php", host: "www.pouted.com", referrer: "https://www.pouted.com/wp-admin/post.php?post=161704&action=edit&classic-editor"
2025/09/07 19:49:41 [error] 4144567#0: *10084 connect() failed (111: Connection refused) while connecting to upstream, client: 54.236.1.53, server: pouted.com, request: "GET /6-fashionable-hairstyles-every-man-in-his-30s-should-nail/ HTTP/2.0", upstream: "https://192.145.236.239:8443/6-fashionable-hairstyles-every-man-in-his-30s-should-nail/", host: "www.pouted.com"
2025/09/07 19:49:41 [error] 4144567#0: *10086 connect() failed (111: Connection refused) while connecting to upstream, client: 54.198.23.1, server: pouted.com, request: "GET /best-short-term-investment-options-2025/ HTTP/2.0", upstream: "https://192.145.236.239:8443/best-short-term-investment-options-2025/", host: "www.pouted.com"
2025/09/07 19:49:42 [error] 4144567#0: *8632 connect() failed (111: Connection refused) while connecting to upstream, client: 192.178.6.99, server: ayaclass.com, request: "GET /products/17798187/ HTTP/1.1", upstream: "http://192.145.236.239:8080/products/17798187/", host: "www.ayaclass.com"
2025/09/07 19:49:43 [error] 4144567#0: *10091 connect() failed (111: Connection refused) while connecting to upstream, client: 185.191.171.11, server: ayaclass.com, request: "GET /?a=50604515 HTTP/1.1", upstream: "http://192.145.236.239:8080/?a=50604515", host: "www.ayaclass.com"
2025/09/07 19:49:43 [error] 4144567#0: *10090 connect() failed (111: Connection refused) while connecting to upstream, client: 2a03:2880:27ff:74::, server: pouted.com, request: "GET /best-runway-models-2025/ HTTP/2.0", upstream: "https://192.145.236.239:8443/best-runway-models-2025/", host: "www.pouted.com"
2025/09/07 19:49:43 [error] 4144567#0: *10094 connect() failed (111: Connection refused) while connecting to upstream, client: 2a03:2880:3ff:1::, server: pouted.com, request: "GET /top-2025-teen-fashion-trends/ HTTP/2.0", upstream: "https://192.145.236.239:8443/top-2025-teen-fashion-trends/", host: "www.pouted.com"
2025/09/07 19:49:44 [error] 4144567#0: *8632 connect() failed (111: Connection refused) while connecting to upstream, client: 192.178.6.99, server: ayaclass.com, request: "GET /products/9672676/ HTTP/1.1", upstream: "http://192.145.236.239:8080/products/9672676/", host: "www.ayaclass.com"
2025/09/07 19:49:49 [error] 4144567#0: *8632 connect() failed (111: Connection refused) while connecting to upstream, client: 192.178.6.99, server: ayaclass.com, request: "GET /instructors HTTP/1.1", upstream: "http://192.145.236.239:8080/instructors", host: "www.ayaclass.com"
2025/09/07 19:49:50 [error] 4144567#0: *10100 connect() failed (111: Connection refused) while connecting to upstream, client: 104.153.92.6, server: pouted.com, request: "GET /guest-room-christmas-decorations-christmas-arriving HTTP/2.0", upstream: "https://192.145.236.239:8443/guest-room-christmas-decorations-christmas-arriving", host: "www.pouted.com"
2025/09/07 19:49:52 [error] 4144567#0: *8632 connect() failed (111: Connection refused) while connecting to upstream, client: 192.178.6.99, server: ayaclass.com, request: "GET /products/9720376/ HTTP/1.1", upstream: "http://192.145.236.239:8080/products/9720376/", host: "www.ayaclass.com"
2025/09/07 19:49:52 [error] 4144567#0: *10053 connect() failed (111: Connection refused) while connecting to upstream, client: 197.35.130.246, server: pouted.com, request: "POST /wp-admin/admin-ajax.php HTTP/2.0", upstream: "https://192.145.236.239:8443/wp-admin/admin-ajax.php", host: "www.pouted.com", referrer: "https://www.pouted.com/wp-admin/post.php?post=161655&action=edit&classic-editor"
2025/09/07 19:49:54 [error] 4144567#0: *10104 connect() failed (111: Connection refused) while connecting to upstream, client: 43.128.99.181, server: pouted.com, request: "GET /magazine/design/ HTTP/2.0", upstream: "https://192.145.236.239:8443/magazine/design/", host: "www.pouted.com"
2025/09/07 19:49:55 [error] 4144567#0: *8632 connect() failed (111: Connection refused) while connecting to upstream, client: 192.178.6.99, server: ayaclass.com, request: "GET /products/Sherlock-Holmes-e-book HTTP/1.1", upstream: "http://192.145.236.239:8080/products/Sherlock-Holmes-e-book", host: "www.ayaclass.com"
2025/09/07 19:49:56 [error] 4144567#0: *10108 connect() failed (111: Connection refused) while connecting to upstream, client: 43.128.116.42, server: pouted.com, request: "GET /ai-design-programs-for-interior-design/ HTTP/2.0", upstream: "https://192.145.236.239:8443/ai-design-programs-for-interior-design/", host: "www.pouted.com"
2025/09/07 19:49:58 [error] 4144567#0: *10110 connect() failed (111: Connection refused) while connecting to upstream, client: 150.109.10.26, server: pouted.com, request: "GET /best-hair-brushes/ HTTP/2.0", upstream: "https://192.145.236.239:8443/best-hair-brushes/", host: "www.pouted.com"
2025/09/07 19:49:58 [error] 4144567#0: *10112 connect() failed (111: Connection refused) while connecting to upstream, client: 66.249.79.135, server: pouted.com, request: "GET /choosing-perfect-side-lamp-home/ HTTP/2.0", upstream: "https://192.145.236.239:8443/choosing-perfect-side-lamp-home/", host: "www.pouted.com"
2025/09/07 19:49:58 [error] 4144567#0: *10114 connect() failed (111: Connection refused) while connecting to upstream, client: 2a03:2880:24ff:43::, server: pouted.com, request: "GET /3d-acrylic-nails-with-flower-designs/ HTTP/2.0", upstream: "https://192.145.236.239:8443/3d-acrylic-nails-with-flower-designs/", host: "www.pouted.com"
2025/09/07 19:49:58 [error] 4144567#0: *8632 connect() failed (111: Connection refused) while connecting to upstream, client: 192.178.6.99, server: ayaclass.com, request: "GET /products?category_id=3 HTTP/1.1", upstream: "http://192.145.236.239:8080/products?category_id=3", host: "www.ayaclass.com"
2025/09/07 19:49:58 [error] 4144567#0: *10110 connect() failed (111: Connection refused) while connecting to upstream, client: 43.134.27.16, server: pouted.com, request: "GET /magazine/fashion-designs/women-fashion/ HTTP/2.0", upstream: "https://192.145.236.239:8443/magazine/fashion-designs/women-fashion/", host: "www.pouted.com"
2025/09/07 19:49:59 [error] 4144567#0: *10118 connect() failed (111: Connection refused) while connecting to upstream, client: 119.28.107.17, server: pouted.com, request: "GET /top-countries-with-highest-plastic-surgery-rates/ HTTP/2.0", upstream: "https://192.145.236.239:8443/top-countries-with-highest-plastic-surgery-rates/", host: "www.pouted.com"
2025/09/07 19:50:01 [error] 4144567#0: *10120 connect() failed (111: Connection refused) while connecting to upstream, client: 43.134.232.153, server: pouted.com, request: "GET /android-or-ios/ HTTP/2.0", upstream: "https://192.145.236.239:8443/android-or-ios/", host: "www.pouted.com"
2025/09/07 19:50:02 [error] 4144567#0: *10125 connect() failed (111: Connection refused) while connecting to upstream, client: 192.178.6.101, server: ayaclass.com, request: "GET /upcoming_courses?sort=newest HTTP/1.1", upstream: "http://192.145.236.239:8080/upcoming_courses?sort=newest", host: "www.ayaclass.com"
2025/09/07 19:50:02 [error] 4144567#0: *10124 connect() failed (111: Connection refused) while connecting to upstream, client: 119.28.104.124, server: pouted.com, request: "GET /best-home-espresso-machines-for-2024/ HTTP/2.0", upstream: "https://192.145.236.239:8443/best-home-espresso-machines-for-2024/", host: "www.pouted.com"
2025/09/07 19:50:03 [error] 4144567#0: *10129 connect() failed (111: Connection refused) while connecting to upstream, client: 43.128.84.166, server: pouted.com, request: "GET /top-10-best-countries-visit-europe-2014/ HTTP/2.0", upstream: "https://192.145.236.239:8443/top-10-best-countries-visit-europe-2014/", host: "www.pouted.com"
2025/09/07 19:50:04 [error] 4144567#0: *10131 connect() failed (111: Connection refused) while connecting to upstream, client: 43.163.102.108, server: pouted.com, request: "GET /silver-dollar-city/ HTTP/2.0", upstream: "https://192.145.236.239:8443/silver-dollar-city/", host: "www.pouted.com"
2025/09/07 19:50:05 [error] 4144567#0: *10129 connect() failed (111: Connection refused) while connecting to upstream, client: 101.32.141.224, server: pouted.com, request: "GET /terms-and-conditions/ HTTP/2.0", upstream: "https://192.145.236.239:8443/terms-and-conditions/", host: "www.pouted.com"
2025/09/07 19:50:06 [error] 4144567#0: *10134 connect() failed (111: Connection refused) while connecting to upstream, client: 43.163.115.11, server: pouted.com, request: "GET /top-eco-friendly-luxury-hotels-and-resorts/ HTTP/2.0", upstream: "https://192.145.236.239:8443/top-eco-friendly-luxury-hotels-and-resorts/", host: "www.pouted.com"
2025/09/07 19:50:06 [error] 4144567#0: *10104 connect() failed (111: Connection refused) while connecting to upstream, client: 43.156.213.105, server: pouted.com, request: "GET /comic-book-movies/ HTTP/2.0", upstream: "https://192.145.236.239:8443/comic-book-movies/", host: "www.pouted.com"
2025/09/07 19:50:07 [error] 4144567#0: *10138 connect() failed (111: Connection refused) while connecting to upstream, client: 43.163.88.242, server: pouted.com, request: "GET /best-action-actors/ HTTP/2.0", upstream: "https://192.145.236.239:8443/best-action-actors/", host: "www.pouted.com"
2025/09/07 19:50:08 [error] 4144567#0: *10140 connect() failed (111: Connection refused) while connecting to upstream, client: 106.49.50.155, server: pouted.com, request: "GET /10-best-diamond-furniture-designs-youll-see/ HTTP/2.0", upstream: "https://192.145.236.239:8443/10-best-diamond-furniture-designs-youll-see/", host: "www.pouted.com"
2025/09/07 19:50:08 [error] 4144567#0: *8632 connect() failed (111: Connection refused) while connecting to upstream, client: 192.178.6.99, server: ayaclass.com, request: "GET /products/27467632/ HTTP/1.1", upstream: "http://192.145.236.239:8080/products/27467632/", host: "www.ayaclass.com"
2025/09/07 19:50:09 [error] 4144567#0: *10143 connect() failed (111: Connection refused) while connecting to upstream, client: 119.28.99.253, server: pouted.com, request: "GET /mothers-day-gift-ideas-for-busy-business-mom/ HTTP/2.0", upstream: "https://192.145.236.239:8443/mothers-day-gift-ideas-for-busy-business-mom/", host: "www.pouted.com"
2025/09/07 19:50:09 [error] 4144567#0: *10108 connect() failed (111: Connection refused) while connecting to upstream, client: 43.133.37.65, server: pouted.com, request: "GET /top-comedy-actors/ HTTP/2.0", upstream: "https://192.145.236.239:8443/top-comedy-actors/", host: "www.pouted.com"
2025/09/07 19:50:10 [error] 4144567#0: *10124 connect() failed (111: Connection refused) while connecting to upstream, client: 43.163.110.179, server: pouted.com, request: "GET /magazine/lifestyle/garden/ HTTP/2.0", upstream: "https://192.145.236.239:8443/magazine/lifestyle/garden/", host: "www.pouted.com"
2025/09/07 19:50:10 [error] 4144567#0: *10143 connect() failed (111: Connection refused) while connecting to upstream, client: 43.156.182.165, server: pouted.com, request: "GET /magazine/fashion-designs/beauty/ HTTP/2.0", upstream: "https://192.145.236.239:8443/magazine/fashion-designs/beauty/", host: "www.pouted.com"
2025/09/07 19:50:11 [error] 4144567#0: *8632 connect() failed (111: Connection refused) while connecting to upstream, client: 192.178.6.100, server: ayaclass.com, request: "GET /products/21189232/ HTTP/1.1", upstream: "http://192.145.236.239:8080/products/21189232/", host: "www.ayaclass.com"
2025/09/07 19:50:13 [error] 4144567#0: *10110 connect() failed (111: Connection refused) while connecting to upstream, client: 43.156.34.241, server: pouted.com, request: "GET /magazine/business-finance/ HTTP/2.0", upstream: "https://192.145.236.239:8443/magazine/business-finance/", host: "www.pouted.com"
2025/09/07 19:50:13 [error] 4144567#0: *10108 connect() failed (111: Connection refused) while connecting to upstream, client: 43.163.109.145, server: pouted.com, request: "GET /magazine/interior-designs/kitchen/ HTTP/2.0", upstream: "https://192.145.236.239:8443/magazine/interior-designs/kitchen/", host: "www.pouted.com"
2025/09/07 19:50:14 [error] 4144567#0: *10104 connect() failed (111: Connection refused) while connecting to upstream, client: 43.163.97.123, server: pouted.com, request: "GET /apples-game-changing-innovations-2025/ HTTP/2.0", upstream: "https://192.145.236.239:8443/apples-game-changing-innovations-2025/", host: "www.pouted.com"
2025/09/07 19:50:14 [error] 4144567#0: *10134 connect() failed (111: Connection refused) while connecting to upstream, client: 43.153.213.37, server: pouted.com, request: "GET /magazine/technology/ HTTP/2.0", upstream: "https://192.145.236.239:8443/magazine/technology/", host: "www.pouted.com"
2025/09/07 19:50:14 [error] 4144567#0: *8632 connect() failed (111: Connection refused) while connecting to upstream, client: 192.178.6.99, server: ayaclass.com, request: "GET /products/25292565/ HTTP/1.1", upstream: "http://192.145.236.239:8080/products/25292565/", host: "www.ayaclass.com"
2025/09/07 19:50:15 [error] 4144567#0: *10143 connect() failed (111: Connection refused) while connecting to upstream, client: 43.156.180.223, server: pouted.com, request: "GET /magazine/arts/ HTTP/2.0", upstream: "https://192.145.236.239:8443/magazine/arts/", host: "www.pouted.com"
2025/09/07 19:50:15 [error] 4144567#0: *10053 connect() failed (111: Connection refused) while connecting to upstream, client: 197.35.130.246, server: pouted.com, request: "POST /wp-admin/admin-ajax.php HTTP/2.0", upstream: "https://192.145.236.239:8443/wp-admin/admin-ajax.php", host: "www.pouted.com", referrer: "https://www.pouted.com/wp-admin/post.php?post=161718&action=edit&classic-editor"
