2025/09/07 19:03:02 [error] 4144567#0: *5244 connect() failed (111: Connection refused) while connecting to upstream, client: 13.83.167.136, server: pouted.com, request: "GET / HTTP/2.0", upstream: "https://192.145.236.239:8443/", host: "pouted.com"
2025/09/07 19:03:02 [error] 4144567#0: *5243 connect() failed (111: Connection refused) while connecting to upstream, client: 128.199.163.109, server: pouted.com, request: "GET /wp-login.php HTTP/2.0", upstream: "https://192.145.236.239:8443/wp-login.php", host: "www.pouted.com"
2025/09/07 19:03:02 [error] 4144567#0: *5063 connect() failed (111: Connection refused) while connecting to upstream, client: 192.178.6.99, server: ayaclass.com, request: "GET /products/13452254/ HTTP/1.1", upstream: "http://192.145.236.239:8080/products/13452254/", host: "www.ayaclass.com"
2025/09/07 19:03:06 [error] 4144567#0: *5250 connect() failed (111: Connection refused) while connecting to upstream, client: 185.191.171.14, server: ayaclass.com, request: "GET /?a=65583515 HTTP/1.1", upstream: "http://192.145.236.239:8080/?a=65583515", host: "www.ayaclass.com"
2025/09/07 19:03:06 [error] 4144567#0: *5249 connect() failed (111: Connection refused) while connecting to upstream, client: 197.35.130.246, server: pouted.com, request: "POST /wp-admin/admin-ajax.php HTTP/2.0", upstream: "https://192.145.236.239:8443/wp-admin/admin-ajax.php", host: "www.pouted.com", referrer: "https://www.pouted.com/wp-admin/post.php?post=161646&action=edit&classic-editor"
2025/09/07 19:03:07 [error] 4144567#0: *5253 connect() failed (111: Connection refused) while connecting to upstream, client: 192.178.6.100, server: ayaclass.com, request: "GET /products/21520432/ HTTP/1.1", upstream: "http://192.145.236.239:8080/products/21520432/", host: "www.ayaclass.com"
2025/09/07 19:03:09 [error] 4144567#0: *5253 connect() failed (111: Connection refused) while connecting to upstream, client: 192.178.6.100, server: ayaclass.com, request: "GET /products/12578832/ HTTP/1.1", upstream: "http://192.145.236.239:8080/products/12578832/", host: "www.ayaclass.com"
2025/09/07 19:03:09 [error] 4144567#0: *5240 connect() failed (111: Connection refused) while connecting to upstream, client: 167.172.74.12, server: pouted.com, request: "GET /top-3-highest-mountains-world/ HTTP/2.0", upstream: "https://192.145.236.239:8443/top-3-highest-mountains-world/", host: "www.pouted.com"
2025/09/07 19:03:10 [error] 4144567#0: *5257 open() "/home/pouted/public_html/wp-content/uploads/2013/12/Walker-News-618x400.jpg" failed (2: No such file or directory), client: 2408:8207:18e7:4db0:e540:99fb:ace5:6286, server: pouted.com, request: "GET /wp-content/uploads/2013/12/Walker-News-618x400.jpg?x71148 HTTP/2.0", host: "www.pouted.com"
2025/09/07 19:03:14 [error] 4144567#0: *5063 connect() failed (111: Connection refused) while connecting to upstream, client: 192.178.6.99, server: ayaclass.com, request: "GET /products/21939032/ HTTP/1.1", upstream: "http://192.145.236.239:8080/products/21939032/", host: "www.ayaclass.com"
2025/09/07 19:03:15 [error] 4144567#0: *5261 connect() failed (111: Connection refused) while connecting to upstream, client: 52.167.144.189, server: pouted.com, request: "GET /tag/black-flowers/ HTTP/2.0", upstream: "https://192.145.236.239:8443/tag/black-flowers/", host: "www.pouted.com"
2025/09/07 19:03:18 [error] 4144567#0: *5249 connect() failed (111: Connection refused) while connecting to upstream, client: 197.35.130.246, server: pouted.com, request: "POST /wp-admin/admin-ajax.php HTTP/2.0", upstream: "https://192.145.236.239:8443/wp-admin/admin-ajax.php", host: "www.pouted.com", referrer: "https://www.pouted.com/wp-admin/post.php?post=161704&action=edit&classic-editor"
2025/09/07 19:03:19 [error] 4144567#0: *5264 connect() failed (111: Connection refused) while connecting to upstream, client: 104.168.83.219, server: mrmyst.com, request: "GET /xmlrpc.php HTTP/2.0", upstream: "https://192.145.236.239:8443/xmlrpc.php", host: "mrmyst.com", referrer: "http://mrmyst.com"
2025/09/07 19:03:19 [error] 4144567#0: *5063 connect() failed (111: Connection refused) while connecting to upstream, client: 192.178.6.99, server: ayaclass.com, request: "GET /products/28710609/ HTTP/1.1", upstream: "http://192.145.236.239:8080/products/28710609/", host: "www.ayaclass.com"
2025/09/07 19:03:20 [error] 4144567#0: *5268 connect() failed (111: Connection refused) while connecting to upstream, client: 127.0.0.1, server: 127.0.0.1, request: "GET /whm-server-status HTTP/1.0", upstream: "http://127.0.0.1:8080/whm-server-status", host: "localhost"
2025/09/07 19:03:22 [error] 4144567#0: *5272 connect() failed (111: Connection refused) while connecting to upstream, client: 20.194.1.7, server: pouted.com, request: "GET /affordable-spa-retreats-in-europe/ HTTP/2.0", upstream: "https://192.145.236.239:8443/affordable-spa-retreats-in-europe/", host: "www.pouted.com"
2025/09/07 19:03:23 [error] 4144567#0: *5274 connect() failed (111: Connection refused) while connecting to upstream, client: 20.194.1.10, server: pouted.com, request: "GET /affordable-spa-retreats-in-europe/ HTTP/2.0", upstream: "https://192.145.236.239:8443/affordable-spa-retreats-in-europe/", host: "www.pouted.com"
2025/09/07 19:03:23 [error] 4144567#0: *5274 connect() failed (111: Connection refused) while connecting to upstream, client: 20.194.1.14, server: pouted.com, request: "GET /affordable-spa-retreats-in-europe/ HTTP/2.0", upstream: "https://192.145.236.239:8443/affordable-spa-retreats-in-europe/", host: "www.pouted.com"
2025/09/07 19:03:23 [error] 4144567#0: *5272 connect() failed (111: Connection refused) while connecting to upstream, client: 20.194.1.13, server: pouted.com, request: "GET /affordable-spa-retreats-in-europe/ HTTP/2.0", upstream: "https://192.145.236.239:8443/affordable-spa-retreats-in-europe/", host: "www.pouted.com"
2025/09/07 19:03:24 [error] 4144567#0: *5063 connect() failed (111: Connection refused) while connecting to upstream, client: 192.178.6.99, server: ayaclass.com, request: "GET /products/7438910/ HTTP/1.1", upstream: "http://192.145.236.239:8080/products/7438910/", host: "www.ayaclass.com"
2025/09/07 19:03:29 [error] 4144567#0: *5249 connect() failed (111: Connection refused) while connecting to upstream, client: 197.35.130.246, server: pouted.com, request: "POST /wp-admin/admin-ajax.php HTTP/2.0", upstream: "https://192.145.236.239:8443/wp-admin/admin-ajax.php", host: "www.pouted.com", referrer: "https://www.pouted.com/wp-admin/post.php?post=161655&action=edit&classic-editor"
2025/09/07 19:03:29 [error] 4144567#0: *5063 connect() failed (111: Connection refused) while connecting to upstream, client: 192.178.6.99, server: ayaclass.com, request: "GET /products/8654809/ HTTP/1.1", upstream: "http://192.145.236.239:8080/products/8654809/", host: "www.ayaclass.com"
2025/09/07 19:03:31 [error] 4144567#0: *5282 connect() failed (111: Connection refused) while connecting to upstream, client: 13.83.167.135, server: pouted.com, request: "GET /top-trendy-hair-accessories-2025/ HTTP/2.0", upstream: "https://192.145.236.239:8443/top-trendy-hair-accessories-2025/", host: "www.pouted.com"
2025/09/07 19:03:32 [error] 4144567#0: *5284 connect() failed (111: Connection refused) while connecting to upstream, client: 13.83.167.142, server: pouted.com, request: "GET /top-trendy-hair-accessories-2025/ HTTP/2.0", upstream: "https://192.145.236.239:8443/top-trendy-hair-accessories-2025/", host: "www.pouted.com"
2025/09/07 19:03:33 [error] 4144567#0: *5286 connect() failed (111: Connection refused) while connecting to upstream, client: 13.83.167.133, server: pouted.com, request: "GET /top-trendy-hair-accessories-2025/ HTTP/2.0", upstream: "https://192.145.236.239:8443/top-trendy-hair-accessories-2025/", host: "www.pouted.com"
2025/09/07 19:03:33 [error] 4144567#0: *5284 connect() failed (111: Connection refused) while connecting to upstream, client: 13.83.167.143, server: pouted.com, request: "GET /top-trendy-hair-accessories-2025/ HTTP/2.0", upstream: "https://192.145.236.239:8443/top-trendy-hair-accessories-2025/", host: "www.pouted.com"
2025/09/07 19:03:34 [error] 4144567#0: *5290 connect() failed (111: Connection refused) while connecting to upstream, client: 43.153.216.109, server: pouted.com, request: "GET /top-10-best-countries-visit-europe-2014/ HTTP/2.0", upstream: "https://192.145.236.239:8443/top-10-best-countries-visit-europe-2014/", host: "www.pouted.com"
2025/09/07 19:03:35 [error] 4144567#0: *5292 connect() failed (111: Connection refused) while connecting to upstream, client: 43.157.31.113, server: pouted.com, request: "GET /open-source-home-automation-projects-we-love/ HTTP/2.0", upstream: "https://192.145.236.239:8443/open-source-home-automation-projects-we-love/", host: "www.pouted.com"
2025/09/07 19:03:36 [error] 4144567#0: *5294 connect() failed (111: Connection refused) while connecting to upstream, client: 182.42.110.255, server: intensed.com, request: "GET / HTTP/2.0", upstream: "https://192.249.127.250:8443/", host: "www.intensed.com", referrer: "http://www.intensed.com"
2025/09/07 19:03:36 [error] 4144567#0: *5296 connect() failed (111: Connection refused) while connecting to upstream, client: 43.157.13.11, server: pouted.com, request: "GET /magazine/tools-services/ HTTP/2.0", upstream: "https://192.145.236.239:8443/magazine/tools-services/", host: "www.pouted.com"
2025/09/07 19:03:37 [error] 4144567#0: *5298 connect() failed (111: Connection refused) while connecting to upstream, client: 2802:8010:10c:9b00:b4b3:de6c:3891:46d, server: pouted.com, request: "GET /magazine/design/ HTTP/2.0", upstream: "https://192.145.236.239:8443/magazine/design/", host: "www.pouted.com"
2025/09/07 19:03:38 [error] 4144567#0: *5301 connect() failed (111: Connection refused) while connecting to upstream, client: 2800:bf0:830f:fc9:dcc4:1dbb:ad30:2a01, server: pouted.com, request: "GET /continued-rise-of-survival-holidays/ HTTP/2.0", upstream: "https://192.145.236.239:8443/continued-rise-of-survival-holidays/", host: "www.pouted.com"
2025/09/07 19:03:38 [error] 4144567#0: *5300 connect() failed (111: Connection refused) while connecting to upstream, client: 43.163.125.189, server: pouted.com, request: "GET /magazine/lifestyle/garden/ HTTP/2.0", upstream: "https://192.145.236.239:8443/magazine/lifestyle/garden/", host: "www.pouted.com"
2025/09/07 19:03:39 [error] 4144567#0: *5063 connect() failed (111: Connection refused) while connecting to upstream, client: 192.178.6.99, server: ayaclass.com, request: "GET /products/25460421/ HTTP/1.1", upstream: "http://192.145.236.239:8080/products/25460421/", host: "www.ayaclass.com"
2025/09/07 19:03:39 [error] 4144567#0: *5305 connect() failed (111: Connection refused) while connecting to upstream, client: 2804:18e0:df32:8349:6966:f321:d720:4eb, server: pouted.com, request: "GET /ebay-searches-tools/ HTTP/2.0", upstream: "https://192.145.236.239:8443/ebay-searches-tools/", host: "www.pouted.com"
2025/09/07 19:03:39 [error] 4144567#0: *5240 connect() failed (111: Connection refused) while connecting to upstream, client: 43.134.70.21, server: pouted.com, request: "GET /magazine/arts/ HTTP/2.0", upstream: "https://192.145.236.239:8443/magazine/arts/", host: "www.pouted.com"
2025/09/07 19:03:39 [error] 4144567#0: *5309 connect() failed (111: Connection refused) while connecting to upstream, client: 20.194.157.177, server: pouted.com, request: "GET /15-tips-for-how-to-design-your-retail-store/ HTTP/2.0", upstream: "https://192.145.236.239:8443/15-tips-for-how-to-design-your-retail-store/", host: "www.pouted.com"
2025/09/07 19:03:40 [error] 4144567#0: *5312 connect() failed (111: Connection refused) while connecting to upstream, client: 43.130.70.164, server: pouted.com, request: "GET /magazine/interior-designs/kitchen/ HTTP/2.0", upstream: "https://192.145.236.239:8443/magazine/interior-designs/kitchen/", host: "www.pouted.com"
2025/09/07 19:03:40 [error] 4144567#0: *5314 connect() failed (111: Connection refused) while connecting to upstream, client: 20.194.157.178, server: pouted.com, request: "GET /15-tips-for-how-to-design-your-retail-store/ HTTP/2.0", upstream: "https://192.145.236.239:8443/15-tips-for-how-to-design-your-retail-store/", host: "www.pouted.com"
2025/09/07 19:03:41 [error] 4144567#0: *5316 connect() failed (111: Connection refused) while connecting to upstream, client: 20.194.157.186, server: pouted.com, request: "GET /15-tips-for-how-to-design-your-retail-store/ HTTP/2.0", upstream: "https://192.145.236.239:8443/15-tips-for-how-to-design-your-retail-store/", host: "www.pouted.com"
2025/09/07 19:03:41 [error] 4144567#0: *5317 connect() failed (111: Connection refused) while connecting to upstream, client: 190.165.41.163, server: pouted.com, request: "GET /magazine/fashion-designs/beauty/ HTTP/2.0", upstream: "https://192.145.236.239:8443/magazine/fashion-designs/beauty/", host: "www.pouted.com"
2025/09/07 19:03:41 [error] 4144567#0: *5320 connect() failed (111: Connection refused) while connecting to upstream, client: 35.194.67.72, server: pouted.com, request: "GET /magazine/more-categories/feed HTTP/2.0", upstream: "https://192.145.236.239:8443/magazine/more-categories/feed", host: "www.pouted.com"
2025/09/07 19:03:41 [error] 4144567#0: *5324 connect() failed (111: Connection refused) while connecting to upstream, client: 2a03:2880:22ff:74::, server: classing.ru, request: "GET /robots.txt HTTP/2.0", upstream: "https://192.249.127.245:8443/robots.txt", host: "www.classing.ru"
2025/09/07 19:03:41 [error] 4144567#0: *5321 connect() failed (111: Connection refused) while connecting to upstream, client: 20.194.157.190, server: pouted.com, request: "GET /15-tips-for-how-to-design-your-retail-store/ HTTP/2.0", upstream: "https://192.145.236.239:8443/15-tips-for-how-to-design-your-retail-store/", host: "www.pouted.com"
2025/09/07 19:03:42 [error] 4144567#0: *5327 connect() failed (111: Connection refused) while connecting to upstream, client: 2a03:2880:f800:9::, server: classing.ru, request: "GET /wp-json/wp/v2/product_tag/40 HTTP/2.0", upstream: "https://192.249.127.245:8443/wp-json/wp/v2/product_tag/40", host: "www.classing.ru"
2025/09/07 19:03:44 [error] 4144567#0: *5063 connect() failed (111: Connection refused) while connecting to upstream, client: 192.178.6.99, server: ayaclass.com, request: "GET /products/3279321/ HTTP/1.1", upstream: "http://192.145.236.239:8080/products/3279321/", host: "www.ayaclass.com"
2025/09/07 19:03:48 [error] 4144567#0: *5331 connect() failed (111: Connection refused) while connecting to upstream, client: 37.59.21.100, server: pouted.com, request: "GET /80-elegant-work-outfit-ideas-2017/feed/ HTTP/2.0", upstream: "https://192.145.236.239:8443/80-elegant-work-outfit-ideas-2017/feed/", host: "www.pouted.com"
2025/09/07 19:03:49 [error] 4144567#0: *5063 connect() failed (111: Connection refused) while connecting to upstream, client: 192.178.6.99, server: ayaclass.com, request: "GET /products/19287398/ HTTP/1.1", upstream: "http://192.145.236.239:8080/products/19287398/", host: "www.ayaclass.com"
2025/09/07 19:03:49 [error] 4144567#0: *5249 connect() failed (111: Connection refused) while connecting to upstream, client: 197.35.130.246, server: pouted.com, request: "POST /wp-admin/admin-ajax.php HTTP/2.0", upstream: "https://192.145.236.239:8443/wp-admin/admin-ajax.php", host: "www.pouted.com", referrer: "https://www.pouted.com/wp-admin/post.php?post=161718&action=edit&classic-editor"
2025/09/07 19:03:50 [error] 4144567#0: *5336 connect() failed (111: Connection refused) while connecting to upstream, client: 20.105.137.134, server: pouted.com, request: "GET / HTTP/2.0", upstream: "https://192.145.236.239:8443/", host: "pouted.com"
2025/09/07 19:03:51 [error] 4144567#0: *5063 connect() failed (111: Connection refused) while connecting to upstream, client: 192.178.6.99, server: ayaclass.com, request: "GET /products/14459032/ HTTP/1.1", upstream: "http://192.145.236.239:8080/products/14459032/", host: "www.ayaclass.com"
2025/09/07 19:03:53 [error] 4144567#0: *5063 connect() failed (111: Connection refused) while connecting to upstream, client: 192.178.6.99, server: ayaclass.com, request: "GET /products/29594521/ HTTP/1.1", upstream: "http://192.145.236.239:8080/products/29594521/", host: "www.ayaclass.com"
2025/09/07 19:03:55 [error] 4144567#0: *5063 connect() failed (111: Connection refused) while connecting to upstream, client: 192.178.6.99, server: ayaclass.com, request: "GET /products/27246065/ HTTP/1.1", upstream: "http://192.145.236.239:8080/products/27246065/", host: "www.ayaclass.com"
2025/09/07 19:04:00 [error] 4144567#0: *5063 connect() failed (111: Connection refused) while connecting to upstream, client: 192.178.6.99, server: ayaclass.com, request: "GET /products/27648709/ HTTP/1.1", upstream: "http://192.145.236.239:8080/products/27648709/", host: "www.ayaclass.com"
2025/09/07 19:04:04 [error] 4144567#0: *5348 connect() failed (111: Connection refused) while connecting to upstream, client: 142.250.32.9, server: intensed.com, request: "HEAD /feed/ HTTP/2.0", upstream: "https://192.249.127.250:8443/feed/", host: "www.intensed.com"
2025/09/07 19:04:04 [error] 4144567#0: *5348 connect() failed (111: Connection refused) while connecting to upstream, client: 142.250.32.9, server: intensed.com, request: "GET /feed/ HTTP/2.0", upstream: "https://192.249.127.250:8443/feed/", host: "www.intensed.com"
2025/09/07 19:04:06 [error] 4144567#0: *5351 connect() failed (111: Connection refused) while connecting to upstream, client: 185.191.171.19, server: ayaclass.com, request: "GET /?a=71928915 HTTP/1.1", upstream: "http://192.145.236.239:8080/?a=71928915", host: "www.ayaclass.com"
2025/09/07 19:04:07 [error] 4144567#0: *5063 connect() failed (111: Connection refused) while connecting to upstream, client: 192.178.6.99, server: ayaclass.com, request: "GET /products/9437910/ HTTP/1.1", upstream: "http://192.145.236.239:8080/products/9437910/", host: "www.ayaclass.com"
2025/09/07 19:04:12 [error] 4144567#0: *5063 connect() failed (111: Connection refused) while connecting to upstream, client: 192.178.6.99, server: ayaclass.com, request: "GET /products/25417754/ HTTP/1.1", upstream: "http://192.145.236.239:8080/products/25417754/", host: "www.ayaclass.com"
2025/09/07 19:04:13 [error] 4144567#0: *5249 connect() failed (111: Connection refused) while connecting to upstream, client: 197.35.130.246, server: pouted.com, request: "POST /wp-admin/admin-ajax.php HTTP/2.0", upstream: "https://192.145.236.239:8443/wp-admin/admin-ajax.php", host: "www.pouted.com", referrer: "https://www.pouted.com/wp-admin/post.php?post=161682&action=edit&classic-editor"
2025/09/07 19:04:13 [error] 4144567#0: *5357 connect() failed (111: Connection refused) while connecting to upstream, client: 52.167.144.176, server: classing.ru, request: "GET /pcmypage?callback=product/review/68873775 HTTP/2.0", upstream: "https://192.249.127.245:8443/pcmypage?callback=product/review/68873775", host: "www.classing.ru"
2025/09/07 19:04:15 [error] 4144567#0: *5359 connect() failed (111: Connection refused) while connecting to upstream, client: 195.128.162.80, server: pouted.com, request: "GET /old-fashion-trends-revived-in-2025/ HTTP/2.0", upstream: "https://192.145.236.239:8443/old-fashion-trends-revived-in-2025/", host: "www.pouted.com"
2025/09/07 19:04:17 [error] 4144567#0: *5361 connect() failed (111: Connection refused) while connecting to upstream, client: 52.159.249.105, server: intensed.com, request: "GET / HTTP/2.0", upstream: "https://192.249.127.250:8443/", host: "intensed.com"
2025/09/07 19:04:17 [error] 4144567#0: *5063 connect() failed (111: Connection refused) while connecting to upstream, client: 192.178.6.99, server: ayaclass.com, request: "GET /products/13042432/ HTTP/1.1", upstream: "http://192.145.236.239:8080/products/13042432/", host: "www.ayaclass.com"
2025/09/07 19:04:17 [error] 4144567#0: *5361 connect() failed (111: Connection refused) while connecting to upstream, client: 52.159.249.106, server: intensed.com, request: "GET / HTTP/2.0", upstream: "https://192.249.127.250:8443/", host: "intensed.com"
2025/09/07 19:04:18 [error] 4144567#0: *5365 connect() failed (111: Connection refused) while connecting to upstream, client: 52.159.249.97, server: intensed.com, request: "GET / HTTP/2.0", upstream: "https://192.249.127.250:8443/", host: "intensed.com"
2025/09/07 19:04:19 [error] 4144567#0: *5369 connect() failed (111: Connection refused) while connecting to upstream, client: 52.8.2.58, server: pouted.com, request: "GET /feed/ HTTP/2.0", upstream: "https://192.145.236.239:8443/feed/", host: "www.pouted.com"
2025/09/07 19:04:22 [error] 4144567#0: *5063 connect() failed (111: Connection refused) while connecting to upstream, client: 192.178.6.99, server: ayaclass.com, request: "GET /products/10560121/ HTTP/1.1", upstream: "http://192.145.236.239:8080/products/10560121/", host: "www.ayaclass.com"
2025/09/07 19:04:26 [error] 4144567#0: *5374 open() "/home/pouted/public_html/wp-content/uploads/2013/01/modern-blue-biege-bathroom-trend-20132.jpg" failed (2: No such file or directory), client: 38.80.152.78, server: pouted.com, request: "GET /wp-content/uploads/2013/01/modern-blue-biege-bathroom-trend-20132.jpg HTTP/2.0", host: "www.pouted.com"
2025/09/07 19:04:26 [error] 4144567#0: *5375 connect() failed (111: Connection refused) while connecting to upstream, client: 43.166.135.48, server: pouted.com, request: "GET /most-beautiful-waterfalls-in-world/ HTTP/2.0", upstream: "https://192.145.236.239:8443/most-beautiful-waterfalls-in-world/", host: "www.pouted.com"
2025/09/07 19:04:29 [error] 4144567#0: *5379 connect() failed (111: Connection refused) while connecting to upstream, client: 127.0.0.1, server: 127.0.0.1, request: "GET /whm-server-status HTTP/1.0", upstream: "http://127.0.0.1:8080/whm-server-status", host: "localhost"
2025/09/07 19:04:31 [error] 4144567#0: *5381 connect() failed (111: Connection refused) while connecting to upstream, client: 62.201.241.89, server: pouted.com, request: "GET /best-mothers-day-gifts-2025/ HTTP/2.0", upstream: "https://192.145.236.239:8443/best-mothers-day-gifts-2025/", host: "www.pouted.com"
2025/09/07 19:04:32 [error] 4144567#0: *5063 connect() failed (111: Connection refused) while connecting to upstream, client: 192.178.6.99, server: ayaclass.com, request: "GET /products/22511798/ HTTP/1.1", upstream: "http://192.145.236.239:8080/products/22511798/", host: "www.ayaclass.com"
2025/09/07 19:04:33 [error] 4144567#0: *5384 connect() failed (111: Connection refused) while connecting to upstream, client: 43.163.111.118, server: pouted.com, request: "GET /contact-us/ HTTP/2.0", upstream: "https://192.145.236.239:8443/contact-us/", host: "www.pouted.com"
2025/09/07 19:04:33 [error] 4144567#0: *5386 connect() failed (111: Connection refused) while connecting to upstream, client: 2a03:2880:3ff:7::, server: pouted.com, request: "GET /top-10-smart-bathrooms/ HTTP/2.0", upstream: "https://192.145.236.239:8443/top-10-smart-bathrooms/", host: "www.pouted.com"
2025/09/07 19:04:34 [error] 4144567#0: *5388 connect() failed (111: Connection refused) while connecting to upstream, client: 43.154.119.28, server: pouted.com, request: "GET /magazine/lifestyle/gift-ideas/ HTTP/2.0", upstream: "https://192.145.236.239:8443/magazine/lifestyle/gift-ideas/", host: "www.pouted.com"
2025/09/07 19:04:34 [error] 4144567#0: *5390 open() "/home/pouted/public_html/wp-content/uploads/2013/08/avoiding-foreclosure.jpg" failed (2: No such file or directory), client: 38.80.152.78, server: pouted.com, request: "GET /wp-content/uploads/2013/08/avoiding-foreclosure.jpg HTTP/2.0", host: "www.pouted.com"
2025/09/07 19:04:36 [error] 4144567#0: *5391 connect() failed (111: Connection refused) while connecting to upstream, client: 43.157.16.187, server: pouted.com, request: "GET /how-to-optimize-your-trades/ HTTP/2.0", upstream: "https://192.145.236.239:8443/how-to-optimize-your-trades/", host: "www.pouted.com"
2025/09/07 19:04:36 [error] 4144567#0: *5359 connect() failed (111: Connection refused) while connecting to upstream, client: 43.131.1.26, server: pouted.com, request: "GET /submit-guest-post/ HTTP/2.0", upstream: "https://192.145.236.239:8443/submit-guest-post/", host: "www.pouted.com"
2025/09/07 19:04:36 [error] 4144567#0: *5393 connect() failed (111: Connection refused) while connecting to upstream, client: 167.253.17.249, server: pouted.com, request: "GET /index.php/pricelist/adminhtml_pricelist/index HTTP/2.0", upstream: "https://192.145.236.239:8443/index.php/pricelist/adminhtml_pricelist/index", host: "pouted.com"
2025/09/07 19:04:36 [error] 4144567#0: *5394 connect() failed (111: Connection refused) while connecting to upstream, client: 212.34.22.43, server: pouted.com, request: "GET /privacy-policy/ HTTP/2.0", upstream: "https://192.145.236.239:8443/privacy-policy/", host: "www.pouted.com"
2025/09/07 19:04:36 [error] 4144567#0: *5393 connect() failed (111: Connection refused) while connecting to upstream, client: 167.253.17.249, server: pouted.com, request: "GET /index.php/pricelist/adminhtml_pricelist/index HTTP/2.0", upstream: "https://192.145.236.239:8443/index.php/pricelist/adminhtml_pricelist/index", host: "pouted.com", referrer: "http://pouted.com/index.php/pricelist/adminhtml_pricelist/index"
2025/09/07 19:04:37 [error] 4144567#0: *5063 connect() failed (111: Connection refused) while connecting to upstream, client: 192.178.6.99, server: ayaclass.com, request: "GET /products/12759154/ HTTP/1.1", upstream: "http://192.145.236.239:8080/products/12759154/", host: "www.ayaclass.com"
2025/09/07 19:04:39 [error] 4144567#0: *5375 connect() failed (111: Connection refused) while connecting to upstream, client: 43.130.99.31, server: pouted.com, request: "GET /elon-musks-tesla-optimus-robots-2025/ HTTP/2.0", upstream: "https://192.145.236.239:8443/elon-musks-tesla-optimus-robots-2025/", host: "www.pouted.com"
2025/09/07 19:04:39 [error] 4144567#0: *5401 connect() failed (111: Connection refused) while connecting to upstream, client: 177.52.82.57, server: pouted.com, request: "GET /magazine/medical/ HTTP/2.0", upstream: "https://192.145.236.239:8443/magazine/medical/", host: "www.pouted.com"
2025/09/07 19:04:40 [error] 4144567#0: *5405 connect() failed (111: Connection refused) while connecting to upstream, client: 125.164.19.241, server: pouted.com, request: "GET /discover-digit-360/ HTTP/2.0", upstream: "https://192.145.236.239:8443/discover-digit-360/", host: "www.pouted.com"
2025/09/07 19:04:42 [error] 4144567#0: *5388 connect() failed (111: Connection refused) while connecting to upstream, client: 47.238.13.2, server: pouted.com, request: "GET /maximizing-wedding-budget-get-more-for-your-money/ HTTP/2.0", upstream: "https://192.145.236.239:8443/maximizing-wedding-budget-get-more-for-your-money/", host: "www.pouted.com"
2025/09/07 19:04:42 [error] 4144567#0: *5063 connect() failed (111: Connection refused) while connecting to upstream, client: 192.178.6.99, server: ayaclass.com, request: "GET /products/9164232/ HTTP/1.1", upstream: "http://192.145.236.239:8080/products/9164232/", host: "www.ayaclass.com"
2025/09/07 19:04:47 [error] 4144567#0: *5414 connect() failed (111: Connection refused) while connecting to upstream, client: 80.92.205.128, server: pouted.com, request: "GET /admin_bx HTTP/2.0", upstream: "https://192.145.236.239:8443/admin_bx", host: "pouted.com"
2025/09/07 19:04:47 [error] 4144567#0: *5063 connect() failed (111: Connection refused) while connecting to upstream, client: 192.178.6.99, server: ayaclass.com, request: "GET /products/13719821/ HTTP/1.1", upstream: "http://192.145.236.239:8080/products/13719821/", host: "www.ayaclass.com"
2025/09/07 19:04:47 [error] 4144567#0: *5417 connect() failed (111: Connection refused) while connecting to upstream, client: 66.249.79.131, server: pouted.com, request: "GET /best-disney-toenail-design-ideas/1000 HTTP/2.0", upstream: "https://192.145.236.239:8443/best-disney-toenail-design-ideas/1000", host: "www.pouted.com"
2025/09/07 19:04:48 [error] 4144567#0: *5419 connect() failed (111: Connection refused) while connecting to upstream, client: 80.92.205.128, server: pouted.com, request: "GET /admin_bx HTTP/2.0", upstream: "https://192.145.236.239:8443/admin_bx", host: "pouted.com"
2025/09/07 19:04:49 [error] 4144567#0: *5422 connect() failed (111: Connection refused) while connecting to upstream, client: 80.92.205.128, server: pouted.com, request: "GET /admin_bx HTTP/2.0", upstream: "https://192.145.236.239:8443/admin_bx", host: "pouted.com"
2025/09/07 19:04:52 [error] 4144567#0: *5063 connect() failed (111: Connection refused) while connecting to upstream, client: 192.178.6.99, server: ayaclass.com, request: "GET /products/19373209/ HTTP/1.1", upstream: "http://192.145.236.239:8080/products/19373209/", host: "www.ayaclass.com"
2025/09/07 19:04:53 [error] 4144567#0: *5427 open() "/home/pouted/public_html/wp-content/uploads/2013/08/MindSecretsExposed2-Box.jpg" failed (2: No such file or directory), client: 68.69.181.148, server: pouted.com, request: "GET /wp-content/uploads/2013/08/MindSecretsExposed2-Box.jpg HTTP/2.0", host: "www.pouted.com"
2025/09/07 19:04:56 [error] 4144567#0: *5429 open() "/home/pouted/public_html/wp-content/uploads/2013/05/man-running.jpg" failed (2: No such file or directory), client: 212.128.226.146, server: pouted.com, request: "GET /wp-content/uploads/2013/05/man-running.jpg?x45357 HTTP/2.0", host: "www.pouted.com"
2025/09/07 19:04:57 [error] 4144567#0: *5063 connect() failed (111: Connection refused) while connecting to upstream, client: 192.178.6.99, server: ayaclass.com, request: "GET /products/19112454/ HTTP/1.1", upstream: "http://192.145.236.239:8080/products/19112454/", host: "www.ayaclass.com"
2025/09/07 19:04:57 [error] 4144567#0: *5432 connect() failed (111: Connection refused) while connecting to upstream, client: 125.228.216.16, server: pouted.com, request: "GET /taking-perfect-selfies-expert-selfie-tips/ HTTP/2.0", upstream: "https://192.145.236.239:8443/taking-perfect-selfies-expert-selfie-tips/", host: "www.pouted.com", referrer: "https://www.pouted.com/"
2025/09/07 19:05:01 [error] 4144567#0: *5434 connect() failed (111: Connection refused) while connecting to upstream, client: 125.94.172.168, server: pouted.com, request: "GET /enjoy-nature-without-getting-dirty/ HTTP/2.0", upstream: "https://192.145.236.239:8443/enjoy-nature-without-getting-dirty/", host: "www.pouted.com"
2025/09/07 19:05:04 [error] 4144567#0: *5439 connect() failed (111: Connection refused) while connecting to upstream, client: 185.191.171.16, server: pouted.com, request: "GET /legal-reasons-men-carry-traditional-pocket-knife/ HTTP/2.0", upstream: "https://192.145.236.239:8443/legal-reasons-men-carry-traditional-pocket-knife/", host: "www.pouted.com"
2025/09/07 19:05:05 [error] 4144567#0: *5441 connect() failed (111: Connection refused) while connecting to upstream, client: 2600:6c51:7e7e:fff6:8137:c003:d2fe:ecd3, server: pouted.com, request: "GET /best-coffee-brands/ HTTP/2.0", upstream: "https://192.145.236.239:8443/best-coffee-brands/", host: "www.pouted.com", referrer: "https://www.youtube.com/"
2025/09/07 19:05:06 [error] 4144567#0: *5063 connect() failed (111: Connection refused) while connecting to upstream, client: 192.178.6.99, server: ayaclass.com, request: "GET /products/27692509/ HTTP/1.1", upstream: "http://192.145.236.239:8080/products/27692509/", host: "www.ayaclass.com"
2025/09/07 19:05:07 [error] 4144567#0: *5444 connect() failed (111: Connection refused) while connecting to upstream, client: 197.35.130.246, server: pouted.com, request: "POST /wp-admin/admin-ajax.php HTTP/2.0", upstream: "https://192.145.236.239:8443/wp-admin/admin-ajax.php", host: "www.pouted.com", referrer: "https://www.pouted.com/wp-admin/post.php?post=161646&action=edit&classic-editor"
2025/09/07 19:05:07 [error] 4144567#0: *5446 connect() failed (111: Connection refused) while connecting to upstream, client: 185.191.171.15, server: ayaclass.com, request: "GET /?a=95605815 HTTP/1.1", upstream: "http://192.145.236.239:8080/?a=95605815", host: "www.ayaclass.com"
2025/09/07 19:05:08 [error] 4144567#0: *5449 open() "/home/pouted/public_html/wp-content/uploads/2014/07/band-diamond-engagement-rings-blue-diamond-wedding-rings-women.jpg" failed (2: No such file or directory), client: 221.111.209.2, server: pouted.com, request: "GET /wp-content/uploads/2014/07/band-diamond-engagement-rings-blue-diamond-wedding-rings-women.jpg?x45357 HTTP/2.0", host: "www.pouted.com"
2025/09/07 19:05:08 [error] 4144567#0: *5448 connect() failed (111: Connection refused) while connecting to upstream, client: 47.238.13.8, server: pouted.com, request: "GET /top-10-countries-best-quality-life-world-2014/amp HTTP/2.0", upstream: "https://192.145.236.239:8443/top-10-countries-best-quality-life-world-2014/amp", host: "www.pouted.com"
2025/09/07 19:05:08 [error] 4144567#0: *5451 connect() failed (111: Connection refused) while connecting to upstream, client: 192.178.6.101, server: ayaclass.com, request: "GET /products/29558109/ HTTP/1.1", upstream: "http://192.145.236.239:8080/products/29558109/", host: "www.ayaclass.com"
2025/09/07 19:05:10 [error] 4144567#0: *5454 connect() failed (111: Connection refused) while connecting to upstream, client: 192.178.6.100, server: ayaclass.com, request: "GET /products/16555132/ HTTP/1.1", upstream: "http://192.145.236.239:8080/products/16555132/", host: "www.ayaclass.com"
2025/09/07 19:05:11 [error] 4144567#0: *5456 connect() failed (111: Connection refused) while connecting to upstream, client: 95.217.144.234, server: pouted.com, request: "GET /magazine/lifestyle/products/page/5/ HTTP/2.0", upstream: "https://192.145.236.239:8443/magazine/lifestyle/products/page/5/", host: "www.pouted.com"
2025/09/07 19:05:12 [error] 4144567#0: *5063 connect() failed (111: Connection refused) while connecting to upstream, client: 192.178.6.99, server: ayaclass.com, request: "GET /products/23013109/ HTTP/1.1", upstream: "http://192.145.236.239:8080/products/23013109/", host: "www.ayaclass.com"
2025/09/07 19:05:14 [error] 4144567#0: *5460 connect() failed (111: Connection refused) while connecting to upstream, client: 52.167.144.20, server: pouted.com, request: "GET /how-to-draw-house-plans-on-computer/ HTTP/2.0", upstream: "https://192.145.236.239:8443/how-to-draw-house-plans-on-computer/", host: "www.pouted.com"
2025/09/07 19:05:16 [error] 4144567#0: *5463 open() "/home/pouted/public_html/wp-content/uploads/2013/02/15-off-per-150-order-New-arrivall-12pcs-lot-Skull-Metal-Bangle-Bracelet-Jewellery-Skull.jpg" failed (2: No such file or directory), client: 68.69.181.148, server: pouted.com, request: "GET /wp-content/uploads/2013/02/15-off-per-150-order-New-arrivall-12pcs-lot-Skull-Metal-Bangle-Bracelet-Jewellery-Skull.jpg?x71148 HTTP/2.0", host: "www.pouted.com"
2025/09/07 19:05:17 [error] 4144567#0: *5063 connect() failed (111: Connection refused) while connecting to upstream, client: 192.178.6.99, server: ayaclass.com, request: "GET /products/16600010/ HTTP/1.1", upstream: "http://192.145.236.239:8080/products/16600010/", host: "www.ayaclass.com"
2025/09/07 19:05:18 [error] 4144567#0: *5466 open() "/home/pouted/public_html/wp-content/uploads/2013/02/jewelry222.jpg" failed (2: No such file or directory), client: 192.0.118.178, server: pouted.com, request: "GET /wp-content/uploads/2013/02/jewelry222.jpg HTTP/2.0", host: "www.pouted.com"
2025/09/07 19:05:18 [error] 4144567#0: *5467 connect() failed (111: Connection refused) while connecting to upstream, client: 2.189.5.118, server: pouted.com, request: "GET / HTTP/2.0", upstream: "https://192.145.236.239:8443/", host: "www.pouted.com"
2025/09/07 19:05:19 [error] 4144567#0: *5469 connect() failed (111: Connection refused) while connecting to upstream, client: 165.227.140.18, server: pouted.com, request: "POST /xmlrpc.php HTTP/2.0", upstream: "https://192.145.236.239:8443/xmlrpc.php", host: "www.pouted.com", referrer: "https://www.pouted.com"
2025/09/07 19:05:19 [error] 4144567#0: *5444 connect() failed (111: Connection refused) while connecting to upstream, client: 197.35.130.246, server: pouted.com, request: "POST /wp-admin/admin-ajax.php HTTP/2.0", upstream: "https://192.145.236.239:8443/wp-admin/admin-ajax.php", host: "www.pouted.com", referrer: "https://www.pouted.com/wp-admin/post.php?post=161704&action=edit&classic-editor"
2025/09/07 19:05:20 [error] 4144567#0: *5472 connect() failed (111: Connection refused) while connecting to upstream, client: 51.68.111.208, server: intensed.com, request: "GET /robots.txt HTTP/2.0", upstream: "https://192.249.127.250:8443/robots.txt", host: "www.intensed.com"
2025/09/07 19:05:21 [error] 4144567#0: *5474 connect() failed (111: Connection refused) while connecting to upstream, client: 51.68.111.208, server: intensed.com, request: "GET / HTTP/2.0", upstream: "https://192.249.127.250:8443/", host: "www.intensed.com"
2025/09/07 19:05:22 [error] 4144567#0: *5063 connect() failed (111: Connection refused) while connecting to upstream, client: 192.178.6.99, server: ayaclass.com, request: "GET /products/16668232/ HTTP/1.1", upstream: "http://192.145.236.239:8080/products/16668232/", host: "www.ayaclass.com"
2025/09/07 19:05:24 [error] 4144567#0: *5063 connect() failed (111: Connection refused) while connecting to upstream, client: 192.178.6.99, server: ayaclass.com, request: "GET /products/7348510/ HTTP/1.1", upstream: "http://192.145.236.239:8080/products/7348510/", host: "www.ayaclass.com"
2025/09/07 19:05:29 [error] 4144567#0: *5479 connect() failed (111: Connection refused) while connecting to upstream, client: 40.77.167.71, server: pouted.com, request: "GET /?s=769625A001 HTTP/2.0", upstream: "https://192.145.236.239:8443/?s=769625A001", host: "www.pouted.com"
2025/09/07 19:05:29 [error] 4144567#0: *5479 connect() failed (111: Connection refused) while connecting to upstream, client: 40.77.167.71, server: pouted.com, request: "GET /tag/designs-for-metal-beds/ HTTP/2.0", upstream: "https://192.145.236.239:8443/tag/designs-for-metal-beds/", host: "www.pouted.com"
2025/09/07 19:05:29 [error] 4144567#0: *5063 connect() failed (111: Connection refused) while connecting to upstream, client: 192.178.6.99, server: ayaclass.com, request: "GET /products/19285798/ HTTP/1.1", upstream: "http://192.145.236.239:8080/products/19285798/", host: "www.ayaclass.com"
2025/09/07 19:05:30 [error] 4144567#0: *5444 connect() failed (111: Connection refused) while connecting to upstream, client: 197.35.130.246, server: pouted.com, request: "POST /wp-admin/admin-ajax.php HTTP/2.0", upstream: "https://192.145.236.239:8443/wp-admin/admin-ajax.php", host: "www.pouted.com", referrer: "https://www.pouted.com/wp-admin/post.php?post=161655&action=edit&classic-editor"
2025/09/07 19:05:34 [error] 4144567#0: *5488 connect() failed (111: Connection refused) while connecting to upstream, client: 2a03:2880:25ff:44::, server: pouted.com, request: "GET /most-expensive-crown-jewels-in-world/ HTTP/2.0", upstream: "https://192.145.236.239:8443/most-expensive-crown-jewels-in-world/", host: "www.pouted.com"
2025/09/07 19:05:34 [error] 4144567#0: *5063 connect() failed (111: Connection refused) while connecting to upstream, client: 192.178.6.99, server: ayaclass.com, request: "GET /products/13765110/ HTTP/1.1", upstream: "http://192.145.236.239:8080/products/13765110/", host: "www.ayaclass.com"
2025/09/07 19:05:37 [error] 4144567#0: *5494 connect() failed (111: Connection refused) while connecting to upstream, client: 131.153.240.10, server: pouted.com, request: "GET / HTTP/2.0", upstream: "https://192.145.236.239:8443/", host: "pouted.com"
2025/09/07 19:05:38 [error] 4144567#0: *5496 connect() failed (111: Connection refused) while connecting to upstream, client: 103.186.30.230, server: pouted.com, request: "POST /wp-login.php HTTP/2.0", upstream: "https://192.145.236.239:8443/wp-login.php", host: "www.pouted.com"
2025/09/07 19:05:38 [error] 4144567#0: *5498 connect() failed (111: Connection refused) while connecting to upstream, client: 127.0.0.1, server: 127.0.0.1, request: "GET /whm-server-status HTTP/1.0", upstream: "http://127.0.0.1:8080/whm-server-status", host: "localhost"
2025/09/07 19:05:39 [error] 4144567#0: *5063 connect() failed (111: Connection refused) while connecting to upstream, client: 192.178.6.99, server: ayaclass.com, request: "GET /products/16562076/ HTTP/1.1", upstream: "http://192.145.236.239:8080/products/16562076/", host: "www.ayaclass.com"
2025/09/07 19:05:44 [error] 4144567#0: *5063 connect() failed (111: Connection refused) while connecting to upstream, client: 192.178.6.99, server: ayaclass.com, request: "GET /products/16430143/ HTTP/1.1", upstream: "http://192.145.236.239:8080/products/16430143/", host: "www.ayaclass.com"
2025/09/07 19:05:45 [error] 4144567#0: *5507 connect() failed (111: Connection refused) while connecting to upstream, client: 66.249.66.8, server: mrmyst.com, request: "GET /vub/gazi HTTP/2.0", upstream: "https://192.145.236.239:8443/vub/gazi", host: "mrmyst.com"
2025/09/07 19:05:49 [error] 4144567#0: *5063 connect() failed (111: Connection refused) while connecting to upstream, client: 192.178.6.99, server: ayaclass.com, request: "GET /products/13128332/ HTTP/1.1", upstream: "http://192.145.236.239:8080/products/13128332/", host: "www.ayaclass.com"
2025/09/07 19:05:50 [error] 4144567#0: *5444 connect() failed (111: Connection refused) while connecting to upstream, client: 197.35.130.246, server: pouted.com, request: "POST /wp-admin/admin-ajax.php HTTP/2.0", upstream: "https://192.145.236.239:8443/wp-admin/admin-ajax.php", host: "www.pouted.com", referrer: "https://www.pouted.com/wp-admin/post.php?post=161718&action=edit&classic-editor"
2025/09/07 19:05:50 [error] 4144567#0: *5514 connect() failed (111: Connection refused) while connecting to upstream, client: 66.249.79.131, server: pouted.com, request: "GET /top-60-creative-pumpkin-carving-ideas-happy-halloween/ HTTP/2.0", upstream: "https://192.145.236.239:8443/top-60-creative-pumpkin-carving-ideas-happy-halloween/", host: "www.pouted.com"
2025/09/07 19:05:52 [error] 4144567#0: *5516 connect() failed (111: Connection refused) while connecting to upstream, client: 125.253.121.223, server: mrmyst.com, request: "GET /xmlrpc.php HTTP/2.0", upstream: "https://192.145.236.239:8443/xmlrpc.php", host: "mrmyst.com", referrer: "http://mrmyst.com"
2025/09/07 19:05:54 [error] 4144567#0: *5518 connect() failed (111: Connection refused) while connecting to upstream, client: 52.167.144.20, server: pouted.com, request: "GET /adorable-makeup-looks-for-kids/ HTTP/2.0", upstream: "https://192.145.236.239:8443/adorable-makeup-looks-for-kids/", host: "www.pouted.com"
2025/09/07 19:05:55 [error] 4144567#0: *5520 connect() failed (111: Connection refused) while connecting to upstream, client: 4.196.118.127, server: pouted.com, request: "GET /best-selling-affordable-womens-shoe-brands/ HTTP/2.0", upstream: "https://192.145.236.239:8443/best-selling-affordable-womens-shoe-brands/", host: "www.pouted.com"
2025/09/07 19:05:56 [error] 4144567#0: *5524 connect() failed (111: Connection refused) while connecting to upstream, client: 4.196.118.122, server: pouted.com, request: "GET /best-selling-affordable-womens-shoe-brands/ HTTP/2.0", upstream: "https://192.145.236.239:8443/best-selling-affordable-womens-shoe-brands/", host: "www.pouted.com"
2025/09/07 19:05:57 [error] 4144567#0: *5524 connect() failed (111: Connection refused) while connecting to upstream, client: 4.196.118.127, server: pouted.com, request: "GET /best-selling-affordable-womens-shoe-brands/ HTTP/2.0", upstream: "https://192.145.236.239:8443/best-selling-affordable-womens-shoe-brands/", host: "www.pouted.com"
2025/09/07 19:05:58 [error] 4144567#0: *5530 open() "/home/pouted/public_html/wp-content/uploads/2013/06/Zenvo-ST1-..jpg" failed (2: No such file or directory), client: 68.69.181.148, server: pouted.com, request: "GET /wp-content/uploads/2013/06/Zenvo-ST1-..jpg?x45357 HTTP/2.0", host: "www.pouted.com"
2025/09/07 19:05:58 [error] 4144567#0: *5531 connect() failed (111: Connection refused) while connecting to upstream, client: 40.78.27.148, server: pouted.com, request: "GET /how-to-design-clothes/ HTTP/2.0", upstream: "https://192.145.236.239:8443/how-to-design-clothes/", host: "www.pouted.com"
2025/09/07 19:05:59 [error] 4144567#0: *5534 open() "/home/pouted/public_html/wp-content/uploads/2016/12/dolce-gabbana-baby-girls-metallic-gold-leather-shoes-138704-4bb1426068adf73e18aae51220a25b99116f678f-675x675.jpg" failed (2: No such file or directory), client: 120.92.209.39, server: pouted.com, request: "GET /wp-content/uploads/2016/12/dolce-gabbana-baby-girls-metallic-gold-leather-shoes-138704-4bb1426068adf73e18aae51220a25b99116f678f-675x675.jpg?x71148 HTTP/2.0", host: "www.pouted.com"
2025/09/07 19:05:59 [error] 4144567#0: *5063 connect() failed (111: Connection refused) while connecting to upstream, client: 192.178.6.99, server: ayaclass.com, request: "GET /products/17748510/ HTTP/1.1", upstream: "http://192.145.236.239:8080/products/17748510/", host: "www.ayaclass.com"
2025/09/07 19:05:59 [error] 4144567#0: *5533 connect() failed (111: Connection refused) while connecting to upstream, client: 4.196.118.112, server: pouted.com, request: "GET /best-selling-affordable-womens-shoe-brands/ HTTP/2.0", upstream: "https://192.145.236.239:8443/best-selling-affordable-womens-shoe-brands/", host: "www.pouted.com"
2025/09/07 19:06:01 [error] 4144567#0: *5537 connect() failed (111: Connection refused) while connecting to upstream, client: 135.237.131.218, server: pouted.com, request: "GET / HTTP/2.0", upstream: "https://192.145.236.239:8443/", host: "pouted.com"
2025/09/07 19:06:01 [error] 4144567#0: *5540 connect() failed (111: Connection refused) while connecting to upstream, client: 135.237.131.217, server: pouted.com, request: "GET / HTTP/2.0", upstream: "https://192.145.236.239:8443/", host: "pouted.com"
2025/09/07 19:06:02 [error] 4144567#0: *5542 connect() failed (111: Connection refused) while connecting to upstream, client: 135.237.131.215, server: pouted.com, request: "GET / HTTP/2.0", upstream: "https://192.145.236.239:8443/", host: "pouted.com"
2025/09/07 19:06:03 [error] 4144567#0: *5544 connect() failed (111: Connection refused) while connecting to upstream, client: 135.237.131.220, server: pouted.com, request: "GET / HTTP/2.0", upstream: "https://192.145.236.239:8443/", host: "pouted.com"
2025/09/07 19:06:04 [error] 4144567#0: *5063 connect() failed (111: Connection refused) while connecting to upstream, client: 192.178.6.99, server: ayaclass.com, request: "GET /products/16308665/ HTTP/1.1", upstream: "http://192.145.236.239:8080/products/16308665/", host: "www.ayaclass.com"
2025/09/07 19:06:05 [error] 4144567#0: *5548 connect() failed (111: Connection refused) while connecting to upstream, client: 52.230.163.33, server: pouted.com, request: "GET / HTTP/2.0", upstream: "https://192.145.236.239:8443/", host: "pouted.com"
2025/09/07 19:06:05 [error] 4144567#0: *5550 connect() failed (111: Connection refused) while connecting to upstream, client: 52.230.163.47, server: pouted.com, request: "GET / HTTP/2.0", upstream: "https://192.145.236.239:8443/", host: "pouted.com"
2025/09/07 19:06:06 [error] 4144567#0: *5552 connect() failed (111: Connection refused) while connecting to upstream, client: 52.230.163.40, server: pouted.com, request: "GET / HTTP/2.0", upstream: "https://192.145.236.239:8443/", host: "pouted.com"
2025/09/07 19:06:09 [error] 4144567#0: *5063 connect() failed (111: Connection refused) while connecting to upstream, client: 192.178.6.99, server: ayaclass.com, request: "GET /products/14430076/ HTTP/1.1", upstream: "http://192.145.236.239:8080/products/14430076/", host: "www.ayaclass.com"
2025/09/07 19:06:09 [error] 4144567#0: *5557 connect() failed (111: Connection refused) while connecting to upstream, client: 85.208.96.198, server: ayaclass.com, request: "GET /?a=69315515 HTTP/1.1", upstream: "http://192.145.236.239:8080/?a=69315515", host: "www.ayaclass.com"
2025/09/07 19:06:10 [error] 4144567#0: *5559 connect() failed (111: Connection refused) while connecting to upstream, client: 40.77.167.132, server: pouted.com, request: "GET /magazine/arts/page/4/ HTTP/2.0", upstream: "https://192.145.236.239:8443/magazine/arts/page/4/", host: "www.pouted.com"
2025/09/07 19:06:13 [error] 4144567#0: *5563 connect() failed (111: Connection refused) while connecting to upstream, client: 96.38.149.185, server: pouted.com, request: "GET /hairstyles-for-women-over-60-to-look-younger/ HTTP/2.0", upstream: "https://192.145.236.239:8443/hairstyles-for-women-over-60-to-look-younger/", host: "www.pouted.com", referrer: "android-app://com.pinterest/"
2025/09/07 19:06:14 [error] 4144567#0: *5063 connect() failed (111: Connection refused) while connecting to upstream, client: 192.178.6.99, server: ayaclass.com, request: "GET /products/26013287/ HTTP/1.1", upstream: "http://192.145.236.239:8080/products/26013287/", host: "www.ayaclass.com"
2025/09/07 19:06:14 [error] 4144567#0: *5444 connect() failed (111: Connection refused) while connecting to upstream, client: 197.35.130.246, server: pouted.com, request: "POST /wp-admin/admin-ajax.php HTTP/2.0", upstream: "https://192.145.236.239:8443/wp-admin/admin-ajax.php", host: "www.pouted.com", referrer: "https://www.pouted.com/wp-admin/post.php?post=161682&action=edit&classic-editor"
2025/09/07 19:06:14 [error] 4144567#0: *5566 connect() failed (111: Connection refused) while connecting to upstream, client: 54.236.1.11, server: pouted.com, request: "GET /hairstyles-for-women-over-60-to-look-younger/ HTTP/2.0", upstream: "https://192.145.236.239:8443/hairstyles-for-women-over-60-to-look-younger/", host: "www.pouted.com"
