2025/09/07 18:40:10 [error] 4144567#0: *2363 connect() failed (111: Connection refused) while connecting to upstream, client: 40.77.167.116, server: pouted.com, request: "GET /best-cheap-canadian-hosting/ HTTP/2.0", upstream: "https://192.145.236.239:8443/best-cheap-canadian-hosting/", host: "www.pouted.com"
2025/09/07 18:40:13 [error] 4144567#0: *16 connect() failed (111: Connection refused) while connecting to upstream, client: 192.178.6.99, server: ayaclass.com, request: "GET /products/27989543/ HTTP/1.1", upstream: "http://192.145.236.239:8080/products/27989543/", host: "www.ayaclass.com"
2025/09/07 18:40:15 [error] 4144567#0: *16 connect() failed (111: Connection refused) while connecting to upstream, client: 192.178.6.99, server: ayaclass.com, request: "GET /products/18542043/ HTTP/1.1", upstream: "http://192.145.236.239:8080/products/18542043/", host: "www.ayaclass.com"
2025/09/07 18:40:17 [error] 4144567#0: *2370 open() "/home/pouted/public_html/wp-content/uploads/2013/06/Bill-Gates-Worlds-Richest-Man.jpg" failed (2: No such file or directory), client: 221.111.209.2, server: pouted.com, request: "GET /wp-content/uploads/2013/06/Bill-Gates-Worlds-Richest-Man.jpg HTTP/2.0", host: "www.pouted.com"
2025/09/07 18:40:17 [error] 4144567#0: *2371 connect() failed (111: Connection refused) while connecting to upstream, client: 2a03:2880:3ff:70::, server: pouted.com, request: "GET /kids-fashion-trends-2025/ HTTP/2.0", upstream: "https://192.145.236.239:8443/kids-fashion-trends-2025/", host: "www.pouted.com"
2025/09/07 18:40:18 [error] 4144567#0: *2374 connect() failed (111: Connection refused) while connecting to upstream, client: 127.0.0.1, server: 127.0.0.1, request: "GET /whm-server-status HTTP/1.0", upstream: "http://127.0.0.1:8080/whm-server-status", host: "localhost"
2025/09/07 18:40:20 [error] 4144567#0: *16 connect() failed (111: Connection refused) while connecting to upstream, client: 192.178.6.99, server: ayaclass.com, request: "GET /products/21466376/ HTTP/1.1", upstream: "http://192.145.236.239:8080/products/21466376/", host: "www.ayaclass.com"
2025/09/07 18:40:26 [error] 4144567#0: *2377 connect() failed (111: Connection refused) while connecting to upstream, client: 3.91.225.48, server: pouted.com, request: "GET /work-outfit-ideas-for-plus-size-ladies/15/ HTTP/2.0", upstream: "https://192.145.236.239:8443/work-outfit-ideas-for-plus-size-ladies/15/", host: "www.pouted.com"
2025/09/07 18:40:29 [error] 4144567#0: *2379 connect() failed (111: Connection refused) while connecting to upstream, client: 3.90.63.67, server: pouted.com, request: "GET /work-outfit-ideas-for-plus-size-ladies/2/ HTTP/2.0", upstream: "https://192.145.236.239:8443/work-outfit-ideas-for-plus-size-ladies/2/", host: "www.pouted.com"
2025/09/07 18:40:29 [error] 4144567#0: *16 connect() failed (111: Connection refused) while connecting to upstream, client: 192.178.6.99, server: ayaclass.com, request: "GET /products/23019587/ HTTP/1.1", upstream: "http://192.145.236.239:8080/products/23019587/", host: "www.ayaclass.com"
2025/09/07 18:40:30 [error] 4144567#0: *2383 connect() failed (111: Connection refused) while connecting to upstream, client: 13.220.235.19, server: pouted.com, request: "GET /work-outfit-ideas-for-plus-size-ladies/8/ HTTP/2.0", upstream: "https://192.145.236.239:8443/work-outfit-ideas-for-plus-size-ladies/8/", host: "www.pouted.com"
2025/09/07 18:40:32 [error] 4144567#0: *2385 connect() failed (111: Connection refused) while connecting to upstream, client: 85.208.98.19, server: pouted.com, request: "GET /open-source-home-automation-projects-we-love/ HTTP/2.0", upstream: "https://192.145.236.239:8443/open-source-home-automation-projects-we-love/", host: "www.pouted.com"
2025/09/07 18:40:33 [error] 4144567#0: *2387 open() "/home/pouted/public_html/wp-content/uploads/2014/01/2014-ford-focus-rs-specs-19.jpg" failed (2: No such file or directory), client: 68.69.181.148, server: pouted.com, request: "GET /wp-content/uploads/2014/01/2014-ford-focus-rs-specs-19.jpg?x44527 HTTP/2.0", host: "www.pouted.com"
2025/09/07 18:40:34 [error] 4144567#0: *16 connect() failed (111: Connection refused) while connecting to upstream, client: 192.178.6.99, server: ayaclass.com, request: "GET /products/17396487/ HTTP/1.1", upstream: "http://192.145.236.239:8080/products/17396487/", host: "www.ayaclass.com"
2025/09/07 18:40:35 [error] 4144567#0: *2389 open() "/home/pouted/public_html/wp-content/uploads/2013/02/game.png" failed (2: No such file or directory), client: 2804:5468:a421:3c00:cc40:c65e:5006:e4a, server: pouted.com, request: "GET /wp-content/uploads/2013/02/game.png HTTP/2.0", host: "www.pouted.com"
2025/09/07 18:40:39 [error] 4144567#0: *2390 connect() failed (111: Connection refused) while connecting to upstream, client: 180.252.53.112, server: pouted.com, request: "GET /15-beautiful-gray-hairstyles-that-suit-all-women-over-50/ HTTP/2.0", upstream: "https://192.145.236.239:8443/15-beautiful-gray-hairstyles-that-suit-all-women-over-50/", host: "www.pouted.com", referrer: "https://www.google.com/"
2025/09/07 18:40:39 [error] 4144567#0: *16 connect() failed (111: Connection refused) while connecting to upstream, client: 192.178.6.99, server: ayaclass.com, request: "GET /products/16756632/ HTTP/1.1", upstream: "http://192.145.236.239:8080/products/16756632/", host: "www.ayaclass.com"
2025/09/07 18:40:41 [error] 4144567#0: *2394 open() "/home/pouted/public_html/wp-content/uploads/jewels/Black-Aztec-Bangle.jpg" failed (2: No such file or directory), client: 109.171.181.38, server: pouted.com, request: "GET /wp-content/uploads/jewels/Black-Aztec-Bangle.jpg HTTP/2.0", host: "www.pouted.com"
2025/09/07 18:40:44 [error] 4144567#0: *16 connect() failed (111: Connection refused) while connecting to upstream, client: 192.178.6.99, server: ayaclass.com, request: "GET /products/21549365/ HTTP/1.1", upstream: "http://192.145.236.239:8080/products/21549365/", host: "www.ayaclass.com"
2025/09/07 18:40:46 [error] 4144567#0: *16 connect() failed (111: Connection refused) while connecting to upstream, client: 192.178.6.99, server: ayaclass.com, request: "GET /products/11796187/ HTTP/1.1", upstream: "http://192.145.236.239:8080/products/11796187/", host: "www.ayaclass.com"
2025/09/07 18:40:46 [error] 4144567#0: *2401 connect() failed (111: Connection refused) while connecting to upstream, client: 140.235.3.246, server: pouted.com, request: "GET /index.php/groups/adminhtml_groups/index HTTP/2.0", upstream: "https://192.145.236.239:8443/index.php/groups/adminhtml_groups/index", host: "pouted.com"
2025/09/07 18:40:46 [error] 4144567#0: *2399 connect() failed (111: Connection refused) while connecting to upstream, client: 43.164.197.177, server: intensed.com, request: "GET /digital-marketing-agencies-for-dentists/ HTTP/2.0", upstream: "https://192.249.127.250:8443/digital-marketing-agencies-for-dentists/", host: "www.intensed.com"
2025/09/07 18:40:46 [error] 4144567#0: *2401 connect() failed (111: Connection refused) while connecting to upstream, client: 140.235.3.246, server: pouted.com, request: "GET /index.php/groups/adminhtml_groups/index HTTP/2.0", upstream: "https://192.145.236.239:8443/index.php/groups/adminhtml_groups/index", host: "pouted.com", referrer: "http://pouted.com/index.php/groups/adminhtml_groups/index"
2025/09/07 18:40:47 [error] 4144567#0: *2406 open() "/home/pouted/public_html/wp-content/uploads/2013/07/wpd-2125_attractive_a-line_sweetheart_beaded_and_sequined_short_chiffon_plus_size_wedding_dresses_under_200.jpg" failed (2: No such file or directory), client: 54.66.131.54, server: pouted.com, request: "GET /wp-content/uploads/2013/07/wpd-2125_attractive_a-line_sweetheart_beaded_and_sequined_short_chiffon_plus_size_wedding_dresses_under_200.jpg?x44527 HTTP/2.0", host: "www.pouted.com"
2025/09/07 18:40:49 [error] 4144567#0: *2410 connect() failed (111: Connection refused) while connecting to upstream, client: 125.228.216.16, server: pouted.com, request: "GET /taking-perfect-selfies-expert-selfie-tips/ HTTP/2.0", upstream: "https://192.145.236.239:8443/taking-perfect-selfies-expert-selfie-tips/", host: "www.pouted.com", referrer: "https://www.pouted.com/"
2025/09/07 18:40:50 [error] 4144567#0: *16 connect() failed (111: Connection refused) while connecting to upstream, client: 192.178.6.99, server: ayaclass.com, request: "GET /products/14805010/ HTTP/1.1", upstream: "http://192.145.236.239:8080/products/14805010/", host: "www.ayaclass.com"
2025/09/07 18:40:54 [error] 4144567#0: *2417 connect() failed (111: Connection refused) while connecting to upstream, client: 185.191.171.5, server: ayaclass.com, request: "GET /?a=60870615 HTTP/1.1", upstream: "http://192.145.236.239:8080/?a=60870615", host: "www.ayaclass.com"
2025/09/07 18:40:54 [error] 4144567#0: *2419 connect() failed (111: Connection refused) while connecting to upstream, client: 52.187.246.143, server: pouted.com, request: "GET /2025-tiktok-makeup-trends/ HTTP/2.0", upstream: "https://192.145.236.239:8443/2025-tiktok-makeup-trends/", host: "www.pouted.com"
2025/09/07 18:40:55 [error] 4144567#0: *2423 connect() failed (111: Connection refused) while connecting to upstream, client: 54.147.182.90, server: pouted.com, request: "GET /the-best-10-videos-and-30-images-for-sand-art/ HTTP/2.0", upstream: "https://192.145.236.239:8443/the-best-10-videos-and-30-images-for-sand-art/", host: "www.pouted.com"
2025/09/07 18:40:55 [error] 4144567#0: *2425 connect() failed (111: Connection refused) while connecting to upstream, client: 52.187.246.140, server: pouted.com, request: "GET /2025-tiktok-makeup-trends/ HTTP/2.0", upstream: "https://192.145.236.239:8443/2025-tiktok-makeup-trends/", host: "www.pouted.com"
2025/09/07 18:40:55 [error] 4144567#0: *16 connect() failed (111: Connection refused) while connecting to upstream, client: 192.178.6.99, server: ayaclass.com, request: "GET /products/23821809/ HTTP/1.1", upstream: "http://192.145.236.239:8080/products/23821809/", host: "www.ayaclass.com"
2025/09/07 18:40:55 [error] 4144567#0: *2426 connect() failed (111: Connection refused) while connecting to upstream, client: 197.35.130.246, server: pouted.com, request: "POST /wp-admin/admin-ajax.php HTTP/2.0", upstream: "https://192.145.236.239:8443/wp-admin/admin-ajax.php", host: "www.pouted.com", referrer: "https://www.pouted.com/wp-admin/post.php?post=161646&action=edit&classic-editor"
2025/09/07 18:40:55 [error] 4144567#0: *2425 connect() failed (111: Connection refused) while connecting to upstream, client: 52.187.246.137, server: pouted.com, request: "GET /2025-tiktok-makeup-trends/ HTTP/2.0", upstream: "https://192.145.236.239:8443/2025-tiktok-makeup-trends/", host: "www.pouted.com"
2025/09/07 18:40:56 [error] 4144567#0: *2432 connect() failed (111: Connection refused) while connecting to upstream, client: 52.187.246.138, server: pouted.com, request: "GET /2025-tiktok-makeup-trends/ HTTP/2.0", upstream: "https://192.145.236.239:8443/2025-tiktok-makeup-trends/", host: "www.pouted.com"
2025/09/07 18:40:58 [error] 4144567#0: *2434 connect() failed (111: Connection refused) while connecting to upstream, client: 64.233.173.167, server: pouted.com, request: "GET /.well-known/traffic-advice HTTP/2.0", upstream: "https://192.145.236.239:8443/.well-known/traffic-advice", host: "www.pouted.com"
2025/09/07 18:40:58 [error] 4144567#0: *2435 connect() failed (111: Connection refused) while connecting to upstream, client: 2001:4860:7:506::e3, server: pouted.com, request: "GET /15-beautiful-gray-hairstyles-that-suit-all-women-over-50/ HTTP/2.0", upstream: "https://192.145.236.239:8443/15-beautiful-gray-hairstyles-that-suit-all-women-over-50/", host: "www.pouted.com", referrer: "https://www.google.com/"
2025/09/07 18:41:00 [error] 4144567#0: *2438 connect() failed (111: Connection refused) while connecting to upstream, client: 192.178.6.100, server: ayaclass.com, request: "GET /products/20665365/ HTTP/1.1", upstream: "http://192.145.236.239:8080/products/20665365/", host: "www.ayaclass.com"
2025/09/07 18:41:01 [error] 4144567#0: *2440 open() "/home/pouted/public_html/wp-content/uploads/2013/06/Elephant-Bedding-Sets-for-Girls-Room-Ideas.jpg" failed (2: No such file or directory), client: 66.249.79.131, server: pouted.com, request: "GET /wp-content/uploads/2013/06/Elephant-Bedding-Sets-for-Girls-Room-Ideas.jpg HTTP/2.0", host: "www.pouted.com"
2025/09/07 18:41:03 [error] 4144567#0: *2442 connect() failed (111: Connection refused) while connecting to upstream, client: 82.165.66.230, server: pouted.com, request: "POST /xmlrpc.php HTTP/2.0", upstream: "https://192.145.236.239:8443/xmlrpc.php", host: "www.pouted.com", referrer: "https://www.pouted.com"
2025/09/07 18:41:03 [error] 4144567#0: *2444 connect() failed (111: Connection refused) while connecting to upstream, client: 52.167.144.21, server: pouted.com, request: "GET /top-10-most-unique-and-funny-wedding-cake-toppers-2015/ HTTP/2.0", upstream: "https://192.145.236.239:8443/top-10-most-unique-and-funny-wedding-cake-toppers-2015/", host: "www.pouted.com"
2025/09/07 18:41:05 [error] 4144567#0: *2446 connect() failed (111: Connection refused) while connecting to upstream, client: 40.77.167.123, server: classing.ru, request: "GET /pcmypage?callback=product/review/82621384 HTTP/2.0", upstream: "https://192.249.127.245:8443/pcmypage?callback=product/review/82621384", host: "www.classing.ru"
2025/09/07 18:41:07 [error] 4144567#0: *2426 connect() failed (111: Connection refused) while connecting to upstream, client: 197.35.130.246, server: pouted.com, request: "POST /wp-admin/admin-ajax.php HTTP/2.0", upstream: "https://192.145.236.239:8443/wp-admin/admin-ajax.php", host: "www.pouted.com", referrer: "https://www.pouted.com/wp-admin/post.php?post=161704&action=edit&classic-editor"
2025/09/07 18:41:08 [error] 4144567#0: *2451 open() "/home/pouted/public_html/wp-content/uploads/2017/07/Chocolate-mousse-675x451.jpg" failed (2: No such file or directory), client: 203.205.219.187, server: pouted.com, request: "GET /wp-content/uploads/2017/07/Chocolate-mousse-675x451.jpg?x71148 HTTP/2.0", host: "www.pouted.com"
2025/09/07 18:41:10 [error] 4144567#0: *16 connect() failed (111: Connection refused) while connecting to upstream, client: 192.178.6.99, server: ayaclass.com, request: "GET /products/19724909/ HTTP/1.1", upstream: "http://192.145.236.239:8080/products/19724909/", host: "www.ayaclass.com"
2025/09/07 18:41:11 [error] 4144567#0: *2453 connect() failed (111: Connection refused) while connecting to upstream, client: 74.7.35.48, server: pouted.com, request: "GET / HTTP/2.0", upstream: "https://192.145.236.239:8443/", host: "pouted.com"
2025/09/07 18:41:11 [error] 4144567#0: *2455 connect() failed (111: Connection refused) while connecting to upstream, client: 74.7.35.56, server: pouted.com, request: "GET / HTTP/2.0", upstream: "https://192.145.236.239:8443/", host: "pouted.com"
2025/09/07 18:41:12 [error] 4144567#0: *2455 connect() failed (111: Connection refused) while connecting to upstream, client: 74.7.35.54, server: pouted.com, request: "GET / HTTP/2.0", upstream: "https://192.145.236.239:8443/", host: "pouted.com"
2025/09/07 18:41:12 [error] 4144567#0: *2458 connect() failed (111: Connection refused) while connecting to upstream, client: 74.7.35.50, server: pouted.com, request: "GET / HTTP/2.0", upstream: "https://192.145.236.239:8443/", host: "pouted.com"
2025/09/07 18:41:12 [error] 4144567#0: *2461 connect() failed (111: Connection refused) while connecting to upstream, client: 2a03:2880:2ff:8::, server: pouted.com, request: "GET /2025-summer-outfits-for-women-trends/ HTTP/2.0", upstream: "https://192.145.236.239:8443/2025-summer-outfits-for-women-trends/", host: "www.pouted.com"
2025/09/07 18:41:14 [error] 4144567#0: *16 connect() failed (111: Connection refused) while connecting to upstream, client: 192.178.6.99, server: ayaclass.com, request: "GET /products/14815843/ HTTP/1.1", upstream: "http://192.145.236.239:8080/products/14815843/", host: "www.ayaclass.com"
2025/09/07 18:41:18 [error] 4144567#0: *2426 connect() failed (111: Connection refused) while connecting to upstream, client: 197.35.130.246, server: pouted.com, request: "POST /wp-admin/admin-ajax.php HTTP/2.0", upstream: "https://192.145.236.239:8443/wp-admin/admin-ajax.php", host: "www.pouted.com", referrer: "https://www.pouted.com/wp-admin/post.php?post=161655&action=edit&classic-editor"
2025/09/07 18:41:19 [error] 4144567#0: *2467 connect() failed (111: Connection refused) while connecting to upstream, client: 223.247.47.52, server: pouted.com, request: "GET /25-creative-and-unique-bathtubs-for-an-elegant-bathroom HTTP/2.0", upstream: "https://192.145.236.239:8443/25-creative-and-unique-bathtubs-for-an-elegant-bathroom", host: "www.pouted.com"
2025/09/07 18:41:19 [error] 4144567#0: *16 connect() failed (111: Connection refused) while connecting to upstream, client: 192.178.6.99, server: ayaclass.com, request: "GET /products/22979721/ HTTP/1.1", upstream: "http://192.145.236.239:8080/products/22979721/", host: "www.ayaclass.com"
2025/09/07 18:41:24 [error] 4144567#0: *16 connect() failed (111: Connection refused) while connecting to upstream, client: 192.178.6.99, server: ayaclass.com, request: "GET /products/17287832/ HTTP/1.1", upstream: "http://192.145.236.239:8080/products/17287832/", host: "www.ayaclass.com"
2025/09/07 18:41:27 [error] 4144567#0: *2476 open() "/home/pouted/public_html/wp-content/uploads/2017/07/Fudgy-Cocoa-Pomegranate-Brownies-675x1013.jpg" failed (2: No such file or directory), client: 68.69.181.148, server: pouted.com, request: "GET /wp-content/uploads/2017/07/Fudgy-Cocoa-Pomegranate-Brownies-675x1013.jpg?x45357 HTTP/2.0", host: "www.pouted.com"
2025/09/07 18:41:28 [error] 4144567#0: *2480 connect() failed (111: Connection refused) while connecting to upstream, client: 127.0.0.1, server: 127.0.0.1, request: "GET /whm-server-status HTTP/1.0", upstream: "http://127.0.0.1:8080/whm-server-status", host: "localhost"
2025/09/07 18:41:28 [error] 4144567#0: *2482 open() "/home/pouted/public_html/wp-content/uploads/2015/02/Happy-Valentine-Day-2015-1.jpg" failed (2: No such file or directory), client: 172.171.97.153, server: pouted.com, request: "GET /wp-content/uploads/2015/02/Happy-Valentine-Day-2015-1.jpg?x44527 HTTP/2.0", host: "www.pouted.com"
2025/09/07 18:41:29 [error] 4144567#0: *16 connect() failed (111: Connection refused) while connecting to upstream, client: 192.178.6.99, server: ayaclass.com, request: "GET /products/12511209/ HTTP/1.1", upstream: "http://192.145.236.239:8080/products/12511209/", host: "www.ayaclass.com"
2025/09/07 18:41:30 [error] 4144567#0: *2482 open() "/home/pouted/public_html/wp-content/uploads/2015/02/Happy-Valentine-Day-2015-1.jpg" failed (2: No such file or directory), client: 4.154.210.108, server: pouted.com, request: "GET /wp-content/uploads/2015/02/Happy-Valentine-Day-2015-1.jpg?x44527 HTTP/2.0", host: "www.pouted.com"
2025/09/07 18:41:31 [error] 4144567#0: *2484 connect() failed (111: Connection refused) while connecting to upstream, client: 208.76.10.14, server: pouted.com, request: "GET /splendid-wedding-outfits-for-guys-in-2017/ HTTP/2.0", upstream: "https://192.145.236.239:8443/splendid-wedding-outfits-for-guys-in-2017/", host: "pouted.com"
2025/09/07 18:41:32 [error] 4144567#0: *2486 connect() failed (111: Connection refused) while connecting to upstream, client: 20.52.16.104, server: mrmyst.com, request: "GET /xmlrpc.php HTTP/2.0", upstream: "https://192.145.236.239:8443/xmlrpc.php", host: "mrmyst.com", referrer: "http://mrmyst.com"
2025/09/07 18:41:33 [error] 4144567#0: *2488 connect() failed (111: Connection refused) while connecting to upstream, client: 80.92.205.128, server: pouted.com, request: "GET /admin_bu HTTP/2.0", upstream: "https://192.145.236.239:8443/admin_bu", host: "pouted.com"
2025/09/07 18:41:34 [error] 4144567#0: *2490 connect() failed (111: Connection refused) while connecting to upstream, client: 34.247.27.231, server: pouted.com, request: "GET /jvs-establish-successful-profitable-relationships-top-partners HTTP/2.0", upstream: "https://192.145.236.239:8443/jvs-establish-successful-profitable-relationships-top-partners", host: "www.pouted.com"
2025/09/07 18:41:34 [error] 4144567#0: *2484 connect() failed (111: Connection refused) while connecting to upstream, client: 80.92.205.128, server: pouted.com, request: "GET /admin_bu HTTP/2.0", upstream: "https://192.145.236.239:8443/admin_bu", host: "pouted.com"
2025/09/07 18:41:35 [error] 4144567#0: *2493 connect() failed (111: Connection refused) while connecting to upstream, client: 80.92.205.128, server: pouted.com, request: "GET /admin_bu HTTP/2.0", upstream: "https://192.145.236.239:8443/admin_bu", host: "pouted.com"
2025/09/07 18:41:38 [error] 4144567#0: *2426 connect() failed (111: Connection refused) while connecting to upstream, client: 197.35.130.246, server: pouted.com, request: "POST /wp-admin/admin-ajax.php HTTP/2.0", upstream: "https://192.145.236.239:8443/wp-admin/admin-ajax.php", host: "www.pouted.com", referrer: "https://www.pouted.com/wp-admin/post.php?post=161718&action=edit&classic-editor"
2025/09/07 18:41:39 [error] 4144567#0: *16 connect() failed (111: Connection refused) while connecting to upstream, client: 192.178.6.99, server: ayaclass.com, request: "GET /products/10732276/ HTTP/1.1", upstream: "http://192.145.236.239:8080/products/10732276/", host: "www.ayaclass.com"
2025/09/07 18:41:40 [error] 4144567#0: *2500 connect() failed (111: Connection refused) while connecting to upstream, client: 66.249.79.131, server: pouted.com, request: "GET /how-to-revamp-your-garden-in-a-whole-new-way/ HTTP/2.0", upstream: "https://192.145.236.239:8443/how-to-revamp-your-garden-in-a-whole-new-way/", host: "www.pouted.com"
2025/09/07 18:41:43 [error] 4144567#0: *2502 connect() failed (111: Connection refused) while connecting to upstream, client: 47.128.48.60, server: pouted.com, request: "GET /should-your-business-use-niche-software/amp/ HTTP/2.0", upstream: "https://192.145.236.239:8443/should-your-business-use-niche-software/amp/", host: "www.pouted.com"
2025/09/07 18:41:43 [error] 4144567#0: *16 connect() failed (111: Connection refused) while connecting to upstream, client: 192.178.6.99, server: ayaclass.com, request: "GET /products/12526132/ HTTP/1.1", upstream: "http://192.145.236.239:8080/products/12526132/", host: "www.ayaclass.com"
2025/09/07 18:41:44 [error] 4144567#0: *2507 connect() failed (111: Connection refused) while connecting to upstream, client: 66.249.79.131, server: pouted.com, request: "GET /become-acrylic-nail-technician/ HTTP/2.0", upstream: "https://192.145.236.239:8443/become-acrylic-nail-technician/", host: "www.pouted.com"
2025/09/07 18:41:44 [error] 4144567#0: *2506 connect() failed (111: Connection refused) while connecting to upstream, client: 2a03:2880:31ff:9::, server: pouted.com, request: "GET /innovative-ceiling-design-ideas-2025/ HTTP/2.0", upstream: "https://192.145.236.239:8443/innovative-ceiling-design-ideas-2025/", host: "www.pouted.com"
2025/09/07 18:41:46 [error] 4144567#0: *2510 connect() failed (111: Connection refused) while connecting to upstream, client: 66.249.79.131, server: pouted.com, request: "GET /tag/wallstreet-forex-robot/ HTTP/2.0", upstream: "https://192.145.236.239:8443/tag/wallstreet-forex-robot/", host: "www.pouted.com"
2025/09/07 18:41:48 [error] 4144567#0: *16 connect() failed (111: Connection refused) while connecting to upstream, client: 192.178.6.99, server: ayaclass.com, request: "GET /products/20601509/ HTTP/1.1", upstream: "http://192.145.236.239:8080/products/20601509/", host: "www.ayaclass.com"
2025/09/07 18:41:53 [error] 4144567#0: *16 connect() failed (111: Connection refused) while connecting to upstream, client: 192.178.6.99, server: ayaclass.com, request: "GET /products/13027943/ HTTP/1.1", upstream: "http://192.145.236.239:8080/products/13027943/", host: "www.ayaclass.com"
2025/09/07 18:41:54 [error] 4144567#0: *2516 connect() failed (111: Connection refused) while connecting to upstream, client: 185.191.171.15, server: ayaclass.com, request: "GET /?a=91844115 HTTP/1.1", upstream: "http://192.145.236.239:8080/?a=91844115", host: "www.ayaclass.com"
2025/09/07 18:41:58 [error] 4144567#0: *2519 open() "/home/pouted/public_html/wp-content/uploads/2013/02/game.jpg" failed (2: No such file or directory), client: 2804:18e4:b:7cf6:cc56:1dbf:da9b:26c1, server: pouted.com, request: "GET /wp-content/uploads/2013/02/game.jpg HTTP/2.0", host: "www.pouted.com"
2025/09/07 18:41:58 [error] 4144567#0: *2426 connect() failed (111: Connection refused) while connecting to upstream, client: 197.35.130.246, server: pouted.com, request: "POST /wp-admin/admin-ajax.php HTTP/2.0", upstream: "https://192.145.236.239:8443/wp-admin/admin-ajax.php", host: "www.pouted.com", referrer: "https://www.pouted.com/wp-admin/post.php?post=161682&action=edit&classic-editor"
2025/09/07 18:41:58 [error] 4144567#0: *16 connect() failed (111: Connection refused) while connecting to upstream, client: 192.178.6.99, server: ayaclass.com, request: "GET /products/15798798/ HTTP/1.1", upstream: "http://192.145.236.239:8080/products/15798798/", host: "www.ayaclass.com"
2025/09/07 18:42:01 [error] 4144567#0: *2523 connect() failed (111: Connection refused) while connecting to upstream, client: 35.194.67.72, server: pouted.com, request: "GET /magazine/technology/feed HTTP/2.0", upstream: "https://192.145.236.239:8443/magazine/technology/feed", host: "www.pouted.com"
2025/09/07 18:42:04 [error] 4144567#0: *2528 connect() failed (111: Connection refused) while connecting to upstream, client: 2600:1f18:360e:f602:a1f0:f57c:767a:f93, server: pouted.com, request: "GET /28-most-fascinating-mothers-day-gift-ideas/ HTTP/2.0", upstream: "https://192.145.236.239:8443/28-most-fascinating-mothers-day-gift-ideas/", host: "www.pouted.com"
2025/09/07 18:42:04 [error] 4144567#0: *2532 connect() failed (111: Connection refused) while connecting to upstream, client: 54.198.23.1, server: pouted.com, request: "GET /28-most-fascinating-mothers-day-gift-ideas/ HTTP/2.0", upstream: "https://192.145.236.239:8443/28-most-fascinating-mothers-day-gift-ideas/", host: "www.pouted.com"
2025/09/07 18:42:07 [error] 4144567#0: *16 connect() failed (111: Connection refused) while connecting to upstream, client: 192.178.6.99, server: ayaclass.com, request: "GET /products/9359187/ HTTP/1.1", upstream: "http://192.145.236.239:8080/products/9359187/", host: "www.ayaclass.com"
2025/09/07 18:42:09 [error] 4144567#0: *2538 connect() failed (111: Connection refused) while connecting to upstream, client: 192.178.6.100, server: ayaclass.com, request: "GET /products/24575343/ HTTP/1.1", upstream: "http://192.145.236.239:8080/products/24575343/", host: "www.ayaclass.com"
2025/09/07 18:42:12 [error] 4144567#0: *2541 open() "/home/pouted/public_html/wp-content/uploads/2019/04/Makeup-Brush-Cleaner-675x675.jpg" failed (2: No such file or directory), client: 40.77.167.32, server: pouted.com, request: "GET /wp-content/uploads/2019/04/Makeup-Brush-Cleaner-675x675.jpg?x43083 HTTP/2.0", host: "www.pouted.com"
2025/09/07 18:42:14 [error] 4144567#0: *16 connect() failed (111: Connection refused) while connecting to upstream, client: 192.178.6.99, server: ayaclass.com, request: "GET /products/12544632/ HTTP/1.1", upstream: "http://192.145.236.239:8080/products/12544632/", host: "www.ayaclass.com"
2025/09/07 18:42:15 [error] 4144567#0: *2545 open() "/home/pouted/public_html/wp-content/uploads/2015/03/70B57715-06CF-4C58-8500-A0D916C56D16.jpg" failed (2: No such file or directory), client: 192.0.116.180, server: pouted.com, request: "GET /wp-content/uploads/2015/03/70B57715-06CF-4C58-8500-A0D916C56D16.jpg HTTP/2.0", host: "www.pouted.com"
2025/09/07 18:42:16 [error] 4144567#0: *2528 connect() failed (111: Connection refused) while connecting to upstream, client: 185.191.171.7, server: pouted.com, request: "GET /tag/3d-chalk-art-drawings/ HTTP/2.0", upstream: "https://192.145.236.239:8443/tag/3d-chalk-art-drawings/", host: "www.pouted.com"
2025/09/07 18:42:19 [error] 4144567#0: *16 connect() failed (111: Connection refused) while connecting to upstream, client: 192.178.6.99, server: ayaclass.com, request: "GET /products/17899110/ HTTP/1.1", upstream: "http://192.145.236.239:8080/products/17899110/", host: "www.ayaclass.com"
2025/09/07 18:42:21 [error] 4144567#0: *16 connect() failed (111: Connection refused) while connecting to upstream, client: 192.178.6.99, server: ayaclass.com, request: "GET /products/10658765/ HTTP/1.1", upstream: "http://192.145.236.239:8080/products/10658765/", host: "www.ayaclass.com"
2025/09/07 18:42:23 [error] 4144567#0: *2552 open() "/home/pouted/public_html/wp-content/uploads/2017/07/Chocolate-covered-strawberries-675x450.jpg" failed (2: No such file or directory), client: 109.171.181.38, server: pouted.com, request: "GET /wp-content/uploads/2017/07/Chocolate-covered-strawberries-675x450.jpg HTTP/2.0", host: "www.pouted.com"
2025/09/07 18:42:23 [error] 4144567#0: *2553 connect() failed (111: Connection refused) while connecting to upstream, client: 182.91.211.174, server: pouted.com, request: "GET /inflammation-causing-foods/ HTTP/2.0", upstream: "https://192.145.236.239:8443/inflammation-causing-foods/", host: "www.pouted.com"
2025/09/07 18:42:24 [error] 4144567#0: *2555 connect() failed (111: Connection refused) while connecting to upstream, client: 107.167.122.24, server: pouted.com, request: "GET /magazine/interior-designs/ HTTP/2.0", upstream: "https://192.145.236.239:8443/magazine/interior-designs/", host: "www.pouted.com"
2025/09/07 18:42:24 [error] 4144567#0: *2557 connect() failed (111: Connection refused) while connecting to upstream, client: 142.250.32.10, server: pouted.com, request: "HEAD /feed/ HTTP/2.0", upstream: "https://192.145.236.239:8443/feed/", host: "www.pouted.com"
2025/09/07 18:42:25 [error] 4144567#0: *2560 connect() failed (111: Connection refused) while connecting to upstream, client: 122.8.186.79, server: pouted.com, request: "GET /magazine/interior-designs/ HTTP/2.0", upstream: "https://192.145.236.239:8443/magazine/interior-designs/", host: "www.pouted.com"
2025/09/07 18:42:25 [error] 4144567#0: *2562 connect() failed (111: Connection refused) while connecting to upstream, client: 142.250.32.1, server: pouted.com, request: "GET /feed/ HTTP/2.0", upstream: "https://192.145.236.239:8443/feed/", host: "www.pouted.com"
2025/09/07 18:42:26 [error] 4144567#0: *16 connect() failed (111: Connection refused) while connecting to upstream, client: 192.178.6.99, server: ayaclass.com, request: "GET /products/15754798/ HTTP/1.1", upstream: "http://192.145.236.239:8080/products/15754798/", host: "www.ayaclass.com"
2025/09/07 18:42:28 [error] 4144567#0: *16 connect() failed (111: Connection refused) while connecting to upstream, client: 192.178.6.99, server: ayaclass.com, request: "GET /products/9249309/ HTTP/1.1", upstream: "http://192.145.236.239:8080/products/9249309/", host: "www.ayaclass.com"
2025/09/07 18:42:28 [error] 4144567#0: *2567 connect() failed (111: Connection refused) while connecting to upstream, client: 52.255.111.122, server: pouted.com, request: "GET / HTTP/2.0", upstream: "https://192.145.236.239:8443/", host: "pouted.com"
2025/09/07 18:42:29 [error] 4144567#0: *2569 connect() failed (111: Connection refused) while connecting to upstream, client: 52.255.111.123, server: pouted.com, request: "GET / HTTP/2.0", upstream: "https://192.145.236.239:8443/", host: "pouted.com"
2025/09/07 18:42:30 [error] 4144567#0: *16 connect() failed (111: Connection refused) while connecting to upstream, client: 192.178.6.99, server: ayaclass.com, request: "GET /products/10823465/ HTTP/1.1", upstream: "http://192.145.236.239:8080/products/10823465/", host: "www.ayaclass.com"
2025/09/07 18:42:33 [error] 4144567#0: *2575 connect() failed (111: Connection refused) while connecting to upstream, client: 20.171.207.120, server: ayaclass.com, request: "GET /?dir=%2Fusr%2Fbin&dl=%2Fusr%2Fbin%2Ftdbbackup HTTP/1.1", upstream: "http://192.145.236.239:8080/?dir=%2Fusr%2Fbin&dl=%2Fusr%2Fbin%2Ftdbbackup", host: "www.ayaclass.com"
2025/09/07 18:42:35 [error] 4144567#0: *2577 open() "/home/pouted/public_html/wp-content/uploads/2013/01/3909877798-390x220.jpg" failed (2: No such file or directory), client: 119.8.242.39, server: pouted.com, request: "GET /wp-content/uploads/2013/01/3909877798-390x220.jpg?x43083 HTTP/2.0", host: "www.pouted.com"
2025/09/07 18:42:35 [error] 4144567#0: *2578 connect() failed (111: Connection refused) while connecting to upstream, client: 140.235.170.82, server: pouted.com, request: "GET /index.php/adsmanager/adminhtml_adsmanager/index HTTP/2.0", upstream: "https://192.145.236.239:8443/index.php/adsmanager/adminhtml_adsmanager/index", host: "pouted.com"
2025/09/07 18:42:35 [error] 4144567#0: *2579 connect() failed (111: Connection refused) while connecting to upstream, client: 40.77.167.116, server: pouted.com, request: "GET /tag/his-marriage/ HTTP/2.0", upstream: "https://192.145.236.239:8443/tag/his-marriage/", host: "www.pouted.com"
2025/09/07 18:42:36 [error] 4144567#0: *2578 connect() failed (111: Connection refused) while connecting to upstream, client: 140.235.170.82, server: pouted.com, request: "GET /index.php/adsmanager/adminhtml_adsmanager/index HTTP/2.0", upstream: "https://192.145.236.239:8443/index.php/adsmanager/adminhtml_adsmanager/index", host: "pouted.com", referrer: "http://pouted.com/index.php/adsmanager/adminhtml_adsmanager/index"
2025/09/07 18:42:36 [error] 4144567#0: *16 connect() failed (111: Connection refused) while connecting to upstream, client: 192.178.6.99, server: ayaclass.com, request: "GET /products/27223110/ HTTP/1.1", upstream: "http://192.145.236.239:8080/products/27223110/", host: "www.ayaclass.com"
2025/09/07 18:42:37 [error] 4144567#0: *2585 connect() failed (111: Connection refused) while connecting to upstream, client: 127.0.0.1, server: 127.0.0.1, request: "GET /whm-server-status HTTP/1.0", upstream: "http://127.0.0.1:8080/whm-server-status", host: "localhost"
2025/09/07 18:42:38 [error] 4144567#0: *2577 open() "/home/pouted/public_html/wp-content/uploads/2013/01/3909877798-390x220.jpg" failed (2: No such file or directory), client: 119.8.242.39, server: pouted.com, request: "GET /wp-content/uploads/2013/01/3909877798-390x220.jpg?x43083 HTTP/2.0", host: "www.pouted.com"
2025/09/07 18:42:38 [error] 4144567#0: *16 connect() failed (111: Connection refused) while connecting to upstream, client: 192.178.6.99, server: ayaclass.com, request: "GET /products/28797043/ HTTP/1.1", upstream: "http://192.145.236.239:8080/products/28797043/", host: "www.ayaclass.com"
2025/09/07 18:42:40 [error] 4144567#0: *16 connect() failed (111: Connection refused) while connecting to upstream, client: 192.178.6.99, server: ayaclass.com, request: "GET /products/2631165/ HTTP/1.1", upstream: "http://192.145.236.239:8080/products/2631165/", host: "www.ayaclass.com"
2025/09/07 18:42:41 [error] 4144567#0: *2579 connect() failed (111: Connection refused) while connecting to upstream, client: 40.77.167.116, server: pouted.com, request: "GET /?s=%E3%83%A2%E3%83%BC%E3%83%AB+%22%E7%89%B9%E3%81%AB%E3%81%8A%E7%9B%AE%E5%BD%93%E3%81%A6%E3%81%8C%E3%81%AA%E3%81%8F%E3%81%A8%E3%82%82%22 HTTP/2.0", upstream: "https://192.145.236.239:8443/?s=%E3%83%A2%E3%83%BC%E3%83%AB+%22%E7%89%B9%E3%81%AB%E3%81%8A%E7%9B%AE%E5%BD%93%E3%81%A6%E3%81%8C%E3%81%AA%E3%81%8F%E3%81%A8%E3%82%82%22", host: "www.pouted.com"
2025/09/07 18:42:42 [error] 4144567#0: *16 connect() failed (111: Connection refused) while connecting to upstream, client: 192.178.6.99, server: ayaclass.com, request: "GET /products/10679743/ HTTP/1.1", upstream: "http://192.145.236.239:8080/products/10679743/", host: "www.ayaclass.com"
2025/09/07 18:42:47 [error] 4144567#0: *16 connect() failed (111: Connection refused) while connecting to upstream, client: 192.178.6.99, server: ayaclass.com, request: "GET /products/16942110/ HTTP/1.1", upstream: "http://192.145.236.239:8080/products/16942110/", host: "www.ayaclass.com"
2025/09/07 18:42:49 [error] 4144567#0: *2594 connect() failed (111: Connection refused) while connecting to upstream, client: 4.196.198.95, server: pouted.com, request: "GET /top-2025-teen-fashion-trends/ HTTP/2.0", upstream: "https://192.145.236.239:8443/top-2025-teen-fashion-trends/", host: "www.pouted.com"
2025/09/07 18:42:49 [error] 4144567#0: *2596 open() "/home/pouted/public_html/wp-content/uploads/2013/02/valentines-day-greeting-cards-to-girlfriend-9.jpg" failed (2: No such file or directory), client: 40.77.167.44, server: pouted.com, request: "GET /wp-content/uploads/2013/02/valentines-day-greeting-cards-to-girlfriend-9.jpg HTTP/2.0", host: "www.pouted.com"
2025/09/07 18:42:49 [error] 4144567#0: *2594 connect() failed (111: Connection refused) while connecting to upstream, client: 4.196.198.83, server: pouted.com, request: "GET /top-2025-teen-fashion-trends/ HTTP/2.0", upstream: "https://192.145.236.239:8443/top-2025-teen-fashion-trends/", host: "www.pouted.com"
2025/09/07 18:42:50 [error] 4144567#0: *2599 connect() failed (111: Connection refused) while connecting to upstream, client: 4.196.198.90, server: pouted.com, request: "GET /top-2025-teen-fashion-trends/ HTTP/2.0", upstream: "https://192.145.236.239:8443/top-2025-teen-fashion-trends/", host: "www.pouted.com"
2025/09/07 18:42:50 [error] 4144567#0: *2594 connect() failed (111: Connection refused) while connecting to upstream, client: 4.196.198.86, server: pouted.com, request: "GET /top-2025-teen-fashion-trends/ HTTP/2.0", upstream: "https://192.145.236.239:8443/top-2025-teen-fashion-trends/", host: "www.pouted.com"
2025/09/07 18:42:51 [error] 4144567#0: *2602 connect() failed (111: Connection refused) while connecting to upstream, client: 113.95.140.91, server: pouted.com, request: "GET /tag/halloween-movies/ HTTP/2.0", upstream: "https://192.145.236.239:8443/tag/halloween-movies/", host: "www.pouted.com"
2025/09/07 18:42:52 [error] 4144567#0: *16 connect() failed (111: Connection refused) while connecting to upstream, client: 192.178.6.99, server: ayaclass.com, request: "GET /products/24840265/ HTTP/1.1", upstream: "http://192.145.236.239:8080/products/24840265/", host: "www.ayaclass.com"
2025/09/07 18:42:54 [error] 4144567#0: *2607 connect() failed (111: Connection refused) while connecting to upstream, client: 185.191.171.5, server: ayaclass.com, request: "GET /?a=73236815 HTTP/1.1", upstream: "http://192.145.236.239:8080/?a=73236815", host: "www.ayaclass.com"
2025/09/07 18:42:55 [error] 4144567#0: *2609 open() "/home/pouted/public_html/wp-content/uploads/2013/05/furniture-craft-plans-box-cd.jpg" failed (2: No such file or directory), client: 61.79.156.201, server: pouted.com, request: "GET /wp-content/uploads/2013/05/furniture-craft-plans-box-cd.jpg?x71148 HTTP/2.0", host: "www.pouted.com"
2025/09/07 18:42:56 [error] 4144567#0: *2610 connect() failed (111: Connection refused) while connecting to upstream, client: 197.35.130.246, server: pouted.com, request: "POST /wp-admin/admin-ajax.php HTTP/2.0", upstream: "https://192.145.236.239:8443/wp-admin/admin-ajax.php", host: "www.pouted.com", referrer: "https://www.pouted.com/wp-admin/post.php?post=161646&action=edit&classic-editor"
2025/09/07 18:42:57 [error] 4144567#0: *16 connect() failed (111: Connection refused) while connecting to upstream, client: 192.178.6.99, server: ayaclass.com, request: "GET /products/12687532/ HTTP/1.1", upstream: "http://192.145.236.239:8080/products/12687532/", host: "www.ayaclass.com"
2025/09/07 18:42:58 [error] 4144567#0: *2613 open() "/home/pouted/public_html/wp-content/uploads/2013/11/89074437-390x220.jpg" failed (2: No such file or directory), client: 58.124.145.191, server: pouted.com, request: "GET /wp-content/uploads/2013/11/89074437-390x220.jpg HTTP/2.0", host: "www.pouted.com"
2025/09/07 18:43:02 [error] 4144567#0: *2614 open() "/home/pouted/public_html/wp-content/uploads/jewels/zales-jewelry-store-online.jpg" failed (2: No such file or directory), client: 68.69.181.148, server: pouted.com, request: "GET /wp-content/uploads/jewels/zales-jewelry-store-online.jpg?x71148 HTTP/2.0", host: "www.pouted.com"
2025/09/07 18:43:02 [error] 4144567#0: *2615 connect() failed (111: Connection refused) while connecting to upstream, client: 199.203.99.116, server: pouted.com, request: "GET /feed/ HTTP/2.0", upstream: "https://192.145.236.239:8443/feed/", host: "www.pouted.com"
2025/09/07 18:43:03 [error] 4144567#0: *2617 connect() failed (111: Connection refused) while connecting to upstream, client: 199.203.99.116, server: pouted.com, request: "GET /feed/ HTTP/2.0", upstream: "https://192.145.236.239:8443/feed/", host: "www.pouted.com"
2025/09/07 18:43:06 [error] 4144567#0: *16 connect() failed (111: Connection refused) while connecting to upstream, client: 192.178.6.99, server: ayaclass.com, request: "GET /products/12931521/ HTTP/1.1", upstream: "http://192.145.236.239:8080/products/12931521/", host: "www.ayaclass.com"
2025/09/07 18:43:08 [error] 4144567#0: *2610 connect() failed (111: Connection refused) while connecting to upstream, client: 197.35.130.246, server: pouted.com, request: "POST /wp-admin/admin-ajax.php HTTP/2.0", upstream: "https://192.145.236.239:8443/wp-admin/admin-ajax.php", host: "www.pouted.com", referrer: "https://www.pouted.com/wp-admin/post.php?post=161704&action=edit&classic-editor"
2025/09/07 18:43:11 [error] 4144567#0: *2626 connect() failed (111: Connection refused) while connecting to upstream, client: 192.178.6.100, server: ayaclass.com, request: "GET /products/14336476/ HTTP/1.1", upstream: "http://192.145.236.239:8080/products/14336476/", host: "www.ayaclass.com"
2025/09/07 18:43:16 [error] 4144567#0: *16 connect() failed (111: Connection refused) while connecting to upstream, client: 192.178.6.99, server: ayaclass.com, request: "GET /products/14344976/ HTTP/1.1", upstream: "http://192.145.236.239:8080/products/14344976/", host: "www.ayaclass.com"
2025/09/07 18:43:19 [error] 4144567#0: *2610 connect() failed (111: Connection refused) while connecting to upstream, client: 197.35.130.246, server: pouted.com, request: "POST /wp-admin/admin-ajax.php HTTP/2.0", upstream: "https://192.145.236.239:8443/wp-admin/admin-ajax.php", host: "www.pouted.com", referrer: "https://www.pouted.com/wp-admin/post.php?post=161655&action=edit&classic-editor"
2025/09/07 18:43:19 [error] 4144567#0: *2602 connect() failed (111: Connection refused) while connecting to upstream, client: 164.92.218.89, server: pouted.com, request: "GET / HTTP/2.0", upstream: "https://192.145.236.239:8443/", host: "www.pouted.com"
2025/09/07 18:43:20 [error] 4144567#0: *2632 connect() failed (111: Connection refused) while connecting to upstream, client: 164.92.218.89, server: pouted.com, request: "GET / HTTP/2.0", upstream: "https://192.145.236.239:8443/", host: "www.pouted.com"
2025/09/07 18:43:20 [error] 4144567#0: *2633 connect() failed (111: Connection refused) while connecting to upstream, client: 23.239.169.2, server: pouted.com, request: "GET / HTTP/2.0", upstream: "https://192.145.236.239:8443/", host: "pouted.com"
2025/09/07 18:43:21 [error] 4144567#0: *16 connect() failed (111: Connection refused) while connecting to upstream, client: 192.178.6.99, server: ayaclass.com, request: "GET /products/14416598/ HTTP/1.1", upstream: "http://192.145.236.239:8080/products/14416598/", host: "www.ayaclass.com"
2025/09/07 18:43:25 [error] 4144567#0: *2641 connect() failed (111: Connection refused) while connecting to upstream, client: 40.77.167.123, server: classing.ru, request: "GET /pcmypage?callback=product%2Fdetail%2F00551900 HTTP/2.0", upstream: "https://192.249.127.245:8443/pcmypage?callback=product%2Fdetail%2F00551900", host: "www.classing.ru"
2025/09/07 18:43:26 [error] 4144567#0: *16 connect() failed (111: Connection refused) while connecting to upstream, client: 192.178.6.99, server: ayaclass.com, request: "GET /products/9151110/ HTTP/1.1", upstream: "http://192.145.236.239:8080/products/9151110/", host: "www.ayaclass.com"
2025/09/07 18:43:27 [error] 4144567#0: *2644 connect() failed (111: Connection refused) while connecting to upstream, client: 144.229.140.16, server: pouted.com, request: "GET /most-beautiful-islands-on-earth/ HTTP/2.0", upstream: "https://192.145.236.239:8443/most-beautiful-islands-on-earth/", host: "www.pouted.com"
2025/09/07 18:43:27 [error] 4144567#0: *2646 connect() failed (111: Connection refused) while connecting to upstream, client: 204.111.114.52, server: pouted.com, request: "GET /most-beautiful-islands-on-earth/ HTTP/2.0", upstream: "https://192.145.236.239:8443/most-beautiful-islands-on-earth/", host: "www.pouted.com", referrer: "https://www.pouted.com/"
2025/09/07 18:43:27 [error] 4144567#0: *2648 connect() failed (111: Connection refused) while connecting to upstream, client: 174.71.28.8, server: pouted.com, request: "GET /most-beautiful-islands-on-earth/ HTTP/2.0", upstream: "https://192.145.236.239:8443/most-beautiful-islands-on-earth/", host: "www.pouted.com", referrer: "https://www.pouted.com/"
2025/09/07 18:43:27 [error] 4144567#0: *2649 connect() failed (111: Connection refused) while connecting to upstream, client: 192.63.220.225, server: pouted.com, request: "GET /most-beautiful-islands-on-earth/ HTTP/2.0", upstream: "https://192.145.236.239:8443/most-beautiful-islands-on-earth/", host: "www.pouted.com", referrer: "https://www.pouted.com/"
2025/09/07 18:43:28 [error] 4144567#0: *16 connect() failed (111: Connection refused) while connecting to upstream, client: 192.178.6.99, server: ayaclass.com, request: "GET /products/15534865/ HTTP/1.1", upstream: "http://192.145.236.239:8080/products/15534865/", host: "www.ayaclass.com"
2025/09/07 18:43:28 [error] 4144567#0: *2653 connect() failed (111: Connection refused) while connecting to upstream, client: 128.121.103.182, server: pouted.com, request: "GET /most-beautiful-islands-on-earth/ HTTP/2.0", upstream: "https://192.145.236.239:8443/most-beautiful-islands-on-earth/", host: "www.pouted.com", referrer: "https://www.google.com/"
2025/09/07 18:43:30 [error] 4144567#0: *2648 connect() failed (111: Connection refused) while connecting to upstream, client: 3.87.43.57, server: pouted.com, request: "GET /business-ideas-for-kids/ HTTP/2.0", upstream: "https://192.145.236.239:8443/business-ideas-for-kids/", host: "www.pouted.com", referrer: "https://www.google.com/"
2025/09/07 18:43:31 [error] 4144567#0: *2658 connect() failed (111: Connection refused) while connecting to upstream, client: 82.97.199.177, server: pouted.com, request: "GET /most-beautiful-islands-on-earth/ HTTP/2.0", upstream: "https://192.145.236.239:8443/most-beautiful-islands-on-earth/", host: "www.pouted.com"
2025/09/07 18:43:32 [error] 4144567#0: *2660 connect() failed (111: Connection refused) while connecting to upstream, client: 2001:41d0:302:1100::18a5, server: pouted.com, request: "POST /xmlrpc.php HTTP/2.0", upstream: "https://192.145.236.239:8443/xmlrpc.php", host: "www.pouted.com", referrer: "https://www.pouted.com"
2025/09/07 18:43:32 [error] 4144567#0: *2664 connect() failed (111: Connection refused) while connecting to upstream, client: 208.207.165.156, server: pouted.com, request: "GET /most-beautiful-islands-on-earth/ HTTP/2.0", upstream: "https://192.145.236.239:8443/most-beautiful-islands-on-earth/", host: "www.pouted.com"
2025/09/07 18:43:32 [error] 4144567#0: *2665 connect() failed (111: Connection refused) while connecting to upstream, client: 136.227.181.157, server: pouted.com, request: "GET /most-beautiful-islands-on-earth/ HTTP/2.0", upstream: "https://192.145.236.239:8443/most-beautiful-islands-on-earth/", host: "www.pouted.com"
2025/09/07 18:43:33 [error] 4144567#0: *16 connect() failed (111: Connection refused) while connecting to upstream, client: 192.178.6.99, server: ayaclass.com, request: "GET /products/11192254/ HTTP/1.1", upstream: "http://192.145.236.239:8080/products/11192254/", host: "www.ayaclass.com"
2025/09/07 18:43:35 [error] 4144567#0: *2669 connect() failed (111: Connection refused) while connecting to upstream, client: 82.97.199.150, server: pouted.com, request: "GET /most-beautiful-islands-on-earth/ HTTP/2.0", upstream: "https://192.145.236.239:8443/most-beautiful-islands-on-earth/", host: "www.pouted.com"
2025/09/07 18:43:36 [error] 4144567#0: *2671 connect() failed (111: Connection refused) while connecting to upstream, client: 166.88.50.234, server: pouted.com, request: "GET /most-beautiful-islands-on-earth/ HTTP/2.0", upstream: "https://192.145.236.239:8443/most-beautiful-islands-on-earth/", host: "www.pouted.com", referrer: "https://www.pouted.com/"
2025/09/07 18:43:36 [error] 4144567#0: *2672 connect() failed (111: Connection refused) while connecting to upstream, client: 208.207.235.146, server: pouted.com, request: "GET /most-beautiful-islands-on-earth/ HTTP/2.0", upstream: "https://192.145.236.239:8443/most-beautiful-islands-on-earth/", host: "www.pouted.com", referrer: "https://www.pouted.com/"
2025/09/07 18:43:37 [error] 4144567#0: *2644 connect() failed (111: Connection refused) while connecting to upstream, client: 154.37.102.18, server: pouted.com, request: "GET /most-beautiful-islands-on-earth/ HTTP/2.0", upstream: "https://192.145.236.239:8443/most-beautiful-islands-on-earth/", host: "www.pouted.com", referrer: "https://www.pouted.com/"
2025/09/07 18:43:37 [error] 4144567#0: *2646 connect() failed (111: Connection refused) while connecting to upstream, client: 208.196.99.80, server: pouted.com, request: "GET /most-beautiful-islands-on-earth/ HTTP/2.0", upstream: "https://192.145.236.239:8443/most-beautiful-islands-on-earth/", host: "www.pouted.com", referrer: "https://www.pouted.com/"
