2025/09/07 18:33:01 [error] 4144567#0: *16 connect() failed (111: Connection refused) while connecting to upstream, client: 192.178.6.101, server: ayaclass.com, request: "GET /products/22565754/ HTTP/1.1", upstream: "http://192.145.236.239:8080/products/22565754/", host: "www.ayaclass.com"
2025/09/07 18:33:01 [error] 4144567#0: *1726 connect() failed (111: Connection refused) while connecting to upstream, client: 197.35.130.246, server: pouted.com, request: "GET /wp-admin/ HTTP/2.0", upstream: "https://192.145.236.239:8443/wp-admin/", host: "www.pouted.com"
2025/09/07 18:33:03 [error] 4144567#0: *1726 connect() failed (111: Connection refused) while connecting to upstream, client: 197.35.130.246, server: pouted.com, request: "POST /wp-admin/admin-ajax.php HTTP/2.0", upstream: "https://192.145.236.239:8443/wp-admin/admin-ajax.php", host: "www.pouted.com", referrer: "https://www.pouted.com/wp-admin/post.php?post=161704&action=edit&classic-editor"
2025/09/07 18:33:10 [error] 4144567#0: *16 connect() failed (111: Connection refused) while connecting to upstream, client: 192.178.6.99, server: ayaclass.com, request: "GET /products/19108232/ HTTP/1.1", upstream: "http://192.145.236.239:8080/products/19108232/", host: "www.ayaclass.com"
2025/09/07 18:33:12 [error] 4144567#0: *1748 connect() failed (111: Connection refused) while connecting to upstream, client: 2a03:2880:13ff:4::, server: pouted.com, request: "GET /top-mens-fashion-for-2025/ HTTP/2.0", upstream: "https://192.145.236.239:8443/top-mens-fashion-for-2025/", host: "www.pouted.com"
2025/09/07 18:33:14 [error] 4144567#0: *1726 connect() failed (111: Connection refused) while connecting to upstream, client: 197.35.130.246, server: pouted.com, request: "POST /wp-admin/admin-ajax.php HTTP/2.0", upstream: "https://192.145.236.239:8443/wp-admin/admin-ajax.php", host: "www.pouted.com", referrer: "https://www.pouted.com/wp-admin/post.php?post=161655&action=edit&classic-editor"
2025/09/07 18:33:15 [error] 4144567#0: *16 connect() failed (111: Connection refused) while connecting to upstream, client: 192.178.6.99, server: ayaclass.com, request: "GET /products/24450910/ HTTP/1.1", upstream: "http://192.145.236.239:8080/products/24450910/", host: "www.ayaclass.com"
2025/09/07 18:33:20 [error] 4144567#0: *1754 connect() failed (111: Connection refused) while connecting to upstream, client: 18.207.164.249, server: pouted.com, request: "GET /app-ads.txt HTTP/2.0", upstream: "https://192.145.236.239:8443/app-ads.txt", host: "pouted.com"
2025/09/07 18:33:20 [error] 4144567#0: *16 connect() failed (111: Connection refused) while connecting to upstream, client: 192.178.6.99, server: ayaclass.com, request: "GET /products/21178987/ HTTP/1.1", upstream: "http://192.145.236.239:8080/products/21178987/", host: "www.ayaclass.com"
2025/09/07 18:33:24 [error] 4144567#0: *1757 connect() failed (111: Connection refused) while connecting to upstream, client: 127.0.0.1, server: 127.0.0.1, request: "GET /whm-server-status HTTP/1.0", upstream: "http://127.0.0.1:8080/whm-server-status", host: "localhost"
2025/09/07 18:33:25 [error] 4144567#0: *16 connect() failed (111: Connection refused) while connecting to upstream, client: 192.178.6.99, server: ayaclass.com, request: "GET /products/18377709/ HTTP/1.1", upstream: "http://192.145.236.239:8080/products/18377709/", host: "www.ayaclass.com"
2025/09/07 18:33:25 [error] 4144567#0: *1760 connect() failed (111: Connection refused) while connecting to upstream, client: 2a03:2880:32ff:71::, server: pouted.com, request: "GET /best-actresses-in-2025/ HTTP/2.0", upstream: "https://192.145.236.239:8443/best-actresses-in-2025/", host: "www.pouted.com"
2025/09/07 18:33:30 [error] 4144567#0: *16 connect() failed (111: Connection refused) while connecting to upstream, client: 192.178.6.99, server: ayaclass.com, request: "GET /products/1074643/ HTTP/1.1", upstream: "http://192.145.236.239:8080/products/1074643/", host: "www.ayaclass.com"
2025/09/07 18:33:30 [error] 4144567#0: *1768 connect() failed (111: Connection refused) while connecting to upstream, client: 140.235.168.205, server: pouted.com, request: "GET /index.php/quickview/adminhtml_quickview/index HTTP/2.0", upstream: "https://192.145.236.239:8443/index.php/quickview/adminhtml_quickview/index", host: "pouted.com"
2025/09/07 18:33:31 [error] 4144567#0: *1768 connect() failed (111: Connection refused) while connecting to upstream, client: 140.235.168.205, server: pouted.com, request: "GET /index.php/quickview/adminhtml_quickview/index HTTP/2.0", upstream: "https://192.145.236.239:8443/index.php/quickview/adminhtml_quickview/index", host: "pouted.com", referrer: "http://pouted.com/index.php/quickview/adminhtml_quickview/index"
2025/09/07 18:33:32 [error] 4144567#0: *16 connect() failed (111: Connection refused) while connecting to upstream, client: 192.178.6.99, server: ayaclass.com, request: "GET /products/5967076/ HTTP/1.1", upstream: "http://192.145.236.239:8080/products/5967076/", host: "www.ayaclass.com"
2025/09/07 18:33:32 [error] 4144567#0: *1771 connect() failed (111: Connection refused) while connecting to upstream, client: 74.7.35.121, server: pouted.com, request: "GET /best-comedy-movies-2025/ HTTP/2.0", upstream: "https://192.145.236.239:8443/best-comedy-movies-2025/", host: "www.pouted.com"
2025/09/07 18:33:32 [error] 4144567#0: *1774 connect() failed (111: Connection refused) while connecting to upstream, client: 74.7.35.112, server: pouted.com, request: "GET /best-comedy-movies-2025/ HTTP/2.0", upstream: "https://192.145.236.239:8443/best-comedy-movies-2025/", host: "www.pouted.com"
2025/09/07 18:33:32 [error] 4144567#0: *1775 connect() failed (111: Connection refused) while connecting to upstream, client: 103.42.58.99, server: pouted.com, request: "POST /xmlrpc.php HTTP/2.0", upstream: "https://192.145.236.239:8443/xmlrpc.php", host: "www.pouted.com", referrer: "https://www.pouted.com"
2025/09/07 18:33:33 [error] 4144567#0: *1778 connect() failed (111: Connection refused) while connecting to upstream, client: 74.7.35.125, server: pouted.com, request: "GET /best-comedy-movies-2025/ HTTP/2.0", upstream: "https://192.145.236.239:8443/best-comedy-movies-2025/", host: "www.pouted.com"
2025/09/07 18:33:33 [error] 4144567#0: *1780 connect() failed (111: Connection refused) while connecting to upstream, client: 4.227.36.89, server: pouted.com, request: "GET /robots.txt HTTP/2.0", upstream: "https://192.145.236.239:8443/robots.txt", host: "pouted.com", referrer: "http://pouted.com/robots.txt"
2025/09/07 18:33:33 [error] 4144567#0: *1782 connect() failed (111: Connection refused) while connecting to upstream, client: 74.7.35.124, server: pouted.com, request: "GET /best-comedy-movies-2025/ HTTP/2.0", upstream: "https://192.145.236.239:8443/best-comedy-movies-2025/", host: "www.pouted.com"
2025/09/07 18:33:33 [error] 4144567#0: *1784 open() "/home/pouted/public_html/wp-content/uploads/2015/12/SteveJobsCloseUp.jpeg" failed (2: No such file or directory), client: 68.69.181.148, server: pouted.com, request: "GET /wp-content/uploads/2015/12/SteveJobsCloseUp.jpeg HTTP/2.0", host: "www.pouted.com"
2025/09/07 18:33:36 [error] 4144567#0: *16 connect() failed (111: Connection refused) while connecting to upstream, client: 192.178.6.99, server: ayaclass.com, request: "GET /products/22595432/ HTTP/1.1", upstream: "http://192.145.236.239:8080/products/22595432/", host: "www.ayaclass.com"
2025/09/07 18:33:37 [error] 4144567#0: *1787 connect() failed (111: Connection refused) while connecting to upstream, client: 66.249.79.129, server: pouted.com, request: "GET /what-you-may-not-know-about-travel-rewards-points/ HTTP/2.0", upstream: "https://192.145.236.239:8443/what-you-may-not-know-about-travel-rewards-points/", host: "www.pouted.com"
2025/09/07 18:33:40 [error] 4144567#0: *1790 connect() failed (111: Connection refused) while connecting to upstream, client: 180.180.175.100, server: pouted.com, request: "GET /wp-login.php HTTP/2.0", upstream: "https://192.145.236.239:8443/wp-login.php", host: "www.pouted.com"
2025/09/07 18:33:46 [error] 4144567#0: *16 connect() failed (111: Connection refused) while connecting to upstream, client: 192.178.6.99, server: ayaclass.com, request: "GET /products/19117121/ HTTP/1.1", upstream: "http://192.145.236.239:8080/products/19117121/", host: "www.ayaclass.com"
2025/09/07 18:33:49 [error] 4144567#0: *1797 connect() failed (111: Connection refused) while connecting to upstream, client: 52.8.2.58, server: pouted.com, request: "GET /feed/ HTTP/2.0", upstream: "https://192.145.236.239:8443/feed/", host: "www.pouted.com"
2025/09/07 18:33:49 [error] 4144567#0: *1799 connect() failed (111: Connection refused) while connecting to upstream, client: 85.208.96.201, server: ayaclass.com, request: "GET /?a=4461215 HTTP/1.1", upstream: "http://192.145.236.239:8080/?a=4461215", host: "www.ayaclass.com"
2025/09/07 18:33:50 [error] 4144567#0: *1787 connect() failed (111: Connection refused) while connecting to upstream, client: 66.249.79.129, server: pouted.com, request: "GET /trendy-classic-prom-hairstyles-of-long-hairs/ HTTP/2.0", upstream: "https://192.145.236.239:8443/trendy-classic-prom-hairstyles-of-long-hairs/", host: "www.pouted.com"
2025/09/07 18:33:51 [error] 4144567#0: *16 connect() failed (111: Connection refused) while connecting to upstream, client: 192.178.6.99, server: ayaclass.com, request: "GET /products/18793754/ HTTP/1.1", upstream: "http://192.145.236.239:8080/products/18793754/", host: "www.ayaclass.com"
2025/09/07 18:33:52 [error] 4144567#0: *1787 connect() failed (111: Connection refused) while connecting to upstream, client: 2a03:2880:3ff:70::, server: pouted.com, request: "GET /9-planets-solar-system-characteristics/ HTTP/2.0", upstream: "https://192.145.236.239:8443/9-planets-solar-system-characteristics/", host: "www.pouted.com"
2025/09/07 18:33:54 [error] 4144567#0: *1805 connect() failed (111: Connection refused) while connecting to upstream, client: 197.35.130.246, server: pouted.com, request: "POST /wp-admin/admin-ajax.php HTTP/2.0", upstream: "https://192.145.236.239:8443/wp-admin/admin-ajax.php", host: "www.pouted.com", referrer: "https://www.pouted.com/wp-admin/post.php?post=161682&action=edit&classic-editor"
2025/09/07 18:33:56 [error] 4144567#0: *16 connect() failed (111: Connection refused) while connecting to upstream, client: 192.178.6.99, server: ayaclass.com, request: "GET /products/23794810/ HTTP/1.1", upstream: "http://192.145.236.239:8080/products/23794810/", host: "www.ayaclass.com"
2025/09/07 18:33:58 [error] 4144567#0: *1809 connect() failed (111: Connection refused) while connecting to upstream, client: 125.228.216.16, server: pouted.com, request: "GET /taking-perfect-selfies-expert-selfie-tips/ HTTP/2.0", upstream: "https://192.145.236.239:8443/taking-perfect-selfies-expert-selfie-tips/", host: "www.pouted.com", referrer: "https://www.pouted.com/"
2025/09/07 18:33:58 [error] 4144567#0: *1811 connect() failed (111: Connection refused) while connecting to upstream, client: 52.230.164.182, server: pouted.com, request: "GET /which-hairstyles-would-suit-men-with-oval-faces/ HTTP/2.0", upstream: "https://192.145.236.239:8443/which-hairstyles-would-suit-men-with-oval-faces/", host: "www.pouted.com"
2025/09/07 18:33:59 [error] 4144567#0: *1813 connect() failed (111: Connection refused) while connecting to upstream, client: 52.230.164.177, server: pouted.com, request: "GET /which-hairstyles-would-suit-men-with-oval-faces/ HTTP/2.0", upstream: "https://192.145.236.239:8443/which-hairstyles-would-suit-men-with-oval-faces/", host: "www.pouted.com"
2025/09/07 18:33:59 [error] 4144567#0: *1811 connect() failed (111: Connection refused) while connecting to upstream, client: 52.230.164.187, server: pouted.com, request: "GET /which-hairstyles-would-suit-men-with-oval-faces/ HTTP/2.0", upstream: "https://192.145.236.239:8443/which-hairstyles-would-suit-men-with-oval-faces/", host: "www.pouted.com"
2025/09/07 18:34:00 [error] 4144567#0: *1816 connect() failed (111: Connection refused) while connecting to upstream, client: 52.230.164.183, server: pouted.com, request: "GET /which-hairstyles-would-suit-men-with-oval-faces/ HTTP/2.0", upstream: "https://192.145.236.239:8443/which-hairstyles-would-suit-men-with-oval-faces/", host: "www.pouted.com"
2025/09/07 18:34:01 [error] 4144567#0: *1818 connect() failed (111: Connection refused) while connecting to upstream, client: 192.178.6.100, server: ayaclass.com, request: "GET /products/17507132/ HTTP/1.1", upstream: "http://192.145.236.239:8080/products/17507132/", host: "www.ayaclass.com"
2025/09/07 18:34:05 [error] 4144567#0: *16 connect() failed (111: Connection refused) while connecting to upstream, client: 192.178.6.99, server: ayaclass.com, request: "GET /products/20179909/ HTTP/1.1", upstream: "http://192.145.236.239:8080/products/20179909/", host: "www.ayaclass.com"
2025/09/07 18:34:07 [error] 4144567#0: *1822 connect() failed (111: Connection refused) while connecting to upstream, client: 82.223.70.74, server: mrmyst.com, request: "GET /xmlrpc.php HTTP/2.0", upstream: "https://192.145.236.239:8443/xmlrpc.php", host: "mrmyst.com", referrer: "http://mrmyst.com"
2025/09/07 18:34:07 [error] 4144567#0: *16 connect() failed (111: Connection refused) while connecting to upstream, client: 192.178.6.99, server: ayaclass.com, request: "GET /products/27791976/ HTTP/1.1", upstream: "http://192.145.236.239:8080/products/27791976/", host: "www.ayaclass.com"
2025/09/07 18:34:13 [error] 4144567#0: *1826 connect() failed (111: Connection refused) while connecting to upstream, client: 52.14.17.255, server: pouted.com, request: "GET /ads.txt HTTP/2.0", upstream: "https://192.145.236.239:8443/ads.txt", host: "pouted.com"
2025/09/07 18:34:14 [error] 4144567#0: *16 connect() failed (111: Connection refused) while connecting to upstream, client: 192.178.6.99, server: ayaclass.com, request: "GET /products/19159465/ HTTP/1.1", upstream: "http://192.145.236.239:8080/products/19159465/", host: "www.ayaclass.com"
2025/09/07 18:34:19 [error] 4144567#0: *16 connect() failed (111: Connection refused) while connecting to upstream, client: 192.178.6.99, server: ayaclass.com, request: "GET /products/18480710/ HTTP/1.1", upstream: "http://192.145.236.239:8080/products/18480710/", host: "www.ayaclass.com"
2025/09/07 18:34:24 [error] 4144567#0: *1836 connect() failed (111: Connection refused) while connecting to upstream, client: 2a01:4f8:c0c:2802::1, server: pouted.com, request: "GET / HTTP/2.0", upstream: "https://192.145.236.239:8443/", host: "pouted.com"
2025/09/07 18:34:24 [error] 4144567#0: *16 connect() failed (111: Connection refused) while connecting to upstream, client: 192.178.6.99, server: ayaclass.com, request: "GET /products/24192910/ HTTP/1.1", upstream: "http://192.145.236.239:8080/products/24192910/", host: "www.ayaclass.com"
2025/09/07 18:34:26 [error] 4144567#0: *1841 connect() failed (111: Connection refused) while connecting to upstream, client: 2a03:2880:12ff:1::, server: pouted.com, request: "GET /15-cutest-kids-fashion-trends-for-winter/ HTTP/2.0", upstream: "https://192.145.236.239:8443/15-cutest-kids-fashion-trends-for-winter/", host: "www.pouted.com"
2025/09/07 18:34:26 [error] 4144567#0: *16 connect() failed (111: Connection refused) while connecting to upstream, client: 192.178.6.99, server: ayaclass.com, request: "GET /products/3731543/ HTTP/1.1", upstream: "http://192.145.236.239:8080/products/3731543/", host: "www.ayaclass.com"
2025/09/07 18:34:27 [error] 4144567#0: *1846 connect() failed (111: Connection refused) while connecting to upstream, client: 65.55.210.19, server: pouted.com, request: "GET /wp-includes/css/dist/block-library/style.min.css?x72261&ver=6.8.1 HTTP/2.0", upstream: "https://192.145.236.239:8443/wp-includes/css/dist/block-library/style.min.css?x72261&ver=6.8.1", host: "www.pouted.com", referrer: "https://www.pouted.com/magazine/fashion-designs/women-fashion/page/4/"
2025/09/07 18:34:27 [error] 4144567#0: *1847 connect() failed (111: Connection refused) while connecting to upstream, client: 65.55.210.19, server: pouted.com, request: "GET /wp-content/themes/jannah-child/style.css?x72261&ver=6.8.1 HTTP/2.0", upstream: "https://192.145.236.239:8443/wp-content/themes/jannah-child/style.css?x72261&ver=6.8.1", host: "www.pouted.com", referrer: "https://www.pouted.com/magazine/fashion-designs/women-fashion/page/4/"
2025/09/07 18:34:30 [error] 4144567#0: *1852 open() "/home/pouted/public_html/wp-content/uploads/2013/07/7.-Brooklyn-bridge.jpg" failed (2: No such file or directory), client: 175.106.108.246, server: pouted.com, request: "GET /wp-content/uploads/2013/07/7.-Brooklyn-bridge.jpg?x71148 HTTP/2.0", host: "www.pouted.com"
2025/09/07 18:34:31 [error] 4144567#0: *16 connect() failed (111: Connection refused) while connecting to upstream, client: 192.178.6.99, server: ayaclass.com, request: "GET /products/24885743/ HTTP/1.1", upstream: "http://192.145.236.239:8080/products/24885743/", host: "www.ayaclass.com"
2025/09/07 18:34:31 [error] 4144567#0: *1855 connect() failed (111: Connection refused) while connecting to upstream, client: 65.55.210.19, server: pouted.com, request: "GET /wp-content/plugins/easy-table-of-contents/assets/js/front.min.js?x72261&ver=2.0.74-1746448319 HTTP/2.0", upstream: "https://192.145.236.239:8443/wp-content/plugins/easy-table-of-contents/assets/js/front.min.js?x72261&ver=2.0.74-1746448319", host: "www.pouted.com", referrer: "https://www.pouted.com/magazine/fashion-designs/women-fashion/page/4/"
2025/09/07 18:34:31 [error] 4144570#0: *1856 connect() failed (111: Connection refused) while connecting to upstream, client: 65.55.210.19, server: pouted.com, request: "GET /wp-content/plugins/wp-simple-firewall/assets/dist/shield-notbot.bundle.js?x72261&ver=20.1.8&mtime=1744116247 HTTP/2.0", upstream: "https://192.145.236.239:8443/wp-content/plugins/wp-simple-firewall/assets/dist/shield-notbot.bundle.js?x72261&ver=20.1.8&mtime=1744116247", host: "www.pouted.com", referrer: "https://www.pouted.com/magazine/fashion-designs/women-fashion/page/4/"
2025/09/07 18:34:31 [error] 4144567#0: *1851 connect() failed (111: Connection refused) while connecting to upstream, client: 65.55.210.19, server: pouted.com, request: "GET /wp-content/plugins/wp-smushit/app/assets/js/smush-lazy-load.min.js?x72261&ver=3.18.1 HTTP/2.0", upstream: "https://192.145.236.239:8443/wp-content/plugins/wp-smushit/app/assets/js/smush-lazy-load.min.js?x72261&ver=3.18.1", host: "www.pouted.com", referrer: "https://www.pouted.com/magazine/fashion-designs/women-fashion/page/4/"
2025/09/07 18:34:33 [error] 4144567#0: *1860 connect() failed (111: Connection refused) while connecting to upstream, client: 127.0.0.1, server: 127.0.0.1, request: "GET /whm-server-status HTTP/1.0", upstream: "http://127.0.0.1:8080/whm-server-status", host: "localhost"
2025/09/07 18:34:33 [error] 4144567#0: *1862 connect() failed (111: Connection refused) while connecting to upstream, client: 34.226.57.34, server: pouted.com, request: "GET /top-10-cutest-hairstyles-for-black-girls/ HTTP/2.0", upstream: "https://192.145.236.239:8443/top-10-cutest-hairstyles-for-black-girls/", host: "www.pouted.com"
2025/09/07 18:34:35 [error] 4144567#0: *16 connect() failed (111: Connection refused) while connecting to upstream, client: 192.178.6.99, server: ayaclass.com, request: "GET /products/17939643/ HTTP/1.1", upstream: "http://192.145.236.239:8080/products/17939643/", host: "www.ayaclass.com"
2025/09/07 18:34:37 [error] 4144567#0: *16 connect() failed (111: Connection refused) while connecting to upstream, client: 192.178.6.99, server: ayaclass.com, request: "GET /products/17719043/ HTTP/1.1", upstream: "http://192.145.236.239:8080/products/17719043/", host: "www.ayaclass.com"
2025/09/07 18:34:38 [error] 4144567#0: *1866 connect() failed (111: Connection refused) while connecting to upstream, client: 107.20.30.88, server: pouted.com, request: "GET /13-shocking-secrets-you-dont-know-about-elvis-presley/ HTTP/2.0", upstream: "https://192.145.236.239:8443/13-shocking-secrets-you-dont-know-about-elvis-presley/", host: "www.pouted.com"
2025/09/07 18:34:40 [error] 4144567#0: *1869 open() "/home/pouted/public_html/wp-content/uploads/2013/06/passive-aggressive-boss.jpg" failed (2: No such file or directory), client: 47.246.164.144, server: pouted.com, request: "GET /wp-content/uploads/2013/06/passive-aggressive-boss.jpg HTTP/2.0", host: "www.pouted.com"
2025/09/07 18:34:40 [error] 4144567#0: *1862 connect() failed (111: Connection refused) while connecting to upstream, client: 18.207.164.249, server: pouted.com, request: "GET /app-ads.txt HTTP/2.0", upstream: "https://192.145.236.239:8443/app-ads.txt", host: "www.pouted.com"
2025/09/07 18:34:42 [error] 4144567#0: *1873 open() "/home/pouted/public_html/wp-content/uploads/2018/11/carrot-675x380.jpg" failed (2: No such file or directory), client: 58.124.145.191, server: pouted.com, request: "GET /wp-content/uploads/2018/11/carrot-675x380.jpg HTTP/2.0", host: "www.pouted.com"
2025/09/07 18:34:42 [error] 4144567#0: *16 connect() failed (111: Connection refused) while connecting to upstream, client: 192.178.6.99, server: ayaclass.com, request: "GET /products/20869365/ HTTP/1.1", upstream: "http://192.145.236.239:8080/products/20869365/", host: "www.ayaclass.com"
2025/09/07 18:34:47 [error] 4144567#0: *1877 connect() failed (111: Connection refused) while connecting to upstream, client: 2.189.5.118, server: pouted.com, request: "GET / HTTP/2.0", upstream: "https://192.145.236.239:8443/", host: "www.pouted.com"
2025/09/07 18:34:47 [error] 4144567#0: *16 connect() failed (111: Connection refused) while connecting to upstream, client: 192.178.6.99, server: ayaclass.com, request: "GET /products/17452609/ HTTP/1.1", upstream: "http://192.145.236.239:8080/products/17452609/", host: "www.ayaclass.com"
2025/09/07 18:34:49 [error] 4144567#0: *1883 connect() failed (111: Connection refused) while connecting to upstream, client: 85.208.96.209, server: ayaclass.com, request: "GET /?a=58931115 HTTP/1.1", upstream: "http://192.145.236.239:8080/?a=58931115", host: "www.ayaclass.com"
2025/09/07 18:34:52 [error] 4144567#0: *16 connect() failed (111: Connection refused) while connecting to upstream, client: 192.178.6.99, server: ayaclass.com, request: "GET /products/27296698/ HTTP/1.1", upstream: "http://192.145.236.239:8080/products/27296698/", host: "www.ayaclass.com"
2025/09/07 18:34:52 [error] 4144567#0: *1886 connect() failed (111: Connection refused) while connecting to upstream, client: 197.35.130.246, server: pouted.com, request: "POST /wp-admin/admin-ajax.php HTTP/2.0", upstream: "https://192.145.236.239:8443/wp-admin/admin-ajax.php", host: "www.pouted.com", referrer: "https://www.pouted.com/wp-admin/post.php?post=161646&action=edit&classic-editor"
2025/09/07 18:34:54 [error] 4144567#0: *16 connect() failed (111: Connection refused) while connecting to upstream, client: 192.178.6.99, server: ayaclass.com, request: "GET /products/5975476/ HTTP/1.1", upstream: "http://192.145.236.239:8080/products/5975476/", host: "www.ayaclass.com"
2025/09/07 18:34:55 [error] 4144567#0: *1890 connect() failed (111: Connection refused) while connecting to upstream, client: 2a03:2880:13ff:3::, server: pouted.com, request: "GET /top-fashion-influencers-in-2025/ HTTP/2.0", upstream: "https://192.145.236.239:8443/top-fashion-influencers-in-2025/", host: "www.pouted.com"
2025/09/07 18:34:56 [error] 4144567#0: *16 connect() failed (111: Connection refused) while connecting to upstream, client: 192.178.6.99, server: ayaclass.com, request: "GET /products/27438954/ HTTP/1.1", upstream: "http://192.145.236.239:8080/products/27438954/", host: "www.ayaclass.com"
2025/09/07 18:34:58 [error] 4144567#0: *1886 connect() failed (111: Connection refused) while connecting to upstream, client: 197.35.130.246, server: pouted.com, request: "POST /wp-admin/admin-ajax.php HTTP/2.0", upstream: "https://192.145.236.239:8443/wp-admin/admin-ajax.php", host: "www.pouted.com", referrer: "https://www.pouted.com/wp-admin/post.php?post=161718&action=edit&classic-editor"
2025/09/07 18:34:58 [error] 4144567#0: *16 connect() failed (111: Connection refused) while connecting to upstream, client: 192.178.6.99, server: ayaclass.com, request: "GET /products/14176121/ HTTP/1.1", upstream: "http://192.145.236.239:8080/products/14176121/", host: "www.ayaclass.com"
2025/09/07 18:34:59 [error] 4144567#0: *1897 connect() failed (111: Connection refused) while connecting to upstream, client: 2a03:2880:32ff::, server: pouted.com, request: "GET /fashion-tips-for-different-occasions/ HTTP/2.0", upstream: "https://192.145.236.239:8443/fashion-tips-for-different-occasions/", host: "www.pouted.com"
2025/09/07 18:35:00 [error] 4144567#0: *16 connect() failed (111: Connection refused) while connecting to upstream, client: 192.178.6.99, server: ayaclass.com, request: "GET /products/17189210/ HTTP/1.1", upstream: "http://192.145.236.239:8080/products/17189210/", host: "www.ayaclass.com"
2025/09/07 18:35:01 [error] 4144567#0: *1901 connect() failed (111: Connection refused) while connecting to upstream, client: 52.167.144.21, server: pouted.com, request: "GET /?s=%E8%A7%86%E5%8A%9B%E6%81%A2%E5%A4%8D%E8%AE%AD%E7%BB%83%E5%8D%A1 HTTP/2.0", upstream: "https://192.145.236.239:8443/?s=%E8%A7%86%E5%8A%9B%E6%81%A2%E5%A4%8D%E8%AE%AD%E7%BB%83%E5%8D%A1", host: "www.pouted.com"
2025/09/07 18:35:01 [error] 4144567#0: *1903 open() "/home/pouted/public_html/wp-content/uploads/jewels/Diamond-Mens-Silver-Black-Onyx-Rings.jpg" failed (2: No such file or directory), client: 52.167.144.21, server: pouted.com, request: "GET /wp-content/uploads/jewels/Diamond-Mens-Silver-Black-Onyx-Rings.jpg?x34696 HTTP/2.0", host: "www.pouted.com"
2025/09/07 18:35:04 [error] 4144567#0: *1886 connect() failed (111: Connection refused) while connecting to upstream, client: 197.35.130.246, server: pouted.com, request: "POST /wp-admin/admin-ajax.php HTTP/2.0", upstream: "https://192.145.236.239:8443/wp-admin/admin-ajax.php", host: "www.pouted.com", referrer: "https://www.pouted.com/wp-admin/post.php?post=161704&action=edit&classic-editor"
2025/09/07 18:35:05 [error] 4144567#0: *16 connect() failed (111: Connection refused) while connecting to upstream, client: 192.178.6.99, server: ayaclass.com, request: "GET /products/19982621/ HTTP/1.1", upstream: "http://192.145.236.239:8080/products/19982621/", host: "www.ayaclass.com"
2025/09/07 18:35:06 [error] 4144567#0: *1908 connect() failed (111: Connection refused) while connecting to upstream, client: 156.38.250.73, server: pouted.com, request: "HEAD /15-killer-garden-bench-decoration-ideas/ HTTP/2.0", upstream: "https://192.145.236.239:8443/15-killer-garden-bench-decoration-ideas/", host: "www.pouted.com", referrer: "https://www.xtraspace.co.za"
2025/09/07 18:35:06 [error] 4144567#0: *1909 connect() failed (111: Connection refused) while connecting to upstream, client: 114.119.153.137, server: pouted.com, request: "GET /?attachment_id=23711 HTTP/2.0", upstream: "https://192.145.236.239:8443/?attachment_id=23711", host: "www.pouted.com", referrer: "https://www.pouted.com/weird-peacocks-wear-wedding-dresses"
2025/09/07 18:35:07 [error] 4144567#0: *16 connect() failed (111: Connection refused) while connecting to upstream, client: 192.178.6.99, server: ayaclass.com, request: "GET /products/757310/ HTTP/1.1", upstream: "http://192.145.236.239:8080/products/757310/", host: "www.ayaclass.com"
2025/09/07 18:35:07 [error] 4144567#0: *1912 connect() failed (111: Connection refused) while connecting to upstream, client: 156.38.250.73, server: pouted.com, request: "GET /15-killer-garden-bench-decoration-ideas/ HTTP/2.0", upstream: "https://192.145.236.239:8443/15-killer-garden-bench-decoration-ideas/", host: "www.pouted.com", referrer: "https://www.xtraspace.co.za"
2025/09/07 18:35:09 [error] 4144567#0: *16 connect() failed (111: Connection refused) while connecting to upstream, client: 192.178.6.99, server: ayaclass.com, request: "GET /products/27385554/ HTTP/1.1", upstream: "http://192.145.236.239:8080/products/27385554/", host: "www.ayaclass.com"
2025/09/07 18:35:09 [error] 4144567#0: *1917 connect() failed (111: Connection refused) while connecting to upstream, client: 95.217.144.234, server: pouted.com, request: "GET /magazine/tools-services/web-hosting-reviews/page/2/ HTTP/2.0", upstream: "https://192.145.236.239:8443/magazine/tools-services/web-hosting-reviews/page/2/", host: "www.pouted.com"
2025/09/07 18:35:11 [error] 4144567#0: *1919 open() "/home/pouted/public_html/wp-content/uploads/2013/01/art_nouveau_papyrus_greeting_card-p137966409499555163b21fb_400.jpg" failed (2: No such file or directory), client: 68.69.181.148, server: pouted.com, request: "GET /wp-content/uploads/2013/01/art_nouveau_papyrus_greeting_card-p137966409499555163b21fb_400.jpg?x33143 HTTP/2.0", host: "www.pouted.com"
2025/09/07 18:35:11 [error] 4144567#0: *16 connect() failed (111: Connection refused) while connecting to upstream, client: 192.178.6.99, server: ayaclass.com, request: "GET /products/5972165/ HTTP/1.1", upstream: "http://192.145.236.239:8080/products/5972165/", host: "www.ayaclass.com"
2025/09/07 18:35:15 [error] 4144567#0: *1886 connect() failed (111: Connection refused) while connecting to upstream, client: 197.35.130.246, server: pouted.com, request: "POST /wp-admin/admin-ajax.php HTTP/2.0", upstream: "https://192.145.236.239:8443/wp-admin/admin-ajax.php", host: "www.pouted.com", referrer: "https://www.pouted.com/wp-admin/post.php?post=161655&action=edit&classic-editor"
2025/09/07 18:35:16 [error] 4144567#0: *16 connect() failed (111: Connection refused) while connecting to upstream, client: 192.178.6.99, server: ayaclass.com, request: "GET /products/21944832/ HTTP/1.1", upstream: "http://192.145.236.239:8080/products/21944832/", host: "www.ayaclass.com"
2025/09/07 18:35:18 [error] 4144567#0: *1924 connect() failed (111: Connection refused) while connecting to upstream, client: 45.133.114.155, server: pouted.com, request: "GET /index.php/holiday/adminhtml_holiday/index HTTP/2.0", upstream: "https://192.145.236.239:8443/index.php/holiday/adminhtml_holiday/index", host: "pouted.com"
2025/09/07 18:35:18 [error] 4144567#0: *1924 connect() failed (111: Connection refused) while connecting to upstream, client: 45.133.114.155, server: pouted.com, request: "GET /index.php/holiday/adminhtml_holiday/index HTTP/2.0", upstream: "https://192.145.236.239:8443/index.php/holiday/adminhtml_holiday/index", host: "pouted.com", referrer: "http://pouted.com/index.php/holiday/adminhtml_holiday/index"
2025/09/07 18:35:20 [error] 4144567#0: *1927 connect() failed (111: Connection refused) while connecting to upstream, client: 2.189.5.162, server: pouted.com, request: "GET / HTTP/2.0", upstream: "https://192.145.236.239:8443/", host: "www.pouted.com"
2025/09/07 18:35:21 [error] 4144567#0: *1930 connect() failed (111: Connection refused) while connecting to upstream, client: 2.189.5.142, server: pouted.com, request: "GET / HTTP/2.0", upstream: "https://192.145.236.239:8443/", host: "www.pouted.com"
2025/09/07 18:35:25 [error] 4144567#0: *16 connect() failed (111: Connection refused) while connecting to upstream, client: 192.178.6.99, server: ayaclass.com, request: "GET /products/719098/ HTTP/1.1", upstream: "http://192.145.236.239:8080/products/719098/", host: "www.ayaclass.com"
2025/09/07 18:35:27 [error] 4144567#0: *16 connect() failed (111: Connection refused) while connecting to upstream, client: 192.178.6.99, server: ayaclass.com, request: "GET /products/17981176/ HTTP/1.1", upstream: "http://192.145.236.239:8080/products/17981176/", host: "www.ayaclass.com"
2025/09/07 18:35:31 [error] 4144567#0: *1937 connect() failed (111: Connection refused) while connecting to upstream, client: 80.92.205.128, server: pouted.com, request: "GET /admin_bt HTTP/2.0", upstream: "https://192.145.236.239:8443/admin_bt", host: "pouted.com"
2025/09/07 18:35:32 [error] 4144567#0: *1939 connect() failed (111: Connection refused) while connecting to upstream, client: 80.92.205.128, server: pouted.com, request: "GET /admin_bt HTTP/2.0", upstream: "https://192.145.236.239:8443/admin_bt", host: "pouted.com"
2025/09/07 18:35:32 [error] 4144567#0: *16 connect() failed (111: Connection refused) while connecting to upstream, client: 192.178.6.99, server: ayaclass.com, request: "GET /products/8416976/ HTTP/1.1", upstream: "http://192.145.236.239:8080/products/8416976/", host: "www.ayaclass.com"
2025/09/07 18:35:33 [error] 4144567#0: *1939 connect() failed (111: Connection refused) while connecting to upstream, client: 80.92.205.128, server: pouted.com, request: "GET /admin_bt HTTP/2.0", upstream: "https://192.145.236.239:8443/admin_bt", host: "pouted.com"
2025/09/07 18:35:34 [error] 4144567#0: *16 connect() failed (111: Connection refused) while connecting to upstream, client: 192.178.6.99, server: ayaclass.com, request: "GET /products/17578732/ HTTP/1.1", upstream: "http://192.145.236.239:8080/products/17578732/", host: "www.ayaclass.com"
2025/09/07 18:35:36 [error] 4144567#0: *16 connect() failed (111: Connection refused) while connecting to upstream, client: 192.178.6.99, server: ayaclass.com, request: "GET /products/5977821/ HTTP/1.1", upstream: "http://192.145.236.239:8080/products/5977821/", host: "www.ayaclass.com"
2025/09/07 18:35:38 [error] 4144567#0: *16 connect() failed (111: Connection refused) while connecting to upstream, client: 192.178.6.99, server: ayaclass.com, request: "GET /products/20259454/ HTTP/1.1", upstream: "http://192.145.236.239:8080/products/20259454/", host: "www.ayaclass.com"
2025/09/07 18:35:38 [error] 4144567#0: *1946 connect() failed (111: Connection refused) while connecting to upstream, client: 52.225.75.217, server: pouted.com, request: "GET /top-10-best-fashion-handbag-design-software/ HTTP/2.0", upstream: "https://192.145.236.239:8443/top-10-best-fashion-handbag-design-software/", host: "www.pouted.com"
2025/09/07 18:35:38 [error] 4144567#0: *1948 connect() failed (111: Connection refused) while connecting to upstream, client: 52.225.75.219, server: pouted.com, request: "GET /top-10-best-fashion-handbag-design-software/ HTTP/2.0", upstream: "https://192.145.236.239:8443/top-10-best-fashion-handbag-design-software/", host: "www.pouted.com"
2025/09/07 18:35:39 [error] 4144567#0: *1950 connect() failed (111: Connection refused) while connecting to upstream, client: 52.225.75.218, server: pouted.com, request: "GET /top-10-best-fashion-handbag-design-software/ HTTP/2.0", upstream: "https://192.145.236.239:8443/top-10-best-fashion-handbag-design-software/", host: "www.pouted.com"
2025/09/07 18:35:39 [error] 4144567#0: *1952 connect() failed (111: Connection refused) while connecting to upstream, client: 52.225.75.216, server: pouted.com, request: "GET /top-10-best-fashion-handbag-design-software/ HTTP/2.0", upstream: "https://192.145.236.239:8443/top-10-best-fashion-handbag-design-software/", host: "www.pouted.com"
2025/09/07 18:35:42 [error] 4144567#0: *1956 connect() failed (111: Connection refused) while connecting to upstream, client: 127.0.0.1, server: 127.0.0.1, request: "GET /whm-server-status HTTP/1.0", upstream: "http://127.0.0.1:8080/whm-server-status", host: "localhost"
2025/09/07 18:35:43 [error] 4144567#0: *1958 open() "/home/pouted/public_html/wp-content/uploads/2013/02/SmartLook-Dress_2.png" failed (2: No such file or directory), client: 187.111.15.147, server: pouted.com, request: "GET /wp-content/uploads/2013/02/SmartLook-Dress_2.png HTTP/2.0", host: "www.pouted.com"
2025/09/07 18:35:46 [error] 4144567#0: *1962 open() "/home/pouted/public_html/wp-content/uploads/2013/12/TheBibleCvr_rev-21.jpg" failed (2: No such file or directory), client: 203.205.219.188, server: pouted.com, request: "GET /wp-content/uploads/2013/12/TheBibleCvr_rev-21.jpg HTTP/2.0", host: "www.pouted.com"
2025/09/07 18:35:48 [error] 4144567#0: *16 connect() failed (111: Connection refused) while connecting to upstream, client: 192.178.6.99, server: ayaclass.com, request: "GET /products/21456243/ HTTP/1.1", upstream: "http://192.145.236.239:8080/products/21456243/", host: "www.ayaclass.com"
2025/09/07 18:35:50 [error] 4144567#0: *1966 connect() failed (111: Connection refused) while connecting to upstream, client: 85.208.96.209, server: ayaclass.com, request: "GET /?a=70043915 HTTP/1.1", upstream: "http://192.145.236.239:8080/?a=70043915", host: "www.ayaclass.com"
2025/09/07 18:35:53 [error] 4144567#0: *16 connect() failed (111: Connection refused) while connecting to upstream, client: 192.178.6.99, server: ayaclass.com, request: "GET /products/8963476/ HTTP/1.1", upstream: "http://192.145.236.239:8080/products/8963476/", host: "www.ayaclass.com"
2025/09/07 18:35:54 [error] 4144567#0: *1970 connect() failed (111: Connection refused) while connecting to upstream, client: 94.177.54.218, server: pouted.com, request: "GET /feed HTTP/2.0", upstream: "https://192.145.236.239:8443/feed", host: "pouted.com"
2025/09/07 18:35:55 [error] 4144567#0: *1973 connect() failed (111: Connection refused) while connecting to upstream, client: 197.35.130.246, server: pouted.com, request: "POST /wp-admin/admin-ajax.php HTTP/2.0", upstream: "https://192.145.236.239:8443/wp-admin/admin-ajax.php", host: "www.pouted.com", referrer: "https://www.pouted.com/wp-admin/post.php?post=161682&action=edit&classic-editor"
2025/09/07 18:35:58 [error] 4144567#0: *16 connect() failed (111: Connection refused) while connecting to upstream, client: 192.178.6.99, server: ayaclass.com, request: "GET /products/18898065/ HTTP/1.1", upstream: "http://192.145.236.239:8080/products/18898065/", host: "www.ayaclass.com"
2025/09/07 18:36:00 [error] 4144567#0: *1977 connect() failed (111: Connection refused) while connecting to upstream, client: 47.242.230.146, server: intensed.com, request: "GET /digital-marketing/?filtered=random HTTP/2.0", upstream: "https://192.249.127.250:8443/digital-marketing/?filtered=random", host: "www.intensed.com"
2025/09/07 18:36:03 [error] 4144567#0: *1979 connect() failed (111: Connection refused) while connecting to upstream, client: 192.178.6.101, server: ayaclass.com, request: "GET /products/18000621/ HTTP/1.1", upstream: "http://192.145.236.239:8080/products/18000621/", host: "www.ayaclass.com"
2025/09/07 18:36:05 [error] 4144567#0: *16 connect() failed (111: Connection refused) while connecting to upstream, client: 192.178.6.99, server: ayaclass.com, request: "GET /products/5463365/ HTTP/1.1", upstream: "http://192.145.236.239:8080/products/5463365/", host: "www.ayaclass.com"
2025/09/07 18:36:06 [error] 4144567#0: *1984 connect() failed (111: Connection refused) while connecting to upstream, client: 35.245.213.236, server: pouted.com, request: "GET /magazine/fashion-designs/feed HTTP/2.0", upstream: "https://192.145.236.239:8443/magazine/fashion-designs/feed", host: "www.pouted.com"
2025/09/07 18:36:06 [error] 4144567#0: *1983 connect() failed (111: Connection refused) while connecting to upstream, client: 90.156.142.59, server: pouted.com, request: "POST /xmlrpc.php HTTP/2.0", upstream: "https://192.145.236.239:8443/xmlrpc.php", host: "www.pouted.com", referrer: "https://www.pouted.com"
2025/09/07 18:36:07 [error] 4144567#0: *1979 connect() failed (111: Connection refused) while connecting to upstream, client: 192.178.6.100, server: ayaclass.com, request: "GET /products/26950287/ HTTP/1.1", upstream: "http://192.145.236.239:8080/products/26950287/", host: "www.ayaclass.com"
2025/09/07 18:36:09 [error] 4144567#0: *1979 connect() failed (111: Connection refused) while connecting to upstream, client: 192.178.6.100, server: ayaclass.com, request: "GET /products/22007687/ HTTP/1.1", upstream: "http://192.145.236.239:8080/products/22007687/", host: "www.ayaclass.com"
2025/09/07 18:36:13 [error] 4144567#0: *1990 connect() failed (111: Connection refused) while connecting to upstream, client: 52.230.163.32, server: pouted.com, request: "GET /white-party-outfits-ideas-women/ HTTP/2.0", upstream: "https://192.145.236.239:8443/white-party-outfits-ideas-women/", host: "www.pouted.com"
2025/09/07 18:36:13 [error] 4144567#0: *1992 connect() failed (111: Connection refused) while connecting to upstream, client: 52.230.163.38, server: pouted.com, request: "GET /white-party-outfits-ideas-women/ HTTP/2.0", upstream: "https://192.145.236.239:8443/white-party-outfits-ideas-women/", host: "www.pouted.com"
2025/09/07 18:36:13 [error] 4144567#0: *16 connect() failed (111: Connection refused) while connecting to upstream, client: 192.178.6.99, server: ayaclass.com, request: "GET /products/20256076/ HTTP/1.1", upstream: "http://192.145.236.239:8080/products/20256076/", host: "www.ayaclass.com"
2025/09/07 18:36:13 [error] 4144567#0: *1994 connect() failed (111: Connection refused) while connecting to upstream, client: 52.230.163.32, server: pouted.com, request: "GET /white-party-outfits-ideas-women/ HTTP/2.0", upstream: "https://192.145.236.239:8443/white-party-outfits-ideas-women/", host: "www.pouted.com"
2025/09/07 18:36:14 [error] 4144567#0: *1990 connect() failed (111: Connection refused) while connecting to upstream, client: 52.230.163.40, server: pouted.com, request: "GET /white-party-outfits-ideas-women/ HTTP/2.0", upstream: "https://192.145.236.239:8443/white-party-outfits-ideas-women/", host: "www.pouted.com"
2025/09/07 18:36:19 [error] 4144567#0: *16 connect() failed (111: Connection refused) while connecting to upstream, client: 192.178.6.99, server: ayaclass.com, request: "GET /products/15968632/ HTTP/1.1", upstream: "http://192.145.236.239:8080/products/15968632/", host: "www.ayaclass.com"
2025/09/07 18:36:23 [error] 4144567#0: *2004 connect() failed (111: Connection refused) while connecting to upstream, client: 47.203.132.214, server: pouted.com, request: "GET /rarest-unusual-eye-colors HTTP/2.0", upstream: "https://192.145.236.239:8443/rarest-unusual-eye-colors", host: "pouted.com", referrer: "https://pouted.com"
2025/09/07 18:36:24 [error] 4144567#0: *2006 connect() failed (111: Connection refused) while connecting to upstream, client: 47.203.132.214, server: pouted.com, request: "GET /rarest-unusual-eye-colors HTTP/2.0", upstream: "https://192.145.236.239:8443/rarest-unusual-eye-colors", host: "pouted.com", referrer: "https://pouted.com"
2025/09/07 18:36:26 [error] 4144567#0: *2008 connect() failed (111: Connection refused) while connecting to upstream, client: 23.98.186.200, server: pouted.com, request: "GET / HTTP/2.0", upstream: "https://192.145.236.239:8443/", host: "pouted.com"
2025/09/07 18:36:27 [error] 4144567#0: *2010 connect() failed (111: Connection refused) while connecting to upstream, client: 23.98.186.205, server: pouted.com, request: "GET / HTTP/2.0", upstream: "https://192.145.236.239:8443/", host: "pouted.com"
2025/09/07 18:36:27 [error] 4144567#0: *16 connect() failed (111: Connection refused) while connecting to upstream, client: 192.178.6.99, server: ayaclass.com, request: "GET /products/16463376/ HTTP/1.1", upstream: "http://192.145.236.239:8080/products/16463376/", host: "www.ayaclass.com"
2025/09/07 18:36:27 [error] 4144567#0: *2010 connect() failed (111: Connection refused) while connecting to upstream, client: 23.98.186.200, server: pouted.com, request: "GET / HTTP/2.0", upstream: "https://192.145.236.239:8443/", host: "pouted.com"
2025/09/07 18:36:27 [error] 4144567#0: *2014 connect() failed (111: Connection refused) while connecting to upstream, client: 23.98.186.197, server: pouted.com, request: "GET / HTTP/2.0", upstream: "https://192.145.236.239:8443/", host: "pouted.com"
2025/09/07 18:36:29 [error] 4144567#0: *1994 connect() failed (111: Connection refused) while connecting to upstream, client: 2a03:2880:13ff:9::, server: pouted.com, request: "GET /2025-summer-outfits-for-women-trends/ HTTP/2.0", upstream: "https://192.145.236.239:8443/2025-summer-outfits-for-women-trends/", host: "www.pouted.com"
2025/09/07 18:36:29 [error] 4144567#0: *16 connect() failed (111: Connection refused) while connecting to upstream, client: 192.178.6.99, server: ayaclass.com, request: "GET /getDefaultAvatar?item=1048&name=abdo&size=40 HTTP/1.1", upstream: "http://192.145.236.239:8080/getDefaultAvatar?item=1048&name=abdo&size=40", host: "www.ayaclass.com"
2025/09/07 18:36:30 [error] 4144567#0: *2019 connect() failed (111: Connection refused) while connecting to upstream, client: 52.178.141.116, server: pouted.com, request: "GET / HTTP/2.0", upstream: "https://192.145.236.239:8443/", host: "pouted.com"
2025/09/07 18:36:31 [error] 4144567#0: *2021 connect() failed (111: Connection refused) while connecting to upstream, client: 199.188.204.167, server: mrmyst.com, request: "GET /xmlrpc.php HTTP/2.0", upstream: "https://192.145.236.239:8443/xmlrpc.php", host: "mrmyst.com", referrer: "http://mrmyst.com"
2025/09/07 18:36:32 [error] 4144567#0: *2023 connect() failed (111: Connection refused) while connecting to upstream, client: 34.229.228.136, server: pouted.com, request: "GET /business-ideas-for-kids/ HTTP/2.0", upstream: "https://192.145.236.239:8443/business-ideas-for-kids/", host: "www.pouted.com", referrer: "http://www.google.com/"
2025/09/07 18:36:32 [error] 4144567#0: *16 connect() failed (111: Connection refused) while connecting to upstream, client: 192.178.6.99, server: ayaclass.com, request: "GET /products/19444765/ HTTP/1.1", upstream: "http://192.145.236.239:8080/products/19444765/", host: "www.ayaclass.com"
2025/09/07 18:36:36 [error] 4144567#0: *2028 connect() failed (111: Connection refused) while connecting to upstream, client: 51.68.107.157, server: pouted.com, request: "GET /70-best-chosen-family-photo-outfit-ideas-in-summer-2022/ HTTP/2.0", upstream: "https://192.145.236.239:8443/70-best-chosen-family-photo-outfit-ideas-in-summer-2022/", host: "www.pouted.com"
2025/09/07 18:36:37 [error] 4144567#0: *2028 connect() failed (111: Connection refused) while connecting to upstream, client: 51.68.107.157, server: pouted.com, request: "GET /easiest-7-ways-to-get-rid-of-beauty-marks/ HTTP/2.0", upstream: "https://192.145.236.239:8443/easiest-7-ways-to-get-rid-of-beauty-marks/", host: "www.pouted.com"
2025/09/07 18:36:38 [error] 4144567#0: *2032 connect() failed (111: Connection refused) while connecting to upstream, client: 184.72.84.161, server: pouted.com, request: "GET /top-10-cutest-hairstyles-for-black-girls/ HTTP/2.0", upstream: "https://192.145.236.239:8443/top-10-cutest-hairstyles-for-black-girls/", host: "www.pouted.com"
2025/09/07 18:36:39 [error] 4144567#0: *2035 open() "/home/pouted/public_html/wp-content/uploads/2014/07/candycane-safetypin-crystal-silver_faj-xx03684.jpg" failed (2: No such file or directory), client: 68.69.181.148, server: pouted.com, request: "GET /wp-content/uploads/2014/07/candycane-safetypin-crystal-silver_faj-xx03684.jpg HTTP/2.0", host: "www.pouted.com"
2025/09/07 18:36:40 [error] 4144567#0: *2036 open() "/home/pouted/public_html/wp-content/uploads/2014/07/candycane-safetypin-crystal-silver_faj-xx03684.jpg" failed (2: No such file or directory), client: 68.69.181.148, server: pouted.com, request: "GET /wp-content/uploads/2014/07/candycane-safetypin-crystal-silver_faj-xx03684.jpg HTTP/2.0", host: "www.pouted.com"
2025/09/07 18:36:41 [error] 4144567#0: *16 connect() failed (111: Connection refused) while connecting to upstream, client: 192.178.6.99, server: ayaclass.com, request: "GET /products/21411565/ HTTP/1.1", upstream: "http://192.145.236.239:8080/products/21411565/", host: "www.ayaclass.com"
2025/09/07 18:36:44 [error] 4144567#0: *2038 connect() failed (111: Connection refused) while connecting to upstream, client: 18.207.164.249, server: pouted.com, request: "GET /app-ads.txt HTTP/2.0", upstream: "https://192.145.236.239:8443/app-ads.txt", host: "www.pouted.com"
2025/09/07 18:36:46 [error] 4144567#0: *16 connect() failed (111: Connection refused) while connecting to upstream, client: 192.178.6.99, server: ayaclass.com, request: "GET /products/17686910/ HTTP/1.1", upstream: "http://192.145.236.239:8080/products/17686910/", host: "www.ayaclass.com"
2025/09/07 18:36:48 [error] 4144567#0: *16 connect() failed (111: Connection refused) while connecting to upstream, client: 192.178.6.99, server: ayaclass.com, request: "GET /products/27014876/ HTTP/1.1", upstream: "http://192.145.236.239:8080/products/27014876/", host: "www.ayaclass.com"
2025/09/07 18:36:50 [error] 4144567#0: *16 connect() failed (111: Connection refused) while connecting to upstream, client: 192.178.6.99, server: ayaclass.com, request: "GET /products/22695409/ HTTP/1.1", upstream: "http://192.145.236.239:8080/products/22695409/", host: "www.ayaclass.com"
2025/09/07 18:36:50 [error] 4144567#0: *2044 connect() failed (111: Connection refused) while connecting to upstream, client: 167.99.127.111, server: intensed.com, request: "GET /ai-marketing-analytics/?utm_source=chatgpt.com HTTP/2.0", upstream: "https://192.249.127.250:8443/ai-marketing-analytics/?utm_source=chatgpt.com", host: "www.intensed.com"
2025/09/07 18:36:50 [error] 4144567#0: *2045 connect() failed (111: Connection refused) while connecting to upstream, client: 40.77.167.17, server: classing.ru, request: "GET /pcmypage?callback=product%2Fdetail%2F44018649 HTTP/2.0", upstream: "https://192.249.127.245:8443/pcmypage?callback=product%2Fdetail%2F44018649", host: "www.classing.ru"
2025/09/07 18:36:51 [error] 4144567#0: *2049 connect() failed (111: Connection refused) while connecting to upstream, client: 85.208.96.207, server: ayaclass.com, request: "GET /?a=42067715 HTTP/1.1", upstream: "http://192.145.236.239:8080/?a=42067715", host: "www.ayaclass.com"
2025/09/07 18:36:51 [error] 4144567#0: *2051 connect() failed (111: Connection refused) while connecting to upstream, client: 127.0.0.1, server: 127.0.0.1, request: "GET /whm-server-status HTTP/1.0", upstream: "http://127.0.0.1:8080/whm-server-status", host: "localhost"
