2025/09/07 19:43:59 [error] 4144567#0: *8632 connect() failed (111: Connection refused) while connecting to upstream, client: 192.178.6.99, server: ayaclass.com, request: "GET /products/24560076/ HTTP/1.1", upstream: "http://192.145.236.239:8080/products/24560076/", host: "www.ayaclass.com"
2025/09/07 19:44:05 [error] 4144567#0: *9561 connect() failed (111: Connection refused) while connecting to upstream, client: 192.178.6.101, server: ayaclass.com, request: "GET /products/26640010/ HTTP/1.1", upstream: "http://192.145.236.239:8080/products/26640010/", host: "www.ayaclass.com"
2025/09/07 19:44:05 [error] 4144567#0: *9563 connect() failed (111: Connection refused) while connecting to upstream, client: 66.249.79.132, server: pouted.com, request: "GET /top-10-countries-best-quality-life-world-2014/ HTTP/2.0", upstream: "https://192.145.236.239:8443/top-10-countries-best-quality-life-world-2014/", host: "www.pouted.com"
2025/09/07 19:44:09 [error] 4144567#0: *9566 connect() failed (111: Connection refused) while connecting to upstream, client: 192.178.6.100, server: ayaclass.com, request: "GET /products/15561465/ HTTP/1.1", upstream: "http://192.145.236.239:8080/products/15561465/", host: "www.ayaclass.com"
2025/09/07 19:44:09 [error] 4144567#0: *9511 connect() failed (111: Connection refused) while connecting to upstream, client: 197.35.130.246, server: pouted.com, request: "POST /wp-admin/admin-ajax.php HTTP/2.0", upstream: "https://192.145.236.239:8443/wp-admin/admin-ajax.php", host: "www.pouted.com", referrer: "https://www.pouted.com/wp-admin/post.php?post=161718&action=edit&classic-editor"
2025/09/07 19:44:13 [error] 4144567#0: *8632 connect() failed (111: Connection refused) while connecting to upstream, client: 192.178.6.99, server: ayaclass.com, request: "GET /products/16469398/ HTTP/1.1", upstream: "http://192.145.236.239:8080/products/16469398/", host: "www.ayaclass.com"
2025/09/07 19:44:14 [error] 4144567#0: *9572 connect() failed (111: Connection refused) while connecting to upstream, client: 3.212.183.154, server: pouted.com, request: "GET /sand-cat-strongest-cat-earth/ HTTP/2.0", upstream: "https://192.145.236.239:8443/sand-cat-strongest-cat-earth/", host: "www.pouted.com"
2025/09/07 19:44:15 [error] 4144567#0: *9566 connect() failed (111: Connection refused) while connecting to upstream, client: 192.178.6.100, server: ayaclass.com, request: "GET /products/26376410/ HTTP/1.1", upstream: "http://192.145.236.239:8080/products/26376410/", host: "www.ayaclass.com"
2025/09/07 19:44:16 [error] 4144567#0: *9576 connect() failed (111: Connection refused) while connecting to upstream, client: 2600:8804:5715:dd00:38f6:33fd:7c1e:e476, server: pouted.com, request: "GET /stylish-womens-outfits-for-job-interviews/ HTTP/2.0", upstream: "https://192.145.236.239:8443/stylish-womens-outfits-for-job-interviews/", host: "www.pouted.com", referrer: "https://search.yahoo.com/"
2025/09/07 19:44:17 [error] 4144567#0: *8632 connect() failed (111: Connection refused) while connecting to upstream, client: 192.178.6.99, server: ayaclass.com, request: "GET /products/16617021/ HTTP/1.1", upstream: "http://192.145.236.239:8080/products/16617021/", host: "www.ayaclass.com"
2025/09/07 19:44:19 [error] 4144567#0: *8632 connect() failed (111: Connection refused) while connecting to upstream, client: 192.178.6.99, server: ayaclass.com, request: "GET /products/18794365/ HTTP/1.1", upstream: "http://192.145.236.239:8080/products/18794365/", host: "www.ayaclass.com"
2025/09/07 19:44:19 [error] 4144567#0: *9584 open() "/home/pouted/public_html/wp-content/uploads/2013/06/cute-beautiful-baby-girl.jpg" failed (2: No such file or directory), client: 2408:8207:18e7:4db0:e540:99fb:ace5:6286, server: pouted.com, request: "GET /wp-content/uploads/2013/06/cute-beautiful-baby-girl.jpg?x45357 HTTP/2.0", host: "www.pouted.com"
2025/09/07 19:44:22 [error] 4144567#0: *8632 connect() failed (111: Connection refused) while connecting to upstream, client: 192.178.6.99, server: ayaclass.com, request: "GET /products/14298976/ HTTP/1.1", upstream: "http://192.145.236.239:8080/products/14298976/", host: "www.ayaclass.com"
2025/09/07 19:44:23 [error] 4144567#0: *9588 connect() failed (111: Connection refused) while connecting to upstream, client: 74.7.36.92, server: pouted.com, request: "GET /2025-fashion-trends-that-worth-buying/ HTTP/2.0", upstream: "https://192.145.236.239:8443/2025-fashion-trends-that-worth-buying/", host: "www.pouted.com"
2025/09/07 19:44:23 [error] 4144567#0: *9590 connect() failed (111: Connection refused) while connecting to upstream, client: 74.7.36.88, server: pouted.com, request: "GET /2025-fashion-trends-that-worth-buying/ HTTP/2.0", upstream: "https://192.145.236.239:8443/2025-fashion-trends-that-worth-buying/", host: "www.pouted.com"
2025/09/07 19:44:24 [error] 4144567#0: *9593 connect() failed (111: Connection refused) while connecting to upstream, client: 74.7.36.93, server: pouted.com, request: "GET /2025-fashion-trends-that-worth-buying/ HTTP/2.0", upstream: "https://192.145.236.239:8443/2025-fashion-trends-that-worth-buying/", host: "www.pouted.com"
2025/09/07 19:44:24 [error] 4144567#0: *9596 connect() failed (111: Connection refused) while connecting to upstream, client: 40.77.167.30, server: pouted.com, request: "GET /magazine/fashion-designs/men-fashion/Hardware.jpg HTTP/2.0", upstream: "https://192.145.236.239:8443/magazine/fashion-designs/men-fashion/Hardware.jpg", host: "www.pouted.com"
2025/09/07 19:44:24 [error] 4144567#0: *9595 connect() failed (111: Connection refused) while connecting to upstream, client: 74.7.36.83, server: pouted.com, request: "GET /2025-fashion-trends-that-worth-buying/ HTTP/2.0", upstream: "https://192.145.236.239:8443/2025-fashion-trends-that-worth-buying/", host: "www.pouted.com"
2025/09/07 19:44:24 [error] 4144567#0: *9600 open() "/home/pouted/public_html/wp-content/uploads/jewels/10k-White-Gold-Round-Shaped-Diamond-Heart-Pendant-Necklace.jpg" failed (2: No such file or directory), client: 203.205.219.188, server: pouted.com, request: "GET /wp-content/uploads/jewels/10k-White-Gold-Round-Shaped-Diamond-Heart-Pendant-Necklace.jpg HTTP/2.0", host: "www.pouted.com"
2025/09/07 19:44:25 [error] 4144567#0: *8632 connect() failed (111: Connection refused) while connecting to upstream, client: 192.178.6.99, server: ayaclass.com, request: "GET /products/8959443/ HTTP/1.1", upstream: "http://192.145.236.239:8080/products/8959443/", host: "www.ayaclass.com"
2025/09/07 19:44:28 [error] 4144567#0: *8632 connect() failed (111: Connection refused) while connecting to upstream, client: 192.178.6.99, server: ayaclass.com, request: "GET /products/13207443/ HTTP/1.1", upstream: "http://192.145.236.239:8080/products/13207443/", host: "www.ayaclass.com"
2025/09/07 19:44:30 [error] 4144567#0: *8632 connect() failed (111: Connection refused) while connecting to upstream, client: 192.178.6.99, server: ayaclass.com, request: "GET /products/6348765/ HTTP/1.1", upstream: "http://192.145.236.239:8080/products/6348765/", host: "www.ayaclass.com"
2025/09/07 19:44:33 [error] 4144567#0: *9511 connect() failed (111: Connection refused) while connecting to upstream, client: 197.35.130.246, server: pouted.com, request: "POST /wp-admin/admin-ajax.php HTTP/2.0", upstream: "https://192.145.236.239:8443/wp-admin/admin-ajax.php", host: "www.pouted.com", referrer: "https://www.pouted.com/wp-admin/post.php?post=161682&action=edit&classic-editor"
2025/09/07 19:44:34 [error] 4144567#0: *8632 connect() failed (111: Connection refused) while connecting to upstream, client: 192.178.6.99, server: ayaclass.com, request: "GET /products/14525821/ HTTP/1.1", upstream: "http://192.145.236.239:8080/products/14525821/", host: "www.ayaclass.com"
2025/09/07 19:44:37 [error] 4144567#0: *8632 connect() failed (111: Connection refused) while connecting to upstream, client: 192.178.6.99, server: ayaclass.com, request: "GET /products/9071698/ HTTP/1.1", upstream: "http://192.145.236.239:8080/products/9071698/", host: "www.ayaclass.com"
2025/09/07 19:44:37 [error] 4144567#0: *9611 connect() failed (111: Connection refused) while connecting to upstream, client: 216.244.66.250, server: intensed.com, request: "GET /category/marketing/email-marketing/?filtered=latest HTTP/2.0", upstream: "https://192.249.127.250:8443/category/marketing/email-marketing/?filtered=latest", host: "www.intensed.com"
2025/09/07 19:44:40 [error] 4144567#0: *8632 connect() failed (111: Connection refused) while connecting to upstream, client: 192.178.6.99, server: ayaclass.com, request: "GET /products/15503854/ HTTP/1.1", upstream: "http://192.145.236.239:8080/products/15503854/", host: "www.ayaclass.com"
2025/09/07 19:44:41 [error] 4144567#0: *9617 connect() failed (111: Connection refused) while connecting to upstream, client: 185.191.171.6, server: ayaclass.com, request: "GET /?a=84198115 HTTP/1.1", upstream: "http://192.145.236.239:8080/?a=84198115", host: "www.ayaclass.com"
2025/09/07 19:44:42 [error] 4144567#0: *9619 connect() failed (111: Connection refused) while connecting to upstream, client: 2a03:2880:ff:5::, server: pouted.com, request: "GET /best-runway-models-2025/ HTTP/2.0", upstream: "https://192.145.236.239:8443/best-runway-models-2025/", host: "www.pouted.com"
2025/09/07 19:44:43 [error] 4144567#0: *9621 connect() failed (111: Connection refused) while connecting to upstream, client: 2a03:2880:3ff:9::, server: mrmyst.com, request: "GET / HTTP/2.0", upstream: "https://192.145.236.239:8443/", host: "www.mrmyst.com"
2025/09/07 19:44:43 [error] 4144567#0: *9623 connect() failed (111: Connection refused) while connecting to upstream, client: 23.229.104.2, server: pouted.com, request: "GET / HTTP/2.0", upstream: "https://192.145.236.239:8443/", host: "pouted.com"
2025/09/07 19:44:45 [error] 4144567#0: *9626 connect() failed (111: Connection refused) while connecting to upstream, client: 23.229.104.2, server: pouted.com, request: "GET / HTTP/2.0", upstream: "https://192.145.236.239:8443/", host: "pouted.com"
2025/09/07 19:44:46 [error] 4144567#0: *8632 connect() failed (111: Connection refused) while connecting to upstream, client: 192.178.6.99, server: ayaclass.com, request: "GET /products/24987332/ HTTP/1.1", upstream: "http://192.145.236.239:8080/products/24987332/", host: "www.ayaclass.com"
2025/09/07 19:44:46 [error] 4144567#0: *9629 connect() failed (111: Connection refused) while connecting to upstream, client: 127.0.0.1, server: 127.0.0.1, request: "GET /whm-server-status HTTP/1.0", upstream: "http://127.0.0.1:8080/whm-server-status", host: "localhost"
2025/09/07 19:44:50 [error] 4144567#0: *8632 connect() failed (111: Connection refused) while connecting to upstream, client: 192.178.6.99, server: ayaclass.com, request: "GET /products/25150876/ HTTP/1.1", upstream: "http://192.145.236.239:8080/products/25150876/", host: "www.ayaclass.com"
2025/09/07 19:44:50 [error] 4144567#0: *9634 connect() failed (111: Connection refused) while connecting to upstream, client: 204.15.208.22, server: pouted.com, request: "GET /new-facts-dont-know-legend-phoenix HTTP/2.0", upstream: "https://192.145.236.239:8443/new-facts-dont-know-legend-phoenix", host: "www.pouted.com"
2025/09/07 19:44:52 [error] 4144567#0: *8632 connect() failed (111: Connection refused) while connecting to upstream, client: 192.178.6.99, server: ayaclass.com, request: "GET /public/login?dir=%2Fhome%2Fayaclass%2Fpublic_html%2Fpublic&dl=%2Fhome%2Fayaclass%2Fpublic_html%2Fpublic%2Frobots.txt HTTP/1.1", upstream: "http://192.145.236.239:8080/public/login?dir=%2Fhome%2Fayaclass%2Fpublic_html%2Fpublic&dl=%2Fhome%2Fayaclass%2Fpublic_html%2Fpublic%2Frobots.txt", host: "www.ayaclass.com"
2025/09/07 19:44:54 [error] 4144567#0: *8632 connect() failed (111: Connection refused) while connecting to upstream, client: 192.178.6.99, server: ayaclass.com, request: "GET /products/24386176/ HTTP/1.1", upstream: "http://192.145.236.239:8080/products/24386176/", host: "www.ayaclass.com"
2025/09/07 19:44:56 [error] 4144567#0: *8632 connect() failed (111: Connection refused) while connecting to upstream, client: 192.178.6.99, server: ayaclass.com, request: "GET /products/6384943/ HTTP/1.1", upstream: "http://192.145.236.239:8080/products/6384943/", host: "www.ayaclass.com"
2025/09/07 19:44:58 [error] 4144567#0: *8632 connect() failed (111: Connection refused) while connecting to upstream, client: 192.178.6.99, server: ayaclass.com, request: "GET /products/25242987/ HTTP/1.1", upstream: "http://192.145.236.239:8080/products/25242987/", host: "www.ayaclass.com"
2025/09/07 19:44:58 [error] 4144567#0: *9645 connect() failed (111: Connection refused) while connecting to upstream, client: 198.244.242.82, server: intensed.com, request: "GET /robots.txt HTTP/2.0", upstream: "https://192.249.127.250:8443/robots.txt", host: "www.intensed.com"
2025/09/07 19:44:58 [error] 4144567#0: *9647 connect() failed (111: Connection refused) while connecting to upstream, client: 54.236.1.54, server: pouted.com, request: "GET /10-stylish-spring-outfit-ideas-for-school/ HTTP/2.0", upstream: "https://192.145.236.239:8443/10-stylish-spring-outfit-ideas-for-school/", host: "www.pouted.com"
2025/09/07 19:44:59 [error] 4144567#0: *9649 connect() failed (111: Connection refused) while connecting to upstream, client: 148.113.128.65, server: intensed.com, request: "GET /sitemap_index.xml HTTP/2.0", upstream: "https://192.249.127.250:8443/sitemap_index.xml", host: "www.intensed.com"
2025/09/07 19:45:00 [error] 4144567#0: *9652 connect() failed (111: Connection refused) while connecting to upstream, client: 45.145.128.240, server: pouted.com, request: "GET /index.php/listbuilder/adminhtml_listbuilder/index HTTP/2.0", upstream: "https://192.145.236.239:8443/index.php/listbuilder/adminhtml_listbuilder/index", host: "pouted.com"
2025/09/07 19:45:01 [error] 4144567#0: *9652 connect() failed (111: Connection refused) while connecting to upstream, client: 45.145.128.240, server: pouted.com, request: "GET /index.php/listbuilder/adminhtml_listbuilder/index HTTP/2.0", upstream: "https://192.145.236.239:8443/index.php/listbuilder/adminhtml_listbuilder/index", host: "pouted.com", referrer: "http://pouted.com/index.php/listbuilder/adminhtml_listbuilder/index"
2025/09/07 19:45:01 [error] 4144567#0: *8632 connect() failed (111: Connection refused) while connecting to upstream, client: 192.178.6.99, server: ayaclass.com, request: "GET /products/27995676/ HTTP/1.1", upstream: "http://192.145.236.239:8080/products/27995676/", host: "www.ayaclass.com"
2025/09/07 19:45:04 [error] 4144567#0: *8632 connect() failed (111: Connection refused) while connecting to upstream, client: 192.178.6.99, server: ayaclass.com, request: "GET /products/12326798/ HTTP/1.1", upstream: "http://192.145.236.239:8080/products/12326798/", host: "www.ayaclass.com"
2025/09/07 19:45:05 [error] 4144567#0: *9659 connect() failed (111: Connection refused) while connecting to upstream, client: 66.249.79.133, server: pouted.com, request: "GET /make-trending-topic/amp/ HTTP/2.0", upstream: "https://192.145.236.239:8443/make-trending-topic/amp/", host: "www.pouted.com"
2025/09/07 19:45:06 [error] 4144567#0: *8632 connect() failed (111: Connection refused) while connecting to upstream, client: 192.178.6.99, server: ayaclass.com, request: "GET /products/23491798/ HTTP/1.1", upstream: "http://192.145.236.239:8080/products/23491798/", host: "www.ayaclass.com"
2025/09/07 19:45:09 [error] 4144567#0: *8632 connect() failed (111: Connection refused) while connecting to upstream, client: 192.178.6.99, server: ayaclass.com, request: "GET /products/14283309/ HTTP/1.1", upstream: "http://192.145.236.239:8080/products/14283309/", host: "www.ayaclass.com"
2025/09/07 19:45:09 [error] 4144567#0: *9663 connect() failed (111: Connection refused) while connecting to upstream, client: 95.217.144.234, server: pouted.com, request: "GET /tag/heart-disease/ HTTP/2.0", upstream: "https://192.145.236.239:8443/tag/heart-disease/", host: "www.pouted.com"
2025/09/07 19:45:11 [error] 4144567#0: *9668 connect() failed (111: Connection refused) while connecting to upstream, client: 2a03:2880:25ff:52::, server: pouted.com, request: "GET /fashion-industry/ HTTP/2.0", upstream: "https://192.145.236.239:8443/fashion-industry/", host: "www.pouted.com"
2025/09/07 19:45:13 [error] 4144567#0: *8632 connect() failed (111: Connection refused) while connecting to upstream, client: 192.178.6.99, server: ayaclass.com, request: "GET /products/10689398/ HTTP/1.1", upstream: "http://192.145.236.239:8080/products/10689398/", host: "www.ayaclass.com"
2025/09/07 19:45:15 [error] 4144567#0: *8632 connect() failed (111: Connection refused) while connecting to upstream, client: 192.178.6.99, server: ayaclass.com, request: "GET /products/16877487/ HTTP/1.1", upstream: "http://192.145.236.239:8080/products/16877487/", host: "www.ayaclass.com"
2025/09/07 19:45:15 [error] 4144567#0: *9673 connect() failed (111: Connection refused) while connecting to upstream, client: 95.108.213.148, server: pouted.com, request: "GET /robots.txt HTTP/2.0", upstream: "https://192.145.236.239:8443/robots.txt", host: "www.pouted.com"
2025/09/07 19:45:17 [error] 4144567#0: *8632 connect() failed (111: Connection refused) while connecting to upstream, client: 192.178.6.99, server: ayaclass.com, request: "GET /products/29597498/ HTTP/1.1", upstream: "http://192.145.236.239:8080/products/29597498/", host: "www.ayaclass.com"
2025/09/07 19:45:17 [error] 4144567#0: *9678 connect() failed (111: Connection refused) while connecting to upstream, client: 2a03:2880:32ff:3::, server: pouted.com, request: "GET /makeup-looks-for-summer-2025/ HTTP/2.0", upstream: "https://192.145.236.239:8443/makeup-looks-for-summer-2025/", host: "www.pouted.com"
2025/09/07 19:45:17 [error] 4144567#0: *9681 open() "/home/pouted/public_html/wp-content/uploads/2013/06/skiing1.jpg" failed (2: No such file or directory), client: 38.80.152.78, server: pouted.com, request: "GET /wp-content/uploads/2013/06/skiing1.jpg?x71148 HTTP/2.0", host: "www.pouted.com"
2025/09/07 19:45:20 [error] 4144567#0: *8632 connect() failed (111: Connection refused) while connecting to upstream, client: 192.178.6.99, server: ayaclass.com, request: "GET /products/10876987/ HTTP/1.1", upstream: "http://192.145.236.239:8080/products/10876987/", host: "www.ayaclass.com"
2025/09/07 19:45:22 [error] 4144567#0: *8632 connect() failed (111: Connection refused) while connecting to upstream, client: 192.178.6.99, server: ayaclass.com, request: "GET /products/29614576/ HTTP/1.1", upstream: "http://192.145.236.239:8080/products/29614576/", host: "www.ayaclass.com"
2025/09/07 19:45:25 [error] 4144567#0: *9685 connect() failed (111: Connection refused) while connecting to upstream, client: 54.39.210.186, server: pouted.com, request: "GET / HTTP/2.0", upstream: "https://192.145.236.239:8443/", host: "www.pouted.com"
2025/09/07 19:45:25 [error] 4144567#0: *8632 connect() failed (111: Connection refused) while connecting to upstream, client: 192.178.6.99, server: ayaclass.com, request: "GET /products/11096187/ HTTP/1.1", upstream: "http://192.145.236.239:8080/products/11096187/", host: "www.ayaclass.com"
2025/09/07 19:45:27 [error] 4144567#0: *9688 connect() failed (111: Connection refused) while connecting to upstream, client: 197.35.130.246, server: pouted.com, request: "POST /wp-admin/admin-ajax.php HTTP/2.0", upstream: "https://192.145.236.239:8443/wp-admin/admin-ajax.php", host: "www.pouted.com", referrer: "https://www.pouted.com/wp-admin/post.php?post=161646&action=edit&classic-editor"
2025/09/07 19:45:28 [error] 4144567#0: *8632 connect() failed (111: Connection refused) while connecting to upstream, client: 192.178.6.99, server: ayaclass.com, request: "GET /products/17626832/ HTTP/1.1", upstream: "http://192.145.236.239:8080/products/17626832/", host: "www.ayaclass.com"
2025/09/07 19:45:30 [error] 4144567#0: *8632 connect() failed (111: Connection refused) while connecting to upstream, client: 192.178.6.99, server: ayaclass.com, request: "GET /products/24812009/ HTTP/1.1", upstream: "http://192.145.236.239:8080/products/24812009/", host: "www.ayaclass.com"
2025/09/07 19:45:32 [error] 4144567#0: *8632 connect() failed (111: Connection refused) while connecting to upstream, client: 192.178.6.99, server: ayaclass.com, request: "GET /products/17772243/ HTTP/1.1", upstream: "http://192.145.236.239:8080/products/17772243/", host: "www.ayaclass.com"
2025/09/07 19:45:34 [error] 4144567#0: *9695 connect() failed (111: Connection refused) while connecting to upstream, client: 192.174.128.170, server: pouted.com, request: "GET /attractions-in-bruges-belgium/ HTTP/2.0", upstream: "https://192.145.236.239:8443/attractions-in-bruges-belgium/", host: "www.pouted.com", referrer: "https://r.search.yahoo.com/_ylt=AwrOqPxLQ75o0VIOMmOjzbkF;_ylu=c2VjA2ZwLWF0dHJpYgRzbGsDcnVybA--/RV=2/RE=1757328331/RO=11/RU=https%3a%2f%2fwww.pouted.com%2fattractions-in-bruges-belgium%2f/RK=2/RS=Jem.MOq.yobmI1IPAKnNvYhUDB4-"
2025/09/07 19:45:34 [error] 4144567#0: *8632 connect() failed (111: Connection refused) while connecting to upstream, client: 192.178.6.99, server: ayaclass.com, request: "GET /products/23760865/ HTTP/1.1", upstream: "http://192.145.236.239:8080/products/23760865/", host: "www.ayaclass.com"
2025/09/07 19:45:35 [error] 4144567#0: *9698 connect() failed (111: Connection refused) while connecting to upstream, client: 77.49.104.27, server: pouted.com, request: "GET /camps-for-kids/ HTTP/2.0", upstream: "https://192.145.236.239:8443/camps-for-kids/", host: "pouted.com", referrer: "http://pouted.com/camps-for-kids/"
2025/09/07 19:45:36 [error] 4144567#0: *8632 connect() failed (111: Connection refused) while connecting to upstream, client: 192.178.6.99, server: ayaclass.com, request: "GET /products/12969621/ HTTP/1.1", upstream: "http://192.145.236.239:8080/products/12969621/", host: "www.ayaclass.com"
2025/09/07 19:45:38 [error] 4144567#0: *9702 connect() failed (111: Connection refused) while connecting to upstream, client: 66.249.79.131, server: pouted.com, request: "GET /kids-fashion-trends-2025/ HTTP/2.0", upstream: "https://192.145.236.239:8443/kids-fashion-trends-2025/", host: "www.pouted.com"
2025/09/07 19:45:38 [error] 4144567#0: *8632 connect() failed (111: Connection refused) while connecting to upstream, client: 192.178.6.99, server: ayaclass.com, request: "GET /products/18706009/ HTTP/1.1", upstream: "http://192.145.236.239:8080/products/18706009/", host: "www.ayaclass.com"
2025/09/07 19:45:39 [error] 4144567#0: *9702 connect() failed (111: Connection refused) while connecting to upstream, client: 66.249.79.131, server: pouted.com, request: "GET /kids-fashion-trends-2025/ HTTP/2.0", upstream: "https://192.145.236.239:8443/kids-fashion-trends-2025/", host: "www.pouted.com"
2025/09/07 19:45:39 [error] 4144567#0: *9668 connect() failed (111: Connection refused) while connecting to upstream, client: 2a03:2880:24ff:4::, server: pouted.com, request: "GET /bohemian-home-decorating-ideas/ HTTP/2.0", upstream: "https://192.145.236.239:8443/bohemian-home-decorating-ideas/", host: "www.pouted.com"
2025/09/07 19:45:39 [error] 4144567#0: *9688 connect() failed (111: Connection refused) while connecting to upstream, client: 197.35.130.246, server: pouted.com, request: "POST /wp-admin/admin-ajax.php HTTP/2.0", upstream: "https://192.145.236.239:8443/wp-admin/admin-ajax.php", host: "www.pouted.com", referrer: "https://www.pouted.com/wp-admin/post.php?post=161704&action=edit&classic-editor"
2025/09/07 19:45:39 [error] 4144567#0: *9702 connect() failed (111: Connection refused) while connecting to upstream, client: 66.249.79.131, server: pouted.com, request: "GET /kids-fashion-trends-2025/ HTTP/2.0", upstream: "https://192.145.236.239:8443/kids-fashion-trends-2025/", host: "www.pouted.com"
2025/09/07 19:45:40 [error] 4144567#0: *9710 connect() failed (111: Connection refused) while connecting to upstream, client: 2600:1f18:1660:1600:2c4d:588d:e70a:3e30, server: pouted.com, request: "GET /robots.txt HTTP/2.0", upstream: "https://192.145.236.239:8443/robots.txt", host: "www.pouted.com"
2025/09/07 19:45:40 [error] 4144567#0: *9702 connect() failed (111: Connection refused) while connecting to upstream, client: 66.249.79.131, server: pouted.com, request: "GET /kids-fashion-trends-2025/ HTTP/2.0", upstream: "https://192.145.236.239:8443/kids-fashion-trends-2025/", host: "www.pouted.com"
2025/09/07 19:45:41 [error] 4144567#0: *8632 connect() failed (111: Connection refused) while connecting to upstream, client: 192.178.6.99, server: ayaclass.com, request: "GET /products/16431909/ HTTP/1.1", upstream: "http://192.145.236.239:8080/products/16431909/", host: "www.ayaclass.com"
2025/09/07 19:45:41 [error] 4144567#0: *9714 connect() failed (111: Connection refused) while connecting to upstream, client: 185.191.171.6, server: ayaclass.com, request: "GET /?a=86668615 HTTP/1.1", upstream: "http://192.145.236.239:8080/?a=86668615", host: "www.ayaclass.com"
2025/09/07 19:45:44 [error] 4144567#0: *9718 open() "/home/pouted/public_html/wp-content/uploads/2013/07/Applique_Beading_Yarn_V_Neck_Court_Plus_Size_Bridal_Gown_Wedding_Dress_original_img_13593603677552_328_.jpg" failed (2: No such file or directory), client: 114.119.133.98, server: pouted.com, request: "GET /wp-content/uploads/2013/07/Applique_Beading_Yarn_V_Neck_Court_Plus_Size_Bridal_Gown_Wedding_Dress_original_img_13593603677552_328_.jpg?x44527 HTTP/2.0", host: "www.pouted.com"
2025/09/07 19:45:48 [error] 4144567#0: *8632 connect() failed (111: Connection refused) while connecting to upstream, client: 192.178.6.99, server: ayaclass.com, request: "GET /products/10166921/ HTTP/1.1", upstream: "http://192.145.236.239:8080/products/10166921/", host: "www.ayaclass.com"
2025/09/07 19:45:50 [error] 4144567#0: *9721 connect() failed (111: Connection refused) while connecting to upstream, client: 66.249.66.14, server: classing.ru, request: "GET /goods/pid=2467311 HTTP/2.0", upstream: "https://192.249.127.245:8443/goods/pid=2467311", host: "www.classing.ru"
2025/09/07 19:45:50 [error] 4144567#0: *9688 connect() failed (111: Connection refused) while connecting to upstream, client: 197.35.130.246, server: pouted.com, request: "POST /wp-admin/admin-ajax.php HTTP/2.0", upstream: "https://192.145.236.239:8443/wp-admin/admin-ajax.php", host: "www.pouted.com", referrer: "https://www.pouted.com/wp-admin/post.php?post=161655&action=edit&classic-editor"
2025/09/07 19:45:51 [error] 4144567#0: *8632 connect() failed (111: Connection refused) while connecting to upstream, client: 192.178.6.99, server: ayaclass.com, request: "GET /products/7792010/ HTTP/1.1", upstream: "http://192.145.236.239:8080/products/7792010/", host: "www.ayaclass.com"
2025/09/07 19:45:53 [error] 4144567#0: *8632 connect() failed (111: Connection refused) while connecting to upstream, client: 192.178.6.99, server: ayaclass.com, request: "GET /products/26755787/ HTTP/1.1", upstream: "http://192.145.236.239:8080/products/26755787/", host: "www.ayaclass.com"
2025/09/07 19:45:55 [error] 4144567#0: *8632 connect() failed (111: Connection refused) while connecting to upstream, client: 192.178.6.99, server: ayaclass.com, request: "GET /products/11417043/ HTTP/1.1", upstream: "http://192.145.236.239:8080/products/11417043/", host: "www.ayaclass.com"
2025/09/07 19:45:55 [error] 4144567#0: *9710 connect() failed (111: Connection refused) while connecting to upstream, client: 199.16.157.183, server: pouted.com, request: "GET /robots.txt HTTP/2.0", upstream: "https://192.145.236.239:8443/robots.txt", host: "www.pouted.com"
2025/09/07 19:45:56 [error] 4144567#0: *9733 connect() failed (111: Connection refused) while connecting to upstream, client: 127.0.0.1, server: 127.0.0.1, request: "GET /whm-server-status HTTP/1.0", upstream: "http://127.0.0.1:8080/whm-server-status", host: "localhost"
2025/09/07 19:45:58 [error] 4144567#0: *8632 connect() failed (111: Connection refused) while connecting to upstream, client: 192.178.6.99, server: ayaclass.com, request: "GET /products/19678854/ HTTP/1.1", upstream: "http://192.145.236.239:8080/products/19678854/", host: "www.ayaclass.com"
2025/09/07 19:46:01 [error] 4144567#0: *8632 connect() failed (111: Connection refused) while connecting to upstream, client: 192.178.6.99, server: ayaclass.com, request: "GET /products/18136043/ HTTP/1.1", upstream: "http://192.145.236.239:8080/products/18136043/", host: "www.ayaclass.com"
2025/09/07 19:46:02 [error] 4144567#0: *9739 connect() failed (111: Connection refused) while connecting to upstream, client: 8.210.11.248, server: pouted.com, request: "GET /do-you-think-about-caterpillar-as-a-protective-shoe-for-your-foot HTTP/2.0", upstream: "https://192.145.236.239:8443/do-you-think-about-caterpillar-as-a-protective-shoe-for-your-foot", host: "www.pouted.com"
2025/09/07 19:46:03 [error] 4144567#0: *9742 connect() failed (111: Connection refused) while connecting to upstream, client: 4.151.241.252, server: pouted.com, request: "GET /elon-musks-tesla-optimus-robots-2025/ HTTP/2.0", upstream: "https://192.145.236.239:8443/elon-musks-tesla-optimus-robots-2025/", host: "www.pouted.com"
2025/09/07 19:46:03 [error] 4144567#0: *9745 connect() failed (111: Connection refused) while connecting to upstream, client: 4.151.241.249, server: pouted.com, request: "GET /elon-musks-tesla-optimus-robots-2025/ HTTP/2.0", upstream: "https://192.145.236.239:8443/elon-musks-tesla-optimus-robots-2025/", host: "www.pouted.com"
2025/09/07 19:46:04 [error] 4144567#0: *9747 connect() failed (111: Connection refused) while connecting to upstream, client: 4.151.241.242, server: pouted.com, request: "GET /elon-musks-tesla-optimus-robots-2025/ HTTP/2.0", upstream: "https://192.145.236.239:8443/elon-musks-tesla-optimus-robots-2025/", host: "www.pouted.com"
2025/09/07 19:46:04 [error] 4144567#0: *9749 connect() failed (111: Connection refused) while connecting to upstream, client: 4.151.241.255, server: pouted.com, request: "GET /elon-musks-tesla-optimus-robots-2025/ HTTP/2.0", upstream: "https://192.145.236.239:8443/elon-musks-tesla-optimus-robots-2025/", host: "www.pouted.com"
2025/09/07 19:46:05 [error] 4144567#0: *8632 connect() failed (111: Connection refused) while connecting to upstream, client: 192.178.6.99, server: ayaclass.com, request: "GET /products/25062121/ HTTP/1.1", upstream: "http://192.145.236.239:8080/products/25062121/", host: "www.ayaclass.com"
2025/09/07 19:46:05 [error] 4144567#0: *9752 connect() failed (111: Connection refused) while connecting to upstream, client: 66.249.79.133, server: pouted.com, request: "GET /81-beautiful-wedding-hairstyles-for-elegant-brides-in-2017/ HTTP/2.0", upstream: "https://192.145.236.239:8443/81-beautiful-wedding-hairstyles-for-elegant-brides-in-2017/", host: "www.pouted.com"
2025/09/07 19:46:08 [error] 4144567#0: *8632 connect() failed (111: Connection refused) while connecting to upstream, client: 192.178.6.99, server: ayaclass.com, request: "GET /products/24434521/ HTTP/1.1", upstream: "http://192.145.236.239:8080/products/24434521/", host: "www.ayaclass.com"
2025/09/07 19:46:10 [error] 4144567#0: *8632 connect() failed (111: Connection refused) while connecting to upstream, client: 192.178.6.99, server: ayaclass.com, request: "GET /products/23554154/ HTTP/1.1", upstream: "http://192.145.236.239:8080/products/23554154/", host: "www.ayaclass.com"
2025/09/07 19:46:13 [error] 4144567#0: *8632 connect() failed (111: Connection refused) while connecting to upstream, client: 192.178.6.99, server: ayaclass.com, request: "GET /products/25552498/ HTTP/1.1", upstream: "http://192.145.236.239:8080/products/25552498/", host: "www.ayaclass.com"
2025/09/07 19:46:13 [error] 4144567#0: *9688 connect() failed (111: Connection refused) while connecting to upstream, client: 197.35.130.246, server: pouted.com, request: "POST /wp-admin/admin-ajax.php HTTP/2.0", upstream: "https://192.145.236.239:8443/wp-admin/admin-ajax.php", host: "www.pouted.com", referrer: "https://www.pouted.com/wp-admin/post.php?post=161718&action=edit&classic-editor"
2025/09/07 19:46:14 [error] 4144567#0: *9762 connect() failed (111: Connection refused) while connecting to upstream, client: 111.225.149.111, server: pouted.com, request: "GET /robots.txt HTTP/2.0", upstream: "https://192.145.236.239:8443/robots.txt", host: "pouted.com"
2025/09/07 19:46:14 [error] 4144567#0: *9764 connect() failed (111: Connection refused) while connecting to upstream, client: 51.8.155.123, server: pouted.com, request: "GET / HTTP/2.0", upstream: "https://192.145.236.239:8443/", host: "pouted.com"
2025/09/07 19:46:15 [error] 4144567#0: *9766 connect() failed (111: Connection refused) while connecting to upstream, client: 51.8.155.123, server: pouted.com, request: "GET / HTTP/2.0", upstream: "https://192.145.236.239:8443/", host: "pouted.com"
2025/09/07 19:46:15 [error] 4144567#0: *9768 connect() failed (111: Connection refused) while connecting to upstream, client: 51.8.155.117, server: pouted.com, request: "GET / HTTP/2.0", upstream: "https://192.145.236.239:8443/", host: "pouted.com"
2025/09/07 19:46:15 [error] 4144567#0: *9770 connect() failed (111: Connection refused) while connecting to upstream, client: 51.8.155.122, server: pouted.com, request: "GET / HTTP/2.0", upstream: "https://192.145.236.239:8443/", host: "pouted.com"
2025/09/07 19:46:16 [error] 4144567#0: *8632 connect() failed (111: Connection refused) while connecting to upstream, client: 192.178.6.99, server: ayaclass.com, request: "GET /products/22640876/ HTTP/1.1", upstream: "http://192.145.236.239:8080/products/22640876/", host: "www.ayaclass.com"
2025/09/07 19:46:17 [error] 4144567#0: *9773 connect() failed (111: Connection refused) while connecting to upstream, client: 106.38.180.208, server: pouted.com, request: "GET /tag/2025-fashion-trends/ HTTP/2.0", upstream: "https://192.145.236.239:8443/tag/2025-fashion-trends/", host: "www.pouted.com"
2025/09/07 19:46:19 [error] 4144567#0: *9776 connect() failed (111: Connection refused) while connecting to upstream, client: 2a01:4f9:2b:544::2, server: pouted.com, request: "POST /xmlrpc.php HTTP/2.0", upstream: "https://192.145.236.239:8443/xmlrpc.php", host: "www.pouted.com", referrer: "https://www.pouted.com"
2025/09/07 19:46:19 [error] 4144567#0: *8632 connect() failed (111: Connection refused) while connecting to upstream, client: 192.178.6.99, server: ayaclass.com, request: "GET /products/23880443/ HTTP/1.1", upstream: "http://192.145.236.239:8080/products/23880443/", host: "www.ayaclass.com"
2025/09/07 19:46:23 [error] 4144567#0: *8632 connect() failed (111: Connection refused) while connecting to upstream, client: 192.178.6.99, server: ayaclass.com, request: "GET /products/8477909/ HTTP/1.1", upstream: "http://192.145.236.239:8080/products/8477909/", host: "www.ayaclass.com"
2025/09/07 19:46:25 [error] 4144567#0: *9781 open() "/home/pouted/public_html/wp-content/uploads/jewels/bone-feather-earrings.jpg" failed (2: No such file or directory), client: 58.124.145.191, server: pouted.com, request: "GET /wp-content/uploads/jewels/bone-feather-earrings.jpg?x33143 HTTP/2.0", host: "www.pouted.com"
2025/09/07 19:46:26 [error] 4144567#0: *8632 connect() failed (111: Connection refused) while connecting to upstream, client: 192.178.6.99, server: ayaclass.com, request: "GET /products/25590287/ HTTP/1.1", upstream: "http://192.145.236.239:8080/products/25590287/", host: "www.ayaclass.com"
2025/09/07 19:46:27 [error] 4144567#0: *9783 open() "/home/pouted/public_html/wp-content/uploads/2015/01/Copy-of-How-Can-I-Know-if-He-Likes-Me.jpg" failed (2: No such file or directory), client: 216.173.105.25, server: pouted.com, request: "GET /wp-content/uploads/2015/01/Copy-of-How-Can-I-Know-if-He-Likes-Me.jpg?x85627 HTTP/2.0", host: "www.pouted.com"
2025/09/07 19:46:29 [error] 4144567#0: *8632 connect() failed (111: Connection refused) while connecting to upstream, client: 192.178.6.99, server: ayaclass.com, request: "GET /products/10306687/ HTTP/1.1", upstream: "http://192.145.236.239:8080/products/10306687/", host: "www.ayaclass.com"
2025/09/07 19:46:32 [error] 4144567#0: *8632 connect() failed (111: Connection refused) while connecting to upstream, client: 192.178.6.99, server: ayaclass.com, request: "GET /products/24876776/ HTTP/1.1", upstream: "http://192.145.236.239:8080/products/24876776/", host: "www.ayaclass.com"
2025/09/07 19:46:32 [error] 4144567#0: *9788 open() "/home/pouted/public_html/wp-content/uploads/2013/01/Cap-Sleeve-Mix-Print-Dress.jpg" failed (2: No such file or directory), client: 38.80.152.78, server: pouted.com, request: "GET /wp-content/uploads/2013/01/Cap-Sleeve-Mix-Print-Dress.jpg HTTP/2.0", host: "www.pouted.com"
2025/09/07 19:46:34 [error] 4144567#0: *9688 connect() failed (111: Connection refused) while connecting to upstream, client: 197.35.130.246, server: pouted.com, request: "POST /wp-admin/admin-ajax.php HTTP/2.0", upstream: "https://192.145.236.239:8443/wp-admin/admin-ajax.php", host: "www.pouted.com", referrer: "https://www.pouted.com/wp-admin/post.php?post=161682&action=edit&classic-editor"
2025/09/07 19:46:34 [error] 4144567#0: *8632 connect() failed (111: Connection refused) while connecting to upstream, client: 192.178.6.99, server: ayaclass.com, request: "GET /products/14299954/ HTTP/1.1", upstream: "http://192.145.236.239:8080/products/14299954/", host: "www.ayaclass.com"
2025/09/07 19:46:36 [error] 4144567#0: *9791 connect() failed (111: Connection refused) while connecting to upstream, client: 124.156.173.132, server: intensed.com, request: "GET /ai-productivity-tools/ HTTP/2.0", upstream: "https://192.249.127.250:8443/ai-productivity-tools/", host: "www.intensed.com"
2025/09/07 19:46:36 [error] 4144567#0: *8632 connect() failed (111: Connection refused) while connecting to upstream, client: 192.178.6.99, server: ayaclass.com, request: "GET /products/13129098/ HTTP/1.1", upstream: "http://192.145.236.239:8080/products/13129098/", host: "www.ayaclass.com"
2025/09/07 19:46:36 [error] 4144567#0: *9794 open() "/home/pouted/public_html/wp-content/uploads/jewels/Invicta-Watches-Mens-Reserve-Excursion-Touring-Edition-Tachymeter-Chronograph-Swiss-Made-Watch.jpg" failed (2: No such file or directory), client: 2001:250:603c:1112:b929:6419:34f5:26d7, server: pouted.com, request: "GET /wp-content/uploads/jewels/Invicta-Watches-Mens-Reserve-Excursion-Touring-Edition-Tachymeter-Chronograph-Swiss-Made-Watch.jpg HTTP/2.0", host: "www.pouted.com"
2025/09/07 19:46:38 [error] 4144567#0: *8632 connect() failed (111: Connection refused) while connecting to upstream, client: 192.178.6.99, server: ayaclass.com, request: "GET /products/16935454/ HTTP/1.1", upstream: "http://192.145.236.239:8080/products/16935454/", host: "www.ayaclass.com"
2025/09/07 19:46:40 [error] 4144567#0: *8632 connect() failed (111: Connection refused) while connecting to upstream, client: 192.178.6.99, server: ayaclass.com, request: "GET /products/16468232/ HTTP/1.1", upstream: "http://192.145.236.239:8080/products/16468232/", host: "www.ayaclass.com"
2025/09/07 19:46:42 [error] 4144567#0: *9801 connect() failed (111: Connection refused) while connecting to upstream, client: 85.208.96.207, server: ayaclass.com, request: "GET /?a=4242215 HTTP/1.1", upstream: "http://192.145.236.239:8080/?a=4242215", host: "www.ayaclass.com"
2025/09/07 19:46:42 [error] 4144567#0: *8632 connect() failed (111: Connection refused) while connecting to upstream, client: 192.178.6.99, server: ayaclass.com, request: "GET /products/15997543/ HTTP/1.1", upstream: "http://192.145.236.239:8080/products/15997543/", host: "www.ayaclass.com"
2025/09/07 19:46:43 [error] 4144567#0: *9804 open() "/home/pouted/public_html/wp-content/uploads/2013/06/Channing-Tatum-White-House-Down-640x400.jpg" failed (2: No such file or directory), client: 114.119.134.80, server: pouted.com, request: "GET /wp-content/uploads/2013/06/Channing-Tatum-White-House-Down-640x400.jpg?x30685 HTTP/2.0", host: "www.pouted.com", referrer: "https://www.pouted.com/white-house-down-is-an-american-action-film/"
2025/09/07 19:46:43 [error] 4144570#0: *9805 connect() failed (111: Connection refused) while connecting to upstream, client: 52.187.246.139, server: pouted.com, request: "GET /kids-fashion-trends-2025/ HTTP/2.0", upstream: "https://192.145.236.239:8443/kids-fashion-trends-2025/", host: "www.pouted.com"
2025/09/07 19:46:43 [error] 4144570#0: *9805 connect() failed (111: Connection refused) while connecting to upstream, client: 52.187.246.130, server: pouted.com, request: "GET /kids-fashion-trends-2025/ HTTP/2.0", upstream: "https://192.145.236.239:8443/kids-fashion-trends-2025/", host: "www.pouted.com"
2025/09/07 19:46:44 [error] 4144567#0: *9809 open() "/home/pouted/public_html/wp-content/uploads/2013/02/m-Butterfly-Multi-colored-Crystal-Bar-Pendant-Necklace-Gold-01__42238_zoom.jpg" failed (2: No such file or directory), client: 192.0.113.177, server: pouted.com, request: "GET /wp-content/uploads/2013/02/m-Butterfly-Multi-colored-Crystal-Bar-Pendant-Necklace-Gold-01__42238_zoom.jpg HTTP/2.0", host: "www.pouted.com"
2025/09/07 19:46:44 [error] 4144570#0: *9810 connect() failed (111: Connection refused) while connecting to upstream, client: 52.167.144.183, server: pouted.com, request: "GET /tag/womens-hairstyles/ HTTP/2.0", upstream: "https://192.145.236.239:8443/tag/womens-hairstyles/", host: "www.pouted.com"
2025/09/07 19:46:44 [error] 4144567#0: *9808 connect() failed (111: Connection refused) while connecting to upstream, client: 52.187.246.134, server: pouted.com, request: "GET /kids-fashion-trends-2025/ HTTP/2.0", upstream: "https://192.145.236.239:8443/kids-fashion-trends-2025/", host: "www.pouted.com"
2025/09/07 19:46:45 [error] 4144567#0: *9814 connect() failed (111: Connection refused) while connecting to upstream, client: 52.187.246.130, server: pouted.com, request: "GET /kids-fashion-trends-2025/ HTTP/2.0", upstream: "https://192.145.236.239:8443/kids-fashion-trends-2025/", host: "www.pouted.com"
2025/09/07 19:46:46 [error] 4144567#0: *8632 connect() failed (111: Connection refused) while connecting to upstream, client: 192.178.6.99, server: ayaclass.com, request: "GET /products/11044387/ HTTP/1.1", upstream: "http://192.145.236.239:8080/products/11044387/", host: "www.ayaclass.com"
2025/09/07 19:46:46 [error] 4144567#0: *9817 connect() failed (111: Connection refused) while connecting to upstream, client: 207.244.102.172, server: pouted.com, request: "GET /ads.txt HTTP/2.0", upstream: "https://192.145.236.239:8443/ads.txt", host: "pouted.com"
2025/09/07 19:46:46 [error] 4144567#0: *9818 connect() failed (111: Connection refused) while connecting to upstream, client: 207.244.102.172, server: pouted.com, request: "GET /ads.txt HTTP/2.0", upstream: "https://192.145.236.239:8443/ads.txt", host: "pouted.com"
2025/09/07 19:46:47 [error] 4144567#0: *9822 connect() failed (111: Connection refused) while connecting to upstream, client: 207.244.102.172, server: pouted.com, request: "GET /ads.txt HTTP/2.0", upstream: "https://192.145.236.239:8443/ads.txt", host: "pouted.com"
2025/09/07 19:46:47 [error] 4144567#0: *9823 connect() failed (111: Connection refused) while connecting to upstream, client: 207.244.102.172, server: pouted.com, request: "GET /ads.txt HTTP/2.0", upstream: "https://192.145.236.239:8443/ads.txt", host: "pouted.com"
2025/09/07 19:46:50 [error] 4144567#0: *9827 connect() failed (111: Connection refused) while connecting to upstream, client: 194.180.232.73, server: pouted.com, request: "GET /index.php/bundle/adminhtml_bundle/index HTTP/2.0", upstream: "https://192.145.236.239:8443/index.php/bundle/adminhtml_bundle/index", host: "pouted.com"
2025/09/07 19:46:50 [error] 4144567#0: *9830 connect() failed (111: Connection refused) while connecting to upstream, client: 66.249.79.131, server: pouted.com, request: "GET /top-10-best-fashion-journalists-trending/amp HTTP/2.0", upstream: "https://192.145.236.239:8443/top-10-best-fashion-journalists-trending/amp", host: "www.pouted.com"
2025/09/07 19:46:50 [error] 4144567#0: *9829 connect() failed (111: Connection refused) while connecting to upstream, client: 2a00:7a60:0:7520::2, server: mrmyst.com, request: "GET /xmlrpc.php HTTP/2.0", upstream: "https://192.145.236.239:8443/xmlrpc.php", host: "mrmyst.com", referrer: "http://mrmyst.com"
2025/09/07 19:46:50 [error] 4144567#0: *9827 connect() failed (111: Connection refused) while connecting to upstream, client: 194.180.232.73, server: pouted.com, request: "GET /index.php/bundle/adminhtml_bundle/index HTTP/2.0", upstream: "https://192.145.236.239:8443/index.php/bundle/adminhtml_bundle/index", host: "pouted.com", referrer: "http://pouted.com/index.php/bundle/adminhtml_bundle/index"
2025/09/07 19:46:50 [error] 4144567#0: *8632 connect() failed (111: Connection refused) while connecting to upstream, client: 192.178.6.99, server: ayaclass.com, request: "GET /products/28475909/ HTTP/1.1", upstream: "http://192.145.236.239:8080/products/28475909/", host: "www.ayaclass.com"
2025/09/07 19:46:54 [error] 4144567#0: *9835 open() "/home/pouted/public_html/wp-content/uploads/2018/09/Headbands-and-a-bun-hairstyle.jpg" failed (2: No such file or directory), client: 40.77.167.30, server: pouted.com, request: "GET /wp-content/uploads/2018/09/Headbands-and-a-bun-hairstyle.jpg?x43083 HTTP/2.0", host: "www.pouted.com"
2025/09/07 19:46:55 [error] 4144567#0: *9837 open() "/home/pouted/public_html/wp-content/uploads/2013/06/Baby-Elle.jpg" failed (2: No such file or directory), client: 114.119.140.52, server: pouted.com, request: "GET /wp-content/uploads/2013/06/Baby-Elle.jpg?x44527 HTTP/2.0", host: "www.pouted.com"
2025/09/07 19:46:57 [error] 4144567#0: *8632 connect() failed (111: Connection refused) while connecting to upstream, client: 192.178.6.99, server: ayaclass.com, request: "GET /products/16377143/ HTTP/1.1", upstream: "http://192.145.236.239:8080/products/16377143/", host: "www.ayaclass.com"
2025/09/07 19:47:00 [error] 4144567#0: *8632 connect() failed (111: Connection refused) while connecting to upstream, client: 192.178.6.99, server: ayaclass.com, request: "GET /products/10062609/ HTTP/1.1", upstream: "http://192.145.236.239:8080/products/10062609/", host: "www.ayaclass.com"
2025/09/07 19:47:01 [error] 4144567#0: *9830 connect() failed (111: Connection refused) while connecting to upstream, client: 66.249.79.132, server: pouted.com, request: "GET /tag/outdoor-sports-for-summer/ HTTP/2.0", upstream: "https://192.145.236.239:8443/tag/outdoor-sports-for-summer/", host: "www.pouted.com"
2025/09/07 19:47:03 [error] 4144567#0: *8632 connect() failed (111: Connection refused) while connecting to upstream, client: 192.178.6.99, server: ayaclass.com, request: "GET /products/14461521/ HTTP/1.1", upstream: "http://192.145.236.239:8080/products/14461521/", host: "www.ayaclass.com"
2025/09/07 19:47:04 [error] 4144567#0: *9822 connect() failed (111: Connection refused) while connecting to upstream, client: 40.84.221.217, server: pouted.com, request: "GET / HTTP/2.0", upstream: "https://192.145.236.239:8443/", host: "pouted.com"
2025/09/07 19:47:04 [error] 4144567#0: *9823 connect() failed (111: Connection refused) while connecting to upstream, client: 40.84.221.223, server: pouted.com, request: "GET / HTTP/2.0", upstream: "https://192.145.236.239:8443/", host: "pouted.com"
2025/09/07 19:47:04 [error] 4144567#0: *9848 connect() failed (111: Connection refused) while connecting to upstream, client: 40.84.221.221, server: pouted.com, request: "GET / HTTP/2.0", upstream: "https://192.145.236.239:8443/", host: "pouted.com"
2025/09/07 19:47:05 [error] 4144567#0: *9850 connect() failed (111: Connection refused) while connecting to upstream, client: 127.0.0.1, server: 127.0.0.1, request: "GET /whm-server-status HTTP/1.0", upstream: "http://127.0.0.1:8080/whm-server-status", host: "localhost"
2025/09/07 19:47:05 [error] 4144567#0: *9853 connect() failed (111: Connection refused) while connecting to upstream, client: 40.84.221.216, server: pouted.com, request: "GET / HTTP/2.0", upstream: "https://192.145.236.239:8443/", host: "pouted.com"
2025/09/07 19:47:07 [error] 4144567#0: *8632 connect() failed (111: Connection refused) while connecting to upstream, client: 192.178.6.99, server: ayaclass.com, request: "GET /products/13462276/ HTTP/1.1", upstream: "http://192.145.236.239:8080/products/13462276/", host: "www.ayaclass.com"
2025/09/07 19:47:10 [error] 4144567#0: *8632 connect() failed (111: Connection refused) while connecting to upstream, client: 192.178.6.99, server: ayaclass.com, request: "GET /products/28473876/ HTTP/1.1", upstream: "http://192.145.236.239:8080/products/28473876/", host: "www.ayaclass.com"
2025/09/07 19:47:10 [error] 4144567#0: *9857 connect() failed (111: Connection refused) while connecting to upstream, client: 45.140.167.41, server: pouted.com, request: "GET /admin_gmp HTTP/2.0", upstream: "https://192.145.236.239:8443/admin_gmp", host: "pouted.com"
2025/09/07 19:47:10 [error] 4144567#0: *9860 connect() failed (111: Connection refused) while connecting to upstream, client: 125.228.216.16, server: pouted.com, request: "GET /taking-perfect-selfies-expert-selfie-tips/ HTTP/2.0", upstream: "https://192.145.236.239:8443/taking-perfect-selfies-expert-selfie-tips/", host: "www.pouted.com", referrer: "https://www.pouted.com/"
2025/09/07 19:47:11 [error] 4144567#0: *9862 connect() failed (111: Connection refused) while connecting to upstream, client: 45.140.167.41, server: pouted.com, request: "GET /admin_gmp HTTP/2.0", upstream: "https://192.145.236.239:8443/admin_gmp", host: "pouted.com"
