2025/09/07 18:25:12 [error] 4144567#0: *905 connect() failed (111: Connection refused) while connecting to upstream, client: 2a03:2880:2ff:6::, server: pouted.com, request: "GET /tips-and-tricks-to-make-your-content-top-notch/ HTTP/2.0", upstream: "https://192.145.236.239:8443/tips-and-tricks-to-make-your-content-top-notch/", host: "www.pouted.com"
2025/09/07 18:25:14 [error] 4144567#0: *16 connect() failed (111: Connection refused) while connecting to upstream, client: 192.178.6.99, server: ayaclass.com, request: "GET /products/28307765/ HTTP/1.1", upstream: "http://192.145.236.239:8080/products/28307765/", host: "www.ayaclass.com"
2025/09/07 18:25:16 [error] 4144567#0: *16 connect() failed (111: Connection refused) while connecting to upstream, client: 192.178.6.99, server: ayaclass.com, request: "GET /products/24503487/ HTTP/1.1", upstream: "http://192.145.236.239:8080/products/24503487/", host: "www.ayaclass.com"
2025/09/07 18:25:18 [error] 4144567#0: *912 connect() failed (111: Connection refused) while connecting to upstream, client: 95.217.59.55, server: pouted.com, request: "GET /magazine/tools-services/web-hosting-reviews/feed/ HTTP/2.0", upstream: "https://192.145.236.239:8443/magazine/tools-services/web-hosting-reviews/feed/", host: "www.pouted.com"
2025/09/07 18:25:19 [error] 4144567#0: *16 connect() failed (111: Connection refused) while connecting to upstream, client: 192.178.6.99, server: ayaclass.com, request: "GET /products/21265310/ HTTP/1.1", upstream: "http://192.145.236.239:8080/products/21265310/", host: "www.ayaclass.com"
2025/09/07 18:25:19 [error] 4144567#0: *914 connect() failed (111: Connection refused) while connecting to upstream, client: 213.186.1.154, server: pouted.com, request: "GET / HTTP/2.0", upstream: "https://192.145.236.239:8443/", host: "www.pouted.com"
2025/09/07 18:25:20 [error] 4144567#0: *917 connect() failed (111: Connection refused) while connecting to upstream, client: 127.0.0.1, server: 127.0.0.1, request: "GET /whm-server-status HTTP/1.0", upstream: "http://127.0.0.1:8080/whm-server-status", host: "localhost"
2025/09/07 18:25:23 [error] 4144567#0: *919 open() "/home/pouted/public_html/wp-content/uploads/jewels/Ridged-Dollar-Shaped-Gold-Money-Clip.jpg" failed (2: No such file or directory), client: 5.34.216.201, server: pouted.com, request: "GET /wp-content/uploads/jewels/Ridged-Dollar-Shaped-Gold-Money-Clip.jpg HTTP/2.0", host: "www.pouted.com"
2025/09/07 18:25:25 [error] 4144567#0: *16 connect() failed (111: Connection refused) while connecting to upstream, client: 192.178.6.99, server: ayaclass.com, request: "GET /products/17669498/ HTTP/1.1", upstream: "http://192.145.236.239:8080/products/17669498/", host: "www.ayaclass.com"
2025/09/07 18:25:26 [error] 4144567#0: *922 open() "/home/pouted/public_html/wp-content/uploads/2013/12/Rosewood_Abu_Dhabi_Aqua_-_Dining_Room-passion4luxury.jpg" failed (2: No such file or directory), client: 35.236.199.119, server: pouted.com, request: "GET /wp-content/uploads/2013/12/Rosewood_Abu_Dhabi_Aqua_-_Dining_Room-passion4luxury.jpg HTTP/2.0", host: "www.pouted.com"
2025/09/07 18:25:29 [error] 4144567#0: *923 connect() failed (111: Connection refused) while connecting to upstream, client: 146.103.11.18, server: pouted.com, request: "GET /clean-girl-style/ HTTP/2.0", upstream: "https://192.145.236.239:8443/clean-girl-style/", host: "www.pouted.com"
2025/09/07 18:25:30 [error] 4144567#0: *925 connect() failed (111: Connection refused) while connecting to upstream, client: 2a03:2880:24ff:1::, server: pouted.com, request: "GET /2025-dessert-trends/ HTTP/2.0", upstream: "https://192.145.236.239:8443/2025-dessert-trends/", host: "www.pouted.com"
2025/09/07 18:25:30 [error] 4144567#0: *927 connect() failed (111: Connection refused) while connecting to upstream, client: 2a03:2880:f800:19::, server: pouted.com, request: "GET /interior-design-youtubers/ HTTP/2.0", upstream: "https://192.145.236.239:8443/interior-design-youtubers/", host: "pouted.com"
2025/09/07 18:25:31 [error] 4144567#0: *16 connect() failed (111: Connection refused) while connecting to upstream, client: 192.178.6.99, server: ayaclass.com, request: "GET /products/20867365/ HTTP/1.1", upstream: "http://192.145.236.239:8080/products/20867365/", host: "www.ayaclass.com"
2025/09/07 18:25:34 [error] 4144567#0: *933 connect() failed (111: Connection refused) while connecting to upstream, client: 66.249.79.131, server: pouted.com, request: "GET /trusted-custom-writing-help-affordable-rates/ HTTP/2.0", upstream: "https://192.145.236.239:8443/trusted-custom-writing-help-affordable-rates/", host: "www.pouted.com"
2025/09/07 18:25:34 [error] 4144567#0: *935 connect() failed (111: Connection refused) while connecting to upstream, client: 216.244.66.248, server: pouted.com, request: "GET /robots.txt HTTP/2.0", upstream: "https://192.145.236.239:8443/robots.txt", host: "pouted.com"
2025/09/07 18:25:36 [error] 4144567#0: *937 connect() failed (111: Connection refused) while connecting to upstream, client: 135.220.210.140, server: ayaclass.com, request: "GET /about.php HTTP/1.1", upstream: "http://192.145.236.239:8080/about.php", host: "www.ayaclass.com"
2025/09/07 18:25:36 [error] 4144567#0: *939 connect() failed (111: Connection refused) while connecting to upstream, client: 135.220.210.140, server: ayaclass.com, request: "GET /about/function.php HTTP/1.1", upstream: "http://192.145.236.239:8080/about/function.php", host: "www.ayaclass.com"
2025/09/07 18:25:36 [error] 4144567#0: *939 connect() failed (111: Connection refused) while connecting to upstream, client: 135.220.210.140, server: ayaclass.com, request: "GET /admin.php HTTP/1.1", upstream: "http://192.145.236.239:8080/admin.php", host: "www.ayaclass.com"
2025/09/07 18:25:36 [error] 4144567#0: *939 connect() failed (111: Connection refused) while connecting to upstream, client: 135.220.210.140, server: ayaclass.com, request: "GET /admin/admin.php HTTP/1.1", upstream: "http://192.145.236.239:8080/admin/admin.php", host: "www.ayaclass.com"
2025/09/07 18:25:36 [error] 4144567#0: *939 connect() failed (111: Connection refused) while connecting to upstream, client: 135.220.210.140, server: ayaclass.com, request: "GET /admin/function.php HTTP/1.1", upstream: "http://192.145.236.239:8080/admin/function.php", host: "www.ayaclass.com"
2025/09/07 18:25:37 [error] 4144567#0: *939 connect() failed (111: Connection refused) while connecting to upstream, client: 135.220.210.140, server: ayaclass.com, request: "GET /admin/index.php HTTP/1.1", upstream: "http://192.145.236.239:8080/admin/index.php", host: "www.ayaclass.com"
2025/09/07 18:25:37 [error] 4144567#0: *16 connect() failed (111: Connection refused) while connecting to upstream, client: 192.178.6.99, server: ayaclass.com, request: "GET /products/20763776/ HTTP/1.1", upstream: "http://192.145.236.239:8080/products/20763776/", host: "www.ayaclass.com"
2025/09/07 18:25:37 [error] 4144567#0: *939 connect() failed (111: Connection refused) while connecting to upstream, client: 135.220.210.140, server: ayaclass.com, request: "GET /adminfuns.php HTTP/1.1", upstream: "http://192.145.236.239:8080/adminfuns.php", host: "www.ayaclass.com"
2025/09/07 18:25:37 [error] 4144567#0: *939 connect() failed (111: Connection refused) while connecting to upstream, client: 135.220.210.140, server: ayaclass.com, request: "GET /akc.php HTTP/1.1", upstream: "http://192.145.236.239:8080/akc.php", host: "www.ayaclass.com"
2025/09/07 18:25:37 [error] 4144567#0: *939 connect() failed (111: Connection refused) while connecting to upstream, client: 135.220.210.140, server: ayaclass.com, request: "GET /al.php HTTP/1.1", upstream: "http://192.145.236.239:8080/al.php", host: "www.ayaclass.com"
2025/09/07 18:25:37 [error] 4144567#0: *939 connect() failed (111: Connection refused) while connecting to upstream, client: 135.220.210.140, server: ayaclass.com, request: "GET /alfa.php HTTP/1.1", upstream: "http://192.145.236.239:8080/alfa.php", host: "www.ayaclass.com"
2025/09/07 18:25:37 [error] 4144567#0: *950 open() "/home/pouted/public_html/wp-content/uploads/2017/07/Valentines-Day-Chocolate-Trail-Mix-675x900.jpg" failed (2: No such file or directory), client: 5.34.216.201, server: pouted.com, request: "GET /wp-content/uploads/2017/07/Valentines-Day-Chocolate-Trail-Mix-675x900.jpg HTTP/2.0", host: "www.pouted.com"
2025/09/07 18:25:37 [error] 4144567#0: *939 connect() failed (111: Connection refused) while connecting to upstream, client: 135.220.210.140, server: ayaclass.com, request: "GET /as.php HTTP/1.1", upstream: "http://192.145.236.239:8080/as.php", host: "www.ayaclass.com"
2025/09/07 18:25:38 [error] 4144567#0: *939 connect() failed (111: Connection refused) while connecting to upstream, client: 135.220.210.140, server: ayaclass.com, request: "GET /asasx.php HTTP/1.1", upstream: "http://192.145.236.239:8080/asasx.php", host: "www.ayaclass.com"
2025/09/07 18:25:38 [error] 4144567#0: *939 connect() failed (111: Connection refused) while connecting to upstream, client: 135.220.210.140, server: ayaclass.com, request: "GET /assets/images/doc.php HTTP/1.1", upstream: "http://192.145.236.239:8080/assets/images/doc.php", host: "www.ayaclass.com"
2025/09/07 18:25:38 [error] 4144567#0: *939 connect() failed (111: Connection refused) while connecting to upstream, client: 135.220.210.140, server: ayaclass.com, request: "GET /atomlib.php HTTP/1.1", upstream: "http://192.145.236.239:8080/atomlib.php", host: "www.ayaclass.com"
2025/09/07 18:25:38 [error] 4144567#0: *939 connect() failed (111: Connection refused) while connecting to upstream, client: 135.220.210.140, server: ayaclass.com, request: "GET /auth.php HTTP/1.1", upstream: "http://192.145.236.239:8080/auth.php", host: "www.ayaclass.com"
2025/09/07 18:25:38 [error] 4144567#0: *939 connect() failed (111: Connection refused) while connecting to upstream, client: 135.220.210.140, server: ayaclass.com, request: "GET /autoload_classmap.php HTTP/1.1", upstream: "http://192.145.236.239:8080/autoload_classmap.php", host: "www.ayaclass.com"
2025/09/07 18:25:38 [error] 4144567#0: *939 connect() failed (111: Connection refused) while connecting to upstream, client: 135.220.210.140, server: ayaclass.com, request: "GET /autoload_classmap/function.php HTTP/1.1", upstream: "http://192.145.236.239:8080/autoload_classmap/function.php", host: "www.ayaclass.com"
2025/09/07 18:25:39 [error] 4144567#0: *939 connect() failed (111: Connection refused) while connecting to upstream, client: 135.220.210.140, server: ayaclass.com, request: "GET /b.php HTTP/1.1", upstream: "http://192.145.236.239:8080/b.php", host: "www.ayaclass.com"
2025/09/07 18:25:39 [error] 4144567#0: *939 connect() failed (111: Connection refused) while connecting to upstream, client: 135.220.210.140, server: ayaclass.com, request: "GET /blog/fw.php HTTP/1.1", upstream: "http://192.145.236.239:8080/blog/fw.php", host: "www.ayaclass.com"
2025/09/07 18:25:39 [error] 4144567#0: *939 connect() failed (111: Connection refused) while connecting to upstream, client: 135.220.210.140, server: ayaclass.com, request: "GET /bugz.php HTTP/1.1", upstream: "http://192.145.236.239:8080/bugz.php", host: "www.ayaclass.com"
2025/09/07 18:25:39 [error] 4144567#0: *939 connect() failed (111: Connection refused) while connecting to upstream, client: 135.220.210.140, server: ayaclass.com, request: "GET /byp.php HTTP/1.1", upstream: "http://192.145.236.239:8080/byp.php", host: "www.ayaclass.com"
2025/09/07 18:25:39 [error] 4144567#0: *939 connect() failed (111: Connection refused) while connecting to upstream, client: 135.220.210.140, server: ayaclass.com, request: "GET /cc.php HTTP/1.1", upstream: "http://192.145.236.239:8080/cc.php", host: "www.ayaclass.com"
2025/09/07 18:25:39 [error] 4144567#0: *939 connect() failed (111: Connection refused) while connecting to upstream, client: 135.220.210.140, server: ayaclass.com, request: "GET /chosen.php HTTP/1.1", upstream: "http://192.145.236.239:8080/chosen.php", host: "www.ayaclass.com"
2025/09/07 18:25:40 [error] 4144567#0: *939 connect() failed (111: Connection refused) while connecting to upstream, client: 135.220.210.140, server: ayaclass.com, request: "GET /class.php HTTP/1.1", upstream: "http://192.145.236.239:8080/class.php", host: "www.ayaclass.com"
2025/09/07 18:25:40 [error] 4144567#0: *939 connect() failed (111: Connection refused) while connecting to upstream, client: 135.220.210.140, server: ayaclass.com, request: "GET /classwithtostring.php HTTP/1.1", upstream: "http://192.145.236.239:8080/classwithtostring.php", host: "www.ayaclass.com"
2025/09/07 18:25:40 [error] 4144567#0: *939 connect() failed (111: Connection refused) while connecting to upstream, client: 135.220.210.140, server: ayaclass.com, request: "GET /composer.php HTTP/1.1", upstream: "http://192.145.236.239:8080/composer.php", host: "www.ayaclass.com"
2025/09/07 18:25:40 [error] 4144567#0: *939 connect() failed (111: Connection refused) while connecting to upstream, client: 135.220.210.140, server: ayaclass.com, request: "GET /css.php HTTP/1.1", upstream: "http://192.145.236.239:8080/css.php", host: "www.ayaclass.com"
2025/09/07 18:25:40 [error] 4144567#0: *939 connect() failed (111: Connection refused) while connecting to upstream, client: 135.220.210.140, server: ayaclass.com, request: "GET /dropdown.php HTTP/1.1", upstream: "http://192.145.236.239:8080/dropdown.php", host: "www.ayaclass.com"
2025/09/07 18:25:40 [error] 4144567#0: *939 connect() failed (111: Connection refused) while connecting to upstream, client: 135.220.210.140, server: ayaclass.com, request: "GET /edit.php HTTP/1.1", upstream: "http://192.145.236.239:8080/edit.php", host: "www.ayaclass.com"
2025/09/07 18:25:41 [error] 4144567#0: *939 connect() failed (111: Connection refused) while connecting to upstream, client: 135.220.210.140, server: ayaclass.com, request: "GET /f35.php HTTP/1.1", upstream: "http://192.145.236.239:8080/f35.php", host: "www.ayaclass.com"
2025/09/07 18:25:41 [error] 4144567#0: *974 open() "/home/pouted/public_html/wp-content/uploads/2013/05/22-1200bc-475x475.jpg" failed (2: No such file or directory), client: 123.156.181.224, server: pouted.com, request: "GET /wp-content/uploads/2013/05/22-1200bc-475x475.jpg?x45357 HTTP/2.0", host: "www.pouted.com"
2025/09/07 18:25:41 [error] 4144567#0: *975 open() "/home/pouted/public_html/wp-content/uploads/2013/05/beautiful-blue-alloy-with-czech-rhinestones-and-acorite-wedding-earrings-61201-p201207261343265059028753883-475x617.jpg" failed (2: No such file or directory), client: 61.241.207.204, server: pouted.com, request: "GET /wp-content/uploads/2013/05/beautiful-blue-alloy-with-czech-rhinestones-and-acorite-wedding-earrings-61201-p201207261343265059028753883-475x617.jpg?x85627 HTTP/2.0", host: "www.pouted.com"
2025/09/07 18:25:41 [error] 4144567#0: *939 connect() failed (111: Connection refused) while connecting to upstream, client: 135.220.210.140, server: ayaclass.com, request: "GET /file.php HTTP/1.1", upstream: "http://192.145.236.239:8080/file.php", host: "www.ayaclass.com"
2025/09/07 18:25:41 [error] 4144567#0: *939 connect() failed (111: Connection refused) while connecting to upstream, client: 135.220.210.140, server: ayaclass.com, request: "GET /file2.php HTTP/1.1", upstream: "http://192.145.236.239:8080/file2.php", host: "www.ayaclass.com"
2025/09/07 18:25:41 [error] 4144567#0: *978 open() "/home/pouted/public_html/wp-content/uploads/2013/02/samsung...jpg" failed (2: No such file or directory), client: 36.100.97.122, server: pouted.com, request: "GET /wp-content/uploads/2013/02/samsung...jpg HTTP/2.0", host: "www.pouted.com"
2025/09/07 18:25:41 [error] 4144567#0: *939 connect() failed (111: Connection refused) while connecting to upstream, client: 135.220.210.140, server: ayaclass.com, request: "GET /filemanager.php HTTP/1.1", upstream: "http://192.145.236.239:8080/filemanager.php", host: "www.ayaclass.com"
2025/09/07 18:25:41 [error] 4144567#0: *939 connect() failed (111: Connection refused) while connecting to upstream, client: 135.220.210.140, server: ayaclass.com, request: "GET /files/index.php HTTP/1.1", upstream: "http://192.145.236.239:8080/files/index.php", host: "www.ayaclass.com"
2025/09/07 18:25:41 [error] 4144567#0: *939 connect() failed (111: Connection refused) while connecting to upstream, client: 135.220.210.140, server: ayaclass.com, request: "GET /fix.php HTTP/1.1", upstream: "http://192.145.236.239:8080/fix.php", host: "www.ayaclass.com"
2025/09/07 18:25:41 [error] 4144567#0: *939 connect() failed (111: Connection refused) while connecting to upstream, client: 135.220.210.140, server: ayaclass.com, request: "GET /flower.php HTTP/1.1", upstream: "http://192.145.236.239:8080/flower.php", host: "www.ayaclass.com"
2025/09/07 18:25:42 [error] 4144567#0: *939 connect() failed (111: Connection refused) while connecting to upstream, client: 135.220.210.140, server: ayaclass.com, request: "GET /fox.php HTTP/1.1", upstream: "http://192.145.236.239:8080/fox.php", host: "www.ayaclass.com"
2025/09/07 18:25:42 [error] 4144567#0: *939 connect() failed (111: Connection refused) while connecting to upstream, client: 135.220.210.140, server: ayaclass.com, request: "GET /function/function.php HTTP/1.1", upstream: "http://192.145.236.239:8080/function/function.php", host: "www.ayaclass.com"
2025/09/07 18:25:42 [error] 4144567#0: *988 open() "/home/pouted/public_html/wp-content/uploads/2013/06/pretty-smiling.jpg" failed (2: No such file or directory), client: 121.227.41.211, server: pouted.com, request: "GET /wp-content/uploads/2013/06/pretty-smiling.jpg?x71148 HTTP/2.0", host: "www.pouted.com"
2025/09/07 18:25:42 [error] 4144567#0: *939 connect() failed (111: Connection refused) while connecting to upstream, client: 135.220.210.140, server: ayaclass.com, request: "GET /g.php HTTP/1.1", upstream: "http://192.145.236.239:8080/g.php", host: "www.ayaclass.com"
2025/09/07 18:25:42 [error] 4144567#0: *984 connect() failed (111: Connection refused) while connecting to upstream, client: 2a02:4780:11:1427:0:1317:8821:1, server: pouted.com, request: "GET /feed/ HTTP/2.0", upstream: "https://192.145.236.239:8443/feed/", host: "www.pouted.com"
2025/09/07 18:25:42 [error] 4144567#0: *939 connect() failed (111: Connection refused) while connecting to upstream, client: 135.220.210.140, server: ayaclass.com, request: "GET /gecko.php HTTP/1.1", upstream: "http://192.145.236.239:8080/gecko.php", host: "www.ayaclass.com"
2025/09/07 18:25:42 [error] 4144567#0: *939 connect() failed (111: Connection refused) while connecting to upstream, client: 135.220.210.140, server: ayaclass.com, request: "GET /gel4y.php HTTP/1.1", upstream: "http://192.145.236.239:8080/gel4y.php", host: "www.ayaclass.com"
2025/09/07 18:25:42 [error] 4144567#0: *994 open() "/home/pouted/public_html/wp-content/uploads/2013/08/Paleo-Flourless-Chocolate-Chip-Cookies-042.jpg" failed (2: No such file or directory), client: 36.100.97.221, server: pouted.com, request: "GET /wp-content/uploads/2013/08/Paleo-Flourless-Chocolate-Chip-Cookies-042.jpg?x71148 HTTP/2.0", host: "www.pouted.com"
2025/09/07 18:25:42 [error] 4144567#0: *939 connect() failed (111: Connection refused) while connecting to upstream, client: 135.220.210.140, server: ayaclass.com, request: "GET /gelay.php HTTP/1.1", upstream: "http://192.145.236.239:8080/gelay.php", host: "www.ayaclass.com"
2025/09/07 18:25:43 [error] 4144567#0: *939 connect() failed (111: Connection refused) while connecting to upstream, client: 135.220.210.140, server: ayaclass.com, request: "GET /gg.php HTTP/1.1", upstream: "http://192.145.236.239:8080/gg.php", host: "www.ayaclass.com"
2025/09/07 18:25:43 [error] 4144567#0: *992 connect() failed (111: Connection refused) while connecting to upstream, client: 47.128.97.162, server: pouted.com, request: "GET /top-10-best-shakespearean-plays/ HTTP/2.0", upstream: "https://192.145.236.239:8443/top-10-best-shakespearean-plays/", host: "www.pouted.com"
2025/09/07 18:25:43 [error] 4144567#0: *939 connect() failed (111: Connection refused) while connecting to upstream, client: 135.220.210.140, server: ayaclass.com, request: "GET /goat.php HTTP/1.1", upstream: "http://192.145.236.239:8080/goat.php", host: "www.ayaclass.com"
2025/09/07 18:25:43 [error] 4144567#0: *999 open() "/home/pouted/public_html/wp-content/uploads/2013/11/New-Picture-14-390x220.jpg" failed (2: No such file or directory), client: 123.156.176.93, server: pouted.com, request: "GET /wp-content/uploads/2013/11/New-Picture-14-390x220.jpg HTTP/2.0", host: "www.pouted.com"
2025/09/07 18:25:43 [error] 4144567#0: *939 connect() failed (111: Connection refused) while connecting to upstream, client: 135.220.210.140, server: ayaclass.com, request: "GET /goods.php HTTP/1.1", upstream: "http://192.145.236.239:8080/goods.php", host: "www.ayaclass.com"
2025/09/07 18:25:43 [error] 4144567#0: *939 connect() failed (111: Connection refused) while connecting to upstream, client: 135.220.210.140, server: ayaclass.com, request: "GET /h.php HTTP/1.1", upstream: "http://192.145.236.239:8080/h.php", host: "www.ayaclass.com"
2025/09/07 18:25:43 [error] 4144567#0: *1002 open() "/home/pouted/public_html/wp-content/uploads/2013/12/420116.jpg" failed (2: No such file or directory), client: 122.238.124.234, server: pouted.com, request: "GET /wp-content/uploads/2013/12/420116.jpg?x71148 HTTP/2.0", host: "www.pouted.com"
2025/09/07 18:25:43 [error] 4144567#0: *939 connect() failed (111: Connection refused) while connecting to upstream, client: 135.220.210.140, server: ayaclass.com, request: "GET /images/admin.php HTTP/1.1", upstream: "http://192.145.236.239:8080/images/admin.php", host: "www.ayaclass.com"
2025/09/07 18:25:43 [error] 4144567#0: *1004 open() "/home/pouted/public_html/wp-content/uploads/2013/06/black3.jpg" failed (2: No such file or directory), client: 36.100.99.84, server: pouted.com, request: "GET /wp-content/uploads/2013/06/black3.jpg?x44527 HTTP/2.0", host: "www.pouted.com"
2025/09/07 18:25:43 [error] 4144567#0: *939 connect() failed (111: Connection refused) while connecting to upstream, client: 135.220.210.140, server: ayaclass.com, request: "GET /images/class-config.php HTTP/1.1", upstream: "http://192.145.236.239:8080/images/class-config.php", host: "www.ayaclass.com"
2025/09/07 18:25:44 [error] 4144567#0: *1006 open() "/home/pouted/public_html/wp-content/uploads/2014/01/Personalized-Wedding-Romance-Champagne-Toasting-Flutes-9038_li.jpg" failed (2: No such file or directory), client: 122.238.23.160, server: pouted.com, request: "GET /wp-content/uploads/2014/01/Personalized-Wedding-Romance-Champagne-Toasting-Flutes-9038_li.jpg?x45357 HTTP/2.0", host: "www.pouted.com"
2025/09/07 18:25:44 [error] 4144567#0: *939 connect() failed (111: Connection refused) while connecting to upstream, client: 135.220.210.140, server: ayaclass.com, request: "GET /inc.php HTTP/1.1", upstream: "http://192.145.236.239:8080/inc.php", host: "www.ayaclass.com"
2025/09/07 18:25:44 [error] 4144567#0: *1008 open() "/home/pouted/public_html/wp-content/uploads/2014/02/healthy-food-pyramid.png" failed (2: No such file or directory), client: 123.156.178.132, server: pouted.com, request: "GET /wp-content/uploads/2014/02/healthy-food-pyramid.png?x44527 HTTP/2.0", host: "www.pouted.com"
2025/09/07 18:25:44 [error] 4144567#0: *1009 open() "/home/pouted/public_html/wp-content/uploads/2014/02/accessories-women-10-Best-Collection-Accessories-Headbands-Woman-Sweet-Beautiful-and-Unique-of-2012.jpg" failed (2: No such file or directory), client: 218.68.108.100, server: pouted.com, request: "GET /wp-content/uploads/2014/02/accessories-women-10-Best-Collection-Accessories-Headbands-Woman-Sweet-Beautiful-and-Unique-of-2012.jpg HTTP/2.0", host: "www.pouted.com"
2025/09/07 18:25:44 [error] 4144567#0: *939 connect() failed (111: Connection refused) while connecting to upstream, client: 135.220.210.140, server: ayaclass.com, request: "GET /index.bak.php HTTP/1.1", upstream: "http://192.145.236.239:8080/index.bak.php", host: "www.ayaclass.com"
2025/09/07 18:25:44 [error] 4144567#0: *939 connect() failed (111: Connection refused) while connecting to upstream, client: 135.220.210.140, server: ayaclass.com, request: "GET /index/function.php HTTP/1.1", upstream: "http://192.145.236.239:8080/index/function.php", host: "www.ayaclass.com"
2025/09/07 18:25:44 [error] 4144567#0: *939 connect() failed (111: Connection refused) while connecting to upstream, client: 135.220.210.140, server: ayaclass.com, request: "GET /info.php HTTP/1.1", upstream: "http://192.145.236.239:8080/info.php", host: "www.ayaclass.com"
2025/09/07 18:25:44 [error] 4144567#0: *939 connect() failed (111: Connection refused) while connecting to upstream, client: 135.220.210.140, server: ayaclass.com, request: "GET /infos.php HTTP/1.1", upstream: "http://192.145.236.239:8080/infos.php", host: "www.ayaclass.com"
2025/09/07 18:25:44 [error] 4144567#0: *939 connect() failed (111: Connection refused) while connecting to upstream, client: 135.220.210.140, server: ayaclass.com, request: "GET /ioxi-o.php HTTP/1.1", upstream: "http://192.145.236.239:8080/ioxi-o.php", host: "www.ayaclass.com"
2025/09/07 18:25:45 [error] 4144567#0: *1016 open() "/home/pouted/public_html/wp-content/uploads/2014/07/Modern-Engagement-Rings-Delight-Lady-Di-Diamond-Engagement-Ring-600x600.jpg" failed (2: No such file or directory), client: 121.227.160.27, server: pouted.com, request: "GET /wp-content/uploads/2014/07/Modern-Engagement-Rings-Delight-Lady-Di-Diamond-Engagement-Ring-600x600.jpg HTTP/2.0", host: "www.pouted.com"
2025/09/07 18:25:45 [error] 4144567#0: *939 connect() failed (111: Connection refused) while connecting to upstream, client: 135.220.210.140, server: ayaclass.com, request: "GET /k.php HTTP/1.1", upstream: "http://192.145.236.239:8080/k.php", host: "www.ayaclass.com"
2025/09/07 18:25:45 [error] 4144567#0: *1018 open() "/home/pouted/public_html/wp-content/uploads/2014/07/breathtakingyes.jpg" failed (2: No such file or directory), client: 123.156.177.156, server: pouted.com, request: "GET /wp-content/uploads/2014/07/breathtakingyes.jpg?x71148 HTTP/2.0", host: "www.pouted.com"
2025/09/07 18:25:45 [error] 4144567#0: *939 connect() failed (111: Connection refused) while connecting to upstream, client: 135.220.210.140, server: ayaclass.com, request: "GET /m.php HTTP/1.1", upstream: "http://192.145.236.239:8080/m.php", host: "www.ayaclass.com"
2025/09/07 18:25:45 [error] 4144567#0: *939 connect() failed (111: Connection refused) while connecting to upstream, client: 135.220.210.140, server: ayaclass.com, request: "GET /mar.php HTTP/1.1", upstream: "http://192.145.236.239:8080/mar.php", host: "www.ayaclass.com"
2025/09/07 18:25:45 [error] 4144567#0: *939 connect() failed (111: Connection refused) while connecting to upstream, client: 135.220.210.140, server: ayaclass.com, request: "GET /mini HTTP/1.1", upstream: "http://192.145.236.239:8080/mini", host: "www.ayaclass.com"
2025/09/07 18:25:45 [error] 4144567#0: *939 connect() failed (111: Connection refused) while connecting to upstream, client: 135.220.210.140, server: ayaclass.com, request: "GET /mini.php HTTP/1.1", upstream: "http://192.145.236.239:8080/mini.php", host: "www.ayaclass.com"
2025/09/07 18:25:45 [error] 4144567#0: *1024 connect() failed (111: Connection refused) while connecting to upstream, client: 185.191.171.5, server: ayaclass.com, request: "GET /?a=84785915 HTTP/1.1", upstream: "http://192.145.236.239:8080/?a=84785915", host: "www.ayaclass.com"
2025/09/07 18:25:45 [error] 4144567#0: *939 connect() failed (111: Connection refused) while connecting to upstream, client: 135.220.210.140, server: ayaclass.com, request: "GET /mm.php HTTP/1.1", upstream: "http://192.145.236.239:8080/mm.php", host: "www.ayaclass.com"
2025/09/07 18:25:45 [error] 4144567#0: *1027 open() "/home/pouted/public_html/wp-content/uploads/2014/07/ec0fca6a75451fd237857a07bb964195.image_.340x340.jpg" failed (2: No such file or directory), client: 123.156.180.113, server: pouted.com, request: "GET /wp-content/uploads/2014/07/ec0fca6a75451fd237857a07bb964195.image_.340x340.jpg?x45357 HTTP/2.0", host: "www.pouted.com"
2025/09/07 18:25:46 [error] 4144567#0: *939 connect() failed (111: Connection refused) while connecting to upstream, client: 135.220.210.140, server: ayaclass.com, request: "GET /ms-edit.php HTTP/1.1", upstream: "http://192.145.236.239:8080/ms-edit.php", host: "www.ayaclass.com"
2025/09/07 18:25:46 [error] 4144567#0: *939 connect() failed (111: Connection refused) while connecting to upstream, client: 135.220.210.140, server: ayaclass.com, request: "GET /ms-themes.php HTTP/1.1", upstream: "http://192.145.236.239:8080/ms-themes.php", host: "www.ayaclass.com"
2025/09/07 18:25:46 [error] 4144567#0: *937 connect() failed (111: Connection refused) while connecting to upstream, client: 135.220.210.140, server: ayaclass.com, request: "GET /options-general.php HTTP/1.1", upstream: "http://192.145.236.239:8080/options-general.php", host: "www.ayaclass.com"
2025/09/07 18:25:46 [error] 4144567#0: *937 connect() failed (111: Connection refused) while connecting to upstream, client: 135.220.210.140, server: ayaclass.com, request: "GET /options-reading.php HTTP/1.1", upstream: "http://192.145.236.239:8080/options-reading.php", host: "www.ayaclass.com"
2025/09/07 18:25:46 [error] 4144567#0: *1032 open() "/home/pouted/public_html/wp-content/uploads/2015/11/Untitled11-475x673.png" failed (2: No such file or directory), client: 36.100.99.84, server: pouted.com, request: "GET /wp-content/uploads/2015/11/Untitled11-475x673.png?x44527 HTTP/2.0", host: "www.pouted.com"
2025/09/07 18:25:46 [error] 4144567#0: *937 connect() failed (111: Connection refused) while connecting to upstream, client: 135.220.210.140, server: ayaclass.com, request: "GET /options-writing.php HTTP/1.1", upstream: "http://192.145.236.239:8080/options-writing.php", host: "www.ayaclass.com"
2025/09/07 18:25:46 [error] 4144567#0: *16 connect() failed (111: Connection refused) while connecting to upstream, client: 192.178.6.99, server: ayaclass.com, request: "GET /products/21415121/ HTTP/1.1", upstream: "http://192.145.236.239:8080/products/21415121/", host: "www.ayaclass.com"
2025/09/07 18:25:46 [error] 4144567#0: *937 connect() failed (111: Connection refused) while connecting to upstream, client: 135.220.210.140, server: ayaclass.com, request: "GET /ova.php HTTP/1.1", upstream: "http://192.145.236.239:8080/ova.php", host: "www.ayaclass.com"
2025/09/07 18:25:46 [error] 4144567#0: *1036 open() "/home/pouted/public_html/wp-content/uploads/2018/11/KillerIrishRed-675x1013.jpg" failed (2: No such file or directory), client: 123.156.179.38, server: pouted.com, request: "GET /wp-content/uploads/2018/11/KillerIrishRed-675x1013.jpg?x45357 HTTP/2.0", host: "www.pouted.com"
2025/09/07 18:25:46 [error] 4144567#0: *937 connect() failed (111: Connection refused) while connecting to upstream, client: 135.220.210.140, server: ayaclass.com, request: "GET /pages.php HTTP/1.1", upstream: "http://192.145.236.239:8080/pages.php", host: "www.ayaclass.com"
2025/09/07 18:25:47 [error] 4144567#0: *937 connect() failed (111: Connection refused) while connecting to upstream, client: 135.220.210.140, server: ayaclass.com, request: "GET /php.php HTTP/1.1", upstream: "http://192.145.236.239:8080/php.php", host: "www.ayaclass.com"
2025/09/07 18:25:47 [error] 4144567#0: *937 connect() failed (111: Connection refused) while connecting to upstream, client: 135.220.210.140, server: ayaclass.com, request: "GET /php8.php HTTP/1.1", upstream: "http://192.145.236.239:8080/php8.php", host: "www.ayaclass.com"
2025/09/07 18:25:47 [error] 4144567#0: *937 connect() failed (111: Connection refused) while connecting to upstream, client: 135.220.210.140, server: ayaclass.com, request: "GET /pinfo.php HTTP/1.1", upstream: "http://192.145.236.239:8080/pinfo.php", host: "www.ayaclass.com"
2025/09/07 18:25:47 [error] 4144567#0: *937 connect() failed (111: Connection refused) while connecting to upstream, client: 135.220.210.140, server: ayaclass.com, request: "GET /radio.php HTTP/1.1", upstream: "http://192.145.236.239:8080/radio.php", host: "www.ayaclass.com"
2025/09/07 18:25:47 [error] 4144567#0: *937 connect() failed (111: Connection refused) while connecting to upstream, client: 135.220.210.140, server: ayaclass.com, request: "GET /robots.php HTTP/1.1", upstream: "http://192.145.236.239:8080/robots.php", host: "www.ayaclass.com"
2025/09/07 18:25:47 [error] 4144567#0: *937 connect() failed (111: Connection refused) while connecting to upstream, client: 135.220.210.140, server: ayaclass.com, request: "GET /rt.php HTTP/1.1", upstream: "http://192.145.236.239:8080/rt.php", host: "www.ayaclass.com"
2025/09/07 18:25:48 [error] 4144567#0: *937 connect() failed (111: Connection refused) while connecting to upstream, client: 135.220.210.140, server: ayaclass.com, request: "GET /s.php HTTP/1.1", upstream: "http://192.145.236.239:8080/s.php", host: "www.ayaclass.com"
2025/09/07 18:25:48 [error] 4144567#0: *937 connect() failed (111: Connection refused) while connecting to upstream, client: 135.220.210.140, server: ayaclass.com, request: "GET /setup.php HTTP/1.1", upstream: "http://192.145.236.239:8080/setup.php", host: "www.ayaclass.com"
2025/09/07 18:25:48 [error] 4144567#0: *937 connect() failed (111: Connection refused) while connecting to upstream, client: 135.220.210.140, server: ayaclass.com, request: "GET /simple.php HTTP/1.1", upstream: "http://192.145.236.239:8080/simple.php", host: "www.ayaclass.com"
2025/09/07 18:25:48 [error] 4144567#0: *937 connect() failed (111: Connection refused) while connecting to upstream, client: 135.220.210.140, server: ayaclass.com, request: "GET /sts.php HTTP/1.1", upstream: "http://192.145.236.239:8080/sts.php", host: "www.ayaclass.com"
2025/09/07 18:25:48 [error] 4144567#0: *937 connect() failed (111: Connection refused) while connecting to upstream, client: 135.220.210.140, server: ayaclass.com, request: "GET /system_log.php HTTP/1.1", upstream: "http://192.145.236.239:8080/system_log.php", host: "www.ayaclass.com"
2025/09/07 18:25:48 [error] 4144567#0: *937 connect() failed (111: Connection refused) while connecting to upstream, client: 135.220.210.140, server: ayaclass.com, request: "GET /test1.php HTTP/1.1", upstream: "http://192.145.236.239:8080/test1.php", host: "www.ayaclass.com"
2025/09/07 18:25:49 [error] 4144567#0: *937 connect() failed (111: Connection refused) while connecting to upstream, client: 135.220.210.140, server: ayaclass.com, request: "GET /themes/zMousse/otuz1.php HTTP/1.1", upstream: "http://192.145.236.239:8080/themes/zMousse/otuz1.php", host: "www.ayaclass.com"
2025/09/07 18:25:49 [error] 4144567#0: *937 connect() failed (111: Connection refused) while connecting to upstream, client: 135.220.210.140, server: ayaclass.com, request: "GET /tinyfilemanager.php HTTP/1.1", upstream: "http://192.145.236.239:8080/tinyfilemanager.php", host: "www.ayaclass.com"
2025/09/07 18:25:49 [error] 4144567#0: *937 connect() failed (111: Connection refused) while connecting to upstream, client: 135.220.210.140, server: ayaclass.com, request: "GET /ty.php HTTP/1.1", upstream: "http://192.145.236.239:8080/ty.php", host: "www.ayaclass.com"
2025/09/07 18:25:49 [error] 4144567#0: *937 connect() failed (111: Connection refused) while connecting to upstream, client: 135.220.210.140, server: ayaclass.com, request: "GET /users.php HTTP/1.1", upstream: "http://192.145.236.239:8080/users.php", host: "www.ayaclass.com"
2025/09/07 18:25:49 [error] 4144567#0: *937 connect() failed (111: Connection refused) while connecting to upstream, client: 135.220.210.140, server: ayaclass.com, request: "GET /w.php HTTP/1.1", upstream: "http://192.145.236.239:8080/w.php", host: "www.ayaclass.com"
2025/09/07 18:25:49 [error] 4144567#0: *937 connect() failed (111: Connection refused) while connecting to upstream, client: 135.220.210.140, server: ayaclass.com, request: "GET /wp-aa.php HTTP/1.1", upstream: "http://192.145.236.239:8080/wp-aa.php", host: "www.ayaclass.com"
2025/09/07 18:25:49 [error] 4144567#0: *1055 connect() failed (111: Connection refused) while connecting to upstream, client: 66.249.79.131, server: pouted.com, request: "GET /20-hottest-curtain-designs-for-2017 HTTP/2.0", upstream: "https://192.145.236.239:8443/20-hottest-curtain-designs-for-2017", host: "www.pouted.com"
2025/09/07 18:25:50 [error] 4144567#0: *937 connect() failed (111: Connection refused) while connecting to upstream, client: 135.220.210.140, server: ayaclass.com, request: "GET /wp-admin/ HTTP/1.1", upstream: "http://192.145.236.239:8080/wp-admin/", host: "www.ayaclass.com"
2025/09/07 18:25:50 [error] 4144567#0: *937 connect() failed (111: Connection refused) while connecting to upstream, client: 135.220.210.140, server: ayaclass.com, request: "GET /wp-admin/admin.php HTTP/1.1", upstream: "http://192.145.236.239:8080/wp-admin/admin.php", host: "www.ayaclass.com"
2025/09/07 18:25:50 [error] 4144567#0: *937 connect() failed (111: Connection refused) while connecting to upstream, client: 135.220.210.140, server: ayaclass.com, request: "GET /wp-admin/classwithtostring.php HTTP/1.1", upstream: "http://192.145.236.239:8080/wp-admin/classwithtostring.php", host: "www.ayaclass.com"
2025/09/07 18:25:50 [error] 4144567#0: *937 connect() failed (111: Connection refused) while connecting to upstream, client: 135.220.210.140, server: ayaclass.com, request: "GET /wp-admin/css/colors/blue/index.php HTTP/1.1", upstream: "http://192.145.236.239:8080/wp-admin/css/colors/blue/index.php", host: "www.ayaclass.com"
2025/09/07 18:25:50 [error] 4144567#0: *1061 connect() failed (111: Connection refused) while connecting to upstream, client: 197.35.130.246, server: pouted.com, request: "POST /wp-admin/admin-ajax.php HTTP/2.0", upstream: "https://192.145.236.239:8443/wp-admin/admin-ajax.php", host: "www.pouted.com", referrer: "https://www.pouted.com/wp-admin/post.php?post=161682&action=edit&classic-editor"
2025/09/07 18:25:50 [error] 4144567#0: *937 connect() failed (111: Connection refused) while connecting to upstream, client: 135.220.210.140, server: ayaclass.com, request: "GET /wp-admin/css/colors/ectoplasm/about.php HTTP/1.1", upstream: "http://192.145.236.239:8080/wp-admin/css/colors/ectoplasm/about.php", host: "www.ayaclass.com"
2025/09/07 18:25:50 [error] 4144567#0: *937 connect() failed (111: Connection refused) while connecting to upstream, client: 135.220.210.140, server: ayaclass.com, request: "GET /wp-admin/css/colors/light/wp-login.php HTTP/1.1", upstream: "http://192.145.236.239:8080/wp-admin/css/colors/light/wp-login.php", host: "www.ayaclass.com"
2025/09/07 18:25:51 [error] 4144567#0: *16 connect() failed (111: Connection refused) while connecting to upstream, client: 192.178.6.99, server: ayaclass.com, request: "GET /products/18691721/ HTTP/1.1", upstream: "http://192.145.236.239:8080/products/18691721/", host: "www.ayaclass.com"
2025/09/07 18:25:54 [error] 4144567#0: *1067 connect() failed (111: Connection refused) while connecting to upstream, client: 128.199.163.109, server: pouted.com, request: "GET /wp-login.php HTTP/2.0", upstream: "https://192.145.236.239:8443/wp-login.php", host: "www.pouted.com"
2025/09/07 18:25:56 [error] 4144567#0: *16 connect() failed (111: Connection refused) while connecting to upstream, client: 192.178.6.99, server: ayaclass.com, request: "GET /products/22552710/ HTTP/1.1", upstream: "http://192.145.236.239:8080/products/22552710/", host: "www.ayaclass.com"
2025/09/07 18:25:56 [error] 4144567#0: *1071 connect() failed (111: Connection refused) while connecting to upstream, client: 125.228.216.16, server: pouted.com, request: "GET /taking-perfect-selfies-expert-selfie-tips/ HTTP/2.0", upstream: "https://192.145.236.239:8443/taking-perfect-selfies-expert-selfie-tips/", host: "www.pouted.com", referrer: "https://www.pouted.com/"
2025/09/07 18:26:01 [error] 4144567#0: *16 connect() failed (111: Connection refused) while connecting to upstream, client: 192.178.6.99, server: ayaclass.com, request: "GET /products/18907776/ HTTP/1.1", upstream: "http://192.145.236.239:8080/products/18907776/", host: "www.ayaclass.com"
2025/09/07 18:26:03 [error] 4144567#0: *1075 connect() failed (111: Connection refused) while connecting to upstream, client: 162.19.11.246, server: pouted.com, request: "POST /xmlrpc.php HTTP/2.0", upstream: "https://192.145.236.239:8443/xmlrpc.php", host: "www.pouted.com", referrer: "https://www.pouted.com"
2025/09/07 18:26:03 [error] 4144567#0: *1077 connect() failed (111: Connection refused) while connecting to upstream, client: 35.194.67.72, server: pouted.com, request: "GET /magazine/more-categories/feed HTTP/2.0", upstream: "https://192.145.236.239:8443/magazine/more-categories/feed", host: "www.pouted.com"
2025/09/07 18:26:04 [error] 4144567#0: *1077 connect() failed (111: Connection refused) while connecting to upstream, client: 2a03:2880:22ff:9::, server: pouted.com, request: "GET /tag/gray-hairstyles/ HTTP/2.0", upstream: "https://192.145.236.239:8443/tag/gray-hairstyles/", host: "www.pouted.com"
2025/09/07 18:26:05 [error] 4144567#0: *1080 connect() failed (111: Connection refused) while connecting to upstream, client: 2a03:2880:22ff:1::, server: pouted.com, request: "GET /tag/gray-hairstyles/ HTTP/2.0", upstream: "https://192.145.236.239:8443/tag/gray-hairstyles/", host: "www.pouted.com"
2025/09/07 18:26:09 [error] 4144567#0: *1084 connect() failed (111: Connection refused) while connecting to upstream, client: 80.92.205.128, server: pouted.com, request: "GET /admin_bs HTTP/2.0", upstream: "https://192.145.236.239:8443/admin_bs", host: "pouted.com"
2025/09/07 18:26:10 [error] 4144567#0: *1087 connect() failed (111: Connection refused) while connecting to upstream, client: 80.92.205.128, server: pouted.com, request: "GET /admin_bs HTTP/2.0", upstream: "https://192.145.236.239:8443/admin_bs", host: "pouted.com"
2025/09/07 18:26:10 [error] 4144567#0: *16 connect() failed (111: Connection refused) while connecting to upstream, client: 192.178.6.99, server: ayaclass.com, request: "GET /products/24147754/ HTTP/1.1", upstream: "http://192.145.236.239:8080/products/24147754/", host: "www.ayaclass.com"
2025/09/07 18:26:10 [error] 4144567#0: *1084 connect() failed (111: Connection refused) while connecting to upstream, client: 45.80.107.46, server: pouted.com, request: "GET /index.php/clubs/adminhtml_clubs/index HTTP/2.0", upstream: "https://192.145.236.239:8443/index.php/clubs/adminhtml_clubs/index", host: "pouted.com"
2025/09/07 18:26:11 [error] 4144567#0: *1091 connect() failed (111: Connection refused) while connecting to upstream, client: 80.92.205.128, server: pouted.com, request: "GET /admin_bs HTTP/2.0", upstream: "https://192.145.236.239:8443/admin_bs", host: "pouted.com"
2025/09/07 18:26:11 [error] 4144567#0: *1092 connect() failed (111: Connection refused) while connecting to upstream, client: 45.80.107.46, server: pouted.com, request: "GET /index.php/clubs/adminhtml_clubs/index HTTP/2.0", upstream: "https://192.145.236.239:8443/index.php/clubs/adminhtml_clubs/index", host: "pouted.com", referrer: "http://pouted.com/index.php/clubs/adminhtml_clubs/index"
2025/09/07 18:26:14 [error] 4144567#0: *1096 connect() failed (111: Connection refused) while connecting to upstream, client: 47.128.123.84, server: pouted.com, request: "GET /seychelles-yacht-charter-guide-honeymooners-2025/ HTTP/2.0", upstream: "https://192.145.236.239:8443/seychelles-yacht-charter-guide-honeymooners-2025/", host: "www.pouted.com"
2025/09/07 18:26:15 [error] 4144567#0: *16 connect() failed (111: Connection refused) while connecting to upstream, client: 192.178.6.99, server: ayaclass.com, request: "GET /products/24919610/ HTTP/1.1", upstream: "http://192.145.236.239:8080/products/24919610/", host: "www.ayaclass.com"
2025/09/07 18:26:16 [error] 4144567#0: *1103 open() "/home/pouted/public_html/wp-content/uploads/2018/07/fruits-Nutritious-Food-675x478.png" failed (2: No such file or directory), client: 221.111.210.2, server: pouted.com, request: "GET /wp-content/uploads/2018/07/fruits-Nutritious-Food-675x478.png?x44527 HTTP/2.0", host: "www.pouted.com"
2025/09/07 18:26:16 [error] 4144567#0: *1104 connect() failed (111: Connection refused) while connecting to upstream, client: 172.178.141.133, server: pouted.com, request: "GET /find-sunglasses-style-suit-face-shape/ HTTP/2.0", upstream: "https://192.145.236.239:8443/find-sunglasses-style-suit-face-shape/", host: "www.pouted.com"
2025/09/07 18:26:16 [error] 4144567#0: *1106 connect() failed (111: Connection refused) while connecting to upstream, client: 172.178.141.141, server: pouted.com, request: "GET /find-sunglasses-style-suit-face-shape/ HTTP/2.0", upstream: "https://192.145.236.239:8443/find-sunglasses-style-suit-face-shape/", host: "www.pouted.com"
2025/09/07 18:26:17 [error] 4144567#0: *1109 connect() failed (111: Connection refused) while connecting to upstream, client: 172.178.141.130, server: pouted.com, request: "GET /find-sunglasses-style-suit-face-shape/ HTTP/2.0", upstream: "https://192.145.236.239:8443/find-sunglasses-style-suit-face-shape/", host: "www.pouted.com"
2025/09/07 18:26:17 [error] 4144567#0: *1111 connect() failed (111: Connection refused) while connecting to upstream, client: 172.178.141.134, server: pouted.com, request: "GET /find-sunglasses-style-suit-face-shape/ HTTP/2.0", upstream: "https://192.145.236.239:8443/find-sunglasses-style-suit-face-shape/", host: "www.pouted.com"
2025/09/07 18:26:17 [error] 4144567#0: *16 connect() failed (111: Connection refused) while connecting to upstream, client: 192.178.6.99, server: ayaclass.com, request: "GET /products/16024076/ HTTP/1.1", upstream: "http://192.145.236.239:8080/products/16024076/", host: "www.ayaclass.com"
2025/09/07 18:26:18 [error] 4144567#0: *1114 connect() failed (111: Connection refused) while connecting to upstream, client: 2a03:2880:10ff:b::, server: pouted.com, request: "GET /tag/gray-hairstyles/ HTTP/2.0", upstream: "https://192.145.236.239:8443/tag/gray-hairstyles/", host: "www.pouted.com"
2025/09/07 18:26:19 [error] 4144567#0: *16 connect() failed (111: Connection refused) while connecting to upstream, client: 192.178.6.99, server: ayaclass.com, request: "GET /products/8882987/ HTTP/1.1", upstream: "http://192.145.236.239:8080/products/8882987/", host: "www.ayaclass.com"
2025/09/07 18:26:21 [error] 4144567#0: *16 connect() failed (111: Connection refused) while connecting to upstream, client: 192.178.6.99, server: ayaclass.com, request: "GET /products/10867254/ HTTP/1.1", upstream: "http://192.145.236.239:8080/products/10867254/", host: "www.ayaclass.com"
2025/09/07 18:26:23 [error] 4144567#0: *16 connect() failed (111: Connection refused) while connecting to upstream, client: 192.178.6.99, server: ayaclass.com, request: "GET /products/8516476/ HTTP/1.1", upstream: "http://192.145.236.239:8080/products/8516476/", host: "www.ayaclass.com"
2025/09/07 18:26:25 [error] 4144567#0: *16 connect() failed (111: Connection refused) while connecting to upstream, client: 192.178.6.99, server: ayaclass.com, request: "GET /products/24786043/ HTTP/1.1", upstream: "http://192.145.236.239:8080/products/24786043/", host: "www.ayaclass.com"
2025/09/07 18:26:27 [error] 4144567#0: *16 connect() failed (111: Connection refused) while connecting to upstream, client: 192.178.6.99, server: ayaclass.com, request: "GET /products/20882054/ HTTP/1.1", upstream: "http://192.145.236.239:8080/products/20882054/", host: "www.ayaclass.com"
2025/09/07 18:26:29 [error] 4144567#0: *1122 open() "/home/pouted/public_html/wp-content/uploads/2013/11/nexus5-spi-blue.jpg" failed (2: No such file or directory), client: 38.80.152.78, server: pouted.com, request: "GET /wp-content/uploads/2013/11/nexus5-spi-blue.jpg?x44527 HTTP/2.0", host: "www.pouted.com"
2025/09/07 18:26:29 [error] 4144567#0: *16 connect() failed (111: Connection refused) while connecting to upstream, client: 192.178.6.99, server: ayaclass.com, request: "GET /products/22628432/ HTTP/1.1", upstream: "http://192.145.236.239:8080/products/22628432/", host: "www.ayaclass.com"
2025/09/07 18:26:29 [error] 4144567#0: *1125 connect() failed (111: Connection refused) while connecting to upstream, client: 52.167.144.174, server: pouted.com, request: "GET /page/2/?s=kids+fashion+trends HTTP/2.0", upstream: "https://192.145.236.239:8443/page/2/?s=kids+fashion+trends", host: "www.pouted.com"
2025/09/07 18:26:30 [error] 4144567#0: *1127 connect() failed (111: Connection refused) while connecting to upstream, client: 127.0.0.1, server: 127.0.0.1, request: "GET /whm-server-status HTTP/1.0", upstream: "http://127.0.0.1:8080/whm-server-status", host: "localhost"
2025/09/07 18:26:31 [error] 4144567#0: *16 connect() failed (111: Connection refused) while connecting to upstream, client: 192.178.6.99, server: ayaclass.com, request: "GET /products/26538921/ HTTP/1.1", upstream: "http://192.145.236.239:8080/products/26538921/", host: "www.ayaclass.com"
2025/09/07 18:26:33 [error] 4144567#0: *1130 connect() failed (111: Connection refused) while connecting to upstream, client: 190.89.248.245, server: mrmyst.com, request: "GET /xmlrpc.php HTTP/2.0", upstream: "https://192.145.236.239:8443/xmlrpc.php", host: "mrmyst.com", referrer: "http://mrmyst.com"
2025/09/07 18:26:35 [error] 4144567#0: *1134 connect() failed (111: Connection refused) while connecting to upstream, client: 74.7.36.64, server: intensed.com, request: "GET / HTTP/2.0", upstream: "https://192.249.127.250:8443/", host: "intensed.com"
2025/09/07 18:26:35 [error] 4144567#0: *1136 connect() failed (111: Connection refused) while connecting to upstream, client: 47.128.121.145, server: pouted.com, request: "GET /hostrocket-review/ HTTP/2.0", upstream: "https://192.145.236.239:8443/hostrocket-review/", host: "www.pouted.com"
