2025/09/07 18:26:35 [error] 4144567#0: *1137 connect() failed (111: Connection refused) while connecting to upstream, client: 74.7.36.65, server: intensed.com, request: "GET / HTTP/2.0", upstream: "https://192.249.127.250:8443/", host: "intensed.com"
2025/09/07 18:26:36 [error] 4144567#0: *1141 connect() failed (111: Connection refused) while connecting to upstream, client: 74.7.36.73, server: intensed.com, request: "GET / HTTP/2.0", upstream: "https://192.249.127.250:8443/", host: "intensed.com"
2025/09/07 18:26:36 [error] 4144567#0: *1137 connect() failed (111: Connection refused) while connecting to upstream, client: 74.7.36.67, server: intensed.com, request: "GET / HTTP/2.0", upstream: "https://192.249.127.250:8443/", host: "intensed.com"
2025/09/07 18:26:36 [error] 4144567#0: *1144 connect() failed (111: Connection refused) while connecting to upstream, client: 2a03:2880:f800:28::, server: pouted.com, request: "GET /4-security-tips-to-stay-safe-in-your-tiny-house/ HTTP/2.0", upstream: "https://192.145.236.239:8443/4-security-tips-to-stay-safe-in-your-tiny-house/", host: "www.pouted.com"
2025/09/07 18:26:36 [error] 4144567#0: *16 connect() failed (111: Connection refused) while connecting to upstream, client: 192.178.6.99, server: ayaclass.com, request: "GET /products/24557765/ HTTP/1.1", upstream: "http://192.145.236.239:8080/products/24557765/", host: "www.ayaclass.com"
2025/09/07 18:26:36 [error] 4144567#0: *1104 connect() failed (111: Connection refused) while connecting to upstream, client: 125.228.216.16, server: pouted.com, request: "GET /taking-perfect-selfies-expert-selfie-tips/ HTTP/2.0", upstream: "https://192.145.236.239:8443/taking-perfect-selfies-expert-selfie-tips/", host: "www.pouted.com", referrer: "https://www.pouted.com/"
2025/09/07 18:26:42 [error] 4144567#0: *1148 connect() failed (111: Connection refused) while connecting to upstream, client: 45.86.202.50, server: pouted.com, request: "GET /wp-json/wp/v2/posts?per_page=3&_fields=id,slug,comment_status HTTP/2.0", upstream: "https://192.145.236.239:8443/wp-json/wp/v2/posts?per_page=3&_fields=id,slug,comment_status", host: "www.pouted.com"
2025/09/07 18:26:45 [error] 4144567#0: *1152 connect() failed (111: Connection refused) while connecting to upstream, client: 47.128.28.221, server: pouted.com, request: "GET /mexican-home-decor-ideas/ HTTP/2.0", upstream: "https://192.145.236.239:8443/mexican-home-decor-ideas/", host: "www.pouted.com"
2025/09/07 18:26:45 [error] 4144567#0: *16 connect() failed (111: Connection refused) while connecting to upstream, client: 192.178.6.99, server: ayaclass.com, request: "GET /products/4784610/ HTTP/1.1", upstream: "http://192.145.236.239:8080/products/4784610/", host: "www.ayaclass.com"
2025/09/07 18:26:46 [error] 4144567#0: *1155 connect() failed (111: Connection refused) while connecting to upstream, client: 185.191.171.13, server: ayaclass.com, request: "GET /?a=98297115 HTTP/1.1", upstream: "http://192.145.236.239:8080/?a=98297115", host: "www.ayaclass.com"
2025/09/07 18:26:47 [error] 4144567#0: *16 connect() failed (111: Connection refused) while connecting to upstream, client: 192.178.6.99, server: ayaclass.com, request: "GET /products/21213465/ HTTP/1.1", upstream: "http://192.145.236.239:8080/products/21213465/", host: "www.ayaclass.com"
2025/09/07 18:26:47 [error] 4144567#0: *1159 open() "/home/pouted/public_html/wp-content/uploads/2013/04/liveaboard-diving-the-great-barrier-reef.jpg" failed (2: No such file or directory), client: 218.5.28.68, server: pouted.com, request: "GET /wp-content/uploads/2013/04/liveaboard-diving-the-great-barrier-reef.jpg?x71148 HTTP/2.0", host: "www.pouted.com"
2025/09/07 18:26:48 [error] 4144567#0: *1157 connect() failed (111: Connection refused) while connecting to upstream, client: 188.26.213.76, server: pouted.com, request: "GET /ten-expensive-wedding-rings-world/ HTTP/2.0", upstream: "https://192.145.236.239:8443/ten-expensive-wedding-rings-world/", host: "www.pouted.com", referrer: "https://www.pouted.com/ten-expensive-wedding-rings-world/"
2025/09/07 18:26:48 [error] 4144567#0: *1161 connect() failed (111: Connection refused) while connecting to upstream, client: 197.35.130.246, server: pouted.com, request: "POST /wp-admin/admin-ajax.php HTTP/2.0", upstream: "https://192.145.236.239:8443/wp-admin/admin-ajax.php", host: "www.pouted.com", referrer: "https://www.pouted.com/wp-admin/post.php?post=161646&action=edit&classic-editor"
2025/09/07 18:26:49 [error] 4144567#0: *1164 open() "/home/pouted/public_html/wp-content/uploads/2013/05/beautiful-blue-alloy-with-czech-rhinestones-and-acorite-wedding-earrings-61201-p201207261343265059028753883-475x617.jpg" failed (2: No such file or directory), client: 117.87.166.100, server: pouted.com, request: "GET /wp-content/uploads/2013/05/beautiful-blue-alloy-with-czech-rhinestones-and-acorite-wedding-earrings-61201-p201207261343265059028753883-475x617.jpg?x85627 HTTP/2.0", host: "www.pouted.com"
2025/09/07 18:26:49 [error] 4144567#0: *16 connect() failed (111: Connection refused) while connecting to upstream, client: 192.178.6.99, server: ayaclass.com, request: "GET /products/7234598/ HTTP/1.1", upstream: "http://192.145.236.239:8080/products/7234598/", host: "www.ayaclass.com"
2025/09/07 18:26:49 [error] 4144567#0: *1163 connect() failed (111: Connection refused) while connecting to upstream, client: 188.26.213.76, server: pouted.com, request: "GET / HTTP/2.0", upstream: "https://192.145.236.239:8443/", host: "www.pouted.com", referrer: "https://www.pouted.com/"
2025/09/07 18:26:51 [error] 4144567#0: *1167 connect() failed (111: Connection refused) while connecting to upstream, client: 52.230.163.35, server: pouted.com, request: "GET /stylish-womens-outfits-for-job-interviews/ HTTP/2.0", upstream: "https://192.145.236.239:8443/stylish-womens-outfits-for-job-interviews/", host: "www.pouted.com"
2025/09/07 18:26:51 [error] 4144567#0: *1168 connect() failed (111: Connection refused) while connecting to upstream, client: 52.230.163.35, server: pouted.com, request: "GET /stylish-womens-outfits-for-job-interviews/ HTTP/2.0", upstream: "https://192.145.236.239:8443/stylish-womens-outfits-for-job-interviews/", host: "www.pouted.com"
2025/09/07 18:26:51 [error] 4144567#0: *1171 connect() failed (111: Connection refused) while connecting to upstream, client: 52.230.163.40, server: pouted.com, request: "GET /stylish-womens-outfits-for-job-interviews/ HTTP/2.0", upstream: "https://192.145.236.239:8443/stylish-womens-outfits-for-job-interviews/", host: "www.pouted.com"
2025/09/07 18:26:51 [error] 4144567#0: *1172 connect() failed (111: Connection refused) while connecting to upstream, client: 52.230.163.40, server: pouted.com, request: "GET /stylish-womens-outfits-for-job-interviews/ HTTP/2.0", upstream: "https://192.145.236.239:8443/stylish-womens-outfits-for-job-interviews/", host: "www.pouted.com"
2025/09/07 18:26:51 [error] 4144567#0: *16 connect() failed (111: Connection refused) while connecting to upstream, client: 192.178.6.99, server: ayaclass.com, request: "GET /products/23839376/ HTTP/1.1", upstream: "http://192.145.236.239:8080/products/23839376/", host: "www.ayaclass.com"
2025/09/07 18:26:52 [error] 4144567#0: *1176 open() "/home/pouted/public_html/wp-content/uploads/2013/11/New-Picture-14-390x220.jpg" failed (2: No such file or directory), client: 59.56.2.15, server: pouted.com, request: "GET /wp-content/uploads/2013/11/New-Picture-14-390x220.jpg HTTP/2.0", host: "www.pouted.com"
2025/09/07 18:26:52 [error] 4144567#0: *1177 connect() failed (111: Connection refused) while connecting to upstream, client: 52.230.163.44, server: pouted.com, request: "GET /stylish-womens-outfits-for-job-interviews/ HTTP/2.0", upstream: "https://192.145.236.239:8443/stylish-womens-outfits-for-job-interviews/", host: "www.pouted.com"
2025/09/07 18:26:52 [error] 4144567#0: *1178 connect() failed (111: Connection refused) while connecting to upstream, client: 52.230.163.44, server: pouted.com, request: "GET /stylish-womens-outfits-for-job-interviews/ HTTP/2.0", upstream: "https://192.145.236.239:8443/stylish-womens-outfits-for-job-interviews/", host: "www.pouted.com"
2025/09/07 18:26:52 [error] 4144567#0: *1177 connect() failed (111: Connection refused) while connecting to upstream, client: 52.230.163.34, server: pouted.com, request: "GET /stylish-womens-outfits-for-job-interviews/ HTTP/2.0", upstream: "https://192.145.236.239:8443/stylish-womens-outfits-for-job-interviews/", host: "www.pouted.com"
2025/09/07 18:26:52 [error] 4144567#0: *1177 connect() failed (111: Connection refused) while connecting to upstream, client: 52.230.163.34, server: pouted.com, request: "GET /stylish-womens-outfits-for-job-interviews/ HTTP/2.0", upstream: "https://192.145.236.239:8443/stylish-womens-outfits-for-job-interviews/", host: "www.pouted.com"
2025/09/07 18:26:53 [error] 4144567#0: *1183 open() "/home/pouted/public_html/wp-content/uploads/2014/02/accessories-women-10-Best-Collection-Accessories-Headbands-Woman-Sweet-Beautiful-and-Unique-of-2012.jpg" failed (2: No such file or directory), client: 36.100.99.138, server: pouted.com, request: "GET /wp-content/uploads/2014/02/accessories-women-10-Best-Collection-Accessories-Headbands-Woman-Sweet-Beautiful-and-Unique-of-2012.jpg HTTP/2.0", host: "www.pouted.com"
2025/09/07 18:26:53 [error] 4144567#0: *1185 open() "/home/pouted/public_html/wp-content/uploads/2014/07/ec0fca6a75451fd237857a07bb964195.image_.340x340.jpg" failed (2: No such file or directory), client: 122.238.127.85, server: pouted.com, request: "GET /wp-content/uploads/2014/07/ec0fca6a75451fd237857a07bb964195.image_.340x340.jpg?x45357 HTTP/2.0", host: "www.pouted.com"
2025/09/07 18:26:54 [error] 4144567#0: *1161 connect() failed (111: Connection refused) while connecting to upstream, client: 197.35.130.246, server: pouted.com, request: "POST /wp-admin/admin-ajax.php HTTP/2.0", upstream: "https://192.145.236.239:8443/wp-admin/admin-ajax.php", host: "www.pouted.com", referrer: "https://www.pouted.com/wp-admin/post.php?post=161718&action=edit&classic-editor"
2025/09/07 18:26:56 [error] 4144567#0: *1188 open() "/home/pouted/public_html/wp-content/uploads/2013/11/t9.jpg" failed (2: No such file or directory), client: 122.238.124.167, server: pouted.com, request: "GET /wp-content/uploads/2013/11/t9.jpg?x71148 HTTP/2.0", host: "www.pouted.com"
2025/09/07 18:26:56 [error] 4144567#0: *16 connect() failed (111: Connection refused) while connecting to upstream, client: 192.178.6.99, server: ayaclass.com, request: "GET /products/5901065/ HTTP/1.1", upstream: "http://192.145.236.239:8080/products/5901065/", host: "www.ayaclass.com"
2025/09/07 18:26:56 [error] 4144567#0: *1190 connect() failed (111: Connection refused) while connecting to upstream, client: 2603:6010:9e00:be48:2060:ca90:76a7:5fcd, server: pouted.com, request: "GET /feed/ HTTP/2.0", upstream: "https://192.145.236.239:8443/feed/", host: "www.pouted.com"
2025/09/07 18:26:58 [error] 4144567#0: *1192 open() "/home/pouted/public_html/wp-content/uploads/2016/10/oem_big_heart_diamond_apple_bling_bling_iphone_4_4s_cases_for_mobile_phone.jpg" failed (2: No such file or directory), client: 36.100.98.59, server: pouted.com, request: "GET /wp-content/uploads/2016/10/oem_big_heart_diamond_apple_bling_bling_iphone_4_4s_cases_for_mobile_phone.jpg HTTP/2.0", host: "www.pouted.com"
2025/09/07 18:26:58 [error] 4144567#0: *1193 connect() failed (111: Connection refused) while connecting to upstream, client: 2a03:2880:24ff:4c::, server: pouted.com, request: "GET /curtain-trends/ HTTP/2.0", upstream: "https://192.145.236.239:8443/curtain-trends/", host: "www.pouted.com"
2025/09/07 18:27:00 [error] 4144567#0: *1161 connect() failed (111: Connection refused) while connecting to upstream, client: 197.35.130.246, server: pouted.com, request: "POST /wp-admin/admin-ajax.php HTTP/2.0", upstream: "https://192.145.236.239:8443/wp-admin/admin-ajax.php", host: "www.pouted.com", referrer: "https://www.pouted.com/wp-admin/post.php?post=161704&action=edit&classic-editor"
2025/09/07 18:27:01 [error] 4144567#0: *1198 connect() failed (111: Connection refused) while connecting to upstream, client: 192.178.6.100, server: ayaclass.com, request: "GET /products/6167365/ HTTP/1.1", upstream: "http://192.145.236.239:8080/products/6167365/", host: "www.ayaclass.com"
2025/09/07 18:27:06 [error] 4144567#0: *1198 connect() failed (111: Connection refused) while connecting to upstream, client: 192.178.6.100, server: ayaclass.com, request: "GET /products/2905098/ HTTP/1.1", upstream: "http://192.145.236.239:8080/products/2905098/", host: "www.ayaclass.com"
2025/09/07 18:27:11 [error] 4144567#0: *1161 connect() failed (111: Connection refused) while connecting to upstream, client: 197.35.130.246, server: pouted.com, request: "POST /wp-admin/admin-ajax.php HTTP/2.0", upstream: "https://192.145.236.239:8443/wp-admin/admin-ajax.php", host: "www.pouted.com", referrer: "https://www.pouted.com/wp-admin/post.php?post=161655&action=edit&classic-editor"
2025/09/07 18:27:11 [error] 4144567#0: *16 connect() failed (111: Connection refused) while connecting to upstream, client: 192.178.6.99, server: ayaclass.com, request: "GET /products/23085476/ HTTP/1.1", upstream: "http://192.145.236.239:8080/products/23085476/", host: "www.ayaclass.com"
2025/09/07 18:27:16 [error] 4144567#0: *16 connect() failed (111: Connection refused) while connecting to upstream, client: 192.178.6.99, server: ayaclass.com, request: "GET /products/28401821/ HTTP/1.1", upstream: "http://192.145.236.239:8080/products/28401821/", host: "www.ayaclass.com"
2025/09/07 18:27:16 [error] 4144567#0: *1209 connect() failed (111: Connection refused) while connecting to upstream, client: 52.255.111.7, server: pouted.com, request: "GET / HTTP/2.0", upstream: "https://192.145.236.239:8443/", host: "pouted.com"
2025/09/07 18:27:16 [error] 4144567#0: *1208 connect() failed (111: Connection refused) while connecting to upstream, client: 47.128.56.157, server: pouted.com, request: "GET /top-10-flowers-look-like-fireworks/amp/ HTTP/2.0", upstream: "https://192.145.236.239:8443/top-10-flowers-look-like-fireworks/amp/", host: "www.pouted.com"
2025/09/07 18:27:17 [error] 4144567#0: *1213 connect() failed (111: Connection refused) while connecting to upstream, client: 52.255.111.6, server: pouted.com, request: "GET / HTTP/2.0", upstream: "https://192.145.236.239:8443/", host: "pouted.com"
2025/09/07 18:27:17 [error] 4144567#0: *1216 connect() failed (111: Connection refused) while connecting to upstream, client: 52.255.111.10, server: pouted.com, request: "GET / HTTP/2.0", upstream: "https://192.145.236.239:8443/", host: "pouted.com"
2025/09/07 18:27:17 [error] 4144567#0: *1215 connect() failed (111: Connection refused) while connecting to upstream, client: 95.108.213.98, server: pouted.com, request: "GET /famous-celebrities-clothing-brands/ HTTP/2.0", upstream: "https://192.145.236.239:8443/famous-celebrities-clothing-brands/", host: "www.pouted.com"
2025/09/07 18:27:18 [error] 4144567#0: *16 connect() failed (111: Connection refused) while connecting to upstream, client: 192.178.6.99, server: ayaclass.com, request: "GET /products/30327387/ HTTP/1.1", upstream: "http://192.145.236.239:8080/products/30327387/", host: "www.ayaclass.com"
2025/09/07 18:27:18 [error] 4144567#0: *1219 connect() failed (111: Connection refused) while connecting to upstream, client: 52.255.111.10, server: pouted.com, request: "GET / HTTP/2.0", upstream: "https://192.145.236.239:8443/", host: "pouted.com"
2025/09/07 18:27:18 [error] 4144567#0: *1222 connect() failed (111: Connection refused) while connecting to upstream, client: 128.199.252.43, server: pouted.com, request: "GET /wp-login.php HTTP/2.0", upstream: "https://192.145.236.239:8443/wp-login.php", host: "www.pouted.com"
2025/09/07 18:27:19 [error] 4144567#0: *1222 connect() failed (111: Connection refused) while connecting to upstream, client: 128.199.252.43, server: pouted.com, request: "POST /wp-login.php HTTP/2.0", upstream: "https://192.145.236.239:8443/wp-login.php", host: "www.pouted.com"
2025/09/07 18:27:19 [error] 4144567#0: *1222 connect() failed (111: Connection refused) while connecting to upstream, client: 128.199.252.43, server: pouted.com, request: "POST /wp-login.php HTTP/2.0", upstream: "https://192.145.236.239:8443/wp-login.php", host: "www.pouted.com"
2025/09/07 18:27:22 [error] 4144567#0: *16 connect() failed (111: Connection refused) while connecting to upstream, client: 192.178.6.99, server: ayaclass.com, request: "GET /products/25993521/ HTTP/1.1", upstream: "http://192.145.236.239:8080/products/25993521/", host: "www.ayaclass.com"
2025/09/07 18:27:23 [error] 4144567#0: *1230 connect() failed (111: Connection refused) while connecting to upstream, client: 125.228.216.16, server: pouted.com, request: "GET /taking-perfect-selfies-expert-selfie-tips/ HTTP/2.0", upstream: "https://192.145.236.239:8443/taking-perfect-selfies-expert-selfie-tips/", host: "www.pouted.com", referrer: "https://www.pouted.com/"
2025/09/07 18:27:26 [error] 4144567#0: *1232 open() "/home/pouted/public_html/wp-content/uploads/2013/08/hrv.jpg" failed (2: No such file or directory), client: 150.109.196.248, server: pouted.com, request: "GET /wp-content/uploads/2013/08/hrv.jpg?x44527 HTTP/2.0", host: "www.pouted.com"
2025/09/07 18:27:28 [error] 4144567#0: *16 connect() failed (111: Connection refused) while connecting to upstream, client: 192.178.6.99, server: ayaclass.com, request: "GET /products/28680887/ HTTP/1.1", upstream: "http://192.145.236.239:8080/products/28680887/", host: "www.ayaclass.com"
2025/09/07 18:27:29 [error] 4144567#0: *1234 connect() failed (111: Connection refused) while connecting to upstream, client: 35.211.166.124, server: pouted.com, request: "GET /ads.txt HTTP/2.0", upstream: "https://192.145.236.239:8443/ads.txt", host: "pouted.com"
2025/09/07 18:27:29 [error] 4144567#0: *1236 connect() failed (111: Connection refused) while connecting to upstream, client: 35.211.166.124, server: pouted.com, request: "GET /ads.txt HTTP/2.0", upstream: "https://192.145.236.239:8443/ads.txt", host: "pouted.com"
2025/09/07 18:27:32 [error] 4144567#0: *1240 open() "/home/pouted/public_html/wp-content/uploads/2013/11/garlic2.jpg" failed (2: No such file or directory), client: 147.185.41.93, server: pouted.com, request: "GET /wp-content/uploads/2013/11/garlic2.jpg HTTP/2.0", host: "www.pouted.com"
2025/09/07 18:27:36 [error] 4144567#0: *1242 connect() failed (111: Connection refused) while connecting to upstream, client: 40.77.167.30, server: pouted.com, request: "GET /tag/swim/ HTTP/2.0", upstream: "https://192.145.236.239:8443/tag/swim/", host: "www.pouted.com"
2025/09/07 18:27:37 [error] 4144567#0: *16 connect() failed (111: Connection refused) while connecting to upstream, client: 192.178.6.99, server: ayaclass.com, request: "GET /products/23905132/ HTTP/1.1", upstream: "http://192.145.236.239:8080/products/23905132/", host: "www.ayaclass.com"
2025/09/07 18:27:39 [error] 4144567#0: *1248 connect() failed (111: Connection refused) while connecting to upstream, client: 127.0.0.1, server: 127.0.0.1, request: "GET /whm-server-status HTTP/1.0", upstream: "http://127.0.0.1:8080/whm-server-status", host: "localhost"
2025/09/07 18:27:40 [error] 4144567#0: *1250 open() "/home/pouted/public_html/wp-content/uploads/2013/08/Paleo-Flourless-Chocolate-Chip-Cookies-042.jpg" failed (2: No such file or directory), client: 123.156.176.5, server: pouted.com, request: "GET /wp-content/uploads/2013/08/Paleo-Flourless-Chocolate-Chip-Cookies-042.jpg?x71148 HTTP/2.0", host: "www.pouted.com"
2025/09/07 18:27:42 [error] 4144567#0: *1242 connect() failed (111: Connection refused) while connecting to upstream, client: 2a03:2880:f800:1a::, server: pouted.com, request: "GET /unique-couch-designs/amp/ HTTP/2.0", upstream: "https://192.145.236.239:8443/unique-couch-designs/amp/", host: "www.pouted.com"
2025/09/07 18:27:42 [error] 4144567#0: *1253 open() "/home/pouted/public_html/wp-content/uploads/2013/04/sports..jpg" failed (2: No such file or directory), client: 221.111.210.2, server: pouted.com, request: "GET /wp-content/uploads/2013/04/sports..jpg?x71148 HTTP/2.0", host: "www.pouted.com"
2025/09/07 18:27:42 [error] 4144567#0: *16 connect() failed (111: Connection refused) while connecting to upstream, client: 192.178.6.99, server: ayaclass.com, request: "GET /products/26294554/ HTTP/1.1", upstream: "http://192.145.236.239:8080/products/26294554/", host: "www.ayaclass.com"
2025/09/07 18:27:45 [error] 4144567#0: *1256 connect() failed (111: Connection refused) while connecting to upstream, client: 66.249.66.9, server: mrmyst.com, request: "GET /inet5/tinker/3_club/1651654878779.html HTTP/2.0", upstream: "https://192.145.236.239:8443/inet5/tinker/3_club/1651654878779.html", host: "mrmyst.com"
2025/09/07 18:27:45 [error] 4144567#0: *1259 connect() failed (111: Connection refused) while connecting to upstream, client: 172.178.141.133, server: pouted.com, request: "GET /top-smartphones-2025/ HTTP/2.0", upstream: "https://192.145.236.239:8443/top-smartphones-2025/", host: "www.pouted.com"
2025/09/07 18:27:45 [error] 4144567#0: *1261 connect() failed (111: Connection refused) while connecting to upstream, client: 172.178.141.140, server: pouted.com, request: "GET /top-smartphones-2025/ HTTP/2.0", upstream: "https://192.145.236.239:8443/top-smartphones-2025/", host: "www.pouted.com"
2025/09/07 18:27:46 [error] 4144567#0: *1263 connect() failed (111: Connection refused) while connecting to upstream, client: 172.178.141.135, server: pouted.com, request: "GET /top-smartphones-2025/ HTTP/2.0", upstream: "https://192.145.236.239:8443/top-smartphones-2025/", host: "www.pouted.com"
2025/09/07 18:27:46 [error] 4144567#0: *1259 connect() failed (111: Connection refused) while connecting to upstream, client: 172.178.141.135, server: pouted.com, request: "GET /top-smartphones-2025/ HTTP/2.0", upstream: "https://192.145.236.239:8443/top-smartphones-2025/", host: "www.pouted.com"
2025/09/07 18:27:46 [error] 4144567#0: *1266 connect() failed (111: Connection refused) while connecting to upstream, client: 185.191.171.9, server: ayaclass.com, request: "GET /?a=39125615 HTTP/1.1", upstream: "http://192.145.236.239:8080/?a=39125615", host: "www.ayaclass.com"
2025/09/07 18:27:47 [error] 4144567#0: *16 connect() failed (111: Connection refused) while connecting to upstream, client: 192.178.6.99, server: ayaclass.com, request: "GET /products/24595887/ HTTP/1.1", upstream: "http://192.145.236.239:8080/products/24595887/", host: "www.ayaclass.com"
2025/09/07 18:27:48 [error] 4144567#0: *1271 open() "/home/pouted/public_html/wp-content/uploads/2016/10/oem_big_heart_diamond_apple_bling_bling_iphone_4_4s_cases_for_mobile_phone.jpg" failed (2: No such file or directory), client: 61.241.206.210, server: pouted.com, request: "GET /wp-content/uploads/2016/10/oem_big_heart_diamond_apple_bling_bling_iphone_4_4s_cases_for_mobile_phone.jpg HTTP/2.0", host: "www.pouted.com"
2025/09/07 18:27:49 [error] 4144567#0: *1272 connect() failed (111: Connection refused) while connecting to upstream, client: 40.77.167.14, server: classing.ru, request: "GET /pcmypage?callback=product%2Fdetail%2F64806472 HTTP/2.0", upstream: "https://192.249.127.245:8443/pcmypage?callback=product%2Fdetail%2F64806472", host: "www.classing.ru"
2025/09/07 18:27:49 [error] 4144567#0: *1274 open() "/home/pouted/public_html/wp-content/uploads/2013/06/Zenvo-ST1-..jpg" failed (2: No such file or directory), client: 123.156.182.20, server: pouted.com, request: "GET /wp-content/uploads/2013/06/Zenvo-ST1-..jpg?x45357 HTTP/2.0", host: "www.pouted.com"
2025/09/07 18:27:50 [error] 4144567#0: *1276 open() "/home/pouted/public_html/wp-content/uploads/2013/03/Happy-Mother-Day1.jpg" failed (2: No such file or directory), client: 121.227.43.73, server: pouted.com, request: "GET /wp-content/uploads/2013/03/Happy-Mother-Day1.jpg?x21436 HTTP/2.0", host: "www.pouted.com"
2025/09/07 18:27:51 [error] 4144567#0: *1278 connect() failed (111: Connection refused) while connecting to upstream, client: 197.35.130.246, server: pouted.com, request: "POST /wp-admin/admin-ajax.php HTTP/2.0", upstream: "https://192.145.236.239:8443/wp-admin/admin-ajax.php", host: "www.pouted.com", referrer: "https://www.pouted.com/wp-admin/post.php?post=161682&action=edit&classic-editor"
2025/09/07 18:27:52 [error] 4144567#0: *1280 open() "/home/pouted/public_html/wp-content/uploads/2014/08/10k-gold-black-diamond-unique-bridal-engagement-ring-set-119ct_2.jpg" failed (2: No such file or directory), client: 120.92.209.39, server: pouted.com, request: "GET /wp-content/uploads/2014/08/10k-gold-black-diamond-unique-bridal-engagement-ring-set-119ct_2.jpg?x44527 HTTP/2.0", host: "www.pouted.com"
2025/09/07 18:27:52 [error] 4144567#0: *16 connect() failed (111: Connection refused) while connecting to upstream, client: 192.178.6.99, server: ayaclass.com, request: "GET /products/24038065/ HTTP/1.1", upstream: "http://192.145.236.239:8080/products/24038065/", host: "www.ayaclass.com"
2025/09/07 18:27:54 [error] 4144567#0: *1282 connect() failed (111: Connection refused) while connecting to upstream, client: 2a03:2880:2ff:4e::, server: pouted.com, request: "GET /best-actresses-in-2025/ HTTP/2.0", upstream: "https://192.145.236.239:8443/best-actresses-in-2025/", host: "www.pouted.com"
2025/09/07 18:27:54 [error] 4144567#0: *16 connect() failed (111: Connection refused) while connecting to upstream, client: 192.178.6.99, server: ayaclass.com, request: "GET /products/27369732/ HTTP/1.1", upstream: "http://192.145.236.239:8080/products/27369732/", host: "www.ayaclass.com"
2025/09/07 18:27:54 [error] 4144567#0: *1286 open() "/home/pouted/public_html/wp-content/uploads/2013/08/health-benefits-of-chewing-gum.png" failed (2: No such file or directory), client: 38.80.152.78, server: pouted.com, request: "GET /wp-content/uploads/2013/08/health-benefits-of-chewing-gum.png?x44527 HTTP/2.0", host: "www.pouted.com"
2025/09/07 18:27:55 [error] 4144567#0: *1242 connect() failed (111: Connection refused) while connecting to upstream, client: 52.167.144.160, server: pouted.com, request: "GET /tag/growing-vegetables-and-fruits/ HTTP/2.0", upstream: "https://192.145.236.239:8443/tag/growing-vegetables-and-fruits/", host: "www.pouted.com"
2025/09/07 18:27:56 [error] 4144567#0: *1288 connect() failed (111: Connection refused) while connecting to upstream, client: 35.245.213.236, server: pouted.com, request: "GET /feed/ HTTP/2.0", upstream: "https://192.145.236.239:8443/feed/", host: "www.pouted.com"
2025/09/07 18:27:58 [error] 4144567#0: *1290 connect() failed (111: Connection refused) while connecting to upstream, client: 194.180.232.218, server: pouted.com, request: "GET /index.php/contact/adminhtml_contact/index HTTP/2.0", upstream: "https://192.145.236.239:8443/index.php/contact/adminhtml_contact/index", host: "pouted.com"
2025/09/07 18:27:58 [error] 4144567#0: *1292 open() "/home/pouted/public_html/wp-content/uploads/jewels/white-ceramic-wedding-bands.jpg" failed (2: No such file or directory), client: 221.110.152.2, server: pouted.com, request: "GET /wp-content/uploads/jewels/white-ceramic-wedding-bands.jpg?x45357 HTTP/2.0", host: "www.pouted.com"
2025/09/07 18:27:58 [error] 4144567#0: *1290 connect() failed (111: Connection refused) while connecting to upstream, client: 194.180.232.218, server: pouted.com, request: "GET /index.php/contact/adminhtml_contact/index HTTP/2.0", upstream: "https://192.145.236.239:8443/index.php/contact/adminhtml_contact/index", host: "pouted.com", referrer: "http://pouted.com/index.php/contact/adminhtml_contact/index"
2025/09/07 18:27:59 [error] 4144567#0: *16 connect() failed (111: Connection refused) while connecting to upstream, client: 192.178.6.99, server: ayaclass.com, request: "GET /products/24412454/ HTTP/1.1", upstream: "http://192.145.236.239:8080/products/24412454/", host: "www.ayaclass.com"
2025/09/07 18:28:03 [error] 4144567#0: *16 connect() failed (111: Connection refused) while connecting to upstream, client: 192.178.6.99, server: ayaclass.com, request: "GET /products/28262409/ HTTP/1.1", upstream: "http://192.145.236.239:8080/products/28262409/", host: "www.ayaclass.com"
2025/09/07 18:28:06 [error] 4144567#0: *1299 connect() failed (111: Connection refused) while connecting to upstream, client: 170.106.72.178, server: ayaclass.com, request: "GET /?dir=%2Fhome%2Fayaclass%2Fpublic_html%2Fpublic&dl=%2Fhome%2Fayaclass%2Fpublic_html%2Fpublic%2Fz8s2cw HTTP/1.1", upstream: "http://192.145.236.239:8080/?dir=%2Fhome%2Fayaclass%2Fpublic_html%2Fpublic&dl=%2Fhome%2Fayaclass%2Fpublic_html%2Fpublic%2Fz8s2cw", host: "www.ayaclass.com"
2025/09/07 18:28:13 [error] 4144567#0: *16 connect() failed (111: Connection refused) while connecting to upstream, client: 192.178.6.99, server: ayaclass.com, request: "GET /products/24896265/ HTTP/1.1", upstream: "http://192.145.236.239:8080/products/24896265/", host: "www.ayaclass.com"
2025/09/07 18:28:15 [error] 4144567#0: *1308 connect() failed (111: Connection refused) while connecting to upstream, client: 192.178.6.100, server: ayaclass.com, request: "GET /products/15931032/ HTTP/1.1", upstream: "http://192.145.236.239:8080/products/15931032/", host: "www.ayaclass.com"
2025/09/07 18:28:19 [error] 4144567#0: *1311 connect() failed (111: Connection refused) while connecting to upstream, client: 47.128.110.186, server: pouted.com, request: "GET /celebrities-with-heterochromia/ HTTP/2.0", upstream: "https://192.145.236.239:8443/celebrities-with-heterochromia/", host: "www.pouted.com"
2025/09/07 18:28:19 [error] 4144567#0: *1313 connect() failed (111: Connection refused) while connecting to upstream, client: 2a03:2880:2ff::, server: pouted.com, request: "GET /best-affordable-perfumes/ HTTP/2.0", upstream: "https://192.145.236.239:8443/best-affordable-perfumes/", host: "www.pouted.com"
2025/09/07 18:28:20 [error] 4144567#0: *16 connect() failed (111: Connection refused) while connecting to upstream, client: 192.178.6.99, server: ayaclass.com, request: "GET /products/25771865/ HTTP/1.1", upstream: "http://192.145.236.239:8080/products/25771865/", host: "www.ayaclass.com"
2025/09/07 18:28:23 [error] 4144567#0: *1317 connect() failed (111: Connection refused) while connecting to upstream, client: 13.65.138.127, server: intensed.com, request: "GET / HTTP/2.0", upstream: "https://192.249.127.250:8443/", host: "intensed.com"
2025/09/07 18:28:23 [error] 4144567#0: *1320 connect() failed (111: Connection refused) while connecting to upstream, client: 13.65.138.126, server: intensed.com, request: "GET / HTTP/2.0", upstream: "https://192.249.127.250:8443/", host: "intensed.com"
2025/09/07 18:28:24 [error] 4144567#0: *1323 connect() failed (111: Connection refused) while connecting to upstream, client: 13.65.138.124, server: intensed.com, request: "GET / HTTP/2.0", upstream: "https://192.249.127.250:8443/", host: "intensed.com"
2025/09/07 18:28:25 [error] 4144567#0: *1325 connect() failed (111: Connection refused) while connecting to upstream, client: 13.65.138.126, server: intensed.com, request: "GET / HTTP/2.0", upstream: "https://192.249.127.250:8443/", host: "intensed.com"
2025/09/07 18:28:25 [error] 4144567#0: *16 connect() failed (111: Connection refused) while connecting to upstream, client: 192.178.6.99, server: ayaclass.com, request: "GET /products/23918509/ HTTP/1.1", upstream: "http://192.145.236.239:8080/products/23918509/", host: "www.ayaclass.com"
2025/09/07 18:28:28 [error] 4144567#0: *1329 connect() failed (111: Connection refused) while connecting to upstream, client: 4.151.241.240, server: pouted.com, request: "GET /30-creative-unusual-lamp-designs/ HTTP/2.0", upstream: "https://192.145.236.239:8443/30-creative-unusual-lamp-designs/", host: "www.pouted.com"
2025/09/07 18:28:28 [error] 4144567#0: *1332 connect() failed (111: Connection refused) while connecting to upstream, client: 4.151.241.240, server: pouted.com, request: "GET /30-creative-unusual-lamp-designs/ HTTP/2.0", upstream: "https://192.145.236.239:8443/30-creative-unusual-lamp-designs/", host: "www.pouted.com"
2025/09/07 18:28:28 [error] 4144570#0: *1330 connect() failed (111: Connection refused) while connecting to upstream, client: 4.151.241.240, server: pouted.com, request: "GET /30-creative-unusual-lamp-designs/ HTTP/2.0", upstream: "https://192.145.236.239:8443/30-creative-unusual-lamp-designs/", host: "www.pouted.com"
2025/09/07 18:28:28 [error] 4144570#0: *1331 connect() failed (111: Connection refused) while connecting to upstream, client: 4.151.241.240, server: pouted.com, request: "GET /30-creative-unusual-lamp-designs/ HTTP/2.0", upstream: "https://192.145.236.239:8443/30-creative-unusual-lamp-designs/", host: "www.pouted.com"
2025/09/07 18:28:28 [error] 4144567#0: *1337 connect() failed (111: Connection refused) while connecting to upstream, client: 4.151.241.242, server: pouted.com, request: "GET /30-creative-unusual-lamp-designs/ HTTP/2.0", upstream: "https://192.145.236.239:8443/30-creative-unusual-lamp-designs/", host: "www.pouted.com"
2025/09/07 18:28:28 [error] 4144567#0: *1338 connect() failed (111: Connection refused) while connecting to upstream, client: 4.151.241.242, server: pouted.com, request: "GET /30-creative-unusual-lamp-designs/ HTTP/2.0", upstream: "https://192.145.236.239:8443/30-creative-unusual-lamp-designs/", host: "www.pouted.com"
2025/09/07 18:28:28 [error] 4144567#0: *1329 connect() failed (111: Connection refused) while connecting to upstream, client: 4.151.241.250, server: pouted.com, request: "GET /30-creative-unusual-lamp-designs/ HTTP/2.0", upstream: "https://192.145.236.239:8443/30-creative-unusual-lamp-designs/", host: "www.pouted.com"
2025/09/07 18:28:29 [error] 4144567#0: *1337 connect() failed (111: Connection refused) while connecting to upstream, client: 4.151.241.242, server: pouted.com, request: "GET /30-creative-unusual-lamp-designs/ HTTP/2.0", upstream: "https://192.145.236.239:8443/30-creative-unusual-lamp-designs/", host: "www.pouted.com"
2025/09/07 18:28:29 [error] 4144567#0: *1342 connect() failed (111: Connection refused) while connecting to upstream, client: 4.151.241.250, server: pouted.com, request: "GET /30-creative-unusual-lamp-designs/ HTTP/2.0", upstream: "https://192.145.236.239:8443/30-creative-unusual-lamp-designs/", host: "www.pouted.com"
2025/09/07 18:28:29 [error] 4144567#0: *1342 connect() failed (111: Connection refused) while connecting to upstream, client: 4.151.241.246, server: pouted.com, request: "GET /30-creative-unusual-lamp-designs/ HTTP/2.0", upstream: "https://192.145.236.239:8443/30-creative-unusual-lamp-designs/", host: "www.pouted.com"
2025/09/07 18:28:29 [error] 4144567#0: *1342 connect() failed (111: Connection refused) while connecting to upstream, client: 4.151.241.246, server: pouted.com, request: "GET /30-creative-unusual-lamp-designs/ HTTP/2.0", upstream: "https://192.145.236.239:8443/30-creative-unusual-lamp-designs/", host: "www.pouted.com"
2025/09/07 18:28:29 [error] 4144567#0: *1347 connect() failed (111: Connection refused) while connecting to upstream, client: 4.151.241.249, server: pouted.com, request: "GET /30-creative-unusual-lamp-designs/ HTTP/2.0", upstream: "https://192.145.236.239:8443/30-creative-unusual-lamp-designs/", host: "www.pouted.com"
2025/09/07 18:28:29 [error] 4144567#0: *1332 connect() failed (111: Connection refused) while connecting to upstream, client: 4.151.241.245, server: pouted.com, request: "GET /30-creative-unusual-lamp-designs/ HTTP/2.0", upstream: "https://192.145.236.239:8443/30-creative-unusual-lamp-designs/", host: "www.pouted.com"
2025/09/07 18:28:29 [error] 4144567#0: *1349 connect() failed (111: Connection refused) while connecting to upstream, client: 4.151.241.249, server: pouted.com, request: "GET /30-creative-unusual-lamp-designs/ HTTP/2.0", upstream: "https://192.145.236.239:8443/30-creative-unusual-lamp-designs/", host: "www.pouted.com"
2025/09/07 18:28:29 [error] 4144570#0: *1330 connect() failed (111: Connection refused) while connecting to upstream, client: 4.151.241.245, server: pouted.com, request: "GET /30-creative-unusual-lamp-designs/ HTTP/2.0", upstream: "https://192.145.236.239:8443/30-creative-unusual-lamp-designs/", host: "www.pouted.com"
2025/09/07 18:28:29 [error] 4144570#0: *1331 connect() failed (111: Connection refused) while connecting to upstream, client: 4.151.241.245, server: pouted.com, request: "GET /30-creative-unusual-lamp-designs/ HTTP/2.0", upstream: "https://192.145.236.239:8443/30-creative-unusual-lamp-designs/", host: "www.pouted.com"
2025/09/07 18:28:30 [error] 4144567#0: *16 connect() failed (111: Connection refused) while connecting to upstream, client: 192.178.6.99, server: ayaclass.com, request: "GET /products/21147210/ HTTP/1.1", upstream: "http://192.145.236.239:8080/products/21147210/", host: "www.ayaclass.com"
2025/09/07 18:28:32 [error] 4144567#0: *1313 connect() failed (111: Connection refused) while connecting to upstream, client: 2a03:2880:2ff:72::, server: pouted.com, request: "GET /taking-perfect-selfies-expert-selfie-tips/ HTTP/2.0", upstream: "https://192.145.236.239:8443/taking-perfect-selfies-expert-selfie-tips/", host: "www.pouted.com"
2025/09/07 18:28:33 [error] 4144567#0: *1358 connect() failed (111: Connection refused) while connecting to upstream, client: 51.68.236.71, server: pouted.com, request: "GET /top-75-seo-companies-services-in-world/ HTTP/2.0", upstream: "https://192.145.236.239:8443/top-75-seo-companies-services-in-world/", host: "www.pouted.com"
2025/09/07 18:28:33 [error] 4144567#0: *1358 connect() failed (111: Connection refused) while connecting to upstream, client: 51.68.236.71, server: pouted.com, request: "GET /womens-mental-health-therapy/ HTTP/2.0", upstream: "https://192.145.236.239:8443/womens-mental-health-therapy/", host: "www.pouted.com"
2025/09/07 18:28:33 [error] 4144567#0: *1360 connect() failed (111: Connection refused) while connecting to upstream, client: 103.72.99.238, server: pouted.com, request: "POST /xmlrpc.php HTTP/2.0", upstream: "https://192.145.236.239:8443/xmlrpc.php", host: "www.pouted.com", referrer: "https://www.pouted.com"
2025/09/07 18:28:34 [error] 4144567#0: *16 connect() failed (111: Connection refused) while connecting to upstream, client: 192.178.6.99, server: ayaclass.com, request: "GET /products/20892765/ HTTP/1.1", upstream: "http://192.145.236.239:8080/products/20892765/", host: "www.ayaclass.com"
2025/09/07 18:28:37 [error] 4144567#0: *1366 connect() failed (111: Connection refused) while connecting to upstream, client: 20.169.6.226, server: pouted.com, request: "GET /sitemap_index.xml HTTP/2.0", upstream: "https://192.145.236.239:8443/sitemap_index.xml", host: "www.pouted.com"
2025/09/07 18:28:39 [error] 4144567#0: *1368 open() "/home/pouted/public_html/wp-content/uploads/2014/07/Vintage-Rhinestone-Pegasus-Brooch-Pin-Silver__32771_zoom.jpg" failed (2: No such file or directory), client: 38.80.152.78, server: pouted.com, request: "GET /wp-content/uploads/2014/07/Vintage-Rhinestone-Pegasus-Brooch-Pin-Silver__32771_zoom.jpg?x45357 HTTP/2.0", host: "www.pouted.com"
2025/09/07 18:28:39 [error] 4144567#0: *16 connect() failed (111: Connection refused) while connecting to upstream, client: 192.178.6.99, server: ayaclass.com, request: "GET /products/20543910/ HTTP/1.1", upstream: "http://192.145.236.239:8080/products/20543910/", host: "www.ayaclass.com"
2025/09/07 18:28:44 [error] 4144567#0: *16 connect() failed (111: Connection refused) while connecting to upstream, client: 192.178.6.99, server: ayaclass.com, request: "GET /products/23744776/ HTTP/1.1", upstream: "http://192.145.236.239:8080/products/23744776/", host: "www.ayaclass.com"
2025/09/07 18:28:47 [error] 4144567#0: *1373 connect() failed (111: Connection refused) while connecting to upstream, client: 85.208.96.201, server: ayaclass.com, request: "GET /?a=48464215 HTTP/1.1", upstream: "http://192.145.236.239:8080/?a=48464215", host: "www.ayaclass.com"
2025/09/07 18:28:47 [error] 4144567#0: *1375 connect() failed (111: Connection refused) while connecting to upstream, client: 40.77.167.30, server: pouted.com, request: "GET /tips-and-tricks-to-make-your-content-top-notch/ HTTP/2.0", upstream: "https://192.145.236.239:8443/tips-and-tricks-to-make-your-content-top-notch/", host: "www.pouted.com"
2025/09/07 18:28:48 [error] 4144567#0: *1377 connect() failed (111: Connection refused) while connecting to upstream, client: 127.0.0.1, server: 127.0.0.1, request: "GET /whm-server-status HTTP/1.0", upstream: "http://127.0.0.1:8080/whm-server-status", host: "localhost"
2025/09/07 18:28:49 [error] 4144567#0: *1379 open() "/home/pouted/public_html/wp-content/uploads/2014/02/high-cholesterol-foods.jpg" failed (2: No such file or directory), client: 68.69.181.148, server: pouted.com, request: "GET /wp-content/uploads/2014/02/high-cholesterol-foods.jpg HTTP/2.0", host: "www.pouted.com"
2025/09/07 18:28:49 [error] 4144567#0: *1380 connect() failed (111: Connection refused) while connecting to upstream, client: 2a03:2880:f800:42::, server: pouted.com, request: "GET /tag/nail-art-ideas/ HTTP/2.0", upstream: "https://192.145.236.239:8443/tag/nail-art-ideas/", host: "www.pouted.com"
2025/09/07 18:28:49 [error] 4144567#0: *1382 connect() failed (111: Connection refused) while connecting to upstream, client: 197.35.130.246, server: pouted.com, request: "POST /wp-admin/admin-ajax.php HTTP/2.0", upstream: "https://192.145.236.239:8443/wp-admin/admin-ajax.php", host: "www.pouted.com", referrer: "https://www.pouted.com/wp-admin/post.php?post=161646&action=edit&classic-editor"
2025/09/07 18:28:50 [error] 4144567#0: *1387 connect() failed (111: Connection refused) while connecting to upstream, client: 66.249.79.131, server: pouted.com, request: "GET /tips-on-mixing-antique-and-modern-decor-styles/ HTTP/2.0", upstream: "https://192.145.236.239:8443/tips-on-mixing-antique-and-modern-decor-styles/", host: "www.pouted.com"
2025/09/07 18:28:50 [error] 4144567#0: *1386 connect() failed (111: Connection refused) while connecting to upstream, client: 47.128.59.137, server: pouted.com, request: "GET /top-10-worlds-most-expensive-pokemon-cards-2015/ HTTP/2.0", upstream: "https://192.145.236.239:8443/top-10-worlds-most-expensive-pokemon-cards-2015/", host: "www.pouted.com"
2025/09/07 18:28:54 [error] 4144567#0: *16 connect() failed (111: Connection refused) while connecting to upstream, client: 192.178.6.99, server: ayaclass.com, request: "GET /products/20464032/ HTTP/1.1", upstream: "http://192.145.236.239:8080/products/20464032/", host: "www.ayaclass.com"
2025/09/07 18:28:55 [error] 4144567#0: *1382 connect() failed (111: Connection refused) while connecting to upstream, client: 197.35.130.246, server: pouted.com, request: "POST /wp-admin/admin-ajax.php HTTP/2.0", upstream: "https://192.145.236.239:8443/wp-admin/admin-ajax.php", host: "www.pouted.com", referrer: "https://www.pouted.com/wp-admin/post.php?post=161718&action=edit&classic-editor"
2025/09/07 18:28:56 [error] 4144567#0: *1393 connect() failed (111: Connection refused) while connecting to upstream, client: 34.138.190.132, server: pouted.com, request: "GET /86-funny-scary-halloween-costumes-for-teenagers-2018/ HTTP/2.0", upstream: "https://192.145.236.239:8443/86-funny-scary-halloween-costumes-for-teenagers-2018/", host: "www.pouted.com"
2025/09/07 18:28:56 [error] 4144567#0: *1396 open() "/home/pouted/public_html/wp-content/uploads/2013/12/420116.jpg" failed (2: No such file or directory), client: 121.227.41.193, server: pouted.com, request: "GET /wp-content/uploads/2013/12/420116.jpg?x71148 HTTP/2.0", host: "www.pouted.com"
2025/09/07 18:28:57 [error] 4144567#0: *1397 open() "/home/pouted/public_html/wp-content/uploads/2014/07/Modern-Engagement-Rings-Delight-Lady-Di-Diamond-Engagement-Ring-600x600.jpg" failed (2: No such file or directory), client: 60.163.45.250, server: pouted.com, request: "GET /wp-content/uploads/2014/07/Modern-Engagement-Rings-Delight-Lady-Di-Diamond-Engagement-Ring-600x600.jpg HTTP/2.0", host: "www.pouted.com"
2025/09/07 18:28:57 [error] 4144567#0: *1399 connect() failed (111: Connection refused) while connecting to upstream, client: 52.225.75.213, server: pouted.com, request: "GET /rarest-unusual-eye-colors/ HTTP/2.0", upstream: "https://192.145.236.239:8443/rarest-unusual-eye-colors/", host: "www.pouted.com"
2025/09/07 18:28:57 [error] 4144567#0: *1401 connect() failed (111: Connection refused) while connecting to upstream, client: 52.225.75.223, server: pouted.com, request: "GET /rarest-unusual-eye-colors/ HTTP/2.0", upstream: "https://192.145.236.239:8443/rarest-unusual-eye-colors/", host: "www.pouted.com"
2025/09/07 18:28:58 [error] 4144567#0: *1399 connect() failed (111: Connection refused) while connecting to upstream, client: 52.225.75.210, server: pouted.com, request: "GET /rarest-unusual-eye-colors/ HTTP/2.0", upstream: "https://192.145.236.239:8443/rarest-unusual-eye-colors/", host: "www.pouted.com"
2025/09/07 18:28:58 [error] 4144567#0: *1401 connect() failed (111: Connection refused) while connecting to upstream, client: 52.225.75.212, server: pouted.com, request: "GET /rarest-unusual-eye-colors/ HTTP/2.0", upstream: "https://192.145.236.239:8443/rarest-unusual-eye-colors/", host: "www.pouted.com"
2025/09/07 18:28:58 [error] 4144567#0: *16 connect() failed (111: Connection refused) while connecting to upstream, client: 192.178.6.99, server: ayaclass.com, request: "GET /products/22341210/ HTTP/1.1", upstream: "http://192.145.236.239:8080/products/22341210/", host: "www.ayaclass.com"
2025/09/07 18:28:59 [error] 4144567#0: *1407 open() "/home/pouted/public_html/wp-content/uploads/2014/01/Personalized-Wedding-Romance-Champagne-Toasting-Flutes-9038_li.jpg" failed (2: No such file or directory), client: 180.104.34.14, server: pouted.com, request: "GET /wp-content/uploads/2014/01/Personalized-Wedding-Romance-Champagne-Toasting-Flutes-9038_li.jpg?x45357 HTTP/2.0", host: "www.pouted.com"
2025/09/07 18:28:59 [error] 4144567#0: *1405 connect() failed (111: Connection refused) while connecting to upstream, client: 47.243.161.234, server: pouted.com, request: "GET /post-sitemap6.xml HTTP/2.0", upstream: "https://192.145.236.239:8443/post-sitemap6.xml", host: "www.pouted.com"
2025/09/07 18:28:59 [error] 4144567#0: *1409 open() "/home/pouted/public_html/wp-content/uploads/2014/07/breathtakingyes.jpg" failed (2: No such file or directory), client: 123.156.182.86, server: pouted.com, request: "GET /wp-content/uploads/2014/07/breathtakingyes.jpg?x71148 HTTP/2.0", host: "www.pouted.com"
2025/09/07 18:29:01 [error] 4144567#0: *1382 connect() failed (111: Connection refused) while connecting to upstream, client: 197.35.130.246, server: pouted.com, request: "POST /wp-admin/admin-ajax.php HTTP/2.0", upstream: "https://192.145.236.239:8443/wp-admin/admin-ajax.php", host: "www.pouted.com", referrer: "https://www.pouted.com/wp-admin/post.php?post=161704&action=edit&classic-editor"
2025/09/07 18:29:01 [error] 4144567#0: *1411 open() "/home/pouted/public_html/wp-content/uploads/2013/06/black3.jpg" failed (2: No such file or directory), client: 218.68.108.198, server: pouted.com, request: "GET /wp-content/uploads/2013/06/black3.jpg?x44527 HTTP/2.0", host: "www.pouted.com"
2025/09/07 18:29:01 [error] 4144567#0: *1412 open() "/home/pouted/public_html/wp-content/uploads/2015/11/Untitled11-475x673.png" failed (2: No such file or directory), client: 123.156.179.236, server: pouted.com, request: "GET /wp-content/uploads/2015/11/Untitled11-475x673.png?x44527 HTTP/2.0", host: "www.pouted.com"
2025/09/07 18:29:02 [error] 4144567#0: *1415 open() "/home/pouted/public_html/wp-content/uploads/2013/02/Fifty-Shades-of-Grey.jpg" failed (2: No such file or directory), client: 68.69.181.148, server: pouted.com, request: "GET /wp-content/uploads/2013/02/Fifty-Shades-of-Grey.jpg HTTP/2.0", host: "www.pouted.com"
2025/09/07 18:29:02 [error] 4144567#0: *1414 connect() failed (111: Connection refused) while connecting to upstream, client: 103.161.170.99, server: mrmyst.com, request: "GET /xmlrpc.php HTTP/2.0", upstream: "https://192.145.236.239:8443/xmlrpc.php", host: "mrmyst.com", referrer: "http://mrmyst.com"
2025/09/07 18:29:03 [error] 4144567#0: *1417 connect() failed (111: Connection refused) while connecting to upstream, client: 125.228.216.16, server: pouted.com, request: "GET /taking-perfect-selfies-expert-selfie-tips/ HTTP/2.0", upstream: "https://192.145.236.239:8443/taking-perfect-selfies-expert-selfie-tips/", host: "www.pouted.com", referrer: "https://www.pouted.com/"
2025/09/07 18:29:03 [error] 4144567#0: *1419 open() "/home/pouted/public_html/wp-content/uploads/2013/03/Happy-Mother-Day1.jpg" failed (2: No such file or directory), client: 123.156.183.98, server: pouted.com, request: "GET /wp-content/uploads/2013/03/Happy-Mother-Day1.jpg?x21436 HTTP/2.0", host: "www.pouted.com"
2025/09/07 18:29:03 [error] 4144567#0: *1380 connect() failed (111: Connection refused) while connecting to upstream, client: 2a03:2880:13ff:73::, server: pouted.com, request: "GET /kids-fashion-trends-2025/ HTTP/2.0", upstream: "https://192.145.236.239:8443/kids-fashion-trends-2025/", host: "www.pouted.com"
2025/09/07 18:29:03 [error] 4144567#0: *1421 connect() failed (111: Connection refused) while connecting to upstream, client: 192.178.6.100, server: ayaclass.com, request: "GET /products/20032876/ HTTP/1.1", upstream: "http://192.145.236.239:8080/products/20032876/", host: "www.ayaclass.com"
2025/09/07 18:29:06 [error] 4144567#0: *1399 connect() failed (111: Connection refused) while connecting to upstream, client: 172.182.195.57, server: pouted.com, request: "GET /magic-mushroom-chocolate-bars/ HTTP/2.0", upstream: "https://192.145.236.239:8443/magic-mushroom-chocolate-bars/", host: "www.pouted.com"
