2025/09/07 19:38:12 [error] 4144567#0: *8974 connect() failed (111: Connection refused) while connecting to upstream, client: 156.237.98.64, server: pouted.com, request: "GET /best-clean-beauty-brands-2025/ HTTP/2.0", upstream: "https://192.145.236.239:8443/best-clean-beauty-brands-2025/", host: "www.pouted.com"
2025/09/07 19:38:12 [error] 4144567#0: *8632 connect() failed (111: Connection refused) while connecting to upstream, client: 192.178.6.98, server: ayaclass.com, request: "GET /products/22611132/ HTTP/1.1", upstream: "http://192.145.236.239:8080/products/22611132/", host: "www.ayaclass.com"
2025/09/07 19:38:12 [error] 4144567#0: *8975 connect() failed (111: Connection refused) while connecting to upstream, client: 82.25.201.237, server: pouted.com, request: "GET /best-clean-beauty-brands-2025/ HTTP/2.0", upstream: "https://192.145.236.239:8443/best-clean-beauty-brands-2025/", host: "www.pouted.com"
2025/09/07 19:38:12 [error] 4144567#0: *8978 connect() failed (111: Connection refused) while connecting to upstream, client: 4.196.118.115, server: pouted.com, request: "GET /top-2025-teen-fashion-trends/ HTTP/2.0", upstream: "https://192.145.236.239:8443/top-2025-teen-fashion-trends/", host: "www.pouted.com"
2025/09/07 19:38:13 [error] 4144567#0: *8978 connect() failed (111: Connection refused) while connecting to upstream, client: 4.196.118.122, server: pouted.com, request: "GET /top-2025-teen-fashion-trends/ HTTP/2.0", upstream: "https://192.145.236.239:8443/top-2025-teen-fashion-trends/", host: "www.pouted.com"
2025/09/07 19:38:13 [error] 4144567#0: *8981 connect() failed (111: Connection refused) while connecting to upstream, client: 82.27.196.171, server: pouted.com, request: "GET /best-clean-beauty-brands-2025/ HTTP/2.0", upstream: "https://192.145.236.239:8443/best-clean-beauty-brands-2025/", host: "www.pouted.com"
2025/09/07 19:38:13 [error] 4144567#0: *8962 connect() failed (111: Connection refused) while connecting to upstream, client: 45.56.158.4, server: pouted.com, request: "GET /best-clean-beauty-brands-2025/ HTTP/2.0", upstream: "https://192.145.236.239:8443/best-clean-beauty-brands-2025/", host: "www.pouted.com"
2025/09/07 19:38:13 [error] 4144567#0: *8984 connect() failed (111: Connection refused) while connecting to upstream, client: 4.196.118.116, server: pouted.com, request: "GET /top-2025-teen-fashion-trends/ HTTP/2.0", upstream: "https://192.145.236.239:8443/top-2025-teen-fashion-trends/", host: "www.pouted.com"
2025/09/07 19:38:14 [error] 4144567#0: *8974 connect() failed (111: Connection refused) while connecting to upstream, client: 156.237.51.32, server: pouted.com, request: "GET /best-clean-beauty-brands-2025/ HTTP/2.0", upstream: "https://192.145.236.239:8443/best-clean-beauty-brands-2025/", host: "www.pouted.com"
2025/09/07 19:38:14 [error] 4144567#0: *8988 connect() failed (111: Connection refused) while connecting to upstream, client: 185.52.136.83, server: pouted.com, request: "GET /best-clean-beauty-brands-2025/ HTTP/2.0", upstream: "https://192.145.236.239:8443/best-clean-beauty-brands-2025/", host: "www.pouted.com"
2025/09/07 19:38:14 [error] 4144567#0: *8990 connect() failed (111: Connection refused) while connecting to upstream, client: 4.196.118.117, server: pouted.com, request: "GET /top-2025-teen-fashion-trends/ HTTP/2.0", upstream: "https://192.145.236.239:8443/top-2025-teen-fashion-trends/", host: "www.pouted.com"
2025/09/07 19:38:15 [error] 4144567#0: *8992 connect() failed (111: Connection refused) while connecting to upstream, client: 82.140.159.252, server: pouted.com, request: "GET /best-clean-beauty-brands-2025/ HTTP/2.0", upstream: "https://192.145.236.239:8443/best-clean-beauty-brands-2025/", host: "www.pouted.com"
2025/09/07 19:38:16 [error] 4144567#0: *8974 connect() failed (111: Connection refused) while connecting to upstream, client: 156.237.98.72, server: pouted.com, request: "GET /best-clean-beauty-brands-2025/ HTTP/2.0", upstream: "https://192.145.236.239:8443/best-clean-beauty-brands-2025/", host: "www.pouted.com"
2025/09/07 19:38:17 [error] 4144567#0: *8632 connect() failed (111: Connection refused) while connecting to upstream, client: 192.178.6.98, server: ayaclass.com, request: "GET /products/23317710/ HTTP/1.1", upstream: "http://192.145.236.239:8080/products/23317710/", host: "www.ayaclass.com"
2025/09/07 19:38:17 [error] 4144567#0: *8947 connect() failed (111: Connection refused) while connecting to upstream, client: 82.26.77.183, server: pouted.com, request: "GET /best-clean-beauty-brands-2025/ HTTP/2.0", upstream: "https://192.145.236.239:8443/best-clean-beauty-brands-2025/", host: "www.pouted.com"
2025/09/07 19:38:17 [error] 4144567#0: *8962 connect() failed (111: Connection refused) while connecting to upstream, client: 45.56.158.4, server: pouted.com, request: "GET /best-clean-beauty-brands-2025/ HTTP/2.0", upstream: "https://192.145.236.239:8443/best-clean-beauty-brands-2025/", host: "www.pouted.com"
2025/09/07 19:38:18 [error] 4144567#0: *8981 connect() failed (111: Connection refused) while connecting to upstream, client: 96.62.185.155, server: pouted.com, request: "GET /best-clean-beauty-brands-2025/ HTTP/2.0", upstream: "https://192.145.236.239:8443/best-clean-beauty-brands-2025/", host: "www.pouted.com"
2025/09/07 19:38:19 [error] 4144567#0: *9002 connect() failed (111: Connection refused) while connecting to upstream, client: 51.222.95.227, server: classing.ru, request: "GET /assets/vendors/fontawesome/webfonts/fa-regular-400.woff2 HTTP/2.0", upstream: "https://192.249.127.245:8443/assets/vendors/fontawesome/webfonts/fa-regular-400.woff2", host: "www.classing.ru"
2025/09/07 19:38:20 [error] 4144567#0: *9005 connect() failed (111: Connection refused) while connecting to upstream, client: 3.94.180.8, server: pouted.com, request: "GET /best-short-term-investment-options-2025/ HTTP/2.0", upstream: "https://192.145.236.239:8443/best-short-term-investment-options-2025/", host: "www.pouted.com"
2025/09/07 19:38:21 [error] 4144567#0: *9007 connect() failed (111: Connection refused) while connecting to upstream, client: 3.94.180.8, server: pouted.com, request: "GET /best-short-term-investment-options-2025/ HTTP/2.0", upstream: "https://192.145.236.239:8443/best-short-term-investment-options-2025/", host: "www.pouted.com"
2025/09/07 19:38:21 [error] 4144567#0: *8632 connect() failed (111: Connection refused) while connecting to upstream, client: 192.178.6.98, server: ayaclass.com, request: "GET /products/21982454/ HTTP/1.1", upstream: "http://192.145.236.239:8080/products/21982454/", host: "www.ayaclass.com"
2025/09/07 19:38:23 [error] 4144567#0: *9010 open() "/home/pouted/public_html/wp-content/uploads/2015/12/d412d7cc-bcc3-4dde-98a4-1b7f62ac44a2-390x220.jpg" failed (2: No such file or directory), client: 119.8.242.39, server: pouted.com, request: "GET /wp-content/uploads/2015/12/d412d7cc-bcc3-4dde-98a4-1b7f62ac44a2-390x220.jpg?x43083 HTTP/2.0", host: "www.pouted.com"
2025/09/07 19:38:25 [error] 4144567#0: *9010 open() "/home/pouted/public_html/wp-content/uploads/2015/12/d412d7cc-bcc3-4dde-98a4-1b7f62ac44a2-390x220.jpg" failed (2: No such file or directory), client: 119.8.242.39, server: pouted.com, request: "GET /wp-content/uploads/2015/12/d412d7cc-bcc3-4dde-98a4-1b7f62ac44a2-390x220.jpg?x43083 HTTP/2.0", host: "www.pouted.com"
2025/09/07 19:38:26 [error] 4144567#0: *8632 connect() failed (111: Connection refused) while connecting to upstream, client: 192.178.6.98, server: ayaclass.com, request: "GET /products/28073798/ HTTP/1.1", upstream: "http://192.145.236.239:8080/products/28073798/", host: "www.ayaclass.com"
2025/09/07 19:38:30 [error] 4144567#0: *8861 connect() failed (111: Connection refused) while connecting to upstream, client: 197.35.130.246, server: pouted.com, request: "POST /wp-admin/admin-ajax.php HTTP/2.0", upstream: "https://192.145.236.239:8443/wp-admin/admin-ajax.php", host: "www.pouted.com", referrer: "https://www.pouted.com/wp-admin/post.php?post=161682&action=edit&classic-editor"
2025/09/07 19:38:32 [error] 4144567#0: *9015 connect() failed (111: Connection refused) while connecting to upstream, client: 185.191.171.2, server: ayaclass.com, request: "GET /?a=48730515 HTTP/1.1", upstream: "http://192.145.236.239:8080/?a=48730515", host: "www.ayaclass.com"
2025/09/07 19:38:33 [error] 4144567#0: *9018 connect() failed (111: Connection refused) while connecting to upstream, client: 40.116.73.211, server: pouted.com, request: "GET / HTTP/2.0", upstream: "https://192.145.236.239:8443/", host: "pouted.com"
2025/09/07 19:38:33 [error] 4144567#0: *9018 connect() failed (111: Connection refused) while connecting to upstream, client: 40.116.73.217, server: pouted.com, request: "GET / HTTP/2.0", upstream: "https://192.145.236.239:8443/", host: "pouted.com"
2025/09/07 19:38:33 [error] 4144567#0: *9005 connect() failed (111: Connection refused) while connecting to upstream, client: 3.94.180.8, server: pouted.com, request: "GET /ways-to-get-secure-online-and-regain-your-privacy/ HTTP/2.0", upstream: "https://192.145.236.239:8443/ways-to-get-secure-online-and-regain-your-privacy/", host: "www.pouted.com"
2025/09/07 19:38:33 [error] 4144567#0: *9021 connect() failed (111: Connection refused) while connecting to upstream, client: 40.116.73.217, server: pouted.com, request: "GET / HTTP/2.0", upstream: "https://192.145.236.239:8443/", host: "pouted.com"
2025/09/07 19:38:33 [error] 4144567#0: *9018 connect() failed (111: Connection refused) while connecting to upstream, client: 40.116.73.212, server: pouted.com, request: "GET / HTTP/2.0", upstream: "https://192.145.236.239:8443/", host: "pouted.com"
2025/09/07 19:38:34 [error] 4144567#0: *9026 connect() failed (111: Connection refused) while connecting to upstream, client: 3.94.180.8, server: pouted.com, request: "GET /ways-to-get-secure-online-and-regain-your-privacy/ HTTP/2.0", upstream: "https://192.145.236.239:8443/ways-to-get-secure-online-and-regain-your-privacy/", host: "www.pouted.com"
2025/09/07 19:38:34 [error] 4144567#0: *9025 connect() failed (111: Connection refused) while connecting to upstream, client: 177.107.37.227, server: intensed.com, request: "GET /how-to-find-the-perfect-youtube-influencers-with-ai/ HTTP/2.0", upstream: "https://192.249.127.250:8443/how-to-find-the-perfect-youtube-influencers-with-ai/", host: "www.intensed.com"
2025/09/07 19:38:36 [error] 4144567#0: *8632 connect() failed (111: Connection refused) while connecting to upstream, client: 192.178.6.98, server: ayaclass.com, request: "GET /products/20580965/ HTTP/1.1", upstream: "http://192.145.236.239:8080/products/20580965/", host: "www.ayaclass.com"
2025/09/07 19:38:41 [error] 4144567#0: *8632 connect() failed (111: Connection refused) while connecting to upstream, client: 192.178.6.98, server: ayaclass.com, request: "GET /products/26093898/ HTTP/1.1", upstream: "http://192.145.236.239:8080/products/26093898/", host: "www.ayaclass.com"
2025/09/07 19:38:45 [error] 4144567#0: *8632 connect() failed (111: Connection refused) while connecting to upstream, client: 192.178.6.98, server: ayaclass.com, request: "GET /products/19707676/ HTTP/1.1", upstream: "http://192.145.236.239:8080/products/19707676/", host: "www.ayaclass.com"
2025/09/07 19:38:49 [error] 4144567#0: *9041 connect() failed (111: Connection refused) while connecting to upstream, client: 66.249.79.129, server: pouted.com, request: "GET /stunning-powder-room-decorating-ideas/amp HTTP/2.0", upstream: "https://192.145.236.239:8443/stunning-powder-room-decorating-ideas/amp", host: "www.pouted.com"
2025/09/07 19:38:49 [error] 4144567#0: *9042 connect() failed (111: Connection refused) while connecting to upstream, client: 125.94.174.218, server: pouted.com, request: "GET /magazine/fashion-designs/kids-fashion HTTP/2.0", upstream: "https://192.145.236.239:8443/magazine/fashion-designs/kids-fashion", host: "www.pouted.com"
2025/09/07 19:38:50 [error] 4144567#0: *8632 connect() failed (111: Connection refused) while connecting to upstream, client: 192.178.6.98, server: ayaclass.com, request: "GET /products/25773965/ HTTP/1.1", upstream: "http://192.145.236.239:8080/products/25773965/", host: "www.ayaclass.com"
2025/09/07 19:38:52 [error] 4144567#0: *9046 connect() failed (111: Connection refused) while connecting to upstream, client: 188.165.235.184, server: pouted.com, request: "GET /feed/ HTTP/2.0", upstream: "https://192.145.236.239:8443/feed/", host: "www.pouted.com"
2025/09/07 19:38:55 [error] 4144567#0: *8632 connect() failed (111: Connection refused) while connecting to upstream, client: 192.178.6.98, server: ayaclass.com, request: "GET /products/20814098/ HTTP/1.1", upstream: "http://192.145.236.239:8080/products/20814098/", host: "www.ayaclass.com"
2025/09/07 19:38:59 [error] 4144567#0: *9051 connect() failed (111: Connection refused) while connecting to upstream, client: 113.95.133.112, server: pouted.com, request: "GET /know-draw-caricatures/ HTTP/2.0", upstream: "https://192.145.236.239:8443/know-draw-caricatures/", host: "www.pouted.com"
2025/09/07 19:39:00 [error] 4144567#0: *9053 connect() failed (111: Connection refused) while connecting to upstream, client: 103.186.30.230, server: pouted.com, request: "POST /wp-login.php HTTP/2.0", upstream: "https://192.145.236.239:8443/wp-login.php", host: "www.pouted.com"
2025/09/07 19:39:01 [error] 4144567#0: *9055 connect() failed (111: Connection refused) while connecting to upstream, client: 127.0.0.1, server: 127.0.0.1, request: "GET /whm-server-status HTTP/1.0", upstream: "http://127.0.0.1:8080/whm-server-status", host: "localhost"
2025/09/07 19:39:04 [error] 4144567#0: *9058 connect() failed (111: Connection refused) while connecting to upstream, client: 2601:243:e07c:3130:d064:82df:cca:2cbc, server: pouted.com, request: "GET /best-halloween-decorations/ HTTP/2.0", upstream: "https://192.145.236.239:8443/best-halloween-decorations/", host: "www.pouted.com"
2025/09/07 19:39:05 [error] 4144567#0: *9063 connect() failed (111: Connection refused) while connecting to upstream, client: 192.178.6.99, server: ayaclass.com, request: "GET /products/25466598/ HTTP/1.1", upstream: "http://192.145.236.239:8080/products/25466598/", host: "www.ayaclass.com"
2025/09/07 19:39:05 [error] 4144567#0: *9062 connect() failed (111: Connection refused) while connecting to upstream, client: 89.44.58.112, server: pouted.com, request: "GET /wp-json/wp/v2/posts?slug=/popular-gel-nail-colors/ HTTP/2.0", upstream: "https://192.145.236.239:8443/wp-json/wp/v2/posts?slug=/popular-gel-nail-colors/", host: "www.pouted.com"
2025/09/07 19:39:10 [error] 4144567#0: *8632 connect() failed (111: Connection refused) while connecting to upstream, client: 192.178.6.98, server: ayaclass.com, request: "GET /products/8881343/ HTTP/1.1", upstream: "http://192.145.236.239:8080/products/8881343/", host: "www.ayaclass.com"
2025/09/07 19:39:12 [error] 4144567#0: *9063 connect() failed (111: Connection refused) while connecting to upstream, client: 192.178.6.99, server: ayaclass.com, request: "GET /products/30021809/ HTTP/1.1", upstream: "http://192.145.236.239:8080/products/30021809/", host: "www.ayaclass.com"
2025/09/07 19:39:12 [error] 4144567#0: *9074 connect() failed (111: Connection refused) while connecting to upstream, client: 45.56.182.109, server: pouted.com, request: "GET /best-clean-beauty-brands-2025/ HTTP/2.0", upstream: "https://192.145.236.239:8443/best-clean-beauty-brands-2025/", host: "www.pouted.com"
2025/09/07 19:39:13 [error] 4144567#0: *9076 connect() failed (111: Connection refused) while connecting to upstream, client: 204.15.208.40, server: pouted.com, request: "GET /12-of-the-most-attractive-actors-over-60-2 HTTP/2.0", upstream: "https://192.145.236.239:8443/12-of-the-most-attractive-actors-over-60-2", host: "www.pouted.com"
2025/09/07 19:39:13 [error] 4144567#0: *9078 connect() failed (111: Connection refused) while connecting to upstream, client: 45.56.182.109, server: pouted.com, request: "GET /best-clean-beauty-brands-2025/ HTTP/2.0", upstream: "https://192.145.236.239:8443/best-clean-beauty-brands-2025/", host: "www.pouted.com"
2025/09/07 19:39:14 [error] 4144567#0: *9081 connect() failed (111: Connection refused) while connecting to upstream, client: 35.86.154.223, server: pouted.com, request: "GET /ebooks/focused-intensity.pdf HTTP/2.0", upstream: "https://192.145.236.239:8443/ebooks/focused-intensity.pdf", host: "www.pouted.com"
2025/09/07 19:39:14 [error] 4144567#0: *9080 connect() failed (111: Connection refused) while connecting to upstream, client: 82.21.40.54, server: pouted.com, request: "GET /best-clean-beauty-brands-2025/ HTTP/2.0", upstream: "https://192.145.236.239:8443/best-clean-beauty-brands-2025/", host: "www.pouted.com"
2025/09/07 19:39:15 [error] 4144567#0: *9085 connect() failed (111: Connection refused) while connecting to upstream, client: 156.237.98.64, server: pouted.com, request: "GET /best-clean-beauty-brands-2025/ HTTP/2.0", upstream: "https://192.145.236.239:8443/best-clean-beauty-brands-2025/", host: "www.pouted.com"
2025/09/07 19:39:16 [error] 4144567#0: *9087 connect() failed (111: Connection refused) while connecting to upstream, client: 45.56.182.109, server: pouted.com, request: "GET /best-clean-beauty-brands-2025/ HTTP/2.0", upstream: "https://192.145.236.239:8443/best-clean-beauty-brands-2025/", host: "www.pouted.com"
2025/09/07 19:39:17 [error] 4144567#0: *8632 connect() failed (111: Connection refused) while connecting to upstream, client: 192.178.6.98, server: ayaclass.com, request: "GET /products/5382498/ HTTP/1.1", upstream: "http://192.145.236.239:8080/products/5382498/", host: "www.ayaclass.com"
2025/09/07 19:39:18 [error] 4144567#0: *9090 connect() failed (111: Connection refused) while connecting to upstream, client: 23.27.85.195, server: pouted.com, request: "GET /best-clean-beauty-brands-2025/ HTTP/2.0", upstream: "https://192.145.236.239:8443/best-clean-beauty-brands-2025/", host: "www.pouted.com"
2025/09/07 19:39:19 [error] 4144567#0: *9092 connect() failed (111: Connection refused) while connecting to upstream, client: 2600:1702:6260:41b0:909a:8b17:d1ab:ff27, server: pouted.com, request: "GET /magical-disney-nail-designs/amp/ HTTP/2.0", upstream: "https://192.145.236.239:8443/magical-disney-nail-designs/amp/", host: "www.pouted.com", referrer: "https://www.google.com/"
2025/09/07 19:39:19 [error] 4144570#0: *9093 connect() failed (111: Connection refused) while connecting to upstream, client: 154.217.188.17, server: pouted.com, request: "GET /best-clean-beauty-brands-2025/ HTTP/2.0", upstream: "https://192.145.236.239:8443/best-clean-beauty-brands-2025/", host: "www.pouted.com"
2025/09/07 19:39:21 [error] 4144567#0: *9099 connect() failed (111: Connection refused) while connecting to upstream, client: 46.202.58.36, server: pouted.com, request: "GET /best-clean-beauty-brands-2025/ HTTP/2.0", upstream: "https://192.145.236.239:8443/best-clean-beauty-brands-2025/", host: "www.pouted.com"
2025/09/07 19:39:22 [error] 4144567#0: *8632 connect() failed (111: Connection refused) while connecting to upstream, client: 192.178.6.98, server: ayaclass.com, request: "GET /products/993621/ HTTP/1.1", upstream: "http://192.145.236.239:8080/products/993621/", host: "www.ayaclass.com"
2025/09/07 19:39:24 [error] 4144567#0: *8632 connect() failed (111: Connection refused) while connecting to upstream, client: 192.178.6.98, server: ayaclass.com, request: "GET /products/11330410/ HTTP/1.1", upstream: "http://192.145.236.239:8080/products/11330410/", host: "www.ayaclass.com"
2025/09/07 19:39:24 [error] 4144567#0: *9104 connect() failed (111: Connection refused) while connecting to upstream, client: 197.35.130.246, server: pouted.com, request: "POST /wp-admin/admin-ajax.php HTTP/2.0", upstream: "https://192.145.236.239:8443/wp-admin/admin-ajax.php", host: "www.pouted.com", referrer: "https://www.pouted.com/wp-admin/post.php?post=161646&action=edit&classic-editor"
2025/09/07 19:39:27 [error] 4144567#0: *9107 connect() failed (111: Connection refused) while connecting to upstream, client: 2a03:2880:2ff:4f::, server: pouted.com, request: "GET /kids-fashion-trends-2025/ HTTP/2.0", upstream: "https://192.145.236.239:8443/kids-fashion-trends-2025/", host: "www.pouted.com"
2025/09/07 19:39:28 [error] 4144567#0: *8632 connect() failed (111: Connection refused) while connecting to upstream, client: 192.178.6.98, server: ayaclass.com, request: "GET /products/25118487/ HTTP/1.1", upstream: "http://192.145.236.239:8080/products/25118487/", host: "www.ayaclass.com"
2025/09/07 19:39:30 [error] 4144567#0: *9111 connect() failed (111: Connection refused) while connecting to upstream, client: 213.180.203.176, server: pouted.com, request: "GET /robots.txt HTTP/2.0", upstream: "https://192.145.236.239:8443/robots.txt", host: "www.pouted.com"
2025/09/07 19:39:32 [error] 4144567#0: *9116 connect() failed (111: Connection refused) while connecting to upstream, client: 2a03:2880:30ff:70::, server: pouted.com, request: "GET /kids-fashion-trends-2025/ HTTP/2.0", upstream: "https://192.145.236.239:8443/kids-fashion-trends-2025/", host: "www.pouted.com"
2025/09/07 19:39:33 [error] 4144570#0: *9119 connect() failed (111: Connection refused) while connecting to upstream, client: 85.208.96.201, server: ayaclass.com, request: "GET /?a=96890315 HTTP/1.1", upstream: "http://192.145.236.239:8080/?a=96890315", host: "www.ayaclass.com"
2025/09/07 19:39:33 [error] 4144567#0: *9118 connect() failed (111: Connection refused) while connecting to upstream, client: 50.116.65.110, server: pouted.com, request: "POST /xmlrpc.php HTTP/2.0", upstream: "https://192.145.236.239:8443/xmlrpc.php", host: "www.pouted.com", referrer: "https://www.pouted.com"
2025/09/07 19:39:33 [error] 4144567#0: *9123 connect() failed (111: Connection refused) while connecting to upstream, client: 54.81.234.236, server: pouted.com, request: "GET /top-10-latest-technologies-in-automotive-industry/ HTTP/2.0", upstream: "https://192.145.236.239:8443/top-10-latest-technologies-in-automotive-industry/", host: "www.pouted.com"
2025/09/07 19:39:33 [error] 4144567#0: *8632 connect() failed (111: Connection refused) while connecting to upstream, client: 192.178.6.98, server: ayaclass.com, request: "GET /products/12203243/ HTTP/1.1", upstream: "http://192.145.236.239:8080/products/12203243/", host: "www.ayaclass.com"
2025/09/07 19:39:35 [error] 4144567#0: *9126 open() "/home/pouted/public_html/wp-content/uploads/2013/11/Sweet-Briar-College.jpg" failed (2: No such file or directory), client: 114.119.133.237, server: pouted.com, request: "GET /wp-content/uploads/2013/11/Sweet-Briar-College.jpg?x35052 HTTP/2.0", host: "www.pouted.com", referrer: "https://www.pouted.com/2014-scholarship-opportunities-continue-education/amp/"
2025/09/07 19:39:36 [error] 4144567#0: *9104 connect() failed (111: Connection refused) while connecting to upstream, client: 197.35.130.246, server: pouted.com, request: "POST /wp-admin/admin-ajax.php HTTP/2.0", upstream: "https://192.145.236.239:8443/wp-admin/admin-ajax.php", host: "www.pouted.com", referrer: "https://www.pouted.com/wp-admin/post.php?post=161704&action=edit&classic-editor"
2025/09/07 19:39:36 [error] 4144567#0: *9128 connect() failed (111: Connection refused) while connecting to upstream, client: 193.233.210.239, server: pouted.com, request: "GET /index.php/cities/adminhtml_cities/index HTTP/2.0", upstream: "https://192.145.236.239:8443/index.php/cities/adminhtml_cities/index", host: "pouted.com"
2025/09/07 19:39:36 [error] 4144567#0: *9128 connect() failed (111: Connection refused) while connecting to upstream, client: 193.233.210.239, server: pouted.com, request: "GET /index.php/cities/adminhtml_cities/index HTTP/2.0", upstream: "https://192.145.236.239:8443/index.php/cities/adminhtml_cities/index", host: "pouted.com", referrer: "http://pouted.com/index.php/cities/adminhtml_cities/index"
2025/09/07 19:39:38 [error] 4144567#0: *8632 connect() failed (111: Connection refused) while connecting to upstream, client: 192.178.6.98, server: ayaclass.com, request: "GET /products/9624221/ HTTP/1.1", upstream: "http://192.145.236.239:8080/products/9624221/", host: "www.ayaclass.com"
2025/09/07 19:39:42 [error] 4144567#0: *9134 connect() failed (111: Connection refused) while connecting to upstream, client: 45.132.237.190, server: pouted.com, request: "GET /tag/ceiling-lamp-ideas/ HTTP/2.0", upstream: "https://192.145.236.239:8443/tag/ceiling-lamp-ideas/", host: "www.pouted.com"
2025/09/07 19:39:43 [error] 4144567#0: *9136 connect() failed (111: Connection refused) while connecting to upstream, client: 69.79.201.163, server: pouted.com, request: "GET /26-awesome-handbag-trends-women-2017/ HTTP/2.0", upstream: "https://192.145.236.239:8443/26-awesome-handbag-trends-women-2017/", host: "www.pouted.com"
2025/09/07 19:39:43 [error] 4144567#0: *8632 connect() failed (111: Connection refused) while connecting to upstream, client: 192.178.6.98, server: ayaclass.com, request: "GET /products/13510809/ HTTP/1.1", upstream: "http://192.145.236.239:8080/products/13510809/", host: "www.ayaclass.com"
2025/09/07 19:39:44 [error] 4144567#0: *9118 connect() failed (111: Connection refused) while connecting to upstream, client: 45.81.129.143, server: pouted.com, request: "GET /10-flowers-bloom-at-night/ HTTP/2.0", upstream: "https://192.145.236.239:8443/10-flowers-bloom-at-night/", host: "www.pouted.com"
2025/09/07 19:39:46 [error] 4144567#0: *9141 open() "/home/pouted/public_html/wp-content/uploads/2014/07/Weddings-Cufflinks.jpg" failed (2: No such file or directory), client: 175.106.108.246, server: pouted.com, request: "GET /wp-content/uploads/2014/07/Weddings-Cufflinks.jpg?x45357 HTTP/2.0", host: "www.pouted.com"
2025/09/07 19:39:47 [error] 4144567#0: *9104 connect() failed (111: Connection refused) while connecting to upstream, client: 197.35.130.246, server: pouted.com, request: "POST /wp-admin/admin-ajax.php HTTP/2.0", upstream: "https://192.145.236.239:8443/wp-admin/admin-ajax.php", host: "www.pouted.com", referrer: "https://www.pouted.com/wp-admin/post.php?post=161655&action=edit&classic-editor"
2025/09/07 19:39:48 [error] 4144567#0: *8632 connect() failed (111: Connection refused) while connecting to upstream, client: 192.178.6.98, server: ayaclass.com, request: "GET /products/9201265/ HTTP/1.1", upstream: "http://192.145.236.239:8080/products/9201265/", host: "www.ayaclass.com"
2025/09/07 19:39:53 [error] 4144567#0: *9147 connect() failed (111: Connection refused) while connecting to upstream, client: 2a03:2880:30ff:5::, server: pouted.com, request: "GET /kids-fashion-trends-2025/ HTTP/2.0", upstream: "https://192.145.236.239:8443/kids-fashion-trends-2025/", host: "www.pouted.com"
2025/09/07 19:39:53 [error] 4144567#0: *9149 open() "/home/pouted/public_html/wp-content/uploads/jewels/Classic-Mens-Tungsten-Ring-Engagement-Wedding-Band-Silver.jpg" failed (2: No such file or directory), client: 58.124.145.191, server: pouted.com, request: "GET /wp-content/uploads/jewels/Classic-Mens-Tungsten-Ring-Engagement-Wedding-Band-Silver.jpg HTTP/2.0", host: "www.pouted.com"
2025/09/07 19:39:55 [error] 4144567#0: *9150 open() "/home/pouted/public_html/wp-content/uploads/2013/11/nexus5circuit-mainimage_1.jpg" failed (2: No such file or directory), client: 94.74.82.169, server: pouted.com, request: "GET /wp-content/uploads/2013/11/nexus5circuit-mainimage_1.jpg?x71148 HTTP/2.0", host: "www.pouted.com"
2025/09/07 19:39:57 [error] 4144567#0: *8632 connect() failed (111: Connection refused) while connecting to upstream, client: 192.178.6.99, server: ayaclass.com, request: "GET /products/12079209/ HTTP/1.1", upstream: "http://192.145.236.239:8080/products/12079209/", host: "www.ayaclass.com"
2025/09/07 19:39:58 [error] 4144567#0: *9153 connect() failed (111: Connection refused) while connecting to upstream, client: 85.208.98.18, server: pouted.com, request: "GET /best-travel-website-services-to-follow/ HTTP/2.0", upstream: "https://192.145.236.239:8443/best-travel-website-services-to-follow/", host: "www.pouted.com"
2025/09/07 19:40:02 [error] 4144567#0: *8632 connect() failed (111: Connection refused) while connecting to upstream, client: 192.178.6.99, server: ayaclass.com, request: "GET /products/5758854/ HTTP/1.1", upstream: "http://192.145.236.239:8080/products/5758854/", host: "www.ayaclass.com"
2025/09/07 19:40:03 [error] 4144567#0: *9160 open() "/home/pouted/public_html/wp-content/uploads/2013/11/LG-Nexus-5-mockup.jpg" failed (2: No such file or directory), client: 114.119.144.200, server: pouted.com, request: "GET /wp-content/uploads/2013/11/LG-Nexus-5-mockup.jpg HTTP/2.0", host: "www.pouted.com"
2025/09/07 19:40:03 [error] 4144567#0: *9161 connect() failed (111: Connection refused) while connecting to upstream, client: 240e:f7:4f00:2501:17::, server: pouted.com, request: "GET /tag/the-best-countries-to-travel-to HTTP/2.0", upstream: "https://192.145.236.239:8443/tag/the-best-countries-to-travel-to", host: "www.pouted.com"
2025/09/07 19:40:04 [error] 4144567#0: *9164 connect() failed (111: Connection refused) while connecting to upstream, client: 192.178.6.101, server: ayaclass.com, request: "GET /products/27077387/ HTTP/1.1", upstream: "http://192.145.236.239:8080/products/27077387/", host: "www.ayaclass.com"
2025/09/07 19:40:07 [error] 4144567#0: *9104 connect() failed (111: Connection refused) while connecting to upstream, client: 197.35.130.246, server: pouted.com, request: "POST /wp-admin/admin-ajax.php HTTP/2.0", upstream: "https://192.145.236.239:8443/wp-admin/admin-ajax.php", host: "www.pouted.com", referrer: "https://www.pouted.com/wp-admin/post.php?post=161718&action=edit&classic-editor"
2025/09/07 19:40:09 [error] 4144567#0: *8632 connect() failed (111: Connection refused) while connecting to upstream, client: 192.178.6.99, server: ayaclass.com, request: "GET /products/25405165/ HTTP/1.1", upstream: "http://192.145.236.239:8080/products/25405165/", host: "www.ayaclass.com"
2025/09/07 19:40:10 [error] 4144567#0: *9170 connect() failed (111: Connection refused) while connecting to upstream, client: 127.0.0.1, server: 127.0.0.1, request: "GET /whm-server-status HTTP/1.0", upstream: "http://127.0.0.1:8080/whm-server-status", host: "localhost"
2025/09/07 19:40:11 [error] 4144567#0: *9172 connect() failed (111: Connection refused) while connecting to upstream, client: 192.178.6.100, server: ayaclass.com, request: "GET /products/13321187/ HTTP/1.1", upstream: "http://192.145.236.239:8080/products/13321187/", host: "www.ayaclass.com"
2025/09/07 19:40:11 [error] 4144567#0: *9174 connect() failed (111: Connection refused) while connecting to upstream, client: 52.230.164.189, server: pouted.com, request: "GET / HTTP/2.0", upstream: "https://192.145.236.239:8443/", host: "pouted.com"
2025/09/07 19:40:12 [error] 4144567#0: *9177 connect() failed (111: Connection refused) while connecting to upstream, client: 52.230.164.177, server: pouted.com, request: "GET / HTTP/2.0", upstream: "https://192.145.236.239:8443/", host: "pouted.com"
2025/09/07 19:40:12 [error] 4144567#0: *9177 connect() failed (111: Connection refused) while connecting to upstream, client: 52.230.164.176, server: pouted.com, request: "GET / HTTP/2.0", upstream: "https://192.145.236.239:8443/", host: "pouted.com"
2025/09/07 19:40:13 [error] 4144567#0: *9180 connect() failed (111: Connection refused) while connecting to upstream, client: 52.230.164.180, server: pouted.com, request: "GET / HTTP/2.0", upstream: "https://192.145.236.239:8443/", host: "pouted.com"
2025/09/07 19:40:13 [error] 4144567#0: *8632 connect() failed (111: Connection refused) while connecting to upstream, client: 192.178.6.99, server: ayaclass.com, request: "GET /products/3922465/ HTTP/1.1", upstream: "http://192.145.236.239:8080/products/3922465/", host: "www.ayaclass.com"
2025/09/07 19:40:15 [error] 4144567#0: *8632 connect() failed (111: Connection refused) while connecting to upstream, client: 192.178.6.99, server: ayaclass.com, request: "GET /products/6431443/ HTTP/1.1", upstream: "http://192.145.236.239:8080/products/6431443/", host: "www.ayaclass.com"
2025/09/07 19:40:20 [error] 4144567#0: *8632 connect() failed (111: Connection refused) while connecting to upstream, client: 192.178.6.99, server: ayaclass.com, request: "GET /products/4248610/ HTTP/1.1", upstream: "http://192.145.236.239:8080/products/4248610/", host: "www.ayaclass.com"
2025/09/07 19:40:24 [error] 4144567#0: *8632 connect() failed (111: Connection refused) while connecting to upstream, client: 192.178.6.99, server: ayaclass.com, request: "GET /products/17044810/ HTTP/1.1", upstream: "http://192.145.236.239:8080/products/17044810/", host: "www.ayaclass.com"
2025/09/07 19:40:25 [error] 4144567#0: *9188 connect() failed (111: Connection refused) while connecting to upstream, client: 2a03:2880:31ff:49::, server: pouted.com, request: "GET /bohemian-home-decorating-ideas/ HTTP/2.0", upstream: "https://192.145.236.239:8443/bohemian-home-decorating-ideas/", host: "www.pouted.com"
2025/09/07 19:40:26 [error] 4144567#0: *8632 connect() failed (111: Connection refused) while connecting to upstream, client: 192.178.6.99, server: ayaclass.com, request: "GET /products/11141332/ HTTP/1.1", upstream: "http://192.145.236.239:8080/products/11141332/", host: "www.ayaclass.com"
2025/09/07 19:40:31 [error] 4144567#0: *9104 connect() failed (111: Connection refused) while connecting to upstream, client: 197.35.130.246, server: pouted.com, request: "POST /wp-admin/admin-ajax.php HTTP/2.0", upstream: "https://192.145.236.239:8443/wp-admin/admin-ajax.php", host: "www.pouted.com", referrer: "https://www.pouted.com/wp-admin/post.php?post=161682&action=edit&classic-editor"
2025/09/07 19:40:31 [error] 4144567#0: *8632 connect() failed (111: Connection refused) while connecting to upstream, client: 192.178.6.99, server: ayaclass.com, request: "GET /products/7952532/ HTTP/1.1", upstream: "http://192.145.236.239:8080/products/7952532/", host: "www.ayaclass.com"
2025/09/07 19:40:33 [error] 4144567#0: *9197 connect() failed (111: Connection refused) while connecting to upstream, client: 35.194.67.72, server: pouted.com, request: "GET /magazine/travel-holidays/feed HTTP/2.0", upstream: "https://192.145.236.239:8443/magazine/travel-holidays/feed", host: "www.pouted.com"
2025/09/07 19:40:33 [error] 4144567#0: *8632 connect() failed (111: Connection refused) while connecting to upstream, client: 192.178.6.99, server: ayaclass.com, request: "GET /products/12489709/ HTTP/1.1", upstream: "http://192.145.236.239:8080/products/12489709/", host: "www.ayaclass.com"
2025/09/07 19:40:33 [error] 4144567#0: *9200 open() "/home/pouted/public_html/wp-content/uploads/2013/06/Lamborghini_Veneno_Car_Zero_profile.jpg" failed (2: No such file or directory), client: 221.109.63.128, server: pouted.com, request: "GET /wp-content/uploads/2013/06/Lamborghini_Veneno_Car_Zero_profile.jpg?x71148 HTTP/2.0", host: "www.pouted.com"
2025/09/07 19:40:33 [error] 4144567#0: *9201 connect() failed (111: Connection refused) while connecting to upstream, client: 85.208.96.210, server: ayaclass.com, request: "GET /?a=76571815 HTTP/1.1", upstream: "http://192.145.236.239:8080/?a=76571815", host: "www.ayaclass.com"
2025/09/07 19:40:34 [error] 4144567#0: *9203 connect() failed (111: Connection refused) while connecting to upstream, client: 2a03:2880:2ff:71::, server: pouted.com, request: "GET /top-mens-fashion-for-2025/ HTTP/2.0", upstream: "https://192.145.236.239:8443/top-mens-fashion-for-2025/", host: "www.pouted.com"
2025/09/07 19:40:38 [error] 4144567#0: *8632 connect() failed (111: Connection refused) while connecting to upstream, client: 192.178.6.99, server: ayaclass.com, request: "GET /products/15269898/ HTTP/1.1", upstream: "http://192.145.236.239:8080/products/15269898/", host: "www.ayaclass.com"
2025/09/07 19:40:40 [error] 4144567#0: *8632 connect() failed (111: Connection refused) while connecting to upstream, client: 192.178.6.99, server: ayaclass.com, request: "GET /products/6982932/ HTTP/1.1", upstream: "http://192.145.236.239:8080/products/6982932/", host: "www.ayaclass.com"
2025/09/07 19:40:43 [error] 4144567#0: *8632 connect() failed (111: Connection refused) while connecting to upstream, client: 192.178.6.99, server: ayaclass.com, request: "GET /products/23043809/ HTTP/1.1", upstream: "http://192.145.236.239:8080/products/23043809/", host: "www.ayaclass.com"
2025/09/07 19:40:45 [error] 4144567#0: *8632 connect() failed (111: Connection refused) while connecting to upstream, client: 192.178.6.99, server: ayaclass.com, request: "GET /products/28769443/ HTTP/1.1", upstream: "http://192.145.236.239:8080/products/28769443/", host: "www.ayaclass.com"
2025/09/07 19:40:46 [error] 4144567#0: *9212 connect() failed (111: Connection refused) while connecting to upstream, client: 2a03:2880:31ff:72::, server: pouted.com, request: "GET /top-haircuts-for-men-2025/ HTTP/2.0", upstream: "https://192.145.236.239:8443/top-haircuts-for-men-2025/", host: "www.pouted.com"
2025/09/07 19:40:50 [error] 4144567#0: *8632 connect() failed (111: Connection refused) while connecting to upstream, client: 192.178.6.99, server: ayaclass.com, request: "GET /products/15367698/ HTTP/1.1", upstream: "http://192.145.236.239:8080/products/15367698/", host: "www.ayaclass.com"
2025/09/07 19:40:50 [error] 4144567#0: *9216 connect() failed (111: Connection refused) while connecting to upstream, client: 52.187.246.138, server: pouted.com, request: "GET /smart-clothing-track-health/ HTTP/2.0", upstream: "https://192.145.236.239:8443/smart-clothing-track-health/", host: "www.pouted.com"
2025/09/07 19:40:51 [error] 4144567#0: *9216 connect() failed (111: Connection refused) while connecting to upstream, client: 52.187.246.136, server: pouted.com, request: "GET /smart-clothing-track-health/ HTTP/2.0", upstream: "https://192.145.236.239:8443/smart-clothing-track-health/", host: "www.pouted.com"
2025/09/07 19:40:51 [error] 4144567#0: *9216 connect() failed (111: Connection refused) while connecting to upstream, client: 52.187.246.135, server: pouted.com, request: "GET /smart-clothing-track-health/ HTTP/2.0", upstream: "https://192.145.236.239:8443/smart-clothing-track-health/", host: "www.pouted.com"
2025/09/07 19:40:51 [error] 4144567#0: *9216 connect() failed (111: Connection refused) while connecting to upstream, client: 52.187.246.131, server: pouted.com, request: "GET /smart-clothing-track-health/ HTTP/2.0", upstream: "https://192.145.236.239:8443/smart-clothing-track-health/", host: "www.pouted.com"
2025/09/07 19:40:54 [error] 4144567#0: *8632 connect() failed (111: Connection refused) while connecting to upstream, client: 192.178.6.99, server: ayaclass.com, request: "GET /products/19425387/ HTTP/1.1", upstream: "http://192.145.236.239:8080/products/19425387/", host: "www.ayaclass.com"
2025/09/07 19:40:56 [error] 4144567#0: *9223 connect() failed (111: Connection refused) while connecting to upstream, client: 187.84.152.90, server: pouted.com, request: "GET /how-and-when-give-flowers-to-woman/ HTTP/2.0", upstream: "https://192.145.236.239:8443/how-and-when-give-flowers-to-woman/", host: "www.pouted.com"
2025/09/07 19:40:57 [error] 4144567#0: *9226 connect() failed (111: Connection refused) while connecting to upstream, client: 2a03:2880:2ff:4::, server: pouted.com, request: "GET /top-runway-walks-types/ HTTP/2.0", upstream: "https://192.145.236.239:8443/top-runway-walks-types/", host: "www.pouted.com"
2025/09/07 19:40:59 [error] 4144567#0: *9228 connect() failed (111: Connection refused) while connecting to upstream, client: 68.221.75.28, server: intensed.com, request: "GET / HTTP/2.0", upstream: "https://192.249.127.250:8443/", host: "intensed.com"
2025/09/07 19:40:59 [error] 4144567#0: *8632 connect() failed (111: Connection refused) while connecting to upstream, client: 192.178.6.99, server: ayaclass.com, request: "GET /products/10746432/ HTTP/1.1", upstream: "http://192.145.236.239:8080/products/10746432/", host: "www.ayaclass.com"
2025/09/07 19:41:00 [error] 4144567#0: *9228 connect() failed (111: Connection refused) while connecting to upstream, client: 68.221.75.23, server: intensed.com, request: "GET / HTTP/2.0", upstream: "https://192.249.127.250:8443/", host: "intensed.com"
2025/09/07 19:41:00 [error] 4144567#0: *9228 connect() failed (111: Connection refused) while connecting to upstream, client: 68.221.75.27, server: intensed.com, request: "GET / HTTP/2.0", upstream: "https://192.249.127.250:8443/", host: "intensed.com"
2025/09/07 19:41:00 [error] 4144567#0: *9233 connect() failed (111: Connection refused) while connecting to upstream, client: 68.221.75.27, server: intensed.com, request: "GET / HTTP/2.0", upstream: "https://192.249.127.250:8443/", host: "intensed.com"
2025/09/07 19:41:01 [error] 4144567#0: *9235 connect() failed (111: Connection refused) while connecting to upstream, client: 2a03:2880:24ff:53::, server: pouted.com, request: "GET /top-20-most-luxurious-womens-fashion-brands/ HTTP/2.0", upstream: "https://192.145.236.239:8443/top-20-most-luxurious-womens-fashion-brands/", host: "www.pouted.com"
2025/09/07 19:41:02 [error] 4144567#0: *9237 connect() failed (111: Connection refused) while connecting to upstream, client: 54.236.1.13, server: pouted.com, request: "GET /breathtaking-birthday-party-outfits-for-ladies/2 HTTP/2.0", upstream: "https://192.145.236.239:8443/breathtaking-birthday-party-outfits-for-ladies/2", host: "www.pouted.com"
2025/09/07 19:41:04 [error] 4144567#0: *8632 connect() failed (111: Connection refused) while connecting to upstream, client: 192.178.6.99, server: ayaclass.com, request: "GET /products/10069510/ HTTP/1.1", upstream: "http://192.145.236.239:8080/products/10069510/", host: "www.ayaclass.com"
2025/09/07 19:41:10 [error] 4144567#0: *9246 connect() failed (111: Connection refused) while connecting to upstream, client: 107.178.203.226, server: pouted.com, request: "GET /foods-you-need-before-going-to-bed/ HTTP/2.0", upstream: "https://192.145.236.239:8443/foods-you-need-before-going-to-bed/", host: "www.pouted.com"
2025/09/07 19:41:13 [error] 4144567#0: *9249 connect() failed (111: Connection refused) while connecting to upstream, client: 125.228.216.16, server: pouted.com, request: "GET /taking-perfect-selfies-expert-selfie-tips/ HTTP/2.0", upstream: "https://192.145.236.239:8443/taking-perfect-selfies-expert-selfie-tips/", host: "www.pouted.com", referrer: "https://www.pouted.com/"
2025/09/07 19:41:14 [error] 4144567#0: *8632 connect() failed (111: Connection refused) while connecting to upstream, client: 192.178.6.99, server: ayaclass.com, request: "GET /products/10731976/ HTTP/1.1", upstream: "http://192.145.236.239:8080/products/10731976/", host: "www.ayaclass.com"
2025/09/07 19:41:15 [error] 4144567#0: *9252 open() "/home/pouted/public_html/wp-content/uploads/2013/10/41008-1_bic_pen_holder_1.jpg" failed (2: No such file or directory), client: 114.119.151.219, server: pouted.com, request: "GET /wp-content/uploads/2013/10/41008-1_bic_pen_holder_1.jpg?x44527 HTTP/2.0", host: "www.pouted.com"
2025/09/07 19:41:17 [error] 4144567#0: *9254 open() "/home/pouted/public_html/wp-content/uploads/2013/07/Aqualandia-Spain-390x220.jpg" failed (2: No such file or directory), client: 40.77.167.30, server: pouted.com, request: "GET /wp-content/uploads/2013/07/Aqualandia-Spain-390x220.jpg HTTP/2.0", host: "www.pouted.com"
2025/09/07 19:41:18 [error] 4144567#0: *9255 connect() failed (111: Connection refused) while connecting to upstream, client: 68.221.75.19, server: pouted.com, request: "GET / HTTP/2.0", upstream: "https://192.145.236.239:8443/", host: "pouted.com"
2025/09/07 19:41:18 [error] 4144567#0: *8632 connect() failed (111: Connection refused) while connecting to upstream, client: 192.178.6.99, server: ayaclass.com, request: "GET /products/13706676/ HTTP/1.1", upstream: "http://192.145.236.239:8080/products/13706676/", host: "www.ayaclass.com"
2025/09/07 19:41:19 [error] 4144567#0: *9258 connect() failed (111: Connection refused) while connecting to upstream, client: 68.221.75.17, server: pouted.com, request: "GET / HTTP/2.0", upstream: "https://192.145.236.239:8443/", host: "pouted.com"
2025/09/07 19:41:19 [error] 4144567#0: *9260 connect() failed (111: Connection refused) while connecting to upstream, client: 127.0.0.1, server: 127.0.0.1, request: "GET /whm-server-status HTTP/1.0", upstream: "http://127.0.0.1:8080/whm-server-status", host: "localhost"
2025/09/07 19:41:20 [error] 4144567#0: *9258 connect() failed (111: Connection refused) while connecting to upstream, client: 68.221.75.18, server: pouted.com, request: "GET / HTTP/2.0", upstream: "https://192.145.236.239:8443/", host: "pouted.com"
2025/09/07 19:41:23 [error] 4144567#0: *9266 open() "/home/pouted/public_html/wp-content/uploads/2016/10/little-bear-ice-cream-fresh-iphone4s55s-diamond-mobile-phone-protective-cover-protective-shell-apple-phone-shell-_0.jpg" failed (2: No such file or directory), client: 150.109.196.248, server: pouted.com, request: "GET /wp-content/uploads/2016/10/little-bear-ice-cream-fresh-iphone4s55s-diamond-mobile-phone-protective-cover-protective-shell-apple-phone-shell-_0.jpg?x71148 HTTP/2.0", host: "www.pouted.com"
2025/09/07 19:41:23 [error] 4144567#0: *8632 connect() failed (111: Connection refused) while connecting to upstream, client: 192.178.6.99, server: ayaclass.com, request: "GET /products/15795754/ HTTP/1.1", upstream: "http://192.145.236.239:8080/products/15795754/", host: "www.ayaclass.com"
2025/09/07 19:41:25 [error] 4144567#0: *8632 connect() failed (111: Connection refused) while connecting to upstream, client: 192.178.6.99, server: ayaclass.com, request: "GET /products/27229765/ HTTP/1.1", upstream: "http://192.145.236.239:8080/products/27229765/", host: "www.ayaclass.com"
2025/09/07 19:41:25 [error] 4144567#0: *9270 connect() failed (111: Connection refused) while connecting to upstream, client: 85.239.57.20, server: pouted.com, request: "GET /index.php/customization/adminhtml_customization/index HTTP/2.0", upstream: "https://192.145.236.239:8443/index.php/customization/adminhtml_customization/index", host: "pouted.com"
2025/09/07 19:41:25 [error] 4144567#0: *9271 connect() failed (111: Connection refused) while connecting to upstream, client: 197.35.130.246, server: pouted.com, request: "POST /wp-admin/admin-ajax.php HTTP/2.0", upstream: "https://192.145.236.239:8443/wp-admin/admin-ajax.php", host: "www.pouted.com", referrer: "https://www.pouted.com/wp-admin/post.php?post=161646&action=edit&classic-editor"
2025/09/07 19:41:26 [error] 4144567#0: *9270 connect() failed (111: Connection refused) while connecting to upstream, client: 85.239.57.20, server: pouted.com, request: "GET /index.php/customization/adminhtml_customization/index HTTP/2.0", upstream: "https://192.145.236.239:8443/index.php/customization/adminhtml_customization/index", host: "pouted.com", referrer: "http://pouted.com/index.php/customization/adminhtml_customization/index"
2025/09/07 19:41:27 [error] 4144567#0: *9277 connect() failed (111: Connection refused) while connecting to upstream, client: 2001:41d0:303:6f09::1, server: pouted.com, request: "GET /robots.txt HTTP/2.0", upstream: "https://192.145.236.239:8443/robots.txt", host: "www.pouted.com"
2025/09/07 19:41:29 [error] 4144567#0: *9279 connect() failed (111: Connection refused) while connecting to upstream, client: 139.59.254.98, server: intensed.com, request: "GET /wp-json/wp/v2/posts?slug=/ai-tools-for-real-estate-agents/ HTTP/2.0", upstream: "https://192.249.127.250:8443/wp-json/wp/v2/posts?slug=/ai-tools-for-real-estate-agents/", host: "www.intensed.com"
2025/09/07 19:41:29 [error] 4144567#0: *9282 open() "/home/pouted/public_html/wp-content/uploads/2017/05/nail-art-ideas-2017-170.jpg" failed (2: No such file or directory), client: 120.92.12.170, server: pouted.com, request: "GET /wp-content/uploads/2017/05/nail-art-ideas-2017-170.jpg?x71148 HTTP/2.0", host: "www.pouted.com"
2025/09/07 19:41:29 [error] 4144567#0: *9281 connect() failed (111: Connection refused) while connecting to upstream, client: 2a03:2880:22ff:5::, server: pouted.com, request: "GET /top-mens-fashion-for-2025/ HTTP/2.0", upstream: "https://192.145.236.239:8443/top-mens-fashion-for-2025/", host: "www.pouted.com"
2025/09/07 19:41:30 [error] 4144567#0: *8632 connect() failed (111: Connection refused) while connecting to upstream, client: 192.178.6.99, server: ayaclass.com, request: "GET /products/13518510/ HTTP/1.1", upstream: "http://192.145.236.239:8080/products/13518510/", host: "www.ayaclass.com"
2025/09/07 19:41:31 [error] 4144567#0: *9285 connect() failed (111: Connection refused) while connecting to upstream, client: 2001:41d0:303:6f09::1, server: pouted.com, request: "GET /10-outdated-beauty-makeup-trends-avoid/ HTTP/2.0", upstream: "https://192.145.236.239:8443/10-outdated-beauty-makeup-trends-avoid/", host: "www.pouted.com"
2025/09/07 19:41:32 [error] 4144567#0: *9285 connect() failed (111: Connection refused) while connecting to upstream, client: 2001:41d0:303:6f09::1, server: pouted.com, request: "GET /15-outdated-home-decorating-trends-coming-back/ HTTP/2.0", upstream: "https://192.145.236.239:8443/15-outdated-home-decorating-trends-coming-back/", host: "www.pouted.com"
2025/09/07 19:41:34 [error] 4144567#0: *9285 connect() failed (111: Connection refused) while connecting to upstream, client: 2001:41d0:303:6f09::1, server: pouted.com, request: "GET /19-awesome-mens-sterling-silver-rings/ HTTP/2.0", upstream: "https://192.145.236.239:8443/19-awesome-mens-sterling-silver-rings/", host: "www.pouted.com"
2025/09/07 19:41:35 [error] 4144567#0: *9289 connect() failed (111: Connection refused) while connecting to upstream, client: 185.191.171.15, server: ayaclass.com, request: "GET /?a=42597015 HTTP/1.1", upstream: "http://192.145.236.239:8080/?a=42597015", host: "www.ayaclass.com"
