2025/09/07 18:29:06 [error] 4144567#0: *1425 open() "/home/pouted/public_html/wp-content/uploads/jewels/DKNY-Silver-Cuff-Bangle.jpg" failed (2: No such file or directory), client: 52.74.247.162, server: pouted.com, request: "GET /wp-content/uploads/jewels/DKNY-Silver-Cuff-Bangle.jpg?x72261 HTTP/2.0", host: "www.pouted.com"
2025/09/07 18:29:08 [error] 4144567#0: *1421 connect() failed (111: Connection refused) while connecting to upstream, client: 192.178.6.100, server: ayaclass.com, request: "GET /products/19160454/ HTTP/1.1", upstream: "http://192.145.236.239:8080/products/19160454/", host: "www.ayaclass.com"
2025/09/07 18:29:08 [error] 4144567#0: *1409 open() "/home/pouted/public_html/wp-content/uploads/2013/02/Bedroom-Furniture_Modern-Bedrooms_661-Cinderella.jpg" failed (2: No such file or directory), client: 38.80.152.78, server: pouted.com, request: "GET /wp-content/uploads/2013/02/Bedroom-Furniture_Modern-Bedrooms_661-Cinderella.jpg HTTP/2.0", host: "www.pouted.com"
2025/09/07 18:29:12 [error] 4144567#0: *1382 connect() failed (111: Connection refused) while connecting to upstream, client: 197.35.130.246, server: pouted.com, request: "POST /wp-admin/admin-ajax.php HTTP/2.0", upstream: "https://192.145.236.239:8443/wp-admin/admin-ajax.php", host: "www.pouted.com", referrer: "https://www.pouted.com/wp-admin/post.php?post=161655&action=edit&classic-editor"
2025/09/07 18:29:13 [error] 4144567#0: *1433 connect() failed (111: Connection refused) while connecting to upstream, client: 213.180.203.209, server: intensed.com, request: "GET /wp-content/plugins/under-construction-page/themes/images/favicon.png HTTP/2.0", upstream: "https://192.249.127.250:8443/wp-content/plugins/under-construction-page/themes/images/favicon.png", host: "www.intensed.com"
2025/09/07 18:29:13 [error] 4144567#0: *16 connect() failed (111: Connection refused) while connecting to upstream, client: 192.178.6.99, server: ayaclass.com, request: "GET /products/20022765/ HTTP/1.1", upstream: "http://192.145.236.239:8080/products/20022765/", host: "www.ayaclass.com"
2025/09/07 18:29:14 [error] 4144567#0: *1437 connect() failed (111: Connection refused) while connecting to upstream, client: 128.199.163.109, server: pouted.com, request: "GET /wp-login.php HTTP/2.0", upstream: "https://192.145.236.239:8443/wp-login.php", host: "www.pouted.com"
2025/09/07 18:29:14 [error] 4144567#0: *1437 connect() failed (111: Connection refused) while connecting to upstream, client: 128.199.163.109, server: pouted.com, request: "POST /wp-login.php HTTP/2.0", upstream: "https://192.145.236.239:8443/wp-login.php", host: "www.pouted.com"
2025/09/07 18:29:15 [error] 4144567#0: *1437 connect() failed (111: Connection refused) while connecting to upstream, client: 128.199.163.109, server: pouted.com, request: "POST /wp-login.php HTTP/2.0", upstream: "https://192.145.236.239:8443/wp-login.php", host: "www.pouted.com"
2025/09/07 18:29:18 [error] 4144567#0: *1444 connect() failed (111: Connection refused) while connecting to upstream, client: 125.228.216.16, server: pouted.com, request: "GET /taking-perfect-selfies-expert-selfie-tips/ HTTP/2.0", upstream: "https://192.145.236.239:8443/taking-perfect-selfies-expert-selfie-tips/", host: "www.pouted.com", referrer: "https://www.pouted.com/"
2025/09/07 18:29:21 [error] 4144567#0: *1448 open() "/home/pouted/public_html/wp-content/uploads/2013/03/kamers.jpg" failed (2: No such file or directory), client: 52.191.41.15, server: pouted.com, request: "GET /wp-content/uploads/2013/03/kamers.jpg?x71148 HTTP/2.0", host: "www.pouted.com"
2025/09/07 18:29:21 [error] 4144567#0: *1447 connect() failed (111: Connection refused) while connecting to upstream, client: 47.128.36.232, server: pouted.com, request: "GET /believe-raining-fish-honduras-instead-water-drops/amp/ HTTP/2.0", upstream: "https://192.145.236.239:8443/believe-raining-fish-honduras-instead-water-drops/amp/", host: "www.pouted.com"
2025/09/07 18:29:23 [error] 4144567#0: *16 connect() failed (111: Connection refused) while connecting to upstream, client: 192.178.6.99, server: ayaclass.com, request: "GET /products/20028821/ HTTP/1.1", upstream: "http://192.145.236.239:8080/products/20028821/", host: "www.ayaclass.com"
2025/09/07 18:29:25 [error] 4144567#0: *16 connect() failed (111: Connection refused) while connecting to upstream, client: 192.178.6.99, server: ayaclass.com, request: "GET /products/7956343/ HTTP/1.1", upstream: "http://192.145.236.239:8080/products/7956343/", host: "www.ayaclass.com"
2025/09/07 18:29:25 [error] 4144567#0: *1454 open() "/home/pouted/public_html/wp-content/uploads/2013/06/Crochet-Baby-Girl-Headband-Pattern-Pink-Colors.jpg" failed (2: No such file or directory), client: 147.185.41.93, server: pouted.com, request: "GET /wp-content/uploads/2013/06/Crochet-Baby-Girl-Headband-Pattern-Pink-Colors.jpg?x45357 HTTP/2.0", host: "www.pouted.com"
2025/09/07 18:29:27 [error] 4144567#0: *1455 connect() failed (111: Connection refused) while connecting to upstream, client: 4.151.241.253, server: pouted.com, request: "GET / HTTP/2.0", upstream: "https://192.145.236.239:8443/", host: "pouted.com"
2025/09/07 18:29:27 [error] 4144567#0: *1457 connect() failed (111: Connection refused) while connecting to upstream, client: 4.151.241.247, server: pouted.com, request: "GET / HTTP/2.0", upstream: "https://192.145.236.239:8443/", host: "pouted.com"
2025/09/07 18:29:28 [error] 4144567#0: *1460 connect() failed (111: Connection refused) while connecting to upstream, client: 4.151.241.243, server: pouted.com, request: "GET / HTTP/2.0", upstream: "https://192.145.236.239:8443/", host: "pouted.com"
2025/09/07 18:29:28 [error] 4144567#0: *1455 connect() failed (111: Connection refused) while connecting to upstream, client: 4.151.241.252, server: pouted.com, request: "GET / HTTP/2.0", upstream: "https://192.145.236.239:8443/", host: "pouted.com"
2025/09/07 18:29:28 [error] 4144567#0: *1463 connect() failed (111: Connection refused) while connecting to upstream, client: 40.77.167.254, server: pouted.com, request: "GET /top-10-unusual-cosmetic-products-for-2018/ HTTP/2.0", upstream: "https://192.145.236.239:8443/top-10-unusual-cosmetic-products-for-2018/", host: "www.pouted.com"
2025/09/07 18:29:29 [error] 4144567#0: *16 connect() failed (111: Connection refused) while connecting to upstream, client: 192.178.6.99, server: ayaclass.com, request: "GET /products/22065576/ HTTP/1.1", upstream: "http://192.145.236.239:8080/products/22065576/", host: "www.ayaclass.com"
2025/09/07 18:29:34 [error] 4144567#0: *16 connect() failed (111: Connection refused) while connecting to upstream, client: 192.178.6.99, server: ayaclass.com, request: "GET /products/20090565/ HTTP/1.1", upstream: "http://192.145.236.239:8080/products/20090565/", host: "www.ayaclass.com"
2025/09/07 18:29:35 [error] 4144567#0: *1472 connect() failed (111: Connection refused) while connecting to upstream, client: 72.26.7.13, server: pouted.com, request: "GET /elegant-outfit-ideas-women-over60/amp/ HTTP/2.0", upstream: "https://192.145.236.239:8443/elegant-outfit-ideas-women-over60/amp/", host: "www.pouted.com", referrer: "https://www.google.com/"
2025/09/07 18:29:35 [error] 4144567#0: *1474 connect() failed (111: Connection refused) while connecting to upstream, client: 87.250.224.14, server: pouted.com, request: "GET /hottest-chandelier-styles-2025/ HTTP/2.0", upstream: "https://192.145.236.239:8443/hottest-chandelier-styles-2025/", host: "www.pouted.com"
2025/09/07 18:29:36 [error] 4144567#0: *1477 open() "/home/pouted/public_html/wp-content/uploads/2013/02/samsung...jpg" failed (2: No such file or directory), client: 123.156.179.196, server: pouted.com, request: "GET /wp-content/uploads/2013/02/samsung...jpg HTTP/2.0", host: "www.pouted.com"
2025/09/07 18:29:37 [error] 4144567#0: *1478 open() "/home/pouted/public_html/wp-content/uploads/2013/05/22-1200bc-475x475.jpg" failed (2: No such file or directory), client: 123.156.178.134, server: pouted.com, request: "GET /wp-content/uploads/2013/05/22-1200bc-475x475.jpg?x45357 HTTP/2.0", host: "www.pouted.com"
2025/09/07 18:29:38 [error] 4144567#0: *1479 open() "/home/pouted/public_html/wp-content/uploads/2014/02/healthy-food-pyramid.png" failed (2: No such file or directory), client: 123.156.182.85, server: pouted.com, request: "GET /wp-content/uploads/2014/02/healthy-food-pyramid.png?x44527 HTTP/2.0", host: "www.pouted.com"
2025/09/07 18:29:39 [error] 4144567#0: *16 connect() failed (111: Connection refused) while connecting to upstream, client: 192.178.6.99, server: ayaclass.com, request: "GET /products/20038698/ HTTP/1.1", upstream: "http://192.145.236.239:8080/products/20038698/", host: "www.ayaclass.com"
2025/09/07 18:29:39 [error] 4144567#0: *1481 open() "/home/pouted/public_html/wp-content/uploads/2013/06/pretty-smiling.jpg" failed (2: No such file or directory), client: 121.227.43.200, server: pouted.com, request: "GET /wp-content/uploads/2013/06/pretty-smiling.jpg?x71148 HTTP/2.0", host: "www.pouted.com"
2025/09/07 18:29:39 [error] 4144567#0: *1482 open() "/home/pouted/public_html/wp-content/uploads/2014/07/RC-2014-F-April-Red-LS__00221_zoom.jpg" failed (2: No such file or directory), client: 133.2.195.9, server: pouted.com, request: "GET /wp-content/uploads/2014/07/RC-2014-F-April-Red-LS__00221_zoom.jpg HTTP/2.0", host: "www.pouted.com"
2025/09/07 18:29:42 [error] 4144567#0: *1484 connect() failed (111: Connection refused) while connecting to upstream, client: 18.207.164.249, server: pouted.com, request: "GET /app-ads.txt HTTP/2.0", upstream: "https://192.145.236.239:8443/app-ads.txt", host: "pouted.com"
2025/09/07 18:29:42 [error] 4144567#0: *1486 connect() failed (111: Connection refused) while connecting to upstream, client: 2a03:2880:20ff:7::, server: pouted.com, request: "GET /2025-summer-outfits-for-women-trends/ HTTP/2.0", upstream: "https://192.145.236.239:8443/2025-summer-outfits-for-women-trends/", host: "www.pouted.com"
2025/09/07 18:29:44 [error] 4144567#0: *16 connect() failed (111: Connection refused) while connecting to upstream, client: 192.178.6.99, server: ayaclass.com, request: "GET /products/19091243/ HTTP/1.1", upstream: "http://192.145.236.239:8080/products/19091243/", host: "www.ayaclass.com"
2025/09/07 18:29:46 [error] 4144567#0: *1490 connect() failed (111: Connection refused) while connecting to upstream, client: 35.194.67.72, server: pouted.com, request: "GET /magazine/travel-holidays/feed HTTP/2.0", upstream: "https://192.145.236.239:8443/magazine/travel-holidays/feed", host: "www.pouted.com"
2025/09/07 18:29:47 [error] 4144567#0: *1492 connect() failed (111: Connection refused) while connecting to upstream, client: 85.208.96.202, server: ayaclass.com, request: "GET /?a=52345615 HTTP/1.1", upstream: "http://192.145.236.239:8080/?a=52345615", host: "www.ayaclass.com"
2025/09/07 18:29:49 [error] 4144567#0: *16 connect() failed (111: Connection refused) while connecting to upstream, client: 192.178.6.99, server: ayaclass.com, request: "GET /products/26128854/ HTTP/1.1", upstream: "http://192.145.236.239:8080/products/26128854/", host: "www.ayaclass.com"
2025/09/07 18:29:49 [error] 4144567#0: *1496 connect() failed (111: Connection refused) while connecting to upstream, client: 45.136.24.229, server: pouted.com, request: "GET /index.php/workflows/adminhtml_workflows/index HTTP/2.0", upstream: "https://192.145.236.239:8443/index.php/workflows/adminhtml_workflows/index", host: "pouted.com"
2025/09/07 18:29:50 [error] 4144567#0: *1496 connect() failed (111: Connection refused) while connecting to upstream, client: 45.136.24.229, server: pouted.com, request: "GET /index.php/workflows/adminhtml_workflows/index HTTP/2.0", upstream: "https://192.145.236.239:8443/index.php/workflows/adminhtml_workflows/index", host: "pouted.com", referrer: "http://pouted.com/index.php/workflows/adminhtml_workflows/index"
2025/09/07 18:29:51 [error] 4144567#0: *16 connect() failed (111: Connection refused) while connecting to upstream, client: 192.178.6.99, server: ayaclass.com, request: "GET /products/11582609/ HTTP/1.1", upstream: "http://192.145.236.239:8080/products/11582609/", host: "www.ayaclass.com"
2025/09/07 18:29:52 [error] 4144567#0: *1500 connect() failed (111: Connection refused) while connecting to upstream, client: 47.128.116.223, server: pouted.com, request: "GET /mazda-vin-decoder-guide/ HTTP/2.0", upstream: "https://192.145.236.239:8443/mazda-vin-decoder-guide/", host: "www.pouted.com"
2025/09/07 18:29:52 [error] 4144567#0: *1501 connect() failed (111: Connection refused) while connecting to upstream, client: 197.35.130.246, server: pouted.com, request: "POST /wp-admin/admin-ajax.php HTTP/2.0", upstream: "https://192.145.236.239:8443/wp-admin/admin-ajax.php", host: "www.pouted.com", referrer: "https://www.pouted.com/wp-admin/post.php?post=161682&action=edit&classic-editor"
2025/09/07 18:29:53 [error] 4144567#0: *16 connect() failed (111: Connection refused) while connecting to upstream, client: 192.178.6.99, server: ayaclass.com, request: "GET /products/3286921/ HTTP/1.1", upstream: "http://192.145.236.239:8080/products/3286921/", host: "www.ayaclass.com"
2025/09/07 18:29:53 [error] 4144567#0: *1505 connect() failed (111: Connection refused) while connecting to upstream, client: 43.153.196.38, server: pouted.com, request: "GET /tag/online-trading/ HTTP/2.0", upstream: "https://192.145.236.239:8443/tag/online-trading/", host: "www.pouted.com"
2025/09/07 18:29:55 [error] 4144567#0: *1507 connect() failed (111: Connection refused) while connecting to upstream, client: 43.134.71.69, server: pouted.com, request: "GET /tag/eating-colors/ HTTP/2.0", upstream: "https://192.145.236.239:8443/tag/eating-colors/", host: "www.pouted.com"
2025/09/07 18:29:55 [error] 4144567#0: *1509 connect() failed (111: Connection refused) while connecting to upstream, client: 34.138.190.136, server: pouted.com, request: "GET /86-funny-scary-halloween-costumes-for-teenagers-2018/ HTTP/2.0", upstream: "https://192.145.236.239:8443/86-funny-scary-halloween-costumes-for-teenagers-2018/", host: "www.pouted.com"
2025/09/07 18:29:57 [error] 4144567#0: *1511 connect() failed (111: Connection refused) while connecting to upstream, client: 127.0.0.1, server: 127.0.0.1, request: "GET /whm-server-status HTTP/1.0", upstream: "http://127.0.0.1:8080/whm-server-status", host: "localhost"
2025/09/07 18:29:58 [error] 4144567#0: *16 connect() failed (111: Connection refused) while connecting to upstream, client: 192.178.6.99, server: ayaclass.com, request: "GET /products/19382254/ HTTP/1.1", upstream: "http://192.145.236.239:8080/products/19382254/", host: "www.ayaclass.com"
2025/09/07 18:30:03 [error] 4144567#0: *1517 connect() failed (111: Connection refused) while connecting to upstream, client: 192.178.6.101, server: ayaclass.com, request: "GET /products/25197765/ HTTP/1.1", upstream: "http://192.145.236.239:8080/products/25197765/", host: "www.ayaclass.com"
2025/09/07 18:30:03 [error] 4144567#0: *1519 connect() failed (111: Connection refused) while connecting to upstream, client: 125.228.216.16, server: pouted.com, request: "GET /taking-perfect-selfies-expert-selfie-tips/ HTTP/2.0", upstream: "https://192.145.236.239:8443/taking-perfect-selfies-expert-selfie-tips/", host: "www.pouted.com", referrer: "https://www.pouted.com/"
2025/09/07 18:30:03 [error] 4144567#0: *1521 connect() failed (111: Connection refused) while connecting to upstream, client: 35.212.115.150, server: pouted.com, request: "GET /48-fabulous-magnificent-bathroom-rug-designs-2015/ HTTP/2.0", upstream: "https://192.145.236.239:8443/48-fabulous-magnificent-bathroom-rug-designs-2015/", host: "www.pouted.com", referrer: "https://www.google.com"
2025/09/07 18:30:07 [error] 4144567#0: *16 connect() failed (111: Connection refused) while connecting to upstream, client: 192.178.6.99, server: ayaclass.com, request: "GET /products/23707454/ HTTP/1.1", upstream: "http://192.145.236.239:8080/products/23707454/", host: "www.ayaclass.com"
2025/09/07 18:30:09 [error] 4144567#0: *1525 connect() failed (111: Connection refused) while connecting to upstream, client: 139.59.254.98, server: intensed.com, request: "GET /wp-json/wp/v2/posts?slug=/ai-tools-for-real-estate-agents/ HTTP/2.0", upstream: "https://192.249.127.250:8443/wp-json/wp/v2/posts?slug=/ai-tools-for-real-estate-agents/", host: "www.intensed.com"
2025/09/07 18:30:12 [error] 4144567#0: *16 connect() failed (111: Connection refused) while connecting to upstream, client: 192.178.6.99, server: ayaclass.com, request: "GET /products/20188654/ HTTP/1.1", upstream: "http://192.145.236.239:8080/products/20188654/", host: "www.ayaclass.com"
2025/09/07 18:30:13 [error] 4144567#0: *1529 open() "/home/pouted/public_html/wp-content/uploads/2014/01/desc_364433553_00.jpg" failed (2: No such file or directory), client: 150.109.196.248, server: pouted.com, request: "GET /wp-content/uploads/2014/01/desc_364433553_00.jpg?x44527 HTTP/2.0", host: "www.pouted.com"
2025/09/07 18:30:17 [error] 4144567#0: *16 connect() failed (111: Connection refused) while connecting to upstream, client: 192.178.6.99, server: ayaclass.com, request: "GET /products/25795354/ HTTP/1.1", upstream: "http://192.145.236.239:8080/products/25795354/", host: "www.ayaclass.com"
2025/09/07 18:30:23 [error] 4144567#0: *1532 connect() failed (111: Connection refused) while connecting to upstream, client: 128.199.163.109, server: pouted.com, request: "GET /wp-login.php HTTP/2.0", upstream: "https://192.145.236.239:8443/wp-login.php", host: "www.pouted.com"
2025/09/07 18:30:23 [error] 4144567#0: *1533 connect() failed (111: Connection refused) while connecting to upstream, client: 47.128.44.244, server: pouted.com, request: "GET /how-to-avoid-and-soothe-adios-razor-burns/ HTTP/2.0", upstream: "https://192.145.236.239:8443/how-to-avoid-and-soothe-adios-razor-burns/", host: "www.pouted.com"
2025/09/07 18:30:27 [error] 4144567#0: *16 connect() failed (111: Connection refused) while connecting to upstream, client: 192.178.6.99, server: ayaclass.com, request: "GET /products/20364987/ HTTP/1.1", upstream: "http://192.145.236.239:8080/products/20364987/", host: "www.ayaclass.com"
2025/09/07 18:30:27 [error] 4144567#0: *1537 connect() failed (111: Connection refused) while connecting to upstream, client: 139.59.254.98, server: pouted.com, request: "GET /wp-json/wp/v2/posts?slug=/know-about-home-warranty-to-purchase/ HTTP/2.0", upstream: "https://192.145.236.239:8443/wp-json/wp/v2/posts?slug=/know-about-home-warranty-to-purchase/", host: "www.pouted.com"
2025/09/07 18:30:27 [error] 4144567#0: *1540 connect() failed (111: Connection refused) while connecting to upstream, client: 165.227.51.23, server: pouted.com, request: "GET /wp-login.php HTTP/2.0", upstream: "https://192.145.236.239:8443/wp-login.php", host: "www.pouted.com"
2025/09/07 18:30:29 [error] 4144567#0: *16 connect() failed (111: Connection refused) while connecting to upstream, client: 192.178.6.99, server: ayaclass.com, request: "GET /products/6295009/ HTTP/1.1", upstream: "http://192.145.236.239:8080/products/6295009/", host: "www.ayaclass.com"
2025/09/07 18:30:31 [error] 4144567#0: *16 connect() failed (111: Connection refused) while connecting to upstream, client: 192.178.6.99, server: ayaclass.com, request: "GET /products/29861387/ HTTP/1.1", upstream: "http://192.145.236.239:8080/products/29861387/", host: "www.ayaclass.com"
2025/09/07 18:30:31 [error] 4144567#0: *1545 connect() failed (111: Connection refused) while connecting to upstream, client: 223.185.57.144, server: pouted.com, request: "GET /top-electric-cars-2025/ HTTP/2.0", upstream: "https://192.145.236.239:8443/top-electric-cars-2025/", host: "www.pouted.com"
2025/09/07 18:30:33 [error] 4144567#0: *16 connect() failed (111: Connection refused) while connecting to upstream, client: 192.178.6.99, server: ayaclass.com, request: "GET /products/25894243/ HTTP/1.1", upstream: "http://192.145.236.239:8080/products/25894243/", host: "www.ayaclass.com"
2025/09/07 18:30:34 [error] 4144567#0: *1548 connect() failed (111: Connection refused) while connecting to upstream, client: 2a03:2880:ff:17::, server: pouted.com, request: "GET /top-2025-teen-fashion-trends/ HTTP/2.0", upstream: "https://192.145.236.239:8443/top-2025-teen-fashion-trends/", host: "www.pouted.com"
2025/09/07 18:30:37 [error] 4144567#0: *16 connect() failed (111: Connection refused) while connecting to upstream, client: 192.178.6.99, server: ayaclass.com, request: "GET /products/23899965/ HTTP/1.1", upstream: "http://192.145.236.239:8080/products/23899965/", host: "www.ayaclass.com"
2025/09/07 18:30:42 [error] 4144567#0: *16 connect() failed (111: Connection refused) while connecting to upstream, client: 192.178.6.99, server: ayaclass.com, request: "GET /products/5964476/ HTTP/1.1", upstream: "http://192.145.236.239:8080/products/5964476/", host: "www.ayaclass.com"
2025/09/07 18:30:45 [error] 4144567#0: *1558 open() "/home/pouted/public_html/wp-content/uploads/2017/07/Nutella-Cheesecake-2-675x450.jpg" failed (2: No such file or directory), client: 109.171.181.38, server: pouted.com, request: "GET /wp-content/uploads/2017/07/Nutella-Cheesecake-2-675x450.jpg HTTP/2.0", host: "www.pouted.com"
2025/09/07 18:30:47 [error] 4144567#0: *16 connect() failed (111: Connection refused) while connecting to upstream, client: 192.178.6.99, server: ayaclass.com, request: "GET /products/17604198/ HTTP/1.1", upstream: "http://192.145.236.239:8080/products/17604198/", host: "www.ayaclass.com"
2025/09/07 18:30:47 [error] 4144567#0: *1561 connect() failed (111: Connection refused) while connecting to upstream, client: 185.191.171.9, server: ayaclass.com, request: "GET /?a=87219715 HTTP/1.1", upstream: "http://192.145.236.239:8080/?a=87219715", host: "www.ayaclass.com"
2025/09/07 18:30:49 [error] 4144567#0: *16 connect() failed (111: Connection refused) while connecting to upstream, client: 192.178.6.99, server: ayaclass.com, request: "GET /products/2711410/ HTTP/1.1", upstream: "http://192.145.236.239:8080/products/2711410/", host: "www.ayaclass.com"
2025/09/07 18:30:50 [error] 4144567#0: *1564 connect() failed (111: Connection refused) while connecting to upstream, client: 66.249.79.129, server: pouted.com, request: "GET /draw-realistic-face/amp/ HTTP/2.0", upstream: "https://192.145.236.239:8443/draw-realistic-face/amp/", host: "www.pouted.com"
2025/09/07 18:30:50 [error] 4144567#0: *1565 connect() failed (111: Connection refused) while connecting to upstream, client: 197.35.130.246, server: pouted.com, request: "POST /wp-admin/admin-ajax.php HTTP/2.0", upstream: "https://192.145.236.239:8443/wp-admin/admin-ajax.php", host: "www.pouted.com", referrer: "https://www.pouted.com/wp-admin/post.php?post=161646&action=edit&classic-editor"
2025/09/07 18:30:52 [error] 4144567#0: *16 connect() failed (111: Connection refused) while connecting to upstream, client: 192.178.6.99, server: ayaclass.com, request: "GET /products/24616332/ HTTP/1.1", upstream: "http://192.145.236.239:8080/products/24616332/", host: "www.ayaclass.com"
2025/09/07 18:30:52 [error] 4144567#0: *1570 connect() failed (111: Connection refused) while connecting to upstream, client: 47.243.56.196, server: pouted.com, request: "GET /instatheme-easily-designing-membership-site-dreams/amp HTTP/2.0", upstream: "https://192.145.236.239:8443/instatheme-easily-designing-membership-site-dreams/amp", host: "www.pouted.com"
2025/09/07 18:30:54 [error] 4144567#0: *1572 connect() failed (111: Connection refused) while connecting to upstream, client: 40.77.167.70, server: pouted.com, request: "GET /18-newest-youngest-barbie-girls/ HTTP/2.0", upstream: "https://192.145.236.239:8443/18-newest-youngest-barbie-girls/", host: "www.pouted.com"
2025/09/07 18:30:55 [error] 4144567#0: *1574 connect() failed (111: Connection refused) while connecting to upstream, client: 47.128.123.123, server: pouted.com, request: "GET /top-10-most-luxurious-hair-salons-in-the-usa/url(https:/www.pouted.com/wp-content/uploads/2020/02/CBD-oil-displayed-in-store-390x220.jpg) HTTP/2.0", upstream: "https://192.145.236.239:8443/top-10-most-luxurious-hair-salons-in-the-usa/url(https:/www.pouted.com/wp-content/uploads/2020/02/CBD-oil-displayed-in-store-390x220.jpg)", host: "www.pouted.com"
2025/09/07 18:30:56 [error] 4144567#0: *1565 connect() failed (111: Connection refused) while connecting to upstream, client: 197.35.130.246, server: pouted.com, request: "POST /wp-admin/admin-ajax.php HTTP/2.0", upstream: "https://192.145.236.239:8443/wp-admin/admin-ajax.php", host: "www.pouted.com", referrer: "https://www.pouted.com/wp-admin/post.php?post=161718&action=edit&classic-editor"
2025/09/07 18:30:57 [error] 4144567#0: *1572 connect() failed (111: Connection refused) while connecting to upstream, client: 74.7.35.50, server: pouted.com, request: "GET /top-10-worlds-most-expensive-pokemon-cards-2015/ HTTP/2.0", upstream: "https://192.145.236.239:8443/top-10-worlds-most-expensive-pokemon-cards-2015/", host: "www.pouted.com"
2025/09/07 18:30:57 [error] 4144567#0: *1572 connect() failed (111: Connection refused) while connecting to upstream, client: 74.7.35.50, server: pouted.com, request: "GET /top-10-worlds-most-expensive-pokemon-cards-2015/ HTTP/2.0", upstream: "https://192.145.236.239:8443/top-10-worlds-most-expensive-pokemon-cards-2015/", host: "www.pouted.com"
2025/09/07 18:30:57 [error] 4144567#0: *1580 connect() failed (111: Connection refused) while connecting to upstream, client: 52.255.111.50, server: pouted.com, request: "GET /best-school-bag-brands-2025/ HTTP/2.0", upstream: "https://192.145.236.239:8443/best-school-bag-brands-2025/", host: "www.pouted.com"
2025/09/07 18:30:57 [error] 4144567#0: *1581 connect() failed (111: Connection refused) while connecting to upstream, client: 74.7.35.53, server: pouted.com, request: "GET /top-10-worlds-most-expensive-pokemon-cards-2015/ HTTP/2.0", upstream: "https://192.145.236.239:8443/top-10-worlds-most-expensive-pokemon-cards-2015/", host: "www.pouted.com"
2025/09/07 18:30:58 [error] 4144567#0: *1584 connect() failed (111: Connection refused) while connecting to upstream, client: 52.255.111.50, server: pouted.com, request: "GET /best-school-bag-brands-2025/ HTTP/2.0", upstream: "https://192.145.236.239:8443/best-school-bag-brands-2025/", host: "www.pouted.com"
2025/09/07 18:30:58 [error] 4144567#0: *1586 connect() failed (111: Connection refused) while connecting to upstream, client: 74.7.35.50, server: pouted.com, request: "GET /top-10-worlds-most-expensive-pokemon-cards-2015/ HTTP/2.0", upstream: "https://192.145.236.239:8443/top-10-worlds-most-expensive-pokemon-cards-2015/", host: "www.pouted.com"
2025/09/07 18:30:58 [error] 4144567#0: *1589 connect() failed (111: Connection refused) while connecting to upstream, client: 52.255.111.48, server: pouted.com, request: "GET /best-school-bag-brands-2025/ HTTP/2.0", upstream: "https://192.145.236.239:8443/best-school-bag-brands-2025/", host: "www.pouted.com"
2025/09/07 18:30:58 [error] 4144567#0: *1587 connect() failed (111: Connection refused) while connecting to upstream, client: 52.187.246.140, server: pouted.com, request: "GET /gift-ideas-for-police-officers/ HTTP/2.0", upstream: "https://192.145.236.239:8443/gift-ideas-for-police-officers/", host: "www.pouted.com"
2025/09/07 18:30:58 [error] 4144567#0: *1592 connect() failed (111: Connection refused) while connecting to upstream, client: 52.255.111.49, server: pouted.com, request: "GET /best-school-bag-brands-2025/ HTTP/2.0", upstream: "https://192.145.236.239:8443/best-school-bag-brands-2025/", host: "www.pouted.com"
2025/09/07 18:30:59 [error] 4144567#0: *1595 connect() failed (111: Connection refused) while connecting to upstream, client: 44.194.237.38, server: pouted.com, request: "GET /top-10-wedding-locations-in-hawaii/ HTTP/2.0", upstream: "https://192.145.236.239:8443/top-10-wedding-locations-in-hawaii/", host: "www.pouted.com"
2025/09/07 18:30:59 [error] 4144567#0: *1594 connect() failed (111: Connection refused) while connecting to upstream, client: 52.187.246.138, server: pouted.com, request: "GET /gift-ideas-for-police-officers/ HTTP/2.0", upstream: "https://192.145.236.239:8443/gift-ideas-for-police-officers/", host: "www.pouted.com"
2025/09/07 18:31:00 [error] 4144567#0: *1598 connect() failed (111: Connection refused) while connecting to upstream, client: 52.187.246.138, server: pouted.com, request: "GET /gift-ideas-for-police-officers/ HTTP/2.0", upstream: "https://192.145.236.239:8443/gift-ideas-for-police-officers/", host: "www.pouted.com"
2025/09/07 18:31:00 [error] 4144567#0: *16 connect() failed (111: Connection refused) while connecting to upstream, client: 192.178.6.99, server: ayaclass.com, request: "GET /products/21233109/ HTTP/1.1", upstream: "http://192.145.236.239:8080/products/21233109/", host: "www.ayaclass.com"
2025/09/07 18:31:00 [error] 4144567#0: *1581 connect() failed (111: Connection refused) while connecting to upstream, client: 173.236.218.94, server: pouted.com, request: "POST /xmlrpc.php HTTP/2.0", upstream: "https://192.145.236.239:8443/xmlrpc.php", host: "www.pouted.com", referrer: "https://www.pouted.com"
2025/09/07 18:31:01 [error] 4144567#0: *1600 connect() failed (111: Connection refused) while connecting to upstream, client: 52.187.246.138, server: pouted.com, request: "GET /gift-ideas-for-police-officers/ HTTP/2.0", upstream: "https://192.145.236.239:8443/gift-ideas-for-police-officers/", host: "www.pouted.com"
2025/09/07 18:31:02 [error] 4144567#0: *1565 connect() failed (111: Connection refused) while connecting to upstream, client: 197.35.130.246, server: pouted.com, request: "POST /wp-admin/admin-ajax.php HTTP/2.0", upstream: "https://192.145.236.239:8443/wp-admin/admin-ajax.php", host: "www.pouted.com", referrer: "https://www.pouted.com/wp-admin/post.php?post=161704&action=edit&classic-editor"
2025/09/07 18:31:05 [error] 4144567#0: *16 connect() failed (111: Connection refused) while connecting to upstream, client: 192.178.6.99, server: ayaclass.com, request: "GET /products/21119209/ HTTP/1.1", upstream: "http://192.145.236.239:8080/products/21119209/", host: "www.ayaclass.com"
2025/09/07 18:31:06 [error] 4144567#0: *1606 connect() failed (111: Connection refused) while connecting to upstream, client: 127.0.0.1, server: 127.0.0.1, request: "GET /whm-server-status HTTP/1.0", upstream: "http://127.0.0.1:8080/whm-server-status", host: "localhost"
2025/09/07 18:31:07 [error] 4144567#0: *1609 connect() failed (111: Connection refused) while connecting to upstream, client: 45.140.167.41, server: pouted.com, request: "GET /admin_gmf HTTP/2.0", upstream: "https://192.145.236.239:8443/admin_gmf", host: "pouted.com"
2025/09/07 18:31:07 [error] 4144567#0: *1609 connect() failed (111: Connection refused) while connecting to upstream, client: 45.140.167.41, server: pouted.com, request: "GET /admin_gmf HTTP/2.0", upstream: "https://192.145.236.239:8443/admin_gmf", host: "pouted.com"
2025/09/07 18:31:08 [error] 4144567#0: *1612 connect() failed (111: Connection refused) while connecting to upstream, client: 45.140.167.41, server: pouted.com, request: "GET /admin_gmf HTTP/2.0", upstream: "https://192.145.236.239:8443/admin_gmf", host: "pouted.com"
2025/09/07 18:31:10 [error] 4144567#0: *16 connect() failed (111: Connection refused) while connecting to upstream, client: 192.178.6.99, server: ayaclass.com, request: "GET /products/21764254/ HTTP/1.1", upstream: "http://192.145.236.239:8080/products/21764254/", host: "www.ayaclass.com"
2025/09/07 18:31:10 [error] 4144567#0: *1615 connect() failed (111: Connection refused) while connecting to upstream, client: 1.36.221.227, server: pouted.com, request: "GET /tips-to-earn-tsum-tsum-score-bubbles/ HTTP/2.0", upstream: "https://192.145.236.239:8443/tips-to-earn-tsum-tsum-score-bubbles/", host: "www.pouted.com", referrer: "https://hk.search.yahoo.com/"
2025/09/07 18:31:12 [error] 4144567#0: *16 connect() failed (111: Connection refused) while connecting to upstream, client: 192.178.6.99, server: ayaclass.com, request: "GET /products/5883276/ HTTP/1.1", upstream: "http://192.145.236.239:8080/products/5883276/", host: "www.ayaclass.com"
2025/09/07 18:31:13 [error] 4144567#0: *1565 connect() failed (111: Connection refused) while connecting to upstream, client: 197.35.130.246, server: pouted.com, request: "POST /wp-admin/admin-ajax.php HTTP/2.0", upstream: "https://192.145.236.239:8443/wp-admin/admin-ajax.php", host: "www.pouted.com", referrer: "https://www.pouted.com/wp-admin/post.php?post=161655&action=edit&classic-editor"
2025/09/07 18:31:13 [error] 4144567#0: *1619 connect() failed (111: Connection refused) while connecting to upstream, client: 13.57.252.110, server: pouted.com, request: "GET /magazine/more-categories/games/ HTTP/2.0", upstream: "https://192.145.236.239:8443/magazine/more-categories/games/", host: "www.pouted.com"
2025/09/07 18:31:14 [error] 4144567#0: *1621 connect() failed (111: Connection refused) while connecting to upstream, client: 35.90.23.209, server: pouted.com, request: "GET /magazine/more-categories/games/ HTTP/2.0", upstream: "https://192.145.236.239:8443/magazine/more-categories/games/", host: "www.pouted.com"
2025/09/07 18:31:15 [error] 4144567#0: *1623 connect() failed (111: Connection refused) while connecting to upstream, client: 142.44.228.9, server: pouted.com, request: "GET /tag/creative-bedroom-makeover/ HTTP/2.0", upstream: "https://192.145.236.239:8443/tag/creative-bedroom-makeover/", host: "www.pouted.com"
2025/09/07 18:31:15 [error] 4144567#0: *16 connect() failed (111: Connection refused) while connecting to upstream, client: 192.178.6.99, server: ayaclass.com, request: "GET /products/8629598/ HTTP/1.1", upstream: "http://192.145.236.239:8080/products/8629598/", host: "www.ayaclass.com"
2025/09/07 18:31:19 [error] 4144567#0: *1628 connect() failed (111: Connection refused) while connecting to upstream, client: 2.189.5.142, server: pouted.com, request: "GET / HTTP/2.0", upstream: "https://192.145.236.239:8443/", host: "www.pouted.com"
2025/09/07 18:31:19 [error] 4144567#0: *1629 connect() failed (111: Connection refused) while connecting to upstream, client: 2.189.5.162, server: pouted.com, request: "GET / HTTP/2.0", upstream: "https://192.145.236.239:8443/", host: "www.pouted.com"
2025/09/07 18:31:21 [error] 4144567#0: *16 connect() failed (111: Connection refused) while connecting to upstream, client: 192.178.6.99, server: ayaclass.com, request: "GET /products/20863510/ HTTP/1.1", upstream: "http://192.145.236.239:8080/products/20863510/", host: "www.ayaclass.com"
2025/09/07 18:31:25 [error] 4144567#0: *1635 connect() failed (111: Connection refused) while connecting to upstream, client: 142.93.139.135, server: pouted.com, request: "GET /10-kitchen-modern-appliances-you-must-have/ HTTP/2.0", upstream: "https://192.145.236.239:8443/10-kitchen-modern-appliances-you-must-have/", host: "www.pouted.com"
2025/09/07 18:31:27 [error] 4144567#0: *1637 open() "/home/pouted/public_html/wp-content/uploads/2018/05/restaurants-apps-675x338.jpg" failed (2: No such file or directory), client: 126.128.224.1, server: pouted.com, request: "GET /wp-content/uploads/2018/05/restaurants-apps-675x338.jpg?x71148 HTTP/2.0", host: "www.pouted.com"
2025/09/07 18:31:27 [error] 4144567#0: *16 connect() failed (111: Connection refused) while connecting to upstream, client: 192.178.6.99, server: ayaclass.com, request: "GET /products/22047009/ HTTP/1.1", upstream: "http://192.145.236.239:8080/products/22047009/", host: "www.ayaclass.com"
2025/09/07 18:31:33 [error] 4144567#0: *1640 connect() failed (111: Connection refused) while connecting to upstream, client: 52.167.144.21, server: pouted.com, request: "GET /the-worlds-15-thinnest-watches/skagen-gents-ultra-slim-black-leather-strap-watch/ HTTP/2.0", upstream: "https://192.145.236.239:8443/the-worlds-15-thinnest-watches/skagen-gents-ultra-slim-black-leather-strap-watch/", host: "www.pouted.com"
2025/09/07 18:31:33 [error] 4144567#0: *16 connect() failed (111: Connection refused) while connecting to upstream, client: 192.178.6.99, server: ayaclass.com, request: "GET /products/20093510/ HTTP/1.1", upstream: "http://192.145.236.239:8080/products/20093510/", host: "www.ayaclass.com"
2025/09/07 18:31:33 [error] 4144567#0: *1643 connect() failed (111: Connection refused) while connecting to upstream, client: 167.172.113.201, server: mrmyst.com, request: "GET /xmlrpc.php HTTP/2.0", upstream: "https://192.145.236.239:8443/xmlrpc.php", host: "mrmyst.com", referrer: "http://mrmyst.com"
2025/09/07 18:31:34 [error] 4144567#0: *1645 connect() failed (111: Connection refused) while connecting to upstream, client: 37.59.21.100, server: pouted.com, request: "GET /why-people-choose-paula-deen-furniture/feed/ HTTP/2.0", upstream: "https://192.145.236.239:8443/why-people-choose-paula-deen-furniture/feed/", host: "www.pouted.com"
2025/09/07 18:31:39 [error] 4144567#0: *16 connect() failed (111: Connection refused) while connecting to upstream, client: 192.178.6.99, server: ayaclass.com, request: "GET /products/24043209/ HTTP/1.1", upstream: "http://192.145.236.239:8080/products/24043209/", host: "www.ayaclass.com"
2025/09/07 18:31:42 [error] 4144567#0: *1648 connect() failed (111: Connection refused) while connecting to upstream, client: 140.235.168.105, server: pouted.com, request: "GET /index.php/support/adminhtml_support/index HTTP/2.0", upstream: "https://192.145.236.239:8443/index.php/support/adminhtml_support/index", host: "pouted.com"
2025/09/07 18:31:42 [error] 4144567#0: *1648 connect() failed (111: Connection refused) while connecting to upstream, client: 140.235.168.105, server: pouted.com, request: "GET /index.php/support/adminhtml_support/index HTTP/2.0", upstream: "https://192.145.236.239:8443/index.php/support/adminhtml_support/index", host: "pouted.com", referrer: "http://pouted.com/index.php/support/adminhtml_support/index"
2025/09/07 18:31:45 [error] 4144567#0: *16 connect() failed (111: Connection refused) while connecting to upstream, client: 192.178.6.99, server: ayaclass.com, request: "GET /products/16119476/ HTTP/1.1", upstream: "http://192.145.236.239:8080/products/16119476/", host: "www.ayaclass.com"
2025/09/07 18:31:45 [error] 4144567#0: *1652 connect() failed (111: Connection refused) while connecting to upstream, client: 40.77.167.70, server: pouted.com, request: "GET /gorgeous-collection-of-perfumes-that-you-did-not-see-or-smell-before/ HTTP/2.0", upstream: "https://192.145.236.239:8443/gorgeous-collection-of-perfumes-that-you-did-not-see-or-smell-before/", host: "www.pouted.com"
2025/09/07 18:31:47 [error] 4144567#0: *1655 connect() failed (111: Connection refused) while connecting to upstream, client: 103.186.30.230, server: pouted.com, request: "POST /wp-login.php HTTP/2.0", upstream: "https://192.145.236.239:8443/wp-login.php", host: "www.pouted.com"
2025/09/07 18:31:48 [error] 4144567#0: *1658 connect() failed (111: Connection refused) while connecting to upstream, client: 85.208.96.207, server: ayaclass.com, request: "GET /?a=3985215 HTTP/1.1", upstream: "http://192.145.236.239:8080/?a=3985215", host: "www.ayaclass.com"
2025/09/07 18:31:50 [error] 4144567#0: *1652 connect() failed (111: Connection refused) while connecting to upstream, client: 40.77.167.70, server: pouted.com, request: "GET /tag/his-marriage/ HTTP/2.0", upstream: "https://192.145.236.239:8443/tag/his-marriage/", host: "www.pouted.com"
2025/09/07 18:31:50 [error] 4144567#0: *1652 connect() failed (111: Connection refused) while connecting to upstream, client: 40.77.167.70, server: pouted.com, request: "GET /cosmetics-upcycling/ HTTP/2.0", upstream: "https://192.145.236.239:8443/cosmetics-upcycling/", host: "www.pouted.com"
2025/09/07 18:31:50 [error] 4144567#0: *16 connect() failed (111: Connection refused) while connecting to upstream, client: 192.178.6.99, server: ayaclass.com, request: "GET /products/17276021/ HTTP/1.1", upstream: "http://192.145.236.239:8080/products/17276021/", host: "www.ayaclass.com"
2025/09/07 18:31:51 [error] 4144567#0: *1664 connect() failed (111: Connection refused) while connecting to upstream, client: 146.103.11.18, server: pouted.com, request: "GET /clean-girl-style/ HTTP/2.0", upstream: "https://192.145.236.239:8443/clean-girl-style/", host: "www.pouted.com"
2025/09/07 18:31:53 [error] 4144567#0: *1666 connect() failed (111: Connection refused) while connecting to upstream, client: 73.223.49.175, server: pouted.com, request: "GET /12-of-the-most-attractive-actors-over-60-2/ HTTP/2.0", upstream: "https://192.145.236.239:8443/12-of-the-most-attractive-actors-over-60-2/", host: "www.pouted.com"
2025/09/07 18:31:53 [error] 4144567#0: *1668 connect() failed (111: Connection refused) while connecting to upstream, client: 197.35.130.246, server: pouted.com, request: "POST /wp-admin/admin-ajax.php HTTP/2.0", upstream: "https://192.145.236.239:8443/wp-admin/admin-ajax.php", host: "www.pouted.com", referrer: "https://www.pouted.com/wp-admin/post.php?post=161682&action=edit&classic-editor"
2025/09/07 18:32:01 [error] 4144567#0: *16 connect() failed (111: Connection refused) while connecting to upstream, client: 192.178.6.99, server: ayaclass.com, request: "GET /products/24604921/ HTTP/1.1", upstream: "http://192.145.236.239:8080/products/24604921/", host: "www.ayaclass.com"
2025/09/07 18:32:06 [error] 4144567#0: *16 connect() failed (111: Connection refused) while connecting to upstream, client: 192.178.6.99, server: ayaclass.com, request: "GET /products/5966298/ HTTP/1.1", upstream: "http://192.145.236.239:8080/products/5966298/", host: "www.ayaclass.com"
2025/09/07 18:32:07 [error] 4144567#0: *1684 connect() failed (111: Connection refused) while connecting to upstream, client: 2a03:2880:12ff:72::, server: pouted.com, request: "GET /kids-fashion-trends-2025/ HTTP/2.0", upstream: "https://192.145.236.239:8443/kids-fashion-trends-2025/", host: "www.pouted.com"
2025/09/07 18:32:10 [error] 4144567#0: *16 connect() failed (111: Connection refused) while connecting to upstream, client: 192.178.6.99, server: ayaclass.com, request: "GET /products/22723809/ HTTP/1.1", upstream: "http://192.145.236.239:8080/products/22723809/", host: "www.ayaclass.com"
2025/09/07 18:32:11 [error] 4144567#0: *1687 connect() failed (111: Connection refused) while connecting to upstream, client: 154.38.190.94, server: intensed.com, request: "GET / HTTP/2.0", upstream: "https://192.249.127.250:8443/", host: "www.intensed.com"
2025/09/07 18:32:11 [error] 4144567#0: *1688 connect() failed (111: Connection refused) while connecting to upstream, client: 97.122.100.30, server: pouted.com, request: "GET /types-of-interior-design-styles/ HTTP/2.0", upstream: "https://192.145.236.239:8443/types-of-interior-design-styles/", host: "www.pouted.com", referrer: "https://www.google.com/"
2025/09/07 18:32:15 [error] 4144567#0: *1692 connect() failed (111: Connection refused) while connecting to upstream, client: 127.0.0.1, server: 127.0.0.1, request: "GET /whm-server-status HTTP/1.0", upstream: "http://127.0.0.1:8080/whm-server-status", host: "localhost"
2025/09/07 18:32:15 [error] 4144567#0: *16 connect() failed (111: Connection refused) while connecting to upstream, client: 192.178.6.99, server: ayaclass.com, request: "GET /products/23879798/ HTTP/1.1", upstream: "http://192.145.236.239:8080/products/23879798/", host: "www.ayaclass.com"
2025/09/07 18:32:20 [error] 4144567#0: *16 connect() failed (111: Connection refused) while connecting to upstream, client: 192.178.6.99, server: ayaclass.com, request: "GET /products/24950098/ HTTP/1.1", upstream: "http://192.145.236.239:8080/products/24950098/", host: "www.ayaclass.com"
2025/09/07 18:32:22 [error] 4144567#0: *16 connect() failed (111: Connection refused) while connecting to upstream, client: 192.178.6.99, server: ayaclass.com, request: "GET /products/12147121/ HTTP/1.1", upstream: "http://192.145.236.239:8080/products/12147121/", host: "www.ayaclass.com"
2025/09/07 18:32:27 [error] 4144567#0: *16 connect() failed (111: Connection refused) while connecting to upstream, client: 192.178.6.99, server: ayaclass.com, request: "GET /products/18059976/ HTTP/1.1", upstream: "http://192.145.236.239:8080/products/18059976/", host: "www.ayaclass.com"
2025/09/07 18:32:32 [error] 4144567#0: *16 connect() failed (111: Connection refused) while connecting to upstream, client: 192.178.6.99, server: ayaclass.com, request: "GET /products/20321387/ HTTP/1.1", upstream: "http://192.145.236.239:8080/products/20321387/", host: "www.ayaclass.com"
2025/09/07 18:32:36 [error] 4144567#0: *1706 connect() failed (111: Connection refused) while connecting to upstream, client: 52.173.235.82, server: pouted.com, request: "GET / HTTP/2.0", upstream: "https://192.145.236.239:8443/", host: "pouted.com"
2025/09/07 18:32:36 [error] 4144567#0: *1706 connect() failed (111: Connection refused) while connecting to upstream, client: 52.173.235.95, server: pouted.com, request: "GET / HTTP/2.0", upstream: "https://192.145.236.239:8443/", host: "pouted.com"
2025/09/07 18:32:37 [error] 4144567#0: *1709 connect() failed (111: Connection refused) while connecting to upstream, client: 52.173.235.89, server: pouted.com, request: "GET / HTTP/2.0", upstream: "https://192.145.236.239:8443/", host: "pouted.com"
2025/09/07 18:32:37 [error] 4144567#0: *1711 connect() failed (111: Connection refused) while connecting to upstream, client: 52.173.235.84, server: pouted.com, request: "GET / HTTP/2.0", upstream: "https://192.145.236.239:8443/", host: "pouted.com"
2025/09/07 18:32:41 [error] 4144567#0: *16 connect() failed (111: Connection refused) while connecting to upstream, client: 192.178.6.99, server: ayaclass.com, request: "GET /products/24335143/ HTTP/1.1", upstream: "http://192.145.236.239:8080/products/24335143/", host: "www.ayaclass.com"
2025/09/07 18:32:45 [error] 4144567#0: *1717 open() "/home/pouted/public_html/wp-content/uploads/2013/06/layered-bob-hairstyles-2011-2.jpg" failed (2: No such file or directory), client: 120.133.84.226, server: pouted.com, request: "GET /wp-content/uploads/2013/06/layered-bob-hairstyles-2011-2.jpg?x45357 HTTP/2.0", host: "www.pouted.com"
2025/09/07 18:32:45 [error] 4144567#0: *1718 connect() failed (111: Connection refused) while connecting to upstream, client: 66.249.66.4, server: mrmyst.com, request: "GET /iit/mili HTTP/2.0", upstream: "https://192.145.236.239:8443/iit/mili", host: "mrmyst.com"
2025/09/07 18:32:46 [error] 4144567#0: *16 connect() failed (111: Connection refused) while connecting to upstream, client: 192.178.6.99, server: ayaclass.com, request: "GET /products/24247765/ HTTP/1.1", upstream: "http://192.145.236.239:8080/products/24247765/", host: "www.ayaclass.com"
2025/09/07 18:32:48 [error] 4144567#0: *1723 connect() failed (111: Connection refused) while connecting to upstream, client: 85.208.96.209, server: ayaclass.com, request: "GET /?a=1788415 HTTP/1.1", upstream: "http://192.145.236.239:8080/?a=1788415", host: "www.ayaclass.com"
2025/09/07 18:32:51 [error] 4144567#0: *16 connect() failed (111: Connection refused) while connecting to upstream, client: 192.178.6.99, server: ayaclass.com, request: "GET /products/9063910/ HTTP/1.1", upstream: "http://192.145.236.239:8080/products/9063910/", host: "www.ayaclass.com"
2025/09/07 18:32:51 [error] 4144567#0: *1726 connect() failed (111: Connection refused) while connecting to upstream, client: 197.35.130.246, server: pouted.com, request: "POST /wp-admin/admin-ajax.php HTTP/2.0", upstream: "https://192.145.236.239:8443/wp-admin/admin-ajax.php", host: "www.pouted.com", referrer: "https://www.pouted.com/wp-admin/post.php?post=161646&action=edit&classic-editor"
2025/09/07 18:32:51 [error] 4144567#0: *1727 connect() failed (111: Connection refused) while connecting to upstream, client: 110.138.94.223, server: pouted.com, request: "GET /rarest-unusual-eye-colors/ HTTP/2.0", upstream: "https://192.145.236.239:8443/rarest-unusual-eye-colors/", host: "www.pouted.com", referrer: "https://www.pouted.com/"
2025/09/07 18:32:55 [error] 4144567#0: *1730 connect() failed (111: Connection refused) while connecting to upstream, client: 43.156.109.53, server: pouted.com, request: "GET /magazine/tools-services/web-hosting-reviews/page/3/ HTTP/2.0", upstream: "https://192.145.236.239:8443/magazine/tools-services/web-hosting-reviews/page/3/", host: "www.pouted.com"
2025/09/07 18:32:56 [error] 4144567#0: *16 connect() failed (111: Connection refused) while connecting to upstream, client: 192.178.6.99, server: ayaclass.com, request: "GET /products/22646232/ HTTP/1.1", upstream: "http://192.145.236.239:8080/products/22646232/", host: "www.ayaclass.com"
2025/09/07 18:32:57 [error] 4144567#0: *1726 connect() failed (111: Connection refused) while connecting to upstream, client: 197.35.130.246, server: pouted.com, request: "POST /wp-admin/admin-ajax.php HTTP/2.0", upstream: "https://192.145.236.239:8443/wp-admin/admin-ajax.php", host: "www.pouted.com", referrer: "https://www.pouted.com/wp-admin/post.php?post=161718&action=edit&classic-editor"
2025/09/07 18:32:58 [error] 4144567#0: *1735 connect() failed (111: Connection refused) while connecting to upstream, client: 184.72.84.161, server: pouted.com, request: "GET /top-10-wedding-locations-in-hawaii/ HTTP/2.0", upstream: "https://192.145.236.239:8443/top-10-wedding-locations-in-hawaii/", host: "www.pouted.com"
2025/09/07 18:33:00 [error] 4144567#0: *1726 connect() failed (111: Connection refused) while connecting to upstream, client: 197.35.130.246, server: pouted.com, request: "GET /wp-admin/ HTTP/2.0", upstream: "https://192.145.236.239:8443/wp-admin/", host: "www.pouted.com"
