2025/10/16 15:02:21 [error] 1785366#0: *5272 connect() failed (111: Connection refused) while connecting to upstream, client: 40.77.167.136, server: pouted.com, request: "GET /44-most-fabulous-3d-fantasy-art-works/ HTTP/2.0", upstream: "https://192.145.236.239:8443/44-most-fabulous-3d-fantasy-art-works/", host: "www.pouted.com"
2025/10/16 15:02:23 [error] 1785366#0: *5276 open() "/home/pouted/public_html/wp-content/uploads/2013/07/beautiful-bridal-hair-accesories.jpg" failed (2: No such file or directory), client: 66.51.101.252, server: pouted.com, request: "GET /wp-content/uploads/2013/07/beautiful-bridal-hair-accesories.jpg?x71148 HTTP/2.0", host: "www.pouted.com"
2025/10/16 15:02:24 [error] 1785366#0: *4994 connect() failed (111: Connection refused) while connecting to upstream, client: 52.200.251.20, server: ayaclass.com, request: "GET /?dir=/usr/bin&edit=/usr/bin/ftp HTTP/1.1", upstream: "http://192.145.236.239:8080/?dir=/usr/bin&edit=/usr/bin/ftp", host: "www.ayaclass.com"
2025/10/16 15:02:27 [error] 1785366#0: *5267 connect() failed (111: Connection refused) while connecting to upstream, client: 20.204.24.242, server: pouted.com, request: "GET / HTTP/2.0", upstream: "https://192.145.236.239:8443/", host: "pouted.com"
2025/10/16 15:02:28 [error] 1785366#0: *5281 connect() failed (111: Connection refused) while connecting to upstream, client: 50.19.221.48, server: ayaclass.com, request: "GET /?dir=/opt/cpanel/ea-openssl11/share/doc/openssl/html/man3&edit=/opt/cpanel/ea-openssl11/share/doc/openssl/html/man3/EC_KEY_get0_group.html HTTP/1.1", upstream: "http://192.145.236.239:8080/?dir=/opt/cpanel/ea-openssl11/share/doc/openssl/html/man3&edit=/opt/cpanel/ea-openssl11/share/doc/openssl/html/man3/EC_KEY_get0_group.html", host: "www.ayaclass.com"
2025/10/16 15:02:28 [error] 1785366#0: *5283 connect() failed (111: Connection refused) while connecting to upstream, client: 20.204.24.245, server: pouted.com, request: "GET / HTTP/2.0", upstream: "https://192.145.236.239:8443/", host: "pouted.com"
2025/10/16 15:02:29 [error] 1785366#0: *5287 connect() failed (111: Connection refused) while connecting to upstream, client: 2.189.5.218, server: pouted.com, request: "GET / HTTP/2.0", upstream: "https://192.145.236.239:8443/", host: "www.pouted.com"
2025/10/16 15:02:29 [error] 1785366#0: *5267 connect() failed (111: Connection refused) while connecting to upstream, client: 20.204.24.242, server: pouted.com, request: "GET / HTTP/2.0", upstream: "https://192.145.236.239:8443/", host: "pouted.com"
2025/10/16 15:02:29 [error] 1785366#0: *5290 open() "/home/pouted/public_html/wp-content/uploads/2013/02/11179073-irish-wolfhound-puppy-lying-on-the-table.jpg" failed (2: No such file or directory), client: 103.232.241.147, server: pouted.com, request: "GET /wp-content/uploads/2013/02/11179073-irish-wolfhound-puppy-lying-on-the-table.jpg HTTP/2.0", host: "www.pouted.com"
2025/10/16 15:02:29 [error] 1785366#0: *5262 connect() failed (111: Connection refused) while connecting to upstream, client: 8.217.213.220, server: pouted.com, request: "GET /tag/mens-plain-t-shirts/feed/ HTTP/2.0", upstream: "https://192.145.236.239:8443/tag/mens-plain-t-shirts/feed/", host: "www.pouted.com"
2025/10/16 15:02:29 [error] 1785366#0: *5283 connect() failed (111: Connection refused) while connecting to upstream, client: 20.204.24.253, server: pouted.com, request: "GET / HTTP/2.0", upstream: "https://192.145.236.239:8443/", host: "pouted.com"
2025/10/16 15:02:31 [error] 1785366#0: *5294 connect() failed (111: Connection refused) while connecting to upstream, client: 127.0.0.1, server: 127.0.0.1, request: "GET /whm-server-status HTTP/1.0", upstream: "http://127.0.0.1:8080/whm-server-status", host: "localhost"
2025/10/16 15:02:31 [error] 1785366#0: *5296 connect() failed (111: Connection refused) while connecting to upstream, client: 2a03:2880:ff:8::, server: pouted.com, request: "GET /business-intelligence-proxy-solutions/ HTTP/2.0", upstream: "https://192.145.236.239:8443/business-intelligence-proxy-solutions/", host: "www.pouted.com"
2025/10/16 15:02:32 [error] 1785366#0: *5298 connect() failed (111: Connection refused) while connecting to upstream, client: 184.73.47.24, server: ayaclass.com, request: "GET /?dir=/opt/imh-python/lib/python3.9/site-packages/setuptools/_distutils&edit=/opt/imh-python/lib/python3.9/site-packages/setuptools/_distutils/bcppcompiler.py HTTP/1.1", upstream: "http://192.145.236.239:8080/?dir=/opt/imh-python/lib/python3.9/site-packages/setuptools/_distutils&edit=/opt/imh-python/lib/python3.9/site-packages/setuptools/_distutils/bcppcompiler.py", host: "www.ayaclass.com"
2025/10/16 15:02:33 [error] 1785366#0: *5301 connect() failed (111: Connection refused) while connecting to upstream, client: 66.249.72.71, server: ayaclass.com, request: "GET /?dir=%2Fproc&dl=%2Fproc%2F1781941 HTTP/1.1", upstream: "http://192.145.236.239:8080/?dir=%2Fproc&dl=%2Fproc%2F1781941", host: "www.ayaclass.com"
2025/10/16 15:02:34 [error] 1785366#0: *5303 connect() failed (111: Connection refused) while connecting to upstream, client: 66.249.64.170, server: pouted.com, request: "GET /12-of-the-most-attractive-actors-over-60 HTTP/2.0", upstream: "https://192.145.236.239:8443/12-of-the-most-attractive-actors-over-60", host: "www.pouted.com"
2025/10/16 15:02:36 [error] 1785366#0: *5309 connect() failed (111: Connection refused) while connecting to upstream, client: 52.203.152.231, server: ayaclass.com, request: "GET /?dir=/home/ayaclass/.trash/AAA/vendor/vonage/client-core/src/Conversation/Filter&dl=/home/ayaclass/.trash/AAA/vendor/vonage/client-core/src/Conversation/Filter/ListEventsFilter.php HTTP/1.1", upstream: "http://192.145.236.239:8080/?dir=/home/ayaclass/.trash/AAA/vendor/vonage/client-core/src/Conversation/Filter&dl=/home/ayaclass/.trash/AAA/vendor/vonage/client-core/src/Conversation/Filter/ListEventsFilter.php", host: "www.ayaclass.com"
2025/10/16 15:02:36 [error] 1785366#0: *5308 connect() failed (111: Connection refused) while connecting to upstream, client: 8.217.210.85, server: pouted.com, request: "GET /?p=83147 HTTP/2.0", upstream: "https://192.145.236.239:8443/?p=83147", host: "www.pouted.com"
2025/10/16 15:02:40 [error] 1785366#0: *4994 connect() failed (111: Connection refused) while connecting to upstream, client: 52.1.106.130, server: ayaclass.com, request: "GET /?dir=/home/ayaclass/.trash/AAA/vendor/google/apiclient-services/src/Compute&dl=/home/ayaclass/.trash/AAA/vendor/google/apiclient-services/src/Compute/HttpHeaderAction.php HTTP/1.1", upstream: "http://192.145.236.239:8080/?dir=/home/ayaclass/.trash/AAA/vendor/google/apiclient-services/src/Compute&dl=/home/ayaclass/.trash/AAA/vendor/google/apiclient-services/src/Compute/HttpHeaderAction.php", host: "www.ayaclass.com"
2025/10/16 15:02:42 [error] 1785366#0: *5316 open() "/home/pouted/public_html/wp-content/uploads/2013/05/iPhone-or-iPad.png" failed (2: No such file or directory), client: 54.66.131.54, server: pouted.com, request: "GET /wp-content/uploads/2013/05/iPhone-or-iPad.png HTTP/2.0", host: "www.pouted.com"
2025/10/16 15:02:43 [error] 1785366#0: *5249 connect() failed (111: Connection refused) while connecting to upstream, client: 2a03:2880:f800:2e::, server: ayaclass.com, request: "GET /products/11639009/ HTTP/1.1", upstream: "http://192.145.236.239:8080/products/11639009/", host: "www.ayaclass.com"
2025/10/16 15:02:44 [error] 1785366#0: *5309 connect() failed (111: Connection refused) while connecting to upstream, client: 3.218.35.239, server: ayaclass.com, request: "GET /?dir=/proc/1090737/net/bonding HTTP/1.1", upstream: "http://192.145.236.239:8080/?dir=/proc/1090737/net/bonding", host: "www.ayaclass.com"
2025/10/16 15:02:45 [error] 1785366#0: *5323 connect() failed (111: Connection refused) while connecting to upstream, client: 2a03:2880:f800:7::, server: pouted.com, request: "GET /college-education-should-be-free/amp/ HTTP/2.0", upstream: "https://192.145.236.239:8443/college-education-should-be-free/amp/", host: "www.pouted.com"
2025/10/16 15:02:48 [error] 1785366#0: *5326 connect() failed (111: Connection refused) while connecting to upstream, client: 18.233.24.238, server: ayaclass.com, request: "GET /?dir=/usr/share/locale&edit=/usr/share/locale/mnc HTTP/1.1", upstream: "http://192.145.236.239:8080/?dir=/usr/share/locale&edit=/usr/share/locale/mnc", host: "www.ayaclass.com"
2025/10/16 15:02:48 [error] 1785366#0: *5328 connect() failed (111: Connection refused) while connecting to upstream, client: 52.230.163.36, server: pouted.com, request: "GET / HTTP/2.0", upstream: "https://192.145.236.239:8443/", host: "pouted.com"
2025/10/16 15:02:49 [error] 1785366#0: *5328 connect() failed (111: Connection refused) while connecting to upstream, client: 52.230.163.47, server: pouted.com, request: "GET / HTTP/2.0", upstream: "https://192.145.236.239:8443/", host: "pouted.com"
2025/10/16 15:02:49 [error] 1785366#0: *5331 open() "/home/pouted/public_html/wp-content/uploads/2017/03/myhosting-interview-390x220.jpg" failed (2: No such file or directory), client: 3.139.225.206, server: pouted.com, request: "GET /wp-content/uploads/2017/03/myhosting-interview-390x220.jpg HTTP/2.0", host: "www.pouted.com"
2025/10/16 15:02:49 [error] 1785366#0: *5328 connect() failed (111: Connection refused) while connecting to upstream, client: 52.230.163.47, server: pouted.com, request: "GET / HTTP/2.0", upstream: "https://192.145.236.239:8443/", host: "pouted.com"
2025/10/16 15:02:49 [error] 1785366#0: *5333 connect() failed (111: Connection refused) while connecting to upstream, client: 52.230.163.47, server: pouted.com, request: "GET / HTTP/2.0", upstream: "https://192.145.236.239:8443/", host: "pouted.com"
2025/10/16 15:02:50 [error] 1785366#0: *5335 connect() failed (111: Connection refused) while connecting to upstream, client: 20.171.207.6, server: ayaclass.com, request: "GET /?dir=%2Fproc&dl=%2Fproc%2F1782546 HTTP/2.0", upstream: "https://192.145.236.239:8443/?dir=%2Fproc&dl=%2Fproc%2F1782546", host: "mail.ayaclass.com"
2025/10/16 15:02:51 [error] 1785366#0: *5323 connect() failed (111: Connection refused) while connecting to upstream, client: 2600:1f18:360e:f602:d628:fd8c:6dfd:f48d, server: pouted.com, request: "GET /signs-sewer-line-repair HTTP/2.0", upstream: "https://192.145.236.239:8443/signs-sewer-line-repair", host: "www.pouted.com"
2025/10/16 15:02:52 [error] 1785366#0: *5326 connect() failed (111: Connection refused) while connecting to upstream, client: 3.213.106.226, server: ayaclass.com, request: "GET /public/?dir=/home/ayaclass/public_html/vendor/guzzlehttp/uri-template&edit=/home/ayaclass/public_html/vendor/guzzlehttp/uri-template/CHANGELOG.md HTTP/1.1", upstream: "http://192.145.236.239:8080/public/?dir=/home/ayaclass/public_html/vendor/guzzlehttp/uri-template&edit=/home/ayaclass/public_html/vendor/guzzlehttp/uri-template/CHANGELOG.md", host: "www.ayaclass.com"
2025/10/16 15:02:54 [error] 1785366#0: *5342 open() "/home/pouted/public_html/wp-content/uploads/jewels/Blue-Diamond-Bracelet.jpg" failed (2: No such file or directory), client: 124.220.154.62, server: pouted.com, request: "GET /wp-content/uploads/jewels/Blue-Diamond-Bracelet.jpg?x45357 HTTP/2.0", host: "www.pouted.com"
2025/10/16 15:02:54 [error] 1785366#0: *5343 connect() failed (111: Connection refused) while connecting to upstream, client: 66.249.64.169, server: pouted.com, request: "GET /10-kitchen-modern-appliances-you-must-have/ HTTP/2.0", upstream: "https://192.145.236.239:8443/10-kitchen-modern-appliances-you-must-have/", host: "www.pouted.com"
2025/10/16 15:02:55 [error] 1785366#0: *5346 open() "/home/pouted/public_html/wp-content/uploads/2014/08/nk29181-w_three_qrtr_3_1.jpg" failed (2: No such file or directory), client: 136.114.85.85, server: pouted.com, request: "GET /wp-content/uploads/2014/08/nk29181-w_three_qrtr_3_1.jpg?x44527 HTTP/2.0", host: "www.pouted.com"
2025/10/16 15:02:56 [error] 1785366#0: *5347 connect() failed (111: Connection refused) while connecting to upstream, client: 52.7.13.143, server: ayaclass.com, request: "GET /?dir=/usr/share/zoneinfo/posix/America&dl=/usr/share/zoneinfo/posix/America/Dominica HTTP/1.1", upstream: "http://192.145.236.239:8080/?dir=/usr/share/zoneinfo/posix/America&dl=/usr/share/zoneinfo/posix/America/Dominica", host: "www.ayaclass.com"
2025/10/16 15:02:57 [error] 1785366#0: *5349 open() "/home/pouted/public_html/wp-content/uploads/2013/03/423-780x405.jpg" failed (2: No such file or directory), client: 34.55.88.216, server: pouted.com, request: "GET /wp-content/uploads/2013/03/423-780x405.jpg HTTP/2.0", host: "www.pouted.com"
2025/10/16 15:02:58 [error] 1785366#0: *5350 connect() failed (111: Connection refused) while connecting to upstream, client: 111.119.204.229, server: pouted.com, request: "GET /virtual-reality-and-augmented-reality HTTP/2.0", upstream: "https://192.145.236.239:8443/virtual-reality-and-augmented-reality", host: "pouted.com", referrer: "https://pouted.com/virtual-reality-and-augmented-reality"
2025/10/16 15:03:00 [error] 1785366#0: *5356 connect() failed (111: Connection refused) while connecting to upstream, client: 20.171.207.30, server: pouted.com, request: "GET /wp-content/plugins/wpforms-lite/templates/admin/forms/?C=N;O=D HTTP/2.0", upstream: "https://192.145.236.239:8443/wp-content/plugins/wpforms-lite/templates/admin/forms/?C=N;O=D", host: "www.pouted.com"
2025/10/16 15:03:00 [error] 1785366#0: *5309 connect() failed (111: Connection refused) while connecting to upstream, client: 44.223.193.255, server: ayaclass.com, request: "GET /?dir=/home/ayaclass/public_html/vendor/google/apiclient-services/src/PolicySimulator&edit=/home/ayaclass/public_html/vendor/google/apiclient-services/src/PolicySimulator/GoogleCloudPolicysimulatorV1ExplainedAccess.php HTTP/1.1", upstream: "http://192.145.236.239:8080/?dir=/home/ayaclass/public_html/vendor/google/apiclient-services/src/PolicySimulator&edit=/home/ayaclass/public_html/vendor/google/apiclient-services/src/PolicySimulator/GoogleCloudPolicysimulatorV1ExplainedAccess.php", host: "www.ayaclass.com"
2025/10/16 15:03:01 [error] 1785366#0: *5359 connect() failed (111: Connection refused) while connecting to upstream, client: 8.217.212.194, server: pouted.com, request: "GET /?p=161414 HTTP/2.0", upstream: "https://192.145.236.239:8443/?p=161414", host: "www.pouted.com"
2025/10/16 15:03:03 [error] 1785366#0: *5362 connect() failed (111: Connection refused) while connecting to upstream, client: 20.171.207.135, server: ayaclass.com, request: "GET /?dir=%2Fproc&dl=%2Fproc%2F1774735 HTTP/1.1", upstream: "http://192.145.236.239:8080/?dir=%2Fproc&dl=%2Fproc%2F1774735", host: "www.ayaclass.com"
2025/10/16 15:03:04 [error] 1785366#0: *4994 connect() failed (111: Connection refused) while connecting to upstream, client: 54.84.250.51, server: ayaclass.com, request: "GET /?dir=/opt/imh-python/lib/python3.9/site-packages/libcloud/test/container/fixtures&dl=/opt/imh-python/lib/python3.9/site-packages/libcloud/test/container/fixtures/docker HTTP/1.1", upstream: "http://192.145.236.239:8080/?dir=/opt/imh-python/lib/python3.9/site-packages/libcloud/test/container/fixtures&dl=/opt/imh-python/lib/python3.9/site-packages/libcloud/test/container/fixtures/docker", host: "www.ayaclass.com"
2025/10/16 15:03:07 [error] 1785366#0: *5366 connect() failed (111: Connection refused) while connecting to upstream, client: 20.194.1.12, server: pouted.com, request: "GET /10-fashion-tips-for-plus-size-men-to-wear-in-office/ HTTP/2.0", upstream: "https://192.145.236.239:8443/10-fashion-tips-for-plus-size-men-to-wear-in-office/", host: "www.pouted.com"
2025/10/16 15:03:07 [error] 1785366#0: *5366 connect() failed (111: Connection refused) while connecting to upstream, client: 20.194.1.11, server: pouted.com, request: "GET /10-fashion-tips-for-plus-size-men-to-wear-in-office/ HTTP/2.0", upstream: "https://192.145.236.239:8443/10-fashion-tips-for-plus-size-men-to-wear-in-office/", host: "www.pouted.com"
2025/10/16 15:03:08 [error] 1785366#0: *5370 connect() failed (111: Connection refused) while connecting to upstream, client: 20.194.1.8, server: pouted.com, request: "GET /10-fashion-tips-for-plus-size-men-to-wear-in-office/ HTTP/2.0", upstream: "https://192.145.236.239:8443/10-fashion-tips-for-plus-size-men-to-wear-in-office/", host: "www.pouted.com"
2025/10/16 15:03:09 [error] 1785366#0: *5366 connect() failed (111: Connection refused) while connecting to upstream, client: 20.194.1.8, server: pouted.com, request: "GET /10-fashion-tips-for-plus-size-men-to-wear-in-office/ HTTP/2.0", upstream: "https://192.145.236.239:8443/10-fashion-tips-for-plus-size-men-to-wear-in-office/", host: "www.pouted.com"
2025/10/16 15:03:09 [error] 1785366#0: *5372 connect() failed (111: Connection refused) while connecting to upstream, client: 8.217.211.127, server: pouted.com, request: "GET /tag/tools-for-women-protection/feed/ HTTP/2.0", upstream: "https://192.145.236.239:8443/tag/tools-for-women-protection/feed/", host: "www.pouted.com"
2025/10/16 15:03:10 [error] 1785366#0: *5375 connect() failed (111: Connection refused) while connecting to upstream, client: 20.194.1.0, server: pouted.com, request: "GET / HTTP/2.0", upstream: "https://192.145.236.239:8443/", host: "pouted.com"
2025/10/16 15:03:11 [error] 1785366#0: *5309 connect() failed (111: Connection refused) while connecting to upstream, client: 54.235.125.129, server: ayaclass.com, request: "GET /public/?dir=/opt/cpanel/ea-openssl11/share/doc/openssl/html/man3&edit=/opt/cpanel/ea-openssl11/share/doc/openssl/html/man3/DSA_meth_set_init.html HTTP/1.1", upstream: "http://192.145.236.239:8080/public/?dir=/opt/cpanel/ea-openssl11/share/doc/openssl/html/man3&edit=/opt/cpanel/ea-openssl11/share/doc/openssl/html/man3/DSA_meth_set_init.html", host: "www.ayaclass.com"
2025/10/16 15:03:11 [error] 1785366#0: *5377 connect() failed (111: Connection refused) while connecting to upstream, client: 20.194.1.12, server: pouted.com, request: "GET / HTTP/2.0", upstream: "https://192.145.236.239:8443/", host: "pouted.com"
2025/10/16 15:03:12 [error] 1785366#0: *4994 connect() failed (111: Connection refused) while connecting to upstream, client: 100.28.44.58, server: ayaclass.com, request: "GET /?dir=/opt/imh-python/lib/python3.9/site-packages/ldap/controls&edit=/opt/imh-python/lib/python3.9/site-packages/ldap/controls/readentry.py HTTP/1.1", upstream: "http://192.145.236.239:8080/?dir=/opt/imh-python/lib/python3.9/site-packages/ldap/controls&edit=/opt/imh-python/lib/python3.9/site-packages/ldap/controls/readentry.py", host: "www.ayaclass.com"
2025/10/16 15:03:13 [error] 1785366#0: *5385 open() "/home/pouted/public_html/wp-content/uploads/2013/01/Hoxton-Hotel-London.jpg" failed (2: No such file or directory), client: 3.139.225.206, server: pouted.com, request: "GET /wp-content/uploads/2013/01/Hoxton-Hotel-London.jpg?x44527 HTTP/2.0", host: "www.pouted.com"
2025/10/16 15:03:13 [error] 1785366#0: *5386 open() "/home/pouted/public_html/wp-content/uploads/2013/11/scholarship-logogif-1-780x405.png" failed (2: No such file or directory), client: 3.139.225.206, server: pouted.com, request: "GET /wp-content/uploads/2013/11/scholarship-logogif-1-780x405.png HTTP/2.0", host: "www.pouted.com"
2025/10/16 15:03:16 [error] 1785366#0: *5309 connect() failed (111: Connection refused) while connecting to upstream, client: 23.22.105.143, server: ayaclass.com, request: "GET /?dir=/usr/lib/imh-dnskeyapi/venv/lib/python3.13/site-packages/itsdangerous-2.2.0.dist-info&dl=/usr/lib/imh-dnskeyapi/venv/lib/python3.13/site-packages/itsdangerous-2.2.0.dist-info/METADATA HTTP/1.1", upstream: "http://192.145.236.239:8080/?dir=/usr/lib/imh-dnskeyapi/venv/lib/python3.13/site-packages/itsdangerous-2.2.0.dist-info&dl=/usr/lib/imh-dnskeyapi/venv/lib/python3.13/site-packages/itsdangerous-2.2.0.dist-info/METADATA", host: "www.ayaclass.com"
2025/10/16 15:03:18 [error] 1785366#0: *5390 connect() failed (111: Connection refused) while connecting to upstream, client: 185.191.171.13, server: ayaclass.com, request: "GET /?a=32421915 HTTP/1.1", upstream: "http://192.145.236.239:8080/?a=32421915", host: "www.ayaclass.com"
2025/10/16 15:03:20 [error] 1785366#0: *5392 connect() failed (111: Connection refused) while connecting to upstream, client: 54.157.99.244, server: ayaclass.com, request: "GET /?dir=/var/cache/dnf&dl=/var/cache/dnf/wp-toolkit-thirdparties-105494d25aa91e93 HTTP/1.1", upstream: "http://192.145.236.239:8080/?dir=/var/cache/dnf&dl=/var/cache/dnf/wp-toolkit-thirdparties-105494d25aa91e93", host: "www.ayaclass.com"
2025/10/16 15:03:20 [error] 1785366#0: *5394 open() "/home/pouted/public_html/wp-content/uploads/2013/12/valentine-candle-wallpaper.jpg" failed (2: No such file or directory), client: 43.134.70.65, server: pouted.com, request: "GET /wp-content/uploads/2013/12/valentine-candle-wallpaper.jpg HTTP/2.0", host: "www.pouted.com"
2025/10/16 15:03:21 [error] 1785366#0: *5395 connect() failed (111: Connection refused) while connecting to upstream, client: 8.217.208.41, server: pouted.com, request: "GET /wp-json/wp/v2/tags/13417 HTTP/2.0", upstream: "https://192.145.236.239:8443/wp-json/wp/v2/tags/13417", host: "www.pouted.com"
2025/10/16 15:03:23 [error] 1785366#0: *5397 open() "/home/pouted/public_html/wp-content/uploads/2013/05/wags-and-tags-2-475x740.jpg" failed (2: No such file or directory), client: 3.139.225.206, server: pouted.com, request: "GET /wp-content/uploads/2013/05/wags-and-tags-2-475x740.jpg HTTP/2.0", host: "www.pouted.com"
2025/10/16 15:03:24 [error] 1785366#0: *5398 connect() failed (111: Connection refused) while connecting to upstream, client: 52.204.174.139, server: ayaclass.com, request: "GET /public/?dir=/opt/imh-python/lib/python3.9/site-packages/openstack/compute/v2/__pycache__&edit=/opt/imh-python/lib/python3.9/site-packages/openstack/compute/v2/__pycache__/aggregate.cpython-39.pyc HTTP/1.1", upstream: "http://192.145.236.239:8080/public/?dir=/opt/imh-python/lib/python3.9/site-packages/openstack/compute/v2/__pycache__&edit=/opt/imh-python/lib/python3.9/site-packages/openstack/compute/v2/__pycache__/aggregate.cpython-39.pyc", host: "www.ayaclass.com"
2025/10/16 15:03:24 [error] 1785366#0: *5400 connect() failed (111: Connection refused) while connecting to upstream, client: 52.167.144.221, server: ayaclass.com, request: "GET /products/4697621/ HTTP/1.1", upstream: "http://192.145.236.239:8080/products/4697621/", host: "www.ayaclass.com"
2025/10/16 15:03:28 [error] 1785366#0: *5407 connect() failed (111: Connection refused) while connecting to upstream, client: 34.225.243.131, server: ayaclass.com, request: "GET /?dir=/opt/imh-python/lib/python3.9/venv/scripts/common&dl=/opt/imh-python/lib/python3.9/venv/scripts/common/Activate.ps1 HTTP/1.1", upstream: "http://192.145.236.239:8080/?dir=/opt/imh-python/lib/python3.9/venv/scripts/common&dl=/opt/imh-python/lib/python3.9/venv/scripts/common/Activate.ps1", host: "www.ayaclass.com"
2025/10/16 15:03:28 [error] 1785366#0: *5405 connect() failed (111: Connection refused) while connecting to upstream, client: 8.217.210.98, server: pouted.com, request: "GET /top-11-ideas-tips-buying-wedding-engagement-rings/ HTTP/2.0", upstream: "https://192.145.236.239:8443/top-11-ideas-tips-buying-wedding-engagement-rings/", host: "www.pouted.com"
2025/10/16 15:03:28 [error] 1785366#0: *5406 connect() failed (111: Connection refused) while connecting to upstream, client: 117.84.97.2, server: pouted.com, request: "GET /tag/travelling/ HTTP/2.0", upstream: "https://192.145.236.239:8443/tag/travelling/", host: "www.pouted.com"
2025/10/16 15:03:32 [error] 1785366#0: *5407 connect() failed (111: Connection refused) while connecting to upstream, client: 18.207.89.138, server: ayaclass.com, request: "GET /public/?dir=/usr/share/doc/git&dl=/usr/share/doc/git/git-interpret-trailers.html HTTP/1.1", upstream: "http://192.145.236.239:8080/public/?dir=/usr/share/doc/git&dl=/usr/share/doc/git/git-interpret-trailers.html", host: "www.ayaclass.com"
2025/10/16 15:03:34 [error] 1785366#0: *5400 connect() failed (111: Connection refused) while connecting to upstream, client: 52.167.144.221, server: ayaclass.com, request: "GET /products/2621787/ HTTP/1.1", upstream: "http://192.145.236.239:8080/products/2621787/", host: "www.ayaclass.com"
2025/10/16 15:03:35 [error] 1785366#0: *5416 connect() failed (111: Connection refused) while connecting to upstream, client: 154.83.78.107, server: pouted.com, request: "GET /tag/how-to-have-a-successful-teenage-life/ HTTP/2.0", upstream: "https://192.145.236.239:8443/tag/how-to-have-a-successful-teenage-life/", host: "www.pouted.com"
2025/10/16 15:03:36 [error] 1785366#0: *5398 connect() failed (111: Connection refused) while connecting to upstream, client: 54.210.155.69, server: ayaclass.com, request: "GET /public/?dir=/usr/sbin&edit=/usr/sbin/fdisk HTTP/1.1", upstream: "http://192.145.236.239:8080/public/?dir=/usr/sbin&edit=/usr/sbin/fdisk", host: "www.ayaclass.com"
2025/10/16 15:03:39 [error] 1785366#0: *5419 connect() failed (111: Connection refused) while connecting to upstream, client: 8.218.222.43, server: pouted.com, request: "GET /wp-json/wp/v2/tags/880 HTTP/2.0", upstream: "https://192.145.236.239:8443/wp-json/wp/v2/tags/880", host: "www.pouted.com"
2025/10/16 15:03:40 [error] 1785366#0: *5392 connect() failed (111: Connection refused) while connecting to upstream, client: 52.45.92.83, server: ayaclass.com, request: "GET /public/?dir=/opt/imh-python/lib/python3.9/site-packages/tzdata/zoneinfo/Asia&dl=/opt/imh-python/lib/python3.9/site-packages/tzdata/zoneinfo/Asia/Ashkhabad HTTP/1.1", upstream: "http://192.145.236.239:8080/public/?dir=/opt/imh-python/lib/python3.9/site-packages/tzdata/zoneinfo/Asia&dl=/opt/imh-python/lib/python3.9/site-packages/tzdata/zoneinfo/Asia/Ashkhabad", host: "www.ayaclass.com"
2025/10/16 15:03:40 [error] 1785366#0: *5423 connect() failed (111: Connection refused) while connecting to upstream, client: 127.0.0.1, server: 127.0.0.1, request: "GET /whm-server-status HTTP/1.0", upstream: "http://127.0.0.1:8080/whm-server-status", host: "localhost"
2025/10/16 15:03:44 [error] 1785366#0: *5425 open() "/home/pouted/public_html/wp-content/uploads/2016/10/75515_717624868265103_1687809977_n.jpg" failed (2: No such file or directory), client: 114.119.149.203, server: pouted.com, request: "GET /wp-content/uploads/2016/10/75515_717624868265103_1687809977_n.jpg HTTP/2.0", host: "www.pouted.com"
2025/10/16 15:03:45 [error] 1785366#0: *5430 connect() failed (111: Connection refused) while connecting to upstream, client: 3.88.148.179, server: pouted.com, request: "GET /spring-nail-trends/ HTTP/2.0", upstream: "https://192.145.236.239:8443/spring-nail-trends/", host: "www.pouted.com"
2025/10/16 15:03:45 [error] 1785366#0: *5429 connect() failed (111: Connection refused) while connecting to upstream, client: 95.217.144.202, server: pouted.com, request: "GET /privacy-policy/ HTTP/2.0", upstream: "https://192.145.236.239:8443/privacy-policy/", host: "www.pouted.com"
2025/10/16 15:03:45 [error] 1785366#0: *5400 connect() failed (111: Connection refused) while connecting to upstream, client: 52.167.144.221, server: ayaclass.com, request: "GET /products/22359943/ HTTP/1.1", upstream: "http://192.145.236.239:8080/products/22359943/", host: "www.ayaclass.com"
2025/10/16 15:03:45 [error] 1785366#0: *5434 connect() failed (111: Connection refused) while connecting to upstream, client: 3.221.222.168, server: ayaclass.com, request: "GET /public/?dir=/proc/sys/kernel/sched_domain&edit=/proc/sys/kernel/sched_domain/cpu21 HTTP/1.1", upstream: "http://192.145.236.239:8080/public/?dir=/proc/sys/kernel/sched_domain&edit=/proc/sys/kernel/sched_domain/cpu21", host: "www.ayaclass.com"
2025/10/16 15:03:46 [error] 1785366#0: *5436 connect() failed (111: Connection refused) while connecting to upstream, client: 2.189.5.142, server: pouted.com, request: "GET / HTTP/2.0", upstream: "https://192.145.236.239:8443/", host: "www.pouted.com"
2025/10/16 15:03:48 [error] 1785366#0: *5400 connect() failed (111: Connection refused) while connecting to upstream, client: 54.204.12.115, server: ayaclass.com, request: "GET /?dir=/opt/imh-python/lib/python3.9/site-packages&dl=/opt/imh-python/lib/python3.9/site-packages/typing_extensions-4.13.2.dist-info HTTP/1.1", upstream: "http://192.145.236.239:8080/?dir=/opt/imh-python/lib/python3.9/site-packages&dl=/opt/imh-python/lib/python3.9/site-packages/typing_extensions-4.13.2.dist-info", host: "www.ayaclass.com"
2025/10/16 15:03:52 [error] 1785366#0: *5441 connect() failed (111: Connection refused) while connecting to upstream, client: 23.21.227.240, server: ayaclass.com, request: "GET /?dir=/home/ayaclass/public_html/vendor/google/apiclient-services/src/CloudBuild&dl=/home/ayaclass/public_html/vendor/google/apiclient-services/src/CloudBuild/BatchCreateGitLabConnectedRepositoriesRequest.php HTTP/1.1", upstream: "http://192.145.236.239:8080/?dir=/home/ayaclass/public_html/vendor/google/apiclient-services/src/CloudBuild&dl=/home/ayaclass/public_html/vendor/google/apiclient-services/src/CloudBuild/BatchCreateGitLabConnectedRepositoriesRequest.php", host: "www.ayaclass.com"
2025/10/16 15:03:52 [error] 1785366#0: *5443 connect() failed (111: Connection refused) while connecting to upstream, client: 2a03:2880:f800:8::, server: pouted.com, request: "GET /tag/red-poppies/ HTTP/2.0", upstream: "https://192.145.236.239:8443/tag/red-poppies/", host: "www.pouted.com"
2025/10/16 15:03:53 [error] 1785366#0: *5445 open() "/home/pouted/public_html/wp-content/uploads/2013/11/hi_37199.jpg" failed (2: No such file or directory), client: 114.119.143.233, server: pouted.com, request: "GET /wp-content/uploads/2013/11/hi_37199.jpg?x71148 HTTP/2.0", host: "www.pouted.com"
2025/10/16 15:03:54 [error] 1785366#0: *5446 connect() failed (111: Connection refused) while connecting to upstream, client: 220.181.108.90, server: pouted.com, request: "GET /tag/backyard-bbq/ HTTP/2.0", upstream: "https://192.145.236.239:8443/tag/backyard-bbq/", host: "www.pouted.com"
2025/10/16 15:03:55 [error] 1785366#0: *5449 connect() failed (111: Connection refused) while connecting to upstream, client: 20.171.207.6, server: ayaclass.com, request: "GET /?dir=%2Fproc%2F1458100 HTTP/2.0", upstream: "https://192.145.236.239:8443/?dir=%2Fproc%2F1458100", host: "mail.ayaclass.com"
2025/10/16 15:03:56 [error] 1785366#0: *5451 connect() failed (111: Connection refused) while connecting to upstream, client: 3.235.215.92, server: ayaclass.com, request: "GET /public/?dir=/home/ayaclass/public_html/vendor/google/apiclient-services/src&edit=/home/ayaclass/public_html/vendor/google/apiclient-services/src/SubscriptionLinking HTTP/1.1", upstream: "http://192.145.236.239:8080/public/?dir=/home/ayaclass/public_html/vendor/google/apiclient-services/src&edit=/home/ayaclass/public_html/vendor/google/apiclient-services/src/SubscriptionLinking", host: "www.ayaclass.com"
2025/10/16 15:03:58 [error] 1785366#0: *5453 connect() failed (111: Connection refused) while connecting to upstream, client: 2a03:2880:31ff:6::, server: pouted.com, request: "GET /2025-fashion-trends-that-worth-buying/ HTTP/2.0", upstream: "https://192.145.236.239:8443/2025-fashion-trends-that-worth-buying/", host: "www.pouted.com"
2025/10/16 15:04:00 [error] 1785366#0: *5457 connect() failed (111: Connection refused) while connecting to upstream, client: 3.94.157.25, server: ayaclass.com, request: "GET /public/?dir=/opt/imh-python/lib/python3.9/site-packages/netaddr/eui&edit=/opt/imh-python/lib/python3.9/site-packages/netaddr/eui/__init__.py HTTP/1.1", upstream: "http://192.145.236.239:8080/public/?dir=/opt/imh-python/lib/python3.9/site-packages/netaddr/eui&edit=/opt/imh-python/lib/python3.9/site-packages/netaddr/eui/__init__.py", host: "www.ayaclass.com"
2025/10/16 15:04:01 [error] 1785363#0: *5460 connect() failed (111: Connection refused) while connecting to upstream, client: 20.171.207.30, server: pouted.com, request: "GET /wp-content/plugins/link-whisper-premium/vendor/phpoffice/phpspreadsheet/src/PhpSpreadsheet/Writer/?C=N;O=D HTTP/2.0", upstream: "https://192.145.236.239:8443/wp-content/plugins/link-whisper-premium/vendor/phpoffice/phpspreadsheet/src/PhpSpreadsheet/Writer/?C=N;O=D", host: "www.pouted.com"
2025/10/16 15:04:02 [error] 1785366#0: *5462 open() "/home/pouted/public_html/wp-content/uploads/2013/08/heart.jpg" failed (2: No such file or directory), client: 114.119.140.52, server: pouted.com, request: "GET /wp-content/uploads/2013/08/heart.jpg?x44527 HTTP/2.0", host: "www.pouted.com"
2025/10/16 15:04:04 [error] 1785366#0: *5464 connect() failed (111: Connection refused) while connecting to upstream, client: 52.167.144.221, server: ayaclass.com, request: "GET /products/8414710/ HTTP/1.1", upstream: "http://192.145.236.239:8080/products/8414710/", host: "www.ayaclass.com"
2025/10/16 15:04:05 [error] 1785366#0: *5466 connect() failed (111: Connection refused) while connecting to upstream, client: 20.171.207.135, server: ayaclass.com, request: "GET /?dir=%2Fproc&dl=%2Fproc%2F1197673 HTTP/1.1", upstream: "http://192.145.236.239:8080/?dir=%2Fproc&dl=%2Fproc%2F1197673", host: "www.ayaclass.com"
2025/10/16 15:04:05 [error] 1785366#0: *5468 connect() failed (111: Connection refused) while connecting to upstream, client: 66.249.64.168, server: pouted.com, request: "GET /10-kitchen-modern-appliances-you-must-have/ HTTP/2.0", upstream: "https://192.145.236.239:8443/10-kitchen-modern-appliances-you-must-have/", host: "www.pouted.com"
2025/10/16 15:04:05 [error] 1785366#0: *5457 connect() failed (111: Connection refused) while connecting to upstream, client: 52.0.218.219, server: ayaclass.com, request: "GET /?dir=/home/ayaclass/.trash/AAA/vendor/stripe/stripe-php/lib/FinancialConnections HTTP/1.1", upstream: "http://192.145.236.239:8080/?dir=/home/ayaclass/.trash/AAA/vendor/stripe/stripe-php/lib/FinancialConnections", host: "www.ayaclass.com"
2025/10/16 15:04:05 [error] 1785366#0: *5473 open() "/home/pouted/public_html/wp-content/uploads/jewels/image005.png" failed (2: No such file or directory), client: 132.195.94.137, server: pouted.com, request: "GET /wp-content/uploads/jewels/image005.png?x33143 HTTP/2.0", host: "www.pouted.com"
2025/10/16 15:04:09 [error] 1785366#0: *5476 connect() failed (111: Connection refused) while connecting to upstream, client: 52.203.65.83, server: ayaclass.com, request: "GET /public/?dir=/proc/1672048 HTTP/1.1", upstream: "http://192.145.236.239:8080/public/?dir=/proc/1672048", host: "www.ayaclass.com"
2025/10/16 15:04:09 [error] 1785366#0: *5478 connect() failed (111: Connection refused) while connecting to upstream, client: 66.249.72.70, server: ayaclass.com, request: "GET /?dir=%2Fproc&edit=%2Fproc%2F1432397 HTTP/1.1", upstream: "http://192.145.236.239:8080/?dir=%2Fproc&edit=%2Fproc%2F1432397", host: "www.ayaclass.com"
2025/10/16 15:04:11 [error] 1785366#0: *5481 open() "/home/pouted/public_html/wp-content/uploads/2017/04/Downtownhost.com-Hosting-Review-390x220.jpg" failed (2: No such file or directory), client: 3.139.225.206, server: pouted.com, request: "GET /wp-content/uploads/2017/04/Downtownhost.com-Hosting-Review-390x220.jpg HTTP/2.0", host: "www.pouted.com"
2025/10/16 15:04:12 [error] 1785366#0: *5400 connect() failed (111: Connection refused) while connecting to upstream, client: 52.6.5.24, server: ayaclass.com, request: "GET /public/?dir=/proc/2280582/net/rpc/auth.unix.ip HTTP/1.1", upstream: "http://192.145.236.239:8080/public/?dir=/proc/2280582/net/rpc/auth.unix.ip", host: "www.ayaclass.com"
2025/10/16 15:04:15 [error] 1785366#0: *5485 connect() failed (111: Connection refused) while connecting to upstream, client: 46.250.169.22, server: pouted.com, request: "GET /top-10-hottest-hairstyles-suit-men-with-round-faces/amp HTTP/2.0", upstream: "https://192.145.236.239:8443/top-10-hottest-hairstyles-suit-men-with-round-faces/amp", host: "pouted.com", referrer: "https://pouted.com/top-10-hottest-hairstyles-suit-men-with-round-faces/amp"
2025/10/16 15:04:16 [error] 1785366#0: *5487 open() "/home/pouted/public_html/wp-content/uploads/2013/08/669620_YCO73G1D7KF7YMNI7QW6738BSUN53I_canape-modulaire-unopiu-jpg_H103544_L.jpg" failed (2: No such file or directory), client: 3.139.225.206, server: pouted.com, request: "GET /wp-content/uploads/2013/08/669620_YCO73G1D7KF7YMNI7QW6738BSUN53I_canape-modulaire-unopiu-jpg_H103544_L.jpg?x71148 HTTP/2.0", host: "www.pouted.com"
2025/10/16 15:04:16 [error] 1785363#0: *5460 connect() failed (111: Connection refused) while connecting to upstream, client: 2a03:2880:3ff:43::, server: pouted.com, request: "GET /formal-matching-outfits-couples/ HTTP/2.0", upstream: "https://192.145.236.239:8443/formal-matching-outfits-couples/", host: "www.pouted.com"
2025/10/16 15:04:17 [error] 1785366#0: *5400 connect() failed (111: Connection refused) while connecting to upstream, client: 50.17.193.48, server: ayaclass.com, request: "GET /public/?dir=/usr/lib64/python3.6/email/mime/__pycache__&dl=/usr/lib64/python3.6/email/mime/__pycache__/__init__.cpython-36.opt-2.pyc HTTP/1.1", upstream: "http://192.145.236.239:8080/public/?dir=/usr/lib64/python3.6/email/mime/__pycache__&dl=/usr/lib64/python3.6/email/mime/__pycache__/__init__.cpython-36.opt-2.pyc", host: "www.ayaclass.com"
2025/10/16 15:04:17 [error] 1785366#0: *5490 connect() failed (111: Connection refused) while connecting to upstream, client: 40.77.167.144, server: pouted.com, request: "GET /?s=aiden+terlecki+arrest HTTP/2.0", upstream: "https://192.145.236.239:8443/?s=aiden+terlecki+arrest", host: "www.pouted.com"
2025/10/16 15:04:18 [error] 1785366#0: *5492 connect() failed (111: Connection refused) while connecting to upstream, client: 8.217.213.149, server: pouted.com, request: "GET /?p=160449 HTTP/2.0", upstream: "https://192.145.236.239:8443/?p=160449", host: "www.pouted.com"
2025/10/16 15:04:19 [error] 1785366#0: *5493 connect() failed (111: Connection refused) while connecting to upstream, client: 114.119.137.7, server: pouted.com, request: "GET /tips-before-buying-new-smartphone/ HTTP/2.0", upstream: "https://192.145.236.239:8443/tips-before-buying-new-smartphone/", host: "www.pouted.com"
2025/10/16 15:04:19 [error] 1785366#0: *5496 connect() failed (111: Connection refused) while connecting to upstream, client: 185.191.171.5, server: ayaclass.com, request: "GET /classes HTTP/1.1", upstream: "http://192.145.236.239:8080/classes", host: "www.ayaclass.com"
2025/10/16 15:04:21 [error] 1785366#0: *5500 connect() failed (111: Connection refused) while connecting to upstream, client: 52.21.62.139, server: ayaclass.com, request: "GET /?dir=/opt/imh/python3.13/lib/python3.13/asyncio/__pycache__&edit=/opt/imh/python3.13/lib/python3.13/asyncio/__pycache__/base_subprocess.cpython-313.pyc HTTP/1.1", upstream: "http://192.145.236.239:8080/?dir=/opt/imh/python3.13/lib/python3.13/asyncio/__pycache__&edit=/opt/imh/python3.13/lib/python3.13/asyncio/__pycache__/base_subprocess.cpython-313.pyc", host: "www.ayaclass.com"
2025/10/16 15:04:22 [error] 1785366#0: *5502 open() "/home/pouted/public_html/wp-content/uploads/2014/01/Fotolia_28169846_Subscription_L.jpg" failed (2: No such file or directory), client: 43.134.27.196, server: pouted.com, request: "GET /wp-content/uploads/2014/01/Fotolia_28169846_Subscription_L.jpg HTTP/2.0", host: "www.pouted.com"
2025/10/16 15:04:24 [error] 1785366#0: *5509 connect() failed (111: Connection refused) while connecting to upstream, client: 44.207.252.58, server: ayaclass.com, request: "GET /?dir=/proc/1090737/net/netfilter/.. HTTP/1.1", upstream: "http://192.145.236.239:8080/?dir=/proc/1090737/net/netfilter/..", host: "www.ayaclass.com"
2025/10/16 15:04:28 [error] 1785366#0: *5533 open() "/home/pouted/public_html/wp-content/uploads/2013/11/PS4-Game-Console-Wallpaper.jpg" failed (2: No such file or directory), client: 34.55.88.216, server: pouted.com, request: "GET /wp-content/uploads/2013/11/PS4-Game-Console-Wallpaper.jpg?x71148 HTTP/2.0", host: "www.pouted.com"
2025/10/16 15:04:29 [error] 1785366#0: *5536 connect() failed (111: Connection refused) while connecting to upstream, client: 34.238.45.183, server: ayaclass.com, request: "GET /?dir=/opt/imh/python3.13/lib/python3.13/logging/__pycache__&dl=/opt/imh/python3.13/lib/python3.13/logging/__pycache__/__init__.cpython-313.pyc HTTP/1.1", upstream: "http://192.145.236.239:8080/?dir=/opt/imh/python3.13/lib/python3.13/logging/__pycache__&dl=/opt/imh/python3.13/lib/python3.13/logging/__pycache__/__init__.cpython-313.pyc", host: "www.ayaclass.com"
2025/10/16 15:04:31 [error] 1785366#0: *5556 open() "/home/pouted/public_html/wp-content/uploads/2014/07/64646464.jpe" failed (2: No such file or directory), client: 43.156.229.182, server: pouted.com, request: "GET /wp-content/uploads/2014/07/64646464.jpe?x33143 HTTP/2.0", host: "www.pouted.com"
2025/10/16 15:04:32 [error] 1785366#0: *5400 connect() failed (111: Connection refused) while connecting to upstream, client: 35.169.102.85, server: ayaclass.com, request: "GET /?dir=/opt/imh/python3.13/lib/python3.13/zipfile/__pycache__&dl=/opt/imh/python3.13/lib/python3.13/zipfile/__pycache__/__init__.cpython-313.pyc HTTP/1.1", upstream: "http://192.145.236.239:8080/?dir=/opt/imh/python3.13/lib/python3.13/zipfile/__pycache__&dl=/opt/imh/python3.13/lib/python3.13/zipfile/__pycache__/__init__.cpython-313.pyc", host: "www.ayaclass.com"
2025/10/16 15:04:32 [error] 1785366#0: *5562 connect() failed (111: Connection refused) while connecting to upstream, client: 114.119.156.110, server: pouted.com, request: "GET /magazine/technology/web-hosting/best-hosting-companies-winners/page/2/ HTTP/2.0", upstream: "https://192.145.236.239:8443/magazine/technology/web-hosting/best-hosting-companies-winners/page/2/", host: "www.pouted.com"
2025/10/16 15:04:34 [error] 1785366#0: *5575 connect() failed (111: Connection refused) while connecting to upstream, client: 40.77.167.78, server: ayaclass.com, request: "GET /products/16641643/ HTTP/1.1", upstream: "http://192.145.236.239:8080/products/16641643/", host: "www.ayaclass.com"
2025/10/16 15:04:34 [error] 1785366#0: *5504 open() "/home/pouted/public_html/.well-known/acme-challenge/about.php" failed (2: No such file or directory), client: 52.185.145.32, server: webdisk.pouted.com, request: "GET /.well-known/acme-challenge/about.php HTTP/1.1", host: "webdisk.pouted.com"
2025/10/16 15:04:34 [error] 1785366#0: *5492 connect() failed (111: Connection refused) while connecting to upstream, client: 8.217.213.24, server: pouted.com, request: "GET /tag/wrap/feed/ HTTP/2.0", upstream: "https://192.145.236.239:8443/tag/wrap/feed/", host: "www.pouted.com"
2025/10/16 15:04:36 [error] 1785366#0: *5575 connect() failed (111: Connection refused) while connecting to upstream, client: 52.71.203.206, server: ayaclass.com, request: "GET /public/?dir=/proc/1610094 HTTP/1.1", upstream: "http://192.145.236.239:8080/public/?dir=/proc/1610094", host: "www.ayaclass.com"
2025/10/16 15:04:37 [error] 1785366#0: *5597 connect() failed (111: Connection refused) while connecting to upstream, client: 17.246.15.232, server: pouted.com, request: "GET /robots.txt HTTP/2.0", upstream: "https://192.145.236.239:8443/robots.txt", host: "www.pouted.com"
2025/10/16 15:04:38 [error] 1785366#0: *5601 connect() failed (111: Connection refused) while connecting to upstream, client: 114.119.151.119, server: pouted.com, request: "GET /magazine/more-categories/arts/ HTTP/2.0", upstream: "https://192.145.236.239:8443/magazine/more-categories/arts/", host: "www.pouted.com"
2025/10/16 15:04:40 [error] 1785366#0: *5604 connect() failed (111: Connection refused) while connecting to upstream, client: 3.211.181.86, server: ayaclass.com, request: "GET /?dir=/opt/imh/python3.13/lib/python3.13/email/__pycache__&dl=/opt/imh/python3.13/lib/python3.13/email/__pycache__/feedparser.cpython-313.pyc HTTP/1.1", upstream: "http://192.145.236.239:8080/?dir=/opt/imh/python3.13/lib/python3.13/email/__pycache__&dl=/opt/imh/python3.13/lib/python3.13/email/__pycache__/feedparser.cpython-313.pyc", host: "www.ayaclass.com"
2025/10/16 15:04:44 [error] 1785366#0: *5607 open() "/home/pouted/public_html/wp-content/uploads/2017/07/Persian-Love-Cake-675x459.jpg" failed (2: No such file or directory), client: 128.118.7.55, server: pouted.com, request: "GET /wp-content/uploads/2017/07/Persian-Love-Cake-675x459.jpg HTTP/2.0", host: "www.pouted.com"
2025/10/16 15:04:44 [error] 1785366#0: *5608 connect() failed (111: Connection refused) while connecting to upstream, client: 23.21.179.120, server: ayaclass.com, request: "GET /?dir=/opt/imh/python3.13/lib/python3.13/tomllib/__pycache__&edit=/opt/imh/python3.13/lib/python3.13/tomllib/__pycache__/.. HTTP/1.1", upstream: "http://192.145.236.239:8080/?dir=/opt/imh/python3.13/lib/python3.13/tomllib/__pycache__&edit=/opt/imh/python3.13/lib/python3.13/tomllib/__pycache__/..", host: "www.ayaclass.com"
2025/10/16 15:04:44 [error] 1785363#0: *5611 connect() failed (111: Connection refused) while connecting to upstream, client: 52.167.144.221, server: ayaclass.com, request: "GET /products/29562609/ HTTP/1.1", upstream: "http://192.145.236.239:8080/products/29562609/", host: "www.ayaclass.com"
2025/10/16 15:04:44 [error] 1785366#0: *5610 connect() failed (111: Connection refused) while connecting to upstream, client: 68.221.67.165, server: pouted.com, request: "GET /trendy-wedding-dress-styles-for-2025/ HTTP/2.0", upstream: "https://192.145.236.239:8443/trendy-wedding-dress-styles-for-2025/", host: "www.pouted.com"
2025/10/16 15:04:44 [error] 1785363#0: *5460 connect() failed (111: Connection refused) while connecting to upstream, client: 223.109.207.53, server: pouted.com, request: "GET /best-bangles-collection/ HTTP/2.0", upstream: "https://192.145.236.239:8443/best-bangles-collection/", host: "www.pouted.com"
2025/10/16 15:04:45 [error] 1785366#0: *5610 connect() failed (111: Connection refused) while connecting to upstream, client: 68.221.67.175, server: pouted.com, request: "GET /trendy-wedding-dress-styles-for-2025/ HTTP/2.0", upstream: "https://192.145.236.239:8443/trendy-wedding-dress-styles-for-2025/", host: "www.pouted.com"
2025/10/16 15:04:45 [error] 1785366#0: *5616 connect() failed (111: Connection refused) while connecting to upstream, client: 68.221.67.162, server: pouted.com, request: "GET /trendy-wedding-dress-styles-for-2025/ HTTP/2.0", upstream: "https://192.145.236.239:8443/trendy-wedding-dress-styles-for-2025/", host: "www.pouted.com"
2025/10/16 15:04:46 [error] 1785366#0: *5616 connect() failed (111: Connection refused) while connecting to upstream, client: 68.221.67.173, server: pouted.com, request: "GET /trendy-wedding-dress-styles-for-2025/ HTTP/2.0", upstream: "https://192.145.236.239:8443/trendy-wedding-dress-styles-for-2025/", host: "www.pouted.com"
2025/10/16 15:04:48 [error] 1785366#0: *5620 open() "/home/pouted/public_html/wp-content/uploads/2013/11/Fifa-World-Cup-Brazil-Wallpaper.jpg" failed (2: No such file or directory), client: 120.133.84.224, server: pouted.com, request: "GET /wp-content/uploads/2013/11/Fifa-World-Cup-Brazil-Wallpaper.jpg?x71148 HTTP/2.0", host: "www.pouted.com"
2025/10/16 15:04:48 [error] 1785366#0: *5621 connect() failed (111: Connection refused) while connecting to upstream, client: 54.235.191.179, server: ayaclass.com, request: "GET /?dir=/opt/imh/python3.13/lib/python3.13/encodings/__pycache__&dl=/opt/imh/python3.13/lib/python3.13/encodings/__pycache__/hz.cpython-313.pyc HTTP/1.1", upstream: "http://192.145.236.239:8080/?dir=/opt/imh/python3.13/lib/python3.13/encodings/__pycache__&dl=/opt/imh/python3.13/lib/python3.13/encodings/__pycache__/hz.cpython-313.pyc", host: "www.ayaclass.com"
2025/10/16 15:04:49 [error] 1785366#0: *5623 connect() failed (111: Connection refused) while connecting to upstream, client: 127.0.0.1, server: 127.0.0.1, request: "GET /whm-server-status HTTP/1.0", upstream: "http://127.0.0.1:8080/whm-server-status", host: "localhost"
2025/10/16 15:04:51 [error] 1785366#0: *5628 open() "/home/pouted/public_html/wp-content/uploads/2013/07/23.-Chengyang.jpg" failed (2: No such file or directory), client: 40.77.167.43, server: pouted.com, request: "GET /wp-content/uploads/2013/07/23.-Chengyang.jpg?x43083 HTTP/2.0", host: "www.pouted.com"
2025/10/16 15:04:51 [error] 1785366#0: *5627 connect() failed (111: Connection refused) while connecting to upstream, client: 8.217.180.49, server: pouted.com, request: "GET /wp-json/oembed/1.0/embed?url=https%3A%2F%2Fwww.pouted.com%2Fhow-to-choose-the-perfect-watch-for-your-groom%2F HTTP/2.0", upstream: "https://192.145.236.239:8443/wp-json/oembed/1.0/embed?url=https%3A%2F%2Fwww.pouted.com%2Fhow-to-choose-the-perfect-watch-for-your-groom%2F", host: "www.pouted.com"
2025/10/16 15:04:53 [error] 1785366#0: *5631 connect() failed (111: Connection refused) while connecting to upstream, client: 3.222.190.107, server: ayaclass.com, request: "GET /?dir=/opt/imh/python3.13/lib/python3.13/encodings/__pycache__&dl=/opt/imh/python3.13/lib/python3.13/encodings/__pycache__/cp1255.cpython-313.pyc HTTP/1.1", upstream: "http://192.145.236.239:8080/?dir=/opt/imh/python3.13/lib/python3.13/encodings/__pycache__&dl=/opt/imh/python3.13/lib/python3.13/encodings/__pycache__/cp1255.cpython-313.pyc", host: "www.ayaclass.com"
2025/10/16 15:04:55 [error] 1785366#0: *5633 connect() failed (111: Connection refused) while connecting to upstream, client: 13.89.45.197, server: classing.ru, request: "GET /aa.php HTTP/2.0", upstream: "https://192.249.127.245:8443/aa.php", host: "www.classing.ru"
2025/10/16 15:04:55 [error] 1785366#0: *5635 connect() failed (111: Connection refused) while connecting to upstream, client: 13.89.45.197, server: classing.ru, request: "GET /abcd.php HTTP/2.0", upstream: "https://192.249.127.245:8443/abcd.php", host: "www.classing.ru"
