2025/10/16 15:16:36 [error] 1785366#0: *7129 connect() failed (111: Connection refused) while connecting to upstream, client: 116.179.32.101, server: pouted.com, request: "GET /unique-couch-designs/ HTTP/2.0", upstream: "https://192.145.236.239:8443/unique-couch-designs/", host: "www.pouted.com"
2025/10/16 15:16:37 [error] 1785366#0: *7131 connect() failed (111: Connection refused) while connecting to upstream, client: 20.194.157.183, server: pouted.com, request: "GET /top-10-best-travel-walking-shoes-for-2025-ultimate-comfort/ HTTP/2.0", upstream: "https://192.145.236.239:8443/top-10-best-travel-walking-shoes-for-2025-ultimate-comfort/", host: "www.pouted.com"
2025/10/16 15:16:37 [error] 1785366#0: *7134 connect() failed (111: Connection refused) while connecting to upstream, client: 20.171.207.6, server: ayaclass.com, request: "GET /?dir=%2Fproc&edit=%2Fproc%2Ffilesystems HTTP/2.0", upstream: "https://192.145.236.239:8443/?dir=%2Fproc&edit=%2Fproc%2Ffilesystems", host: "mail.ayaclass.com"
2025/10/16 15:16:37 [error] 1785366#0: *7136 connect() failed (111: Connection refused) while connecting to upstream, client: 20.90.7.153, server: pouted.com, request: "GET /7-bohemian-fashion-trends-for-fall-winter/ HTTP/2.0", upstream: "https://192.145.236.239:8443/7-bohemian-fashion-trends-for-fall-winter/", host: "www.pouted.com"
2025/10/16 15:16:37 [error] 1785366#0: *7137 connect() failed (111: Connection refused) while connecting to upstream, client: 20.194.157.182, server: pouted.com, request: "GET /top-10-best-travel-walking-shoes-for-2025-ultimate-comfort/ HTTP/2.0", upstream: "https://192.145.236.239:8443/top-10-best-travel-walking-shoes-for-2025-ultimate-comfort/", host: "www.pouted.com"
2025/10/16 15:16:38 [error] 1785366#0: *7127 connect() failed (111: Connection refused) while connecting to upstream, client: 20.194.157.180, server: pouted.com, request: "GET /top-10-best-travel-walking-shoes-for-2025-ultimate-comfort/ HTTP/2.0", upstream: "https://192.145.236.239:8443/top-10-best-travel-walking-shoes-for-2025-ultimate-comfort/", host: "www.pouted.com"
2025/10/16 15:16:38 [error] 1785366#0: *7141 connect() failed (111: Connection refused) while connecting to upstream, client: 20.90.7.148, server: pouted.com, request: "GET /7-bohemian-fashion-trends-for-fall-winter/ HTTP/2.0", upstream: "https://192.145.236.239:8443/7-bohemian-fashion-trends-for-fall-winter/", host: "www.pouted.com"
2025/10/16 15:16:38 [error] 1785366#0: *7143 connect() failed (111: Connection refused) while connecting to upstream, client: 20.171.207.135, server: ayaclass.com, request: "GET /?dir=%2Fproc&dl=%2Fproc%2F1380528 HTTP/1.1", upstream: "http://192.145.236.239:8080/?dir=%2Fproc&dl=%2Fproc%2F1380528", host: "www.ayaclass.com"
2025/10/16 15:16:39 [error] 1785366#0: *7145 connect() failed (111: Connection refused) while connecting to upstream, client: 20.90.7.152, server: pouted.com, request: "GET /7-bohemian-fashion-trends-for-fall-winter/ HTTP/2.0", upstream: "https://192.145.236.239:8443/7-bohemian-fashion-trends-for-fall-winter/", host: "www.pouted.com"
2025/10/16 15:16:39 [error] 1785366#0: *7145 connect() failed (111: Connection refused) while connecting to upstream, client: 20.90.7.147, server: pouted.com, request: "GET /7-bohemian-fashion-trends-for-fall-winter/ HTTP/2.0", upstream: "https://192.145.236.239:8443/7-bohemian-fashion-trends-for-fall-winter/", host: "www.pouted.com"
2025/10/16 15:16:40 [error] 1785366#0: *7148 open() "/home/pouted/public_html/wp-content/uploads/2013/05/Dragonfly-Robot-3D-Insect-Electric-Bluebird.jpg" failed (2: No such file or directory), client: 3.139.225.206, server: pouted.com, request: "GET /wp-content/uploads/2013/05/Dragonfly-Robot-3D-Insect-Electric-Bluebird.jpg?x45357 HTTP/2.0", host: "www.pouted.com"
2025/10/16 15:16:45 [error] 1785366#0: *7152 connect() failed (111: Connection refused) while connecting to upstream, client: 52.167.144.19, server: pouted.com, request: "GET /tag/of-2014/ HTTP/2.0", upstream: "https://192.145.236.239:8443/tag/of-2014/", host: "www.pouted.com"
2025/10/16 15:16:48 [error] 1785366#0: *7154 connect() failed (111: Connection refused) while connecting to upstream, client: 66.249.72.71, server: ayaclass.com, request: "GET /products/12071998/ HTTP/1.1", upstream: "http://192.145.236.239:8080/products/12071998/", host: "www.ayaclass.com"
2025/10/16 15:16:48 [error] 1785366#0: *7156 connect() failed (111: Connection refused) while connecting to upstream, client: 2a03:2880:f800:8::, server: ayaclass.com, request: "GET /products/5340798/ HTTP/1.1", upstream: "http://192.145.236.239:8080/products/5340798/", host: "www.ayaclass.com"
2025/10/16 15:16:56 [error] 1785366#0: *7160 connect() failed (111: Connection refused) while connecting to upstream, client: 40.77.167.46, server: pouted.com, request: "GET /google-classroom-essential-app-for-teachers/ HTTP/2.0", upstream: "https://192.145.236.239:8443/google-classroom-essential-app-for-teachers/", host: "www.pouted.com"
2025/10/16 15:16:57 [error] 1785366#0: *7164 open() "/home/pouted/public_html/wp-content/uploads/2015/11/spin_prod_792776712-475x475.jpg" failed (2: No such file or directory), client: 131.227.80.133, server: pouted.com, request: "GET /wp-content/uploads/2015/11/spin_prod_792776712-475x475.jpg?x44527 HTTP/2.0", host: "www.pouted.com"
2025/10/16 15:16:58 [error] 1785366#0: *7125 connect() failed (111: Connection refused) while connecting to upstream, client: 66.249.64.168, server: pouted.com, request: "GET /46-fabulous-wedding-dresses-for-muslim-brides-2016/amp/ HTTP/2.0", upstream: "https://192.145.236.239:8443/46-fabulous-wedding-dresses-for-muslim-brides-2016/amp/", host: "www.pouted.com"
2025/10/16 15:17:00 [error] 1785366#0: *7166 connect() failed (111: Connection refused) while connecting to upstream, client: 40.77.167.121, server: ayaclass.com, request: "GET /products/28190209/ HTTP/1.1", upstream: "http://192.145.236.239:8080/products/28190209/", host: "www.ayaclass.com"
2025/10/16 15:17:02 [error] 1785366#0: *7168 connect() failed (111: Connection refused) while connecting to upstream, client: 2a03:2880:27ff:74::, server: pouted.com, request: "GET /best-runway-models-2025/ HTTP/2.0", upstream: "https://192.145.236.239:8443/best-runway-models-2025/", host: "www.pouted.com"
2025/10/16 15:17:02 [error] 1785366#0: *7170 connect() failed (111: Connection refused) while connecting to upstream, client: 34.138.190.143, server: pouted.com, request: "GET /23-most-creative-handmade-gift-ideas/handmade-dress-doll-keychain-black/ HTTP/2.0", upstream: "https://192.145.236.239:8443/23-most-creative-handmade-gift-ideas/handmade-dress-doll-keychain-black/", host: "www.pouted.com"
2025/10/16 15:17:03 [error] 1785366#0: *7172 connect() failed (111: Connection refused) while connecting to upstream, client: 66.249.72.70, server: ayaclass.com, request: "GET /products/13449621/ HTTP/1.1", upstream: "http://192.145.236.239:8080/products/13449621/", host: "www.ayaclass.com"
2025/10/16 15:17:05 [error] 1785366#0: *7176 connect() failed (111: Connection refused) while connecting to upstream, client: 66.249.72.64, server: ayaclass.com, request: "GET /products/9593743/ HTTP/1.1", upstream: "http://192.145.236.239:8080/products/9593743/", host: "www.ayaclass.com"
2025/10/16 15:17:10 [error] 1785366#0: *7182 connect() failed (111: Connection refused) while connecting to upstream, client: 18.144.170.105, server: pouted.com, request: "GET /magazine/fashion-designs/ HTTP/2.0", upstream: "https://192.145.236.239:8443/magazine/fashion-designs/", host: "www.pouted.com"
2025/10/16 15:17:10 [error] 1785366#0: *7182 connect() failed (111: Connection refused) while connecting to upstream, client: 54.153.104.114, server: pouted.com, request: "GET /magazine/fashion-designs/ HTTP/2.0", upstream: "https://192.145.236.239:8443/magazine/fashion-designs/", host: "www.pouted.com"
2025/10/16 15:17:11 [error] 1785366#0: *7185 connect() failed (111: Connection refused) while connecting to upstream, client: 166.108.194.28, server: pouted.com, request: "GET /the-top-designers-tell-you-secrets-for-home-decoration/amp HTTP/2.0", upstream: "https://192.145.236.239:8443/the-top-designers-tell-you-secrets-for-home-decoration/amp", host: "pouted.com", referrer: "https://pouted.com/the-top-designers-tell-you-secrets-for-home-decoration/amp"
2025/10/16 15:17:13 [error] 1785366#0: *7187 connect() failed (111: Connection refused) while connecting to upstream, client: 2a03:2880:f800:8::, server: pouted.com, request: "GET /tag/celebrity-casual-fashion-trends/ HTTP/2.0", upstream: "https://192.145.236.239:8443/tag/celebrity-casual-fashion-trends/", host: "www.pouted.com"
2025/10/16 15:17:16 [error] 1785366#0: *7190 connect() failed (111: Connection refused) while connecting to upstream, client: 40.77.167.46, server: pouted.com, request: "GET /tag/grow-vegetables/ HTTP/2.0", upstream: "https://192.145.236.239:8443/tag/grow-vegetables/", host: "www.pouted.com"
2025/10/16 15:17:16 [error] 1785366#0: *7189 connect() failed (111: Connection refused) while connecting to upstream, client: 2a03:2880:30ff:6::, server: pouted.com, request: "GET /smart-clothing-track-health/ HTTP/2.0", upstream: "https://192.145.236.239:8443/smart-clothing-track-health/", host: "www.pouted.com"
2025/10/16 15:17:22 [error] 1785366#0: *7195 connect() failed (111: Connection refused) while connecting to upstream, client: 34.205.170.13, server: ayaclass.com, request: "GET /?dir=/opt/imh/python3.13/lib/python3.13/multiprocessing/dummy/__pycache__ HTTP/1.1", upstream: "http://192.145.236.239:8080/?dir=/opt/imh/python3.13/lib/python3.13/multiprocessing/dummy/__pycache__", host: "www.ayaclass.com"
2025/10/16 15:17:22 [error] 1785366#0: *7197 open() "/home/pouted/public_html/wp-content/uploads/2018/04/hand-operating-paper-shredder-104626001-59e139f622fa3a00109389ed-675x504.jpg" failed (2: No such file or directory), client: 120.133.84.198, server: pouted.com, request: "GET /wp-content/uploads/2018/04/hand-operating-paper-shredder-104626001-59e139f622fa3a00109389ed-675x504.jpg HTTP/2.0", host: "www.pouted.com"
2025/10/16 15:17:26 [error] 1785366#0: *7200 connect() failed (111: Connection refused) while connecting to upstream, client: 44.205.192.249, server: ayaclass.com, request: "GET /?dir=/opt/imh/python3.13/lib/python3.13/asyncio/__pycache__&dl=/opt/imh/python3.13/lib/python3.13/asyncio/__pycache__/base_subprocess.cpython-313.pyc HTTP/1.1", upstream: "http://192.145.236.239:8080/?dir=/opt/imh/python3.13/lib/python3.13/asyncio/__pycache__&dl=/opt/imh/python3.13/lib/python3.13/asyncio/__pycache__/base_subprocess.cpython-313.pyc", host: "www.ayaclass.com"
2025/10/16 15:17:26 [error] 1785366#0: *7190 connect() failed (111: Connection refused) while connecting to upstream, client: 52.167.144.19, server: pouted.com, request: "GET /tag/creative-sink-faucets/ HTTP/2.0", upstream: "https://192.145.236.239:8443/tag/creative-sink-faucets/", host: "www.pouted.com"
2025/10/16 15:17:27 [error] 1785366#0: *7203 connect() failed (111: Connection refused) while connecting to upstream, client: 85.208.96.208, server: ayaclass.com, request: "GET /?a=111746615 HTTP/1.1", upstream: "http://192.145.236.239:8080/?a=111746615", host: "www.ayaclass.com"
2025/10/16 15:17:27 [error] 1785366#0: *7205 open() "/home/pouted/public_html/wp-content/uploads/2013/08/Businessman-Jumping.jpg" failed (2: No such file or directory), client: 34.55.88.216, server: pouted.com, request: "GET /wp-content/uploads/2013/08/Businessman-Jumping.jpg?x71148 HTTP/2.0", host: "www.pouted.com"
2025/10/16 15:17:29 [error] 1785366#0: *7209 connect() failed (111: Connection refused) while connecting to upstream, client: 20.171.207.30, server: pouted.com, request: "GET /wp-content/plugins/wpforms-lite/vendor_prefixed/square/?C=D;O=A HTTP/2.0", upstream: "https://192.145.236.239:8443/wp-content/plugins/wpforms-lite/vendor_prefixed/square/?C=D;O=A", host: "www.pouted.com"
2025/10/16 15:17:30 [error] 1785366#0: *7211 connect() failed (111: Connection refused) while connecting to upstream, client: 44.218.6.93, server: ayaclass.com, request: "GET /public/?dir=/proc/416160/net/stat/.. HTTP/1.1", upstream: "http://192.145.236.239:8080/public/?dir=/proc/416160/net/stat/..", host: "www.ayaclass.com"
2025/10/16 15:17:31 [error] 1785366#0: *7215 connect() failed (111: Connection refused) while connecting to upstream, client: 127.0.0.1, server: 127.0.0.1, request: "GET /whm-server-status HTTP/1.0", upstream: "http://127.0.0.1:8080/whm-server-status", host: "localhost"
2025/10/16 15:17:36 [error] 1785366#0: *7219 connect() failed (111: Connection refused) while connecting to upstream, client: 85.208.98.23, server: pouted.com, request: "GET /robots.txt HTTP/2.0", upstream: "https://192.145.236.239:8443/robots.txt", host: "www.pouted.com", referrer: "http://www.pouted.com/robots.txt"
2025/10/16 15:17:37 [error] 1785366#0: *7222 connect() failed (111: Connection refused) while connecting to upstream, client: 40.77.167.46, server: pouted.com, request: "GET /making-home-stand-out-this-halloween/ HTTP/2.0", upstream: "https://192.145.236.239:8443/making-home-stand-out-this-halloween/", host: "www.pouted.com"
2025/10/16 15:17:39 [error] 1785366#0: *7228 connect() failed (111: Connection refused) while connecting to upstream, client: 20.171.207.135, server: ayaclass.com, request: "GET /?dir=%2Fproc&dl=%2Fproc%2F1730251 HTTP/1.1", upstream: "http://192.145.236.239:8080/?dir=%2Fproc&dl=%2Fproc%2F1730251", host: "www.ayaclass.com"
2025/10/16 15:17:39 [error] 1785366#0: *7227 connect() failed (111: Connection refused) while connecting to upstream, client: 43.173.180.109, server: pouted.com, request: "GET /know-pay-wedding/romantic-couple/ HTTP/2.0", upstream: "https://192.145.236.239:8443/know-pay-wedding/romantic-couple/", host: "www.pouted.com"
2025/10/16 15:17:41 [error] 1785366#0: *7232 connect() failed (111: Connection refused) while connecting to upstream, client: 20.171.207.6, server: ayaclass.com, request: "GET /?dir=%2Fproc&dl=%2Fproc%2F1472231 HTTP/2.0", upstream: "https://192.145.236.239:8443/?dir=%2Fproc&dl=%2Fproc%2F1472231", host: "mail.ayaclass.com"
2025/10/16 15:17:41 [error] 1785366#0: *7231 connect() failed (111: Connection refused) while connecting to upstream, client: 47.84.54.8, server: pouted.com, request: "GET /wp-login.php HTTP/2.0", upstream: "https://192.145.236.239:8443/wp-login.php", host: "www.pouted.com"
2025/10/16 15:17:42 [error] 1785366#0: *7235 connect() failed (111: Connection refused) while connecting to upstream, client: 52.167.144.19, server: pouted.com, request: "GET /10-wardrobe-essentials-summer-fashion-trends/ HTTP/2.0", upstream: "https://192.145.236.239:8443/10-wardrobe-essentials-summer-fashion-trends/", host: "www.pouted.com"
2025/10/16 15:17:48 [error] 1785366#0: *7240 open() "/home/pouted/public_html/wp-content/uploads/2013/07/Slide232.jpg" failed (2: No such file or directory), client: 43.134.70.65, server: pouted.com, request: "GET /wp-content/uploads/2013/07/Slide232.jpg?x44527 HTTP/2.0", host: "www.pouted.com"
2025/10/16 15:17:53 [error] 1785366#0: *7244 connect() failed (111: Connection refused) while connecting to upstream, client: 91.134.56.43, server: pouted.com, request: "GET /top-10-smallest-persons-in-the-world/robots.txt HTTP/2.0", upstream: "https://192.145.236.239:8443/top-10-smallest-persons-in-the-world/robots.txt", host: "www.pouted.com"
2025/10/16 15:17:53 [error] 1785366#0: *7244 connect() failed (111: Connection refused) while connecting to upstream, client: 91.134.56.43, server: pouted.com, request: "GET /top-10-smallest-persons-in-the-world/robots.txt HTTP/2.0", upstream: "https://192.145.236.239:8443/top-10-smallest-persons-in-the-world/robots.txt", host: "www.pouted.com"
2025/10/16 15:17:54 [error] 1785366#0: *7244 connect() failed (111: Connection refused) while connecting to upstream, client: 91.134.56.43, server: pouted.com, request: "GET /top-10-smallest-persons-in-the-world/robots.txt HTTP/2.0", upstream: "https://192.145.236.239:8443/top-10-smallest-persons-in-the-world/robots.txt", host: "www.pouted.com"
2025/10/16 15:17:54 [error] 1785366#0: *7244 connect() failed (111: Connection refused) while connecting to upstream, client: 91.134.56.43, server: pouted.com, request: "GET /top-10-smallest-persons-in-the-world/robots.txt HTTP/2.0", upstream: "https://192.145.236.239:8443/top-10-smallest-persons-in-the-world/robots.txt", host: "www.pouted.com"
2025/10/16 15:17:54 [error] 1785366#0: *7244 connect() failed (111: Connection refused) while connecting to upstream, client: 91.134.56.43, server: pouted.com, request: "GET /top-10-smallest-persons-in-the-world HTTP/2.0", upstream: "https://192.145.236.239:8443/top-10-smallest-persons-in-the-world", host: "www.pouted.com"
2025/10/16 15:17:54 [error] 1785366#0: *7244 connect() failed (111: Connection refused) while connecting to upstream, client: 91.134.56.43, server: pouted.com, request: "GET /top-10-smallest-persons-in-the-world HTTP/2.0", upstream: "https://192.145.236.239:8443/top-10-smallest-persons-in-the-world", host: "www.pouted.com"
2025/10/16 15:17:55 [error] 1785366#0: *7250 connect() failed (111: Connection refused) while connecting to upstream, client: 91.134.56.43, server: pouted.com, request: "GET /top-10-smallest-persons-in-the-world/robots.txt HTTP/2.0", upstream: "https://192.145.236.239:8443/top-10-smallest-persons-in-the-world/robots.txt", host: "www.pouted.com"
2025/10/16 15:17:55 [error] 1785366#0: *7252 connect() failed (111: Connection refused) while connecting to upstream, client: 91.134.56.43, server: pouted.com, request: "GET /top-10-smallest-persons-in-the-world/robots.txt HTTP/2.0", upstream: "https://192.145.236.239:8443/top-10-smallest-persons-in-the-world/robots.txt", host: "www.pouted.com"
2025/10/16 15:17:55 [error] 1785366#0: *7251 connect() failed (111: Connection refused) while connecting to upstream, client: 91.134.56.43, server: pouted.com, request: "GET /top-10-smallest-persons-in-the-world/robots.txt HTTP/2.0", upstream: "https://192.145.236.239:8443/top-10-smallest-persons-in-the-world/robots.txt", host: "www.pouted.com"
2025/10/16 15:17:55 [error] 1785366#0: *7253 connect() failed (111: Connection refused) while connecting to upstream, client: 91.134.56.43, server: pouted.com, request: "GET /top-10-smallest-persons-in-the-world/robots.txt HTTP/2.0", upstream: "https://192.145.236.239:8443/top-10-smallest-persons-in-the-world/robots.txt", host: "www.pouted.com"
2025/10/16 15:17:55 [error] 1785366#0: *7244 connect() failed (111: Connection refused) while connecting to upstream, client: 91.134.56.43, server: pouted.com, request: "GET /top-10-smallest-persons-in-the-world HTTP/2.0", upstream: "https://192.145.236.239:8443/top-10-smallest-persons-in-the-world", host: "www.pouted.com"
2025/10/16 15:17:55 [error] 1785366#0: *7250 connect() failed (111: Connection refused) while connecting to upstream, client: 91.134.56.43, server: pouted.com, request: "GET /top-10-smallest-persons-in-the-world/robots.txt HTTP/2.0", upstream: "https://192.145.236.239:8443/top-10-smallest-persons-in-the-world/robots.txt", host: "www.pouted.com"
2025/10/16 15:17:55 [error] 1785366#0: *7244 connect() failed (111: Connection refused) while connecting to upstream, client: 91.134.56.43, server: pouted.com, request: "GET /top-10-smallest-persons-in-the-world/robots.txt HTTP/2.0", upstream: "https://192.145.236.239:8443/top-10-smallest-persons-in-the-world/robots.txt", host: "www.pouted.com"
2025/10/16 15:17:55 [error] 1785366#0: *7250 connect() failed (111: Connection refused) while connecting to upstream, client: 91.134.56.43, server: pouted.com, request: "GET /top-10-smallest-persons-in-the-world/robots.txt HTTP/2.0", upstream: "https://192.145.236.239:8443/top-10-smallest-persons-in-the-world/robots.txt", host: "www.pouted.com"
2025/10/16 15:17:55 [error] 1785366#0: *7251 connect() failed (111: Connection refused) while connecting to upstream, client: 91.134.56.43, server: pouted.com, request: "GET /top-10-smallest-persons-in-the-world/robots.txt HTTP/2.0", upstream: "https://192.145.236.239:8443/top-10-smallest-persons-in-the-world/robots.txt", host: "www.pouted.com"
2025/10/16 15:17:55 [error] 1785366#0: *7252 connect() failed (111: Connection refused) while connecting to upstream, client: 91.134.56.43, server: pouted.com, request: "GET /top-10-smallest-persons-in-the-world HTTP/2.0", upstream: "https://192.145.236.239:8443/top-10-smallest-persons-in-the-world", host: "www.pouted.com"
2025/10/16 15:17:55 [error] 1785366#0: *7265 connect() failed (111: Connection refused) while connecting to upstream, client: 2a03:2880:f800:39::, server: ayaclass.com, request: "GET /products/5562610/ HTTP/1.1", upstream: "http://192.145.236.239:8080/products/5562610/", host: "www.ayaclass.com"
2025/10/16 15:17:55 [error] 1785366#0: *7244 connect() failed (111: Connection refused) while connecting to upstream, client: 91.134.56.43, server: pouted.com, request: "GET /top-10-smallest-persons-in-the-world/robots.txt HTTP/2.0", upstream: "https://192.145.236.239:8443/top-10-smallest-persons-in-the-world/robots.txt", host: "www.pouted.com"
2025/10/16 15:17:55 [error] 1785366#0: *7250 connect() failed (111: Connection refused) while connecting to upstream, client: 91.134.56.43, server: pouted.com, request: "GET /top-10-smallest-persons-in-the-world/robots.txt HTTP/2.0", upstream: "https://192.145.236.239:8443/top-10-smallest-persons-in-the-world/robots.txt", host: "www.pouted.com"
2025/10/16 15:17:55 [error] 1785366#0: *7252 connect() failed (111: Connection refused) while connecting to upstream, client: 91.134.56.43, server: pouted.com, request: "GET /top-10-smallest-persons-in-the-world HTTP/2.0", upstream: "https://192.145.236.239:8443/top-10-smallest-persons-in-the-world", host: "www.pouted.com"
2025/10/16 15:17:55 [error] 1785366#0: *7251 connect() failed (111: Connection refused) while connecting to upstream, client: 91.134.56.43, server: pouted.com, request: "GET /top-10-smallest-persons-in-the-world HTTP/2.0", upstream: "https://192.145.236.239:8443/top-10-smallest-persons-in-the-world", host: "www.pouted.com"
2025/10/16 15:17:55 [error] 1785366#0: *7244 connect() failed (111: Connection refused) while connecting to upstream, client: 91.134.56.43, server: pouted.com, request: "GET /top-10-smallest-persons-in-the-world HTTP/2.0", upstream: "https://192.145.236.239:8443/top-10-smallest-persons-in-the-world", host: "www.pouted.com"
2025/10/16 15:17:56 [error] 1785366#0: *7250 connect() failed (111: Connection refused) while connecting to upstream, client: 91.134.56.43, server: pouted.com, request: "GET /top-10-smallest-persons-in-the-world HTTP/2.0", upstream: "https://192.145.236.239:8443/top-10-smallest-persons-in-the-world", host: "www.pouted.com"
2025/10/16 15:17:56 [error] 1785366#0: *7252 connect() failed (111: Connection refused) while connecting to upstream, client: 91.134.56.43, server: pouted.com, request: "GET /top-10-smallest-persons-in-the-world/robots.txt HTTP/2.0", upstream: "https://192.145.236.239:8443/top-10-smallest-persons-in-the-world/robots.txt", host: "www.pouted.com"
2025/10/16 15:17:56 [error] 1785366#0: *7251 connect() failed (111: Connection refused) while connecting to upstream, client: 91.134.56.43, server: pouted.com, request: "GET /top-10-smallest-persons-in-the-world/robots.txt HTTP/2.0", upstream: "https://192.145.236.239:8443/top-10-smallest-persons-in-the-world/robots.txt", host: "www.pouted.com"
2025/10/16 15:17:56 [error] 1785366#0: *7269 connect() failed (111: Connection refused) while connecting to upstream, client: 91.134.56.43, server: pouted.com, request: "GET /top-10-smallest-persons-in-the-world/robots.txt HTTP/2.0", upstream: "https://192.145.236.239:8443/top-10-smallest-persons-in-the-world/robots.txt", host: "www.pouted.com"
2025/10/16 15:17:56 [error] 1785366#0: *7250 connect() failed (111: Connection refused) while connecting to upstream, client: 91.134.56.43, server: pouted.com, request: "GET /top-10-smallest-persons-in-the-world HTTP/2.0", upstream: "https://192.145.236.239:8443/top-10-smallest-persons-in-the-world", host: "www.pouted.com"
2025/10/16 15:17:56 [error] 1785366#0: *7252 connect() failed (111: Connection refused) while connecting to upstream, client: 91.134.56.43, server: pouted.com, request: "GET /top-10-smallest-persons-in-the-world/robots.txt HTTP/2.0", upstream: "https://192.145.236.239:8443/top-10-smallest-persons-in-the-world/robots.txt", host: "www.pouted.com"
2025/10/16 15:17:56 [error] 1785366#0: *7244 connect() failed (111: Connection refused) while connecting to upstream, client: 91.134.56.43, server: pouted.com, request: "GET /top-10-smallest-persons-in-the-world/robots.txt HTTP/2.0", upstream: "https://192.145.236.239:8443/top-10-smallest-persons-in-the-world/robots.txt", host: "www.pouted.com"
2025/10/16 15:17:56 [error] 1785366#0: *7251 connect() failed (111: Connection refused) while connecting to upstream, client: 91.134.56.43, server: pouted.com, request: "GET /top-10-smallest-persons-in-the-world HTTP/2.0", upstream: "https://192.145.236.239:8443/top-10-smallest-persons-in-the-world", host: "www.pouted.com"
2025/10/16 15:17:56 [error] 1785366#0: *7250 connect() failed (111: Connection refused) while connecting to upstream, client: 91.134.56.43, server: pouted.com, request: "GET /top-10-smallest-persons-in-the-world HTTP/2.0", upstream: "https://192.145.236.239:8443/top-10-smallest-persons-in-the-world", host: "www.pouted.com"
2025/10/16 15:17:56 [error] 1785366#0: *7252 connect() failed (111: Connection refused) while connecting to upstream, client: 91.134.56.43, server: pouted.com, request: "GET /top-10-smallest-persons-in-the-world/robots.txt HTTP/2.0", upstream: "https://192.145.236.239:8443/top-10-smallest-persons-in-the-world/robots.txt", host: "www.pouted.com"
2025/10/16 15:17:56 [error] 1785366#0: *7244 connect() failed (111: Connection refused) while connecting to upstream, client: 91.134.56.43, server: pouted.com, request: "GET /top-10-smallest-persons-in-the-world/robots.txt HTTP/2.0", upstream: "https://192.145.236.239:8443/top-10-smallest-persons-in-the-world/robots.txt", host: "www.pouted.com"
2025/10/16 15:17:56 [error] 1785366#0: *7251 connect() failed (111: Connection refused) while connecting to upstream, client: 91.134.56.43, server: pouted.com, request: "GET /top-10-smallest-persons-in-the-world/robots.txt HTTP/2.0", upstream: "https://192.145.236.239:8443/top-10-smallest-persons-in-the-world/robots.txt", host: "www.pouted.com"
2025/10/16 15:17:56 [error] 1785366#0: *7269 connect() failed (111: Connection refused) while connecting to upstream, client: 91.134.56.43, server: pouted.com, request: "GET /top-10-smallest-persons-in-the-world HTTP/2.0", upstream: "https://192.145.236.239:8443/top-10-smallest-persons-in-the-world", host: "www.pouted.com"
2025/10/16 15:17:56 [error] 1785366#0: *7244 connect() failed (111: Connection refused) while connecting to upstream, client: 91.134.56.43, server: pouted.com, request: "GET /top-10-smallest-persons-in-the-world/robots.txt HTTP/2.0", upstream: "https://192.145.236.239:8443/top-10-smallest-persons-in-the-world/robots.txt", host: "www.pouted.com"
2025/10/16 15:17:56 [error] 1785366#0: *7250 connect() failed (111: Connection refused) while connecting to upstream, client: 91.134.56.43, server: pouted.com, request: "GET /top-10-smallest-persons-in-the-world HTTP/2.0", upstream: "https://192.145.236.239:8443/top-10-smallest-persons-in-the-world", host: "www.pouted.com"
2025/10/16 15:17:56 [error] 1785366#0: *7252 connect() failed (111: Connection refused) while connecting to upstream, client: 91.134.56.43, server: pouted.com, request: "GET /top-10-smallest-persons-in-the-world/robots.txt HTTP/2.0", upstream: "https://192.145.236.239:8443/top-10-smallest-persons-in-the-world/robots.txt", host: "www.pouted.com"
2025/10/16 15:17:56 [error] 1785366#0: *7251 connect() failed (111: Connection refused) while connecting to upstream, client: 91.134.56.43, server: pouted.com, request: "GET /top-10-smallest-persons-in-the-world/robots.txt HTTP/2.0", upstream: "https://192.145.236.239:8443/top-10-smallest-persons-in-the-world/robots.txt", host: "www.pouted.com"
2025/10/16 15:17:56 [error] 1785366#0: *7244 connect() failed (111: Connection refused) while connecting to upstream, client: 91.134.56.43, server: pouted.com, request: "GET /top-10-smallest-persons-in-the-world HTTP/2.0", upstream: "https://192.145.236.239:8443/top-10-smallest-persons-in-the-world", host: "www.pouted.com"
2025/10/16 15:17:56 [error] 1785366#0: *7269 connect() failed (111: Connection refused) while connecting to upstream, client: 91.134.56.43, server: pouted.com, request: "GET /top-10-smallest-persons-in-the-world/robots.txt HTTP/2.0", upstream: "https://192.145.236.239:8443/top-10-smallest-persons-in-the-world/robots.txt", host: "www.pouted.com"
2025/10/16 15:17:56 [error] 1785366#0: *7250 connect() failed (111: Connection refused) while connecting to upstream, client: 91.134.56.43, server: pouted.com, request: "GET /top-10-smallest-persons-in-the-world HTTP/2.0", upstream: "https://192.145.236.239:8443/top-10-smallest-persons-in-the-world", host: "www.pouted.com"
2025/10/16 15:17:56 [error] 1785366#0: *7252 connect() failed (111: Connection refused) while connecting to upstream, client: 91.134.56.43, server: pouted.com, request: "GET /top-10-smallest-persons-in-the-world HTTP/2.0", upstream: "https://192.145.236.239:8443/top-10-smallest-persons-in-the-world", host: "www.pouted.com"
2025/10/16 15:17:56 [error] 1785366#0: *7251 connect() failed (111: Connection refused) while connecting to upstream, client: 91.134.56.43, server: pouted.com, request: "GET /top-10-smallest-persons-in-the-world/robots.txt HTTP/2.0", upstream: "https://192.145.236.239:8443/top-10-smallest-persons-in-the-world/robots.txt", host: "www.pouted.com"
2025/10/16 15:17:56 [error] 1785366#0: *7244 connect() failed (111: Connection refused) while connecting to upstream, client: 91.134.56.43, server: pouted.com, request: "GET /top-10-smallest-persons-in-the-world HTTP/2.0", upstream: "https://192.145.236.239:8443/top-10-smallest-persons-in-the-world", host: "www.pouted.com"
2025/10/16 15:17:56 [error] 1785366#0: *7250 connect() failed (111: Connection refused) while connecting to upstream, client: 91.134.56.43, server: pouted.com, request: "GET /top-10-smallest-persons-in-the-world/robots.txt HTTP/2.0", upstream: "https://192.145.236.239:8443/top-10-smallest-persons-in-the-world/robots.txt", host: "www.pouted.com"
2025/10/16 15:17:56 [error] 1785366#0: *7269 connect() failed (111: Connection refused) while connecting to upstream, client: 91.134.56.43, server: pouted.com, request: "GET /top-10-smallest-persons-in-the-world/robots.txt HTTP/2.0", upstream: "https://192.145.236.239:8443/top-10-smallest-persons-in-the-world/robots.txt", host: "www.pouted.com"
2025/10/16 15:17:56 [error] 1785366#0: *7252 connect() failed (111: Connection refused) while connecting to upstream, client: 91.134.56.43, server: pouted.com, request: "GET /top-10-smallest-persons-in-the-world/robots.txt HTTP/2.0", upstream: "https://192.145.236.239:8443/top-10-smallest-persons-in-the-world/robots.txt", host: "www.pouted.com"
2025/10/16 15:17:56 [error] 1785366#0: *7251 connect() failed (111: Connection refused) while connecting to upstream, client: 91.134.56.43, server: pouted.com, request: "GET /top-10-smallest-persons-in-the-world/robots.txt HTTP/2.0", upstream: "https://192.145.236.239:8443/top-10-smallest-persons-in-the-world/robots.txt", host: "www.pouted.com"
2025/10/16 15:17:56 [error] 1785366#0: *7244 connect() failed (111: Connection refused) while connecting to upstream, client: 91.134.56.43, server: pouted.com, request: "GET /top-10-smallest-persons-in-the-world HTTP/2.0", upstream: "https://192.145.236.239:8443/top-10-smallest-persons-in-the-world", host: "www.pouted.com"
2025/10/16 15:17:57 [error] 1785366#0: *7250 connect() failed (111: Connection refused) while connecting to upstream, client: 91.134.56.43, server: pouted.com, request: "GET /top-10-smallest-persons-in-the-world/robots.txt HTTP/2.0", upstream: "https://192.145.236.239:8443/top-10-smallest-persons-in-the-world/robots.txt", host: "www.pouted.com"
2025/10/16 15:17:57 [error] 1785366#0: *7269 connect() failed (111: Connection refused) while connecting to upstream, client: 91.134.56.43, server: pouted.com, request: "GET /top-10-smallest-persons-in-the-world HTTP/2.0", upstream: "https://192.145.236.239:8443/top-10-smallest-persons-in-the-world", host: "www.pouted.com"
2025/10/16 15:17:57 [error] 1785366#0: *7252 connect() failed (111: Connection refused) while connecting to upstream, client: 91.134.56.43, server: pouted.com, request: "GET /top-10-smallest-persons-in-the-world HTTP/2.0", upstream: "https://192.145.236.239:8443/top-10-smallest-persons-in-the-world", host: "www.pouted.com"
2025/10/16 15:17:57 [error] 1785366#0: *7251 connect() failed (111: Connection refused) while connecting to upstream, client: 91.134.56.43, server: pouted.com, request: "GET /top-10-smallest-persons-in-the-world HTTP/2.0", upstream: "https://192.145.236.239:8443/top-10-smallest-persons-in-the-world", host: "www.pouted.com"
2025/10/16 15:17:57 [error] 1785366#0: *7244 connect() failed (111: Connection refused) while connecting to upstream, client: 91.134.56.43, server: pouted.com, request: "GET /top-10-smallest-persons-in-the-world HTTP/2.0", upstream: "https://192.145.236.239:8443/top-10-smallest-persons-in-the-world", host: "www.pouted.com"
2025/10/16 15:17:57 [error] 1785366#0: *7250 connect() failed (111: Connection refused) while connecting to upstream, client: 91.134.56.43, server: pouted.com, request: "GET /top-10-smallest-persons-in-the-world/robots.txt HTTP/2.0", upstream: "https://192.145.236.239:8443/top-10-smallest-persons-in-the-world/robots.txt", host: "www.pouted.com"
2025/10/16 15:17:57 [error] 1785366#0: *7269 connect() failed (111: Connection refused) while connecting to upstream, client: 91.134.56.43, server: pouted.com, request: "GET /top-10-smallest-persons-in-the-world/robots.txt HTTP/2.0", upstream: "https://192.145.236.239:8443/top-10-smallest-persons-in-the-world/robots.txt", host: "www.pouted.com"
2025/10/16 15:17:57 [error] 1785366#0: *7252 connect() failed (111: Connection refused) while connecting to upstream, client: 91.134.56.43, server: pouted.com, request: "GET /top-10-smallest-persons-in-the-world HTTP/2.0", upstream: "https://192.145.236.239:8443/top-10-smallest-persons-in-the-world", host: "www.pouted.com"
2025/10/16 15:17:57 [error] 1785366#0: *7235 connect() failed (111: Connection refused) while connecting to upstream, client: 85.208.98.16, server: pouted.com, request: "GET /stores-to-buy-affordable-real-instagram-likes/ HTTP/2.0", upstream: "https://192.145.236.239:8443/stores-to-buy-affordable-real-instagram-likes/", host: "www.pouted.com"
2025/10/16 15:17:59 [error] 1785366#0: *7313 connect() failed (111: Connection refused) while connecting to upstream, client: 185.191.171.16, server: pouted.com, request: "GET /how-much-does-it-cost-to-host-website/ HTTP/2.0", upstream: "https://192.145.236.239:8443/how-much-does-it-cost-to-host-website/", host: "www.pouted.com"
2025/10/16 15:18:01 [error] 1785366#0: *7315 connect() failed (111: Connection refused) while connecting to upstream, client: 66.249.75.132, server: mrmyst.com, request: "GET /val720a/stroke/Volbeat/dcomm2083/rapple3/rosebud/ja.html HTTP/2.0", upstream: "https://192.145.236.239:8443/val720a/stroke/Volbeat/dcomm2083/rapple3/rosebud/ja.html", host: "mrmyst.com"
2025/10/16 15:18:01 [error] 1785366#0: *7318 connect() failed (111: Connection refused) while connecting to upstream, client: 116.179.32.84, server: pouted.com, request: "GET /mens-2025-hair-color-trends/ HTTP/2.0", upstream: "https://192.145.236.239:8443/mens-2025-hair-color-trends/", host: "www.pouted.com"
2025/10/16 15:18:01 [error] 1785366#0: *7320 connect() failed (111: Connection refused) while connecting to upstream, client: 216.244.66.248, server: webmail.pouted.com, request: "GET /robots.txt HTTP/1.1", upstream: "http://192.145.236.239:8080/robots.txt", host: "webmail.pouted.com"
2025/10/16 15:18:01 [error] 1785366#0: *7322 open() "/home/pouted/public_html/wp-content/uploads/2019/04/Romance-of-Vintage.png" failed (2: No such file or directory), client: 136.114.85.85, server: pouted.com, request: "GET /wp-content/uploads/2019/04/Romance-of-Vintage.png HTTP/2.0", host: "www.pouted.com"
2025/10/16 15:18:01 [error] 1785366#0: *7219 connect() failed (111: Connection refused) while connecting to upstream, client: 216.244.66.248, server: pouted.com, request: "GET /robots.txt HTTP/2.0", upstream: "https://192.145.236.239:8443/robots.txt", host: "www.pouted.com"
2025/10/16 15:18:04 [error] 1785366#0: *7325 connect() failed (111: Connection refused) while connecting to upstream, client: 18.209.137.234, server: ayaclass.com, request: "GET /?dir=/home&dl=/home/classing HTTP/1.1", upstream: "http://192.145.236.239:8080/?dir=/home&dl=/home/classing", host: "www.ayaclass.com"
2025/10/16 15:18:08 [error] 1785366#0: *7318 connect() failed (111: Connection refused) while connecting to upstream, client: 119.249.100.42, server: pouted.com, request: "GET /mens-2025-hair-color-trends/ HTTP/2.0", upstream: "https://192.145.236.239:8443/mens-2025-hair-color-trends/", host: "www.pouted.com"
2025/10/16 15:18:09 [error] 1785366#0: *7329 connect() failed (111: Connection refused) while connecting to upstream, client: 66.249.64.169, server: pouted.com, request: "GET /20-hollywood-actresses-who-changed-fashion-forever/amp/ HTTP/2.0", upstream: "https://192.145.236.239:8443/20-hollywood-actresses-who-changed-fashion-forever/amp/", host: "www.pouted.com"
2025/10/16 15:18:13 [error] 1785366#0: *7331 connect() failed (111: Connection refused) while connecting to upstream, client: 34.186.45.219, server: pouted.com, request: "GET /magazine/travel-holidays/feed HTTP/2.0", upstream: "https://192.145.236.239:8443/magazine/travel-holidays/feed", host: "www.pouted.com"
2025/10/16 15:18:14 [error] 1785366#0: *7334 open() "/home/pouted/public_html/wp-content/uploads/2013/06/super-moon-greece.jpg" failed (2: No such file or directory), client: 3.139.225.206, server: pouted.com, request: "GET /wp-content/uploads/2013/06/super-moon-greece.jpg?x45357 HTTP/2.0", host: "www.pouted.com"
2025/10/16 15:18:15 [error] 1785366#0: *7335 connect() failed (111: Connection refused) while connecting to upstream, client: 4.196.118.126, server: pouted.com, request: "GET /quantum-computing/ HTTP/2.0", upstream: "https://192.145.236.239:8443/quantum-computing/", host: "www.pouted.com"
2025/10/16 15:18:15 [error] 1785366#0: *7337 connect() failed (111: Connection refused) while connecting to upstream, client: 66.249.72.65, server: ayaclass.com, request: "GET /products/7570609/ HTTP/1.1", upstream: "http://192.145.236.239:8080/products/7570609/", host: "www.ayaclass.com"
2025/10/16 15:18:16 [error] 1785366#0: *7339 connect() failed (111: Connection refused) while connecting to upstream, client: 4.196.118.123, server: pouted.com, request: "GET /quantum-computing/ HTTP/2.0", upstream: "https://192.145.236.239:8443/quantum-computing/", host: "www.pouted.com"
2025/10/16 15:18:16 [error] 1785366#0: *7340 connect() failed (111: Connection refused) while connecting to upstream, client: 47.84.54.8, server: pouted.com, request: "GET /administrator/index.php HTTP/2.0", upstream: "https://192.145.236.239:8443/administrator/index.php", host: "www.pouted.com"
2025/10/16 15:18:16 [error] 1785366#0: *7335 connect() failed (111: Connection refused) while connecting to upstream, client: 4.196.118.117, server: pouted.com, request: "GET /quantum-computing/ HTTP/2.0", upstream: "https://192.145.236.239:8443/quantum-computing/", host: "www.pouted.com"
2025/10/16 15:18:17 [error] 1785366#0: *7344 connect() failed (111: Connection refused) while connecting to upstream, client: 4.196.118.123, server: pouted.com, request: "GET /quantum-computing/ HTTP/2.0", upstream: "https://192.145.236.239:8443/quantum-computing/", host: "www.pouted.com"
2025/10/16 15:18:17 [error] 1785366#0: *7345 connect() failed (111: Connection refused) while connecting to upstream, client: 4.196.118.126, server: pouted.com, request: "GET / HTTP/2.0", upstream: "https://192.145.236.239:8443/", host: "pouted.com"
2025/10/16 15:18:18 [error] 1785366#0: *7348 connect() failed (111: Connection refused) while connecting to upstream, client: 52.215.186.214, server: pouted.com, request: "GET /simple-beauty-hacks-at-home/ HTTP/2.0", upstream: "https://192.145.236.239:8443/simple-beauty-hacks-at-home/", host: "www.pouted.com"
2025/10/16 15:18:18 [error] 1785366#0: *7349 connect() failed (111: Connection refused) while connecting to upstream, client: 4.196.118.123, server: pouted.com, request: "GET / HTTP/2.0", upstream: "https://192.145.236.239:8443/", host: "pouted.com"
2025/10/16 15:18:18 [error] 1785366#0: *7349 connect() failed (111: Connection refused) while connecting to upstream, client: 4.196.118.116, server: pouted.com, request: "GET / HTTP/2.0", upstream: "https://192.145.236.239:8443/", host: "pouted.com"
2025/10/16 15:18:19 [error] 1785366#0: *7355 open() "/home/pouted/public_html/wp-content/uploads/2018/11/hair-growth.-390x220.jpg" failed (2: No such file or directory), client: 3.139.225.206, server: pouted.com, request: "GET /wp-content/uploads/2018/11/hair-growth.-390x220.jpg HTTP/2.0", host: "www.pouted.com"
2025/10/16 15:18:19 [error] 1785366#0: *7354 connect() failed (111: Connection refused) while connecting to upstream, client: 2a03:2880:f800:11::, server: pouted.com, request: "GET /top-70-dazzling-breathtaking-rose-gold-engagement-rings/ HTTP/2.0", upstream: "https://192.145.236.239:8443/top-70-dazzling-breathtaking-rose-gold-engagement-rings/", host: "www.pouted.com"
2025/10/16 15:18:20 [error] 1785366#0: *7357 open() "/home/pouted/public_html/wp-content/uploads/2013/12/The-Bible-Miniseries..jpg" failed (2: No such file or directory), client: 34.122.155.238, server: pouted.com, request: "GET /wp-content/uploads/2013/12/The-Bible-Miniseries..jpg HTTP/2.0", host: "www.pouted.com"
2025/10/16 15:18:21 [error] 1785366#0: *7359 connect() failed (111: Connection refused) while connecting to upstream, client: 85.208.96.210, server: pouted.com, request: "GET /magazine/lifestyle/page/91/ HTTP/2.0", upstream: "https://192.145.236.239:8443/magazine/lifestyle/page/91/", host: "www.pouted.com"
2025/10/16 15:18:22 [error] 1785366#0: *7361 connect() failed (111: Connection refused) while connecting to upstream, client: 47.84.54.8, server: pouted.com, request: "POST /admin/index.php HTTP/2.0", upstream: "https://192.145.236.239:8443/admin/index.php", host: "www.pouted.com"
2025/10/16 15:18:23 [error] 1785366#0: *7363 open() "/home/pouted/public_html/wp-content/uploads/2018/07/Roasted-Garlic-Turkey-Meatballs-with-Spicy-Cranberry-675x450.jpg" failed (2: No such file or directory), client: 35.225.70.158, server: pouted.com, request: "GET /wp-content/uploads/2018/07/Roasted-Garlic-Turkey-Meatballs-with-Spicy-Cranberry-675x450.jpg HTTP/2.0", host: "www.pouted.com"
2025/10/16 15:18:24 [error] 1785366#0: *7364 connect() failed (111: Connection refused) while connecting to upstream, client: 40.77.167.61, server: classing.ru, request: "GET /product/edit/34720921 HTTP/2.0", upstream: "https://192.249.127.245:8443/product/edit/34720921", host: "www.classing.ru"
2025/10/16 15:18:28 [error] 1785366#0: *7367 connect() failed (111: Connection refused) while connecting to upstream, client: 85.208.96.194, server: ayaclass.com, request: "GET /?a=35829515 HTTP/1.1", upstream: "http://192.145.236.239:8080/?a=35829515", host: "www.ayaclass.com"
2025/10/16 15:18:29 [error] 1785366#0: *7318 connect() failed (111: Connection refused) while connecting to upstream, client: 20.171.207.30, server: pouted.com, request: "GET /wp-content/plugins/wpforms-lite/vendor_prefixed/square/?C=M;O=A HTTP/2.0", upstream: "https://192.145.236.239:8443/wp-content/plugins/wpforms-lite/vendor_prefixed/square/?C=M;O=A", host: "www.pouted.com"
2025/10/16 15:18:30 [error] 1785366#0: *7372 connect() failed (111: Connection refused) while connecting to upstream, client: 188.239.45.201, server: pouted.com, request: "GET /gift-for-easter HTTP/2.0", upstream: "https://192.145.236.239:8443/gift-for-easter", host: "pouted.com", referrer: "https://pouted.com/gift-for-easter"
2025/10/16 15:18:32 [error] 1785366#0: *7359 connect() failed (111: Connection refused) while connecting to upstream, client: 40.77.167.46, server: pouted.com, request: "GET /tag/luxurious-traveling/ HTTP/2.0", upstream: "https://192.145.236.239:8443/tag/luxurious-traveling/", host: "www.pouted.com"
2025/10/16 15:18:36 [error] 1785366#0: *7378 connect() failed (111: Connection refused) while connecting to upstream, client: 167.114.139.58, server: intensed.com, request: "GET /author/ryan/ HTTP/2.0", upstream: "https://192.249.127.250:8443/author/ryan/", host: "www.intensed.com"
2025/10/16 15:18:37 [error] 1785366#0: *7381 connect() failed (111: Connection refused) while connecting to upstream, client: 178.16.54.100, server: pouted.com, request: "GET /wp-login.php HTTP/2.0", upstream: "https://192.145.236.239:8443/wp-login.php", host: "www.pouted.com"
2025/10/16 15:18:40 [error] 1785366#0: *7383 connect() failed (111: Connection refused) while connecting to upstream, client: 127.0.0.1, server: 127.0.0.1, request: "GET /whm-server-status HTTP/1.0", upstream: "http://127.0.0.1:8080/whm-server-status", host: "localhost"
2025/10/16 15:18:43 [error] 1785366#0: *7385 connect() failed (111: Connection refused) while connecting to upstream, client: 186.216.223.13, server: ai.intensed.com, request: "GET /robots.txt HTTP/1.1", upstream: "https://192.249.127.250:8443/robots.txt", host: "ai.intensed.com"
2025/10/16 15:18:44 [error] 1785366#0: *7389 connect() failed (111: Connection refused) while connecting to upstream, client: 20.171.207.135, server: ayaclass.com, request: "GET /?dir=%2Fproc&dl=%2Fproc%2F1778109 HTTP/1.1", upstream: "http://192.145.236.239:8080/?dir=%2Fproc&dl=%2Fproc%2F1778109", host: "www.ayaclass.com"
2025/10/16 15:18:45 [error] 1785366#0: *7391 connect() failed (111: Connection refused) while connecting to upstream, client: 20.171.207.6, server: ayaclass.com, request: "GET /?dir=%2Fproc&dl=%2Fproc%2F1451711 HTTP/2.0", upstream: "https://192.145.236.239:8443/?dir=%2Fproc&dl=%2Fproc%2F1451711", host: "mail.ayaclass.com"
2025/10/16 15:18:50 [error] 1785366#0: *7394 connect() failed (111: Connection refused) while connecting to upstream, client: 52.167.144.191, server: ayaclass.com, request: "GET /products/27300532/ HTTP/1.1", upstream: "http://192.145.236.239:8080/products/27300532/", host: "www.ayaclass.com"
2025/10/16 15:18:50 [error] 1785366#0: *7396 open() "/home/pouted/public_html/wp-content/uploads/2013/05/asmi-gold-diamond-pendant-18-kt-0-16-ct-adp00683-475x475.jpg" failed (2: No such file or directory), client: 131.227.80.133, server: pouted.com, request: "GET /wp-content/uploads/2013/05/asmi-gold-diamond-pendant-18-kt-0-16-ct-adp00683-475x475.jpg HTTP/2.0", host: "www.pouted.com"
2025/10/16 15:18:53 [error] 1785366#0: *7399 connect() failed (111: Connection refused) while connecting to upstream, client: 172.182.195.59, server: pouted.com, request: "GET /post-sitemap12.xml HTTP/2.0", upstream: "https://192.145.236.239:8443/post-sitemap12.xml", host: "www.pouted.com"
2025/10/16 15:18:53 [error] 1785366#0: *7398 connect() failed (111: Connection refused) while connecting to upstream, client: 43.173.182.180, server: pouted.com, request: "GET /gabors-criteria-for-your-welfare/gabor-1211-addison-womens-mary-jane-style-shoe-with-a-70mm-heel/ HTTP/2.0", upstream: "https://192.145.236.239:8443/gabors-criteria-for-your-welfare/gabor-1211-addison-womens-mary-jane-style-shoe-with-a-70mm-heel/", host: "www.pouted.com"
2025/10/16 15:19:00 [error] 1785366#0: *7405 connect() failed (111: Connection refused) while connecting to upstream, client: 20.194.1.0, server: pouted.com, request: "GET /top-60-creative-pumpkin-carving-ideas-happy-halloween/ HTTP/2.0", upstream: "https://192.145.236.239:8443/top-60-creative-pumpkin-carving-ideas-happy-halloween/", host: "www.pouted.com"
2025/10/16 15:19:00 [error] 1785366#0: *7405 connect() failed (111: Connection refused) while connecting to upstream, client: 20.194.1.1, server: pouted.com, request: "GET /top-60-creative-pumpkin-carving-ideas-happy-halloween/ HTTP/2.0", upstream: "https://192.145.236.239:8443/top-60-creative-pumpkin-carving-ideas-happy-halloween/", host: "www.pouted.com"
2025/10/16 15:19:01 [error] 1785366#0: *7408 connect() failed (111: Connection refused) while connecting to upstream, client: 20.194.1.6, server: pouted.com, request: "GET /top-60-creative-pumpkin-carving-ideas-happy-halloween/ HTTP/2.0", upstream: "https://192.145.236.239:8443/top-60-creative-pumpkin-carving-ideas-happy-halloween/", host: "www.pouted.com"
2025/10/16 15:19:02 [error] 1785366#0: *7410 connect() failed (111: Connection refused) while connecting to upstream, client: 20.194.1.1, server: pouted.com, request: "GET /top-60-creative-pumpkin-carving-ideas-happy-halloween/ HTTP/2.0", upstream: "https://192.145.236.239:8443/top-60-creative-pumpkin-carving-ideas-happy-halloween/", host: "www.pouted.com"
2025/10/16 15:19:02 [error] 1785366#0: *7412 connect() failed (111: Connection refused) while connecting to upstream, client: 2a03:2880:f800:1d::, server: ayaclass.com, request: "GET /products/3589187/ HTTP/1.1", upstream: "http://192.145.236.239:8080/products/3589187/", host: "www.ayaclass.com"
