2025/10/16 15:08:46 [error] 1785366#0: *6174 connect() failed (111: Connection refused) while connecting to upstream, client: 196.251.73.73, server: intensed.com, request: "GET //wp-includes/ID3/license.txt HTTP/2.0", upstream: "https://192.249.127.250:8443//wp-includes/ID3/license.txt", host: "intensed.com"
2025/10/16 15:08:46 [error] 1785366#0: *6176 connect() failed (111: Connection refused) while connecting to upstream, client: 66.249.64.173, server: pouted.com, request: "GET /83-dreamy-unique-wedding-backdrop-ideas-in-2017/amp/ HTTP/2.0", upstream: "https://192.145.236.239:8443/83-dreamy-unique-wedding-backdrop-ideas-in-2017/amp/", host: "www.pouted.com"
2025/10/16 15:08:46 [error] 1785366#0: *6174 connect() failed (111: Connection refused) while connecting to upstream, client: 196.251.73.73, server: intensed.com, request: "GET //feed/ HTTP/2.0", upstream: "https://192.249.127.250:8443//feed/", host: "intensed.com"
2025/10/16 15:08:46 [error] 1785366#0: *6174 connect() failed (111: Connection refused) while connecting to upstream, client: 196.251.73.73, server: intensed.com, request: "GET //xmlrpc.php?rsd HTTP/2.0", upstream: "https://192.249.127.250:8443//xmlrpc.php?rsd", host: "intensed.com"
2025/10/16 15:08:47 [error] 1785366#0: *6174 connect() failed (111: Connection refused) while connecting to upstream, client: 196.251.73.73, server: intensed.com, request: "GET //blog/wp-includes/wlwmanifest.xml HTTP/2.0", upstream: "https://192.249.127.250:8443//blog/wp-includes/wlwmanifest.xml", host: "intensed.com"
2025/10/16 15:08:47 [error] 1785366#0: *6174 connect() failed (111: Connection refused) while connecting to upstream, client: 196.251.73.73, server: intensed.com, request: "GET //web/wp-includes/wlwmanifest.xml HTTP/2.0", upstream: "https://192.249.127.250:8443//web/wp-includes/wlwmanifest.xml", host: "intensed.com"
2025/10/16 15:08:47 [error] 1785366#0: *6174 connect() failed (111: Connection refused) while connecting to upstream, client: 196.251.73.73, server: intensed.com, request: "GET //wordpress/wp-includes/wlwmanifest.xml HTTP/2.0", upstream: "https://192.249.127.250:8443//wordpress/wp-includes/wlwmanifest.xml", host: "intensed.com"
2025/10/16 15:08:47 [error] 1785366#0: *6174 connect() failed (111: Connection refused) while connecting to upstream, client: 196.251.73.73, server: intensed.com, request: "GET //wp/wp-includes/wlwmanifest.xml HTTP/2.0", upstream: "https://192.249.127.250:8443//wp/wp-includes/wlwmanifest.xml", host: "intensed.com"
2025/10/16 15:08:47 [error] 1785366#0: *6174 connect() failed (111: Connection refused) while connecting to upstream, client: 196.251.73.73, server: intensed.com, request: "GET //2020/wp-includes/wlwmanifest.xml HTTP/2.0", upstream: "https://192.249.127.250:8443//2020/wp-includes/wlwmanifest.xml", host: "intensed.com"
2025/10/16 15:08:47 [error] 1785366#0: *6174 connect() failed (111: Connection refused) while connecting to upstream, client: 196.251.73.73, server: intensed.com, request: "GET //2019/wp-includes/wlwmanifest.xml HTTP/2.0", upstream: "https://192.249.127.250:8443//2019/wp-includes/wlwmanifest.xml", host: "intensed.com"
2025/10/16 15:08:48 [error] 1785366#0: *6174 connect() failed (111: Connection refused) while connecting to upstream, client: 196.251.73.73, server: intensed.com, request: "GET //2021/wp-includes/wlwmanifest.xml HTTP/2.0", upstream: "https://192.249.127.250:8443//2021/wp-includes/wlwmanifest.xml", host: "intensed.com"
2025/10/16 15:08:48 [error] 1785366#0: *6174 connect() failed (111: Connection refused) while connecting to upstream, client: 196.251.73.73, server: intensed.com, request: "GET //shop/wp-includes/wlwmanifest.xml HTTP/2.0", upstream: "https://192.249.127.250:8443//shop/wp-includes/wlwmanifest.xml", host: "intensed.com"
2025/10/16 15:08:48 [error] 1785366#0: *6174 connect() failed (111: Connection refused) while connecting to upstream, client: 196.251.73.73, server: intensed.com, request: "GET //wp1/wp-includes/wlwmanifest.xml HTTP/2.0", upstream: "https://192.249.127.250:8443//wp1/wp-includes/wlwmanifest.xml", host: "intensed.com"
2025/10/16 15:08:48 [error] 1785366#0: *6174 connect() failed (111: Connection refused) while connecting to upstream, client: 196.251.73.73, server: intensed.com, request: "GET //test/wp-includes/wlwmanifest.xml HTTP/2.0", upstream: "https://192.249.127.250:8443//test/wp-includes/wlwmanifest.xml", host: "intensed.com"
2025/10/16 15:08:48 [error] 1785366#0: *6174 connect() failed (111: Connection refused) while connecting to upstream, client: 196.251.73.73, server: intensed.com, request: "GET //site/wp-includes/wlwmanifest.xml HTTP/2.0", upstream: "https://192.249.127.250:8443//site/wp-includes/wlwmanifest.xml", host: "intensed.com"
2025/10/16 15:08:48 [error] 1785366#0: *6174 connect() failed (111: Connection refused) while connecting to upstream, client: 196.251.73.73, server: intensed.com, request: "GET //cms/wp-includes/wlwmanifest.xml HTTP/2.0", upstream: "https://192.249.127.250:8443//cms/wp-includes/wlwmanifest.xml", host: "intensed.com"
2025/10/16 15:08:49 [error] 1785366#0: *6193 connect() failed (111: Connection refused) while connecting to upstream, client: 107.20.181.148, server: ayaclass.com, request: "GET /public/?dir=/home/ayaclass/public_html/vendor/twilio/sdk/src/Twilio/Rest/FlexApi/V1&dl=/home/ayaclass/public_html/vendor/twilio/sdk/src/Twilio/Rest/FlexApi/V1/PluginArchiveList.php HTTP/1.1", upstream: "http://192.145.236.239:8080/public/?dir=/home/ayaclass/public_html/vendor/twilio/sdk/src/Twilio/Rest/FlexApi/V1&dl=/home/ayaclass/public_html/vendor/twilio/sdk/src/Twilio/Rest/FlexApi/V1/PluginArchiveList.php", host: "www.ayaclass.com"
2025/10/16 15:08:53 [error] 1785366#0: *6196 connect() failed (111: Connection refused) while connecting to upstream, client: 2600:8800:2300:930:3d6b:a6e2:b462:44d1, server: pouted.com, request: "GET /alphacleanse-review-liver-boosting-blend-from-edenboost/ HTTP/2.0", upstream: "https://192.145.236.239:8443/alphacleanse-review-liver-boosting-blend-from-edenboost/", host: "www.pouted.com", referrer: "https://www.bing.com/"
2025/10/16 15:08:53 [error] 1785366#0: *6144 connect() failed (111: Connection refused) while connecting to upstream, client: 18.211.39.188, server: ayaclass.com, request: "GET /?dir=/home/ayaclass/public_html/vendor/laravel/framework/src/Illuminate/Foundation/Testing&dl=/home/ayaclass/public_html/vendor/laravel/framework/src/Illuminate/Foundation/Testing/Wormhole.php HTTP/1.1", upstream: "http://192.145.236.239:8080/?dir=/home/ayaclass/public_html/vendor/laravel/framework/src/Illuminate/Foundation/Testing&dl=/home/ayaclass/public_html/vendor/laravel/framework/src/Illuminate/Foundation/Testing/Wormhole.php", host: "www.ayaclass.com"
2025/10/16 15:08:53 [error] 1785366#0: *6199 connect() failed (111: Connection refused) while connecting to upstream, client: 34.186.45.219, server: pouted.com, request: "GET /feed/ HTTP/2.0", upstream: "https://192.145.236.239:8443/feed/", host: "www.pouted.com"
2025/10/16 15:08:54 [error] 1785366#0: *6171 connect() failed (111: Connection refused) while connecting to upstream, client: 220.181.51.116, server: pouted.com, request: "GET /tag/wardrobes/ HTTP/2.0", upstream: "https://192.145.236.239:8443/tag/wardrobes/", host: "www.pouted.com"
2025/10/16 15:08:56 [error] 1785366#0: *6202 connect() failed (111: Connection refused) while connecting to upstream, client: 54.198.154.233, server: pouted.com, request: "GET /womens-summer-outfit-ideas/ HTTP/2.0", upstream: "https://192.145.236.239:8443/womens-summer-outfit-ideas/", host: "www.pouted.com"
2025/10/16 15:08:56 [error] 1785366#0: *6204 connect() failed (111: Connection refused) while connecting to upstream, client: 52.71.218.25, server: ayaclass.com, request: "GET /public/?dir=/usr/share/man/man7&dl=/usr/share/man/man7/icmp.7.gz HTTP/1.1", upstream: "http://192.145.236.239:8080/public/?dir=/usr/share/man/man7&dl=/usr/share/man/man7/icmp.7.gz", host: "www.ayaclass.com"
2025/10/16 15:08:59 [error] 1785366#0: *6206 open() "/home/pouted/public_html/wp-content/uploads/jewels/vintage-brooches.jpg" failed (2: No such file or directory), client: 3.139.225.206, server: pouted.com, request: "GET /wp-content/uploads/jewels/vintage-brooches.jpg?x71148 HTTP/2.0", host: "www.pouted.com"
2025/10/16 15:09:01 [error] 1785366#0: *6209 connect() failed (111: Connection refused) while connecting to upstream, client: 34.197.28.78, server: ayaclass.com, request: "GET /public/?dir=/opt/cpanel/ea-openssl11/share/doc/openssl/html/man3&edit=/opt/cpanel/ea-openssl11/share/doc/openssl/html/man3/EVP_MD_meth_get_copy.html HTTP/1.1", upstream: "http://192.145.236.239:8080/public/?dir=/opt/cpanel/ea-openssl11/share/doc/openssl/html/man3&edit=/opt/cpanel/ea-openssl11/share/doc/openssl/html/man3/EVP_MD_meth_get_copy.html", host: "www.ayaclass.com"
2025/10/16 15:09:03 [error] 1785366#0: *6214 connect() failed (111: Connection refused) while connecting to upstream, client: 113.195.58.202, server: pouted.com, request: "GET /tag/wardrobes/ HTTP/2.0", upstream: "https://192.145.236.239:8443/tag/wardrobes/", host: "www.pouted.com"
2025/10/16 15:09:05 [error] 1785366#0: *6209 connect() failed (111: Connection refused) while connecting to upstream, client: 34.194.233.48, server: ayaclass.com, request: "GET /public/?dir=/usr/share/doc&dl=/usr/share/doc/python3-dateutil HTTP/1.1", upstream: "http://192.145.236.239:8080/public/?dir=/usr/share/doc&dl=/usr/share/doc/python3-dateutil", host: "www.ayaclass.com"
2025/10/16 15:09:09 [error] 1785366#0: *6221 connect() failed (111: Connection refused) while connecting to upstream, client: 52.200.58.199, server: ayaclass.com, request: "GET /?dir=/home/ayaclass/public_html/vendor/doctrine/inflector/lib/Doctrine/Inflector&dl=/home/ayaclass/public_html/vendor/doctrine/inflector/lib/Doctrine/Inflector/CachedWordInflector.php HTTP/1.1", upstream: "http://192.145.236.239:8080/?dir=/home/ayaclass/public_html/vendor/doctrine/inflector/lib/Doctrine/Inflector&dl=/home/ayaclass/public_html/vendor/doctrine/inflector/lib/Doctrine/Inflector/CachedWordInflector.php", host: "www.ayaclass.com"
2025/10/16 15:09:09 [error] 1785366#0: *6220 connect() failed (111: Connection refused) while connecting to upstream, client: 172.204.16.76, server: pouted.com, request: "GET /best-50-home-decor-websites-to-follow/ HTTP/2.0", upstream: "https://192.145.236.239:8443/best-50-home-decor-websites-to-follow/", host: "www.pouted.com"
2025/10/16 15:09:09 [error] 1785366#0: *6220 connect() failed (111: Connection refused) while connecting to upstream, client: 172.204.16.75, server: pouted.com, request: "GET /best-50-home-decor-websites-to-follow/ HTTP/2.0", upstream: "https://192.145.236.239:8443/best-50-home-decor-websites-to-follow/", host: "www.pouted.com"
2025/10/16 15:09:09 [error] 1785366#0: *6223 connect() failed (111: Connection refused) while connecting to upstream, client: 172.204.16.73, server: pouted.com, request: "GET /best-50-home-decor-websites-to-follow/ HTTP/2.0", upstream: "https://192.145.236.239:8443/best-50-home-decor-websites-to-follow/", host: "www.pouted.com"
2025/10/16 15:09:09 [error] 1785366#0: *6223 connect() failed (111: Connection refused) while connecting to upstream, client: 172.204.16.73, server: pouted.com, request: "GET /best-50-home-decor-websites-to-follow/ HTTP/2.0", upstream: "https://192.145.236.239:8443/best-50-home-decor-websites-to-follow/", host: "www.pouted.com"
2025/10/16 15:09:10 [error] 1785366#0: *6220 connect() failed (111: Connection refused) while connecting to upstream, client: 172.204.16.75, server: pouted.com, request: "GET /best-50-home-decor-websites-to-follow/ HTTP/2.0", upstream: "https://192.145.236.239:8443/best-50-home-decor-websites-to-follow/", host: "www.pouted.com"
2025/10/16 15:09:10 [error] 1785366#0: *6220 connect() failed (111: Connection refused) while connecting to upstream, client: 172.204.16.75, server: pouted.com, request: "GET /best-50-home-decor-websites-to-follow/ HTTP/2.0", upstream: "https://192.145.236.239:8443/best-50-home-decor-websites-to-follow/", host: "www.pouted.com"
2025/10/16 15:09:10 [error] 1785366#0: *6220 connect() failed (111: Connection refused) while connecting to upstream, client: 172.204.16.73, server: pouted.com, request: "GET /best-50-home-decor-websites-to-follow/ HTTP/2.0", upstream: "https://192.145.236.239:8443/best-50-home-decor-websites-to-follow/", host: "www.pouted.com"
2025/10/16 15:09:10 [error] 1785366#0: *6223 connect() failed (111: Connection refused) while connecting to upstream, client: 172.204.16.75, server: pouted.com, request: "GET /best-50-home-decor-websites-to-follow/ HTTP/2.0", upstream: "https://192.145.236.239:8443/best-50-home-decor-websites-to-follow/", host: "www.pouted.com"
2025/10/16 15:09:11 [error] 1785363#0: *6233 connect() failed (111: Connection refused) while connecting to upstream, client: 66.249.72.71, server: ayaclass.com, request: "GET /products/23435465/ HTTP/1.1", upstream: "http://192.145.236.239:8080/products/23435465/", host: "www.ayaclass.com"
2025/10/16 15:09:11 [error] 1785363#0: *6233 connect() failed (111: Connection refused) while connecting to upstream, client: 66.249.72.70, server: ayaclass.com, request: "GET /?dir=%2Fproc%2F2182743&edit=%2Fproc%2F2182743%2Fwchan HTTP/1.1", upstream: "http://192.145.236.239:8080/?dir=%2Fproc%2F2182743&edit=%2Fproc%2F2182743%2Fwchan", host: "www.ayaclass.com"
2025/10/16 15:09:13 [error] 1785366#0: *6236 connect() failed (111: Connection refused) while connecting to upstream, client: 44.223.115.10, server: ayaclass.com, request: "GET /public/?dir=/opt/imh-python/lib/python3.9/site-packages/libcloud/dns/drivers/__pycache__&edit=/opt/imh-python/lib/python3.9/site-packages/libcloud/dns/drivers/__pycache__/hostvirtual.cpython-39.pyc HTTP/1.1", upstream: "http://192.145.236.239:8080/public/?dir=/opt/imh-python/lib/python3.9/site-packages/libcloud/dns/drivers/__pycache__&edit=/opt/imh-python/lib/python3.9/site-packages/libcloud/dns/drivers/__pycache__/hostvirtual.cpython-39.pyc", host: "www.ayaclass.com"
2025/10/16 15:09:13 [error] 1785366#0: *6238 connect() failed (111: Connection refused) while connecting to upstream, client: 20.171.207.6, server: ayaclass.com, request: "GET /?dir=%2Fproc&edit=%2Fproc%2F1470306 HTTP/2.0", upstream: "https://192.145.236.239:8443/?dir=%2Fproc&edit=%2Fproc%2F1470306", host: "mail.ayaclass.com"
2025/10/16 15:09:14 [error] 1785366#0: *6240 open() "/home/pouted/public_html/wp-content/uploads/2013/06/River-Kayaking.jpg" failed (2: No such file or directory), client: 34.122.155.238, server: pouted.com, request: "GET /wp-content/uploads/2013/06/River-Kayaking.jpg?x71148 HTTP/2.0", host: "www.pouted.com"
2025/10/16 15:09:15 [error] 1785363#0: *6242 connect() failed (111: Connection refused) while connecting to upstream, client: 20.171.207.135, server: ayaclass.com, request: "GET /?dir=%2Fproc&dl=%2Fproc%2F1476110 HTTP/1.1", upstream: "http://192.145.236.239:8080/?dir=%2Fproc&dl=%2Fproc%2F1476110", host: "www.ayaclass.com"
2025/10/16 15:09:15 [error] 1785366#0: *6244 connect() failed (111: Connection refused) while connecting to upstream, client: 2600:1f18:360e:f601:ea58:b84b:dfd:2e7d, server: pouted.com, request: "GET /womens-summer-outfit-ideas HTTP/2.0", upstream: "https://192.145.236.239:8443/womens-summer-outfit-ideas", host: "www.pouted.com"
2025/10/16 15:09:15 [error] 1785366#0: *6246 connect() failed (111: Connection refused) while connecting to upstream, client: 40.77.167.78, server: ayaclass.com, request: "GET /products/3493910/ HTTP/1.1", upstream: "http://192.145.236.239:8080/products/3493910/", host: "www.ayaclass.com"
2025/10/16 15:09:15 [error] 1785366#0: *6246 connect() failed (111: Connection refused) while connecting to upstream, client: 40.77.167.78, server: ayaclass.com, request: "GET /products/20610509/ HTTP/1.1", upstream: "http://192.145.236.239:8080/products/20610509/", host: "www.ayaclass.com"
2025/10/16 15:09:16 [error] 1785366#0: *6249 open() "/home/pouted/public_html/wp-content/uploads/2013/04/berryhill-eye-care-children-sunglasses.jpg" failed (2: No such file or directory), client: 3.139.225.206, server: pouted.com, request: "GET /wp-content/uploads/2013/04/berryhill-eye-care-children-sunglasses.jpg?x45357 HTTP/2.0", host: "www.pouted.com"
2025/10/16 15:09:17 [error] 1785366#0: *6250 connect() failed (111: Connection refused) while connecting to upstream, client: 98.83.226.125, server: ayaclass.com, request: "GET /?dir=/usr/share/doc/bind&dl=/usr/share/doc/bind/README HTTP/1.1", upstream: "http://192.145.236.239:8080/?dir=/usr/share/doc/bind&dl=/usr/share/doc/bind/README", host: "www.ayaclass.com"
2025/10/16 15:09:18 [error] 1785363#0: *6253 connect() failed (111: Connection refused) while connecting to upstream, client: 191.101.191.93, server: pouted.com, request: "GET /4-instagram-marketing-tips-for-brands-in-2019/ HTTP/2.0", upstream: "https://192.145.236.239:8443/4-instagram-marketing-tips-for-brands-in-2019/", host: "pouted.com", referrer: "http://pouted.com/4-instagram-marketing-tips-for-brands-in-2019/"
2025/10/16 15:09:19 [error] 1785366#0: *6255 connect() failed (111: Connection refused) while connecting to upstream, client: 154.37.78.248, server: pouted.com, request: "GET /4-instagram-marketing-tips-for-brands-in-2019/ HTTP/2.0", upstream: "https://192.145.236.239:8443/4-instagram-marketing-tips-for-brands-in-2019/", host: "pouted.com", referrer: "https://pouted.com/"
2025/10/16 15:09:21 [error] 1785366#0: *6257 connect() failed (111: Connection refused) while connecting to upstream, client: 104.168.112.23, server: pouted.com, request: "GET /4-instagram-marketing-tips-for-brands-in-2019/ HTTP/2.0", upstream: "https://192.145.236.239:8443/4-instagram-marketing-tips-for-brands-in-2019/", host: "pouted.com", referrer: "https://pouted.com/"
2025/10/16 15:09:21 [error] 1785366#0: *6259 connect() failed (111: Connection refused) while connecting to upstream, client: 54.84.147.79, server: ayaclass.com, request: "GET /?dir=/opt/imh-python/lib/python3.9/site-packages/pygments/lexers/__pycache__&dl=/opt/imh-python/lib/python3.9/site-packages/pygments/lexers/__pycache__/gsql.cpython-39.pyc HTTP/1.1", upstream: "http://192.145.236.239:8080/?dir=/opt/imh-python/lib/python3.9/site-packages/pygments/lexers/__pycache__&dl=/opt/imh-python/lib/python3.9/site-packages/pygments/lexers/__pycache__/gsql.cpython-39.pyc", host: "www.ayaclass.com"
2025/10/16 15:09:22 [error] 1785366#0: *6261 connect() failed (111: Connection refused) while connecting to upstream, client: 198.12.122.25, server: pouted.com, request: "GET /4-instagram-marketing-tips-for-brands-in-2019/ HTTP/2.0", upstream: "https://192.145.236.239:8443/4-instagram-marketing-tips-for-brands-in-2019/", host: "pouted.com", referrer: "https://pouted.com/"
2025/10/16 15:09:23 [error] 1785366#0: *6265 open() "/home/pouted/public_html/wp-content/uploads/2017/04/EasyAzon-review-–-What-You-Should-Avoid-390x220.jpg" failed (2: No such file or directory), client: 106.38.226.54, server: pouted.com, request: "GET /wp-content/uploads/2017/04/EasyAzon-review-%E2%80%93-What-You-Should-Avoid-390x220.jpg HTTP/2.0", host: "www.pouted.com"
2025/10/16 15:09:24 [error] 1785366#0: *6268 connect() failed (111: Connection refused) while connecting to upstream, client: 44.239.58.113, server: pouted.com, request: "GET /feed HTTP/2.0", upstream: "https://192.145.236.239:8443/feed", host: "www.pouted.com", referrer: "https://www.pouted.com/feed"
2025/10/16 15:09:24 [error] 1785366#0: *6270 connect() failed (111: Connection refused) while connecting to upstream, client: 85.208.96.210, server: ayaclass.com, request: "GET /?a=30841115 HTTP/1.1", upstream: "http://192.145.236.239:8080/?a=30841115", host: "www.ayaclass.com"
2025/10/16 15:09:24 [error] 1785366#0: *6272 connect() failed (111: Connection refused) while connecting to upstream, client: 143.198.72.22, server: pouted.com, request: "GET /feed HTTP/2.0", upstream: "https://192.145.236.239:8443/feed", host: "www.pouted.com", referrer: "https://www.pouted.com/feed"
2025/10/16 15:09:25 [error] 1785366#0: *6274 connect() failed (111: Connection refused) while connecting to upstream, client: 54.147.182.90, server: ayaclass.com, request: "GET /?dir=/home/ayaclass/public_html/vendor/google/apiclient-services/src&edit=/home/ayaclass/public_html/vendor/google/apiclient-services/src/CloudFilestore HTTP/1.1", upstream: "http://192.145.236.239:8080/?dir=/home/ayaclass/public_html/vendor/google/apiclient-services/src&edit=/home/ayaclass/public_html/vendor/google/apiclient-services/src/CloudFilestore", host: "www.ayaclass.com"
2025/10/16 15:09:26 [error] 1785366#0: *6244 connect() failed (111: Connection refused) while connecting to upstream, client: 2a03:2880:f800:30::, server: pouted.com, request: "GET /top-10-luxury-jewelry-brands-world-2014/amp/?utm_content=buffer41823&utm_medium=social&utm_source=pinterest.com&utm_campaign=buffer HTTP/2.0", upstream: "https://192.145.236.239:8443/top-10-luxury-jewelry-brands-world-2014/amp/?utm_content=buffer41823&utm_medium=social&utm_source=pinterest.com&utm_campaign=buffer", host: "www.pouted.com"
2025/10/16 15:09:26 [error] 1785366#0: *6281 connect() failed (111: Connection refused) while connecting to upstream, client: 127.0.0.1, server: 127.0.0.1, request: "GET /whm-server-status HTTP/1.0", upstream: "http://127.0.0.1:8080/whm-server-status", host: "localhost"
2025/10/16 15:09:26 [error] 1785366#0: *6278 connect() failed (111: Connection refused) while connecting to upstream, client: 119.8.190.132, server: pouted.com, request: "GET /the-flexitarian-diet/amp HTTP/2.0", upstream: "https://192.145.236.239:8443/the-flexitarian-diet/amp", host: "pouted.com", referrer: "https://pouted.com/the-flexitarian-diet/amp"
2025/10/16 15:09:29 [error] 1785366#0: *6284 connect() failed (111: Connection refused) while connecting to upstream, client: 44.215.210.112, server: ayaclass.com, request: "GET /?dir=/home/ayaclass/.trash/AAA/vendor/google/apiclient-services/src/MapsPlaces&dl=/home/ayaclass/.trash/AAA/vendor/google/apiclient-services/src/MapsPlaces/GoogleMapsPlacesV1AutocompletePlacesResponse.php HTTP/1.1", upstream: "http://192.145.236.239:8080/?dir=/home/ayaclass/.trash/AAA/vendor/google/apiclient-services/src/MapsPlaces&dl=/home/ayaclass/.trash/AAA/vendor/google/apiclient-services/src/MapsPlaces/GoogleMapsPlacesV1AutocompletePlacesResponse.php", host: "www.ayaclass.com"
2025/10/16 15:09:29 [error] 1785366#0: *6286 connect() failed (111: Connection refused) while connecting to upstream, client: 13.89.44.164, server: intensed.com, request: "GET /aa.php HTTP/2.0", upstream: "https://192.249.127.250:8443/aa.php", host: "intensed.com"
2025/10/16 15:09:29 [error] 1785366#0: *6286 connect() failed (111: Connection refused) while connecting to upstream, client: 13.89.44.164, server: intensed.com, request: "GET /abcd.php HTTP/2.0", upstream: "https://192.249.127.250:8443/abcd.php", host: "intensed.com"
2025/10/16 15:09:29 [error] 1785366#0: *6286 connect() failed (111: Connection refused) while connecting to upstream, client: 13.89.44.164, server: intensed.com, request: "GET /admin.php HTTP/2.0", upstream: "https://192.249.127.250:8443/admin.php", host: "intensed.com"
2025/10/16 15:09:29 [error] 1785366#0: *6286 connect() failed (111: Connection refused) while connecting to upstream, client: 13.89.44.164, server: intensed.com, request: "GET /buy.php HTTP/2.0", upstream: "https://192.249.127.250:8443/buy.php", host: "intensed.com"
2025/10/16 15:09:29 [error] 1785366#0: *6286 connect() failed (111: Connection refused) while connecting to upstream, client: 13.89.44.164, server: intensed.com, request: "GET /cgi-bin/ HTTP/2.0", upstream: "https://192.249.127.250:8443/cgi-bin/", host: "intensed.com"
2025/10/16 15:09:29 [error] 1785366#0: *6286 connect() failed (111: Connection refused) while connecting to upstream, client: 13.89.44.164, server: intensed.com, request: "GET /edit.php HTTP/2.0", upstream: "https://192.249.127.250:8443/edit.php", host: "intensed.com"
2025/10/16 15:09:30 [error] 1785366#0: *6295 connect() failed (111: Connection refused) while connecting to upstream, client: 13.89.44.164, server: intensed.com, request: "GET /file.php HTTP/2.0", upstream: "https://192.249.127.250:8443/file.php", host: "intensed.com"
2025/10/16 15:09:30 [error] 1785366#0: *6295 connect() failed (111: Connection refused) while connecting to upstream, client: 13.89.44.164, server: intensed.com, request: "GET /flower.php HTTP/2.0", upstream: "https://192.249.127.250:8443/flower.php", host: "intensed.com"
2025/10/16 15:09:30 [error] 1785366#0: *6295 connect() failed (111: Connection refused) while connecting to upstream, client: 13.89.44.164, server: intensed.com, request: "GET /images/index.php HTTP/2.0", upstream: "https://192.249.127.250:8443/images/index.php", host: "intensed.com"
2025/10/16 15:09:30 [error] 1785366#0: *6295 connect() failed (111: Connection refused) while connecting to upstream, client: 13.89.44.164, server: intensed.com, request: "GET /info.php HTTP/2.0", upstream: "https://192.249.127.250:8443/info.php", host: "intensed.com"
2025/10/16 15:09:30 [error] 1785366#0: *6295 connect() failed (111: Connection refused) while connecting to upstream, client: 13.89.44.164, server: intensed.com, request: "GET /ioxi-o.php HTTP/2.0", upstream: "https://192.249.127.250:8443/ioxi-o.php", host: "intensed.com"
2025/10/16 15:09:31 [error] 1785366#0: *6295 connect() failed (111: Connection refused) while connecting to upstream, client: 13.89.44.164, server: intensed.com, request: "GET /nc4.php HTTP/2.0", upstream: "https://192.249.127.250:8443/nc4.php", host: "intensed.com"
2025/10/16 15:09:31 [error] 1785366#0: *6295 connect() failed (111: Connection refused) while connecting to upstream, client: 13.89.44.164, server: intensed.com, request: "GET /xleet.php HTTP/2.0", upstream: "https://192.249.127.250:8443/xleet.php", host: "intensed.com"
2025/10/16 15:09:31 [error] 1785366#0: *6295 connect() failed (111: Connection refused) while connecting to upstream, client: 13.89.44.164, server: intensed.com, request: "GET /wp-admin/includes/ HTTP/2.0", upstream: "https://192.249.127.250:8443/wp-admin/includes/", host: "intensed.com"
2025/10/16 15:09:31 [error] 1785366#0: *6295 connect() failed (111: Connection refused) while connecting to upstream, client: 13.89.44.164, server: intensed.com, request: "GET /wp-content/upgrade/index.php HTTP/2.0", upstream: "https://192.249.127.250:8443/wp-content/upgrade/index.php", host: "intensed.com"
2025/10/16 15:09:31 [error] 1785366#0: *6295 open() "/home/intensed/public_html/wp-content/uploads/admin.php" failed (2: No such file or directory), client: 13.89.44.164, server: intensed.com, request: "GET /wp-content/uploads/admin.php HTTP/2.0", host: "intensed.com"
2025/10/16 15:09:31 [error] 1785366#0: *6295 connect() failed (111: Connection refused) while connecting to upstream, client: 13.89.44.164, server: intensed.com, request: "GET /wp-good.php HTTP/2.0", upstream: "https://192.249.127.250:8443/wp-good.php", host: "intensed.com"
2025/10/16 15:09:31 [error] 1785366#0: *6307 connect() failed (111: Connection refused) while connecting to upstream, client: 52.167.144.141, server: pouted.com, request: "GET /post-sitemap21.xml HTTP/2.0", upstream: "https://192.145.236.239:8443/post-sitemap21.xml", host: "www.pouted.com"
2025/10/16 15:09:31 [error] 1785366#0: *6295 connect() failed (111: Connection refused) while connecting to upstream, client: 13.89.44.164, server: intensed.com, request: "GET /wp-includes/Text/Diff/Renderer/ HTTP/2.0", upstream: "https://192.249.127.250:8443/wp-includes/Text/Diff/Renderer/", host: "intensed.com"
2025/10/16 15:09:31 [error] 1785366#0: *6295 connect() failed (111: Connection refused) while connecting to upstream, client: 13.89.44.164, server: intensed.com, request: "GET /wp-includes/style-engine/ HTTP/2.0", upstream: "https://192.249.127.250:8443/wp-includes/style-engine/", host: "intensed.com"
2025/10/16 15:09:32 [error] 1785366#0: *6295 connect() failed (111: Connection refused) while connecting to upstream, client: 13.89.44.164, server: intensed.com, request: "GET /xmrlpc.php HTTP/2.0", upstream: "https://192.249.127.250:8443/xmrlpc.php", host: "intensed.com"
2025/10/16 15:09:32 [error] 1785366#0: *6295 connect() failed (111: Connection refused) while connecting to upstream, client: 13.89.44.164, server: intensed.com, request: "GET /about.php HTTP/2.0", upstream: "https://192.249.127.250:8443/about.php", host: "intensed.com"
2025/10/16 15:09:32 [error] 1785366#0: *6295 connect() failed (111: Connection refused) while connecting to upstream, client: 13.89.44.164, server: intensed.com, request: "GET /adminfuns.php HTTP/2.0", upstream: "https://192.249.127.250:8443/adminfuns.php", host: "intensed.com"
2025/10/16 15:09:32 [error] 1785366#0: *6295 connect() failed (111: Connection refused) while connecting to upstream, client: 13.89.44.164, server: intensed.com, request: "GET /alfa.php HTTP/2.0", upstream: "https://192.249.127.250:8443/alfa.php", host: "intensed.com"
2025/10/16 15:09:32 [error] 1785366#0: *6295 connect() failed (111: Connection refused) while connecting to upstream, client: 13.89.44.164, server: intensed.com, request: "GET /asasx.php HTTP/2.0", upstream: "https://192.249.127.250:8443/asasx.php", host: "intensed.com"
2025/10/16 15:09:32 [error] 1785366#0: *6295 connect() failed (111: Connection refused) while connecting to upstream, client: 13.89.44.164, server: intensed.com, request: "GET /autoload_classmap.php HTTP/2.0", upstream: "https://192.249.127.250:8443/autoload_classmap.php", host: "intensed.com"
2025/10/16 15:09:32 [error] 1785366#0: *6295 connect() failed (111: Connection refused) while connecting to upstream, client: 13.89.44.164, server: intensed.com, request: "GET /classwithtostring.php HTTP/2.0", upstream: "https://192.249.127.250:8443/classwithtostring.php", host: "intensed.com"
2025/10/16 15:09:32 [error] 1785366#0: *6295 connect() failed (111: Connection refused) while connecting to upstream, client: 13.89.44.164, server: intensed.com, request: "GET /cong.php HTTP/2.0", upstream: "https://192.249.127.250:8443/cong.php", host: "intensed.com"
2025/10/16 15:09:33 [error] 1785366#0: *6295 connect() failed (111: Connection refused) while connecting to upstream, client: 13.89.44.164, server: intensed.com, request: "GET /file2.php HTTP/2.0", upstream: "https://192.249.127.250:8443/file2.php", host: "intensed.com"
2025/10/16 15:09:33 [error] 1785366#0: *6321 connect() failed (111: Connection refused) while connecting to upstream, client: 138.91.30.57, server: pouted.com, request: "GET /family-photoshoot-outfit-ideas/ HTTP/2.0", upstream: "https://192.145.236.239:8443/family-photoshoot-outfit-ideas/", host: "www.pouted.com"
2025/10/16 15:09:33 [error] 1785366#0: *6295 connect() failed (111: Connection refused) while connecting to upstream, client: 13.89.44.164, server: intensed.com, request: "GET /moon.php HTTP/2.0", upstream: "https://192.249.127.250:8443/moon.php", host: "intensed.com"
2025/10/16 15:09:33 [error] 1785366#0: *6295 connect() failed (111: Connection refused) while connecting to upstream, client: 13.89.44.164, server: intensed.com, request: "GET /wp-admin/css/colors/blue/index.php HTTP/2.0", upstream: "https://192.249.127.250:8443/wp-admin/css/colors/blue/index.php", host: "intensed.com"
2025/10/16 15:09:33 [error] 1785366#0: *6327 connect() failed (111: Connection refused) while connecting to upstream, client: 18.235.81.246, server: ayaclass.com, request: "GET /public/?dir=/usr/lib/rads/venv/lib/python3.13/site-packages/psutil/__pycache__&edit=/usr/lib/rads/venv/lib/python3.13/site-packages/psutil/__pycache__/_psosx.cpython-313.pyc HTTP/1.1", upstream: "http://192.145.236.239:8080/public/?dir=/usr/lib/rads/venv/lib/python3.13/site-packages/psutil/__pycache__&edit=/usr/lib/rads/venv/lib/python3.13/site-packages/psutil/__pycache__/_psosx.cpython-313.pyc", host: "www.ayaclass.com"
2025/10/16 15:09:33 [error] 1785366#0: *6295 connect() failed (111: Connection refused) while connecting to upstream, client: 13.89.44.164, server: intensed.com, request: "GET /wp-content/index.php HTTP/2.0", upstream: "https://192.249.127.250:8443/wp-content/index.php", host: "intensed.com"
2025/10/16 15:09:33 [error] 1785366#0: *6295 connect() failed (111: Connection refused) while connecting to upstream, client: 13.89.44.164, server: intensed.com, request: "GET /wp-content/plugins/yanierin/akcc.php HTTP/2.0", upstream: "https://192.249.127.250:8443/wp-content/plugins/yanierin/akcc.php", host: "intensed.com"
2025/10/16 15:09:33 [error] 1785366#0: *6295 open() "/home/intensed/public_html/wp-content/uploads/index.php" failed (2: No such file or directory), client: 13.89.44.164, server: intensed.com, request: "GET /wp-content/uploads/index.php HTTP/2.0", host: "intensed.com"
2025/10/16 15:09:33 [error] 1785366#0: *6330 connect() failed (111: Connection refused) while connecting to upstream, client: 138.91.30.54, server: pouted.com, request: "GET /family-photoshoot-outfit-ideas/ HTTP/2.0", upstream: "https://192.145.236.239:8443/family-photoshoot-outfit-ideas/", host: "www.pouted.com"
2025/10/16 15:09:33 [error] 1785366#0: *6295 connect() failed (111: Connection refused) while connecting to upstream, client: 13.89.44.164, server: intensed.com, request: "GET /wp-content/wp-conflg.php HTTP/2.0", upstream: "https://192.249.127.250:8443/wp-content/wp-conflg.php", host: "intensed.com"
2025/10/16 15:09:33 [error] 1785366#0: *6295 connect() failed (111: Connection refused) while connecting to upstream, client: 13.89.44.164, server: intensed.com, request: "GET /wp-cron.php HTTP/2.0", upstream: "https://192.249.127.250:8443/wp-cron.php", host: "intensed.com"
2025/10/16 15:09:34 [error] 1785366#0: *6295 connect() failed (111: Connection refused) while connecting to upstream, client: 13.89.44.164, server: intensed.com, request: "GET /wp-includes/IXR/ HTTP/2.0", upstream: "https://192.249.127.250:8443/wp-includes/IXR/", host: "intensed.com"
2025/10/16 15:09:34 [error] 1785366#0: *6295 connect() failed (111: Connection refused) while connecting to upstream, client: 13.89.44.164, server: intensed.com, request: "GET /wp-includes/block-supports/ HTTP/2.0", upstream: "https://192.249.127.250:8443/wp-includes/block-supports/", host: "intensed.com"
2025/10/16 15:09:34 [error] 1785366#0: *6295 connect() failed (111: Connection refused) while connecting to upstream, client: 13.89.44.164, server: intensed.com, request: "GET /wp-includes/fonts/ HTTP/2.0", upstream: "https://192.249.127.250:8443/wp-includes/fonts/", host: "intensed.com"
2025/10/16 15:09:34 [error] 1785366#0: *6337 connect() failed (111: Connection refused) while connecting to upstream, client: 138.91.30.54, server: pouted.com, request: "GET /family-photoshoot-outfit-ideas/ HTTP/2.0", upstream: "https://192.145.236.239:8443/family-photoshoot-outfit-ideas/", host: "www.pouted.com"
2025/10/16 15:09:34 [error] 1785366#0: *6295 connect() failed (111: Connection refused) while connecting to upstream, client: 13.89.44.164, server: intensed.com, request: "GET /wp-includes/fonts/index.php HTTP/2.0", upstream: "https://192.249.127.250:8443/wp-includes/fonts/index.php", host: "intensed.com"
2025/10/16 15:09:34 [error] 1785366#0: *6295 connect() failed (111: Connection refused) while connecting to upstream, client: 13.89.44.164, server: intensed.com, request: "GET /wp-includes/js/crop/ HTTP/2.0", upstream: "https://192.249.127.250:8443/wp-includes/js/crop/", host: "intensed.com"
2025/10/16 15:09:34 [error] 1785366#0: *6321 connect() failed (111: Connection refused) while connecting to upstream, client: 138.91.30.48, server: pouted.com, request: "GET /family-photoshoot-outfit-ideas/ HTTP/2.0", upstream: "https://192.145.236.239:8443/family-photoshoot-outfit-ideas/", host: "www.pouted.com"
2025/10/16 15:09:34 [error] 1785366#0: *6295 connect() failed (111: Connection refused) while connecting to upstream, client: 13.89.44.164, server: intensed.com, request: "GET /wp-includes/rest-api/ HTTP/2.0", upstream: "https://192.249.127.250:8443/wp-includes/rest-api/", host: "intensed.com"
2025/10/16 15:09:34 [error] 1785366#0: *6295 connect() failed (111: Connection refused) while connecting to upstream, client: 13.89.44.164, server: intensed.com, request: "GET /wp-includes/widgets/ HTTP/2.0", upstream: "https://192.249.127.250:8443/wp-includes/widgets/", host: "intensed.com"
2025/10/16 15:09:36 [error] 1785366#0: *6348 connect() failed (111: Connection refused) while connecting to upstream, client: 220.181.51.88, server: pouted.com, request: "GET /tag/top-kitchen-microwaves/ HTTP/2.0", upstream: "https://192.145.236.239:8443/tag/top-kitchen-microwaves/", host: "www.pouted.com"
2025/10/16 15:09:36 [error] 1785366#0: *6250 connect() failed (111: Connection refused) while connecting to upstream, client: 3.224.104.67, server: ayaclass.com, request: "GET /?dir=/usr/lib64/python3.6/concurrent/futures/__pycache__&edit=/usr/lib64/python3.6/concurrent/futures/__pycache__/__init__.cpython-36.pyc HTTP/1.1", upstream: "http://192.145.236.239:8080/?dir=/usr/lib64/python3.6/concurrent/futures/__pycache__&edit=/usr/lib64/python3.6/concurrent/futures/__pycache__/__init__.cpython-36.pyc", host: "www.ayaclass.com"
2025/10/16 15:09:37 [error] 1785366#0: *6268 connect() failed (111: Connection refused) while connecting to upstream, client: 44.239.58.113, server: pouted.com, request: "GET /feed HTTP/2.0", upstream: "https://192.145.236.239:8443/feed", host: "www.pouted.com", referrer: "https://www.pouted.com/feed"
2025/10/16 15:09:37 [error] 1785366#0: *6272 connect() failed (111: Connection refused) while connecting to upstream, client: 143.198.72.22, server: pouted.com, request: "GET /feed HTTP/2.0", upstream: "https://192.145.236.239:8443/feed", host: "www.pouted.com", referrer: "https://www.pouted.com/feed"
2025/10/16 15:09:39 [error] 1785366#0: *6268 connect() failed (111: Connection refused) while connecting to upstream, client: 44.239.58.113, server: pouted.com, request: "GET /feed HTTP/2.0", upstream: "https://192.145.236.239:8443/feed", host: "www.pouted.com", referrer: "https://www.pouted.com/feed"
2025/10/16 15:09:39 [error] 1785366#0: *6354 connect() failed (111: Connection refused) while connecting to upstream, client: 143.198.72.22, server: pouted.com, request: "GET /feed HTTP/2.0", upstream: "https://192.145.236.239:8443/feed", host: "www.pouted.com", referrer: "https://www.pouted.com/feed"
2025/10/16 15:09:41 [error] 1785366#0: *6250 connect() failed (111: Connection refused) while connecting to upstream, client: 3.217.171.106, server: ayaclass.com, request: "GET /public/?dir=/opt/imh-python/lib/python3.9/site-packages/tzdata/zoneinfo/America&dl=/opt/imh-python/lib/python3.9/site-packages/tzdata/zoneinfo/America/Nome HTTP/1.1", upstream: "http://192.145.236.239:8080/public/?dir=/opt/imh-python/lib/python3.9/site-packages/tzdata/zoneinfo/America&dl=/opt/imh-python/lib/python3.9/site-packages/tzdata/zoneinfo/America/Nome", host: "www.ayaclass.com"
2025/10/16 15:09:42 [error] 1785366#0: *6357 connect() failed (111: Connection refused) while connecting to upstream, client: 103.42.117.165, server: mrmyst.com, request: "POST /xmlrpc.php HTTP/2.0", upstream: "https://192.145.236.239:8443/xmlrpc.php", host: "www.mrmyst.com"
2025/10/16 15:09:44 [error] 1785366#0: *6270 connect() failed (111: Connection refused) while connecting to upstream, client: 2a03:2880:f800:13::, server: ayaclass.com, request: "GET /products/16884910/ HTTP/1.1", upstream: "http://192.145.236.239:8080/products/16884910/", host: "www.ayaclass.com"
2025/10/16 15:09:44 [error] 1785363#0: *6363 open() "/home/pouted/public_html/wp-content/uploads/jewels/Mirabelle-brass-lace-cuff-gold-cuffs-art-nouveau-inspired-bracelet.jpg" failed (2: No such file or directory), client: 3.139.225.206, server: pouted.com, request: "GET /wp-content/uploads/jewels/Mirabelle-brass-lace-cuff-gold-cuffs-art-nouveau-inspired-bracelet.jpg?x45357 HTTP/2.0", host: "www.pouted.com"
2025/10/16 15:09:46 [error] 1785366#0: *6366 connect() failed (111: Connection refused) while connecting to upstream, client: 52.7.33.248, server: ayaclass.com, request: "GET /public/?dir=/opt/cpanel/ea-openssl11/share/doc/openssl/html/man3&edit=/opt/cpanel/ea-openssl11/share/doc/openssl/html/man3/BN_GENCB_set.html HTTP/1.1", upstream: "http://192.145.236.239:8080/public/?dir=/opt/cpanel/ea-openssl11/share/doc/openssl/html/man3&edit=/opt/cpanel/ea-openssl11/share/doc/openssl/html/man3/BN_GENCB_set.html", host: "www.ayaclass.com"
2025/10/16 15:09:46 [error] 1785366#0: *6354 connect() failed (111: Connection refused) while connecting to upstream, client: 44.239.58.113, server: pouted.com, request: "GET /feed HTTP/2.0", upstream: "https://192.145.236.239:8443/feed", host: "www.pouted.com", referrer: "https://www.pouted.com/feed"
2025/10/16 15:09:46 [error] 1785366#0: *6268 connect() failed (111: Connection refused) while connecting to upstream, client: 143.198.72.22, server: pouted.com, request: "GET /feed HTTP/2.0", upstream: "https://192.145.236.239:8443/feed", host: "www.pouted.com", referrer: "https://www.pouted.com/feed"
2025/10/16 15:09:48 [error] 1785366#0: *6372 open() "/home/pouted/public_html/wp-content/uploads/2017/08/getting-tanned-Sunscreen-Lotions-For-Oily-Skin-390x220.jpg" failed (2: No such file or directory), client: 35.90.101.10, server: pouted.com, request: "GET /wp-content/uploads/2017/08/getting-tanned-Sunscreen-Lotions-For-Oily-Skin-390x220.jpg?x43083 HTTP/2.0", host: "www.pouted.com"
2025/10/16 15:09:49 [error] 1785366#0: *6373 connect() failed (111: Connection refused) while connecting to upstream, client: 18.209.137.234, server: ayaclass.com, request: "GET /?dir=/usr/share/apache2/icons/.. HTTP/1.1", upstream: "http://192.145.236.239:8080/?dir=/usr/share/apache2/icons/..", host: "www.ayaclass.com"
2025/10/16 15:09:51 [error] 1785366#0: *6377 open() "/home/pouted/public_html/wp-content/uploads/2013/01/Gabor-Tall-Sport-Boot-34.643-150x150.jpg" failed (2: No such file or directory), client: 3.139.225.206, server: pouted.com, request: "GET /wp-content/uploads/2013/01/Gabor-Tall-Sport-Boot-34.643-150x150.jpg?x71148 HTTP/2.0", host: "www.pouted.com"
2025/10/16 15:09:53 [error] 1785366#0: *6382 connect() failed (111: Connection refused) while connecting to upstream, client: 157.55.39.205, server: ayaclass.com, request: "GET /products/16775010/ HTTP/1.1", upstream: "http://192.145.236.239:8080/products/16775010/", host: "www.ayaclass.com"
2025/10/16 15:09:54 [error] 1785366#0: *6385 connect() failed (111: Connection refused) while connecting to upstream, client: 34.194.14.255, server: ayaclass.com, request: "GET /public/?dir=/home/ayaclass/public_html/vendor/aws/aws-sdk-php/src&edit=/home/ayaclass/public_html/vendor/aws/aws-sdk-php/src/CostExplorer HTTP/1.1", upstream: "http://192.145.236.239:8080/public/?dir=/home/ayaclass/public_html/vendor/aws/aws-sdk-php/src&edit=/home/ayaclass/public_html/vendor/aws/aws-sdk-php/src/CostExplorer", host: "www.ayaclass.com"
2025/10/16 15:09:55 [error] 1785366#0: *6387 open() "/home/pouted/public_html/wp-content/uploads/2016/10/71qGoLv6bL._SL1500_.jpg" failed (2: No such file or directory), client: 3.139.225.206, server: pouted.com, request: "GET /wp-content/uploads/2016/10/71qGoLv6bL._SL1500_.jpg?x71148 HTTP/2.0", host: "www.pouted.com"
2025/10/16 15:09:55 [error] 1785366#0: *6387 open() "/home/pouted/public_html/wp-content/uploads/2016/10/71qGoLv6bL._SL1500_.jpg" failed (2: No such file or directory), client: 3.139.225.206, server: pouted.com, request: "GET /wp-content/uploads/2016/10/71qGoLv6bL._SL1500_.jpg?x71148 HTTP/2.0", host: "www.pouted.com"
2025/10/16 15:09:56 [error] 1785366#0: *6388 connect() failed (111: Connection refused) while connecting to upstream, client: 139.99.25.135, server: intensed.com, request: "GET / HTTP/2.0", upstream: "https://192.249.127.250:8443/", host: "www.intensed.com"
2025/10/16 15:09:56 [error] 1785366#0: *6373 connect() failed (111: Connection refused) while connecting to upstream, client: 107.23.62.75, server: ayaclass.com, request: "GET /?dir=/opt/imh-python/lib/python3.9/site-packages/zmq/auth&dl=/opt/imh-python/lib/python3.9/site-packages/zmq/auth/__init__.py HTTP/1.1", upstream: "http://192.145.236.239:8080/?dir=/opt/imh-python/lib/python3.9/site-packages/zmq/auth&dl=/opt/imh-python/lib/python3.9/site-packages/zmq/auth/__init__.py", host: "www.ayaclass.com"
2025/10/16 15:09:56 [error] 1785366#0: *6393 connect() failed (111: Connection refused) while connecting to upstream, client: 66.249.64.173, server: pouted.com, request: "GET /christmas-with-new-home-themes-ideas/5/?amp=1 HTTP/2.0", upstream: "https://192.145.236.239:8443/christmas-with-new-home-themes-ideas/5/?amp=1", host: "www.pouted.com"
2025/10/16 15:09:57 [error] 1785366#0: *6268 connect() failed (111: Connection refused) while connecting to upstream, client: 44.239.58.113, server: pouted.com, request: "GET /feed HTTP/2.0", upstream: "https://192.145.236.239:8443/feed", host: "www.pouted.com", referrer: "https://www.pouted.com/feed"
2025/10/16 15:09:57 [error] 1785366#0: *6354 connect() failed (111: Connection refused) while connecting to upstream, client: 143.198.72.22, server: pouted.com, request: "GET /feed HTTP/2.0", upstream: "https://192.145.236.239:8443/feed", host: "www.pouted.com", referrer: "https://www.pouted.com/feed"
2025/10/16 15:09:59 [error] 1785366#0: *6399 connect() failed (111: Connection refused) while connecting to upstream, client: 66.249.72.70, server: ayaclass.com, request: "GET /products/11905532/ HTTP/1.1", upstream: "http://192.145.236.239:8080/products/11905532/", host: "www.ayaclass.com"
2025/10/16 15:10:01 [error] 1785366#0: *6402 connect() failed (111: Connection refused) while connecting to upstream, client: 54.225.199.17, server: ayaclass.com, request: "GET /public/?dir=/home/ayaclass/public_html/vendor/sermepa/sermepa/doc&dl=/home/ayaclass/public_html/vendor/sermepa/sermepa/doc/Par%E2%95%A8%E2%96%91metros%20de%20entrada.html HTTP/1.1", upstream: "http://192.145.236.239:8080/public/?dir=/home/ayaclass/public_html/vendor/sermepa/sermepa/doc&dl=/home/ayaclass/public_html/vendor/sermepa/sermepa/doc/Par%E2%95%A8%E2%96%91metros%20de%20entrada.html", host: "www.ayaclass.com"
2025/10/16 15:10:01 [error] 1785366#0: *6404 connect() failed (111: Connection refused) while connecting to upstream, client: 52.167.144.141, server: pouted.com, request: "GET /tag/presents-for-women/ HTTP/2.0", upstream: "https://192.145.236.239:8443/tag/presents-for-women/", host: "www.pouted.com"
2025/10/16 15:10:02 [error] 1785366#0: *6408 connect() failed (111: Connection refused) while connecting to upstream, client: 40.77.167.43, server: pouted.com, request: "GET /tag/of-2014/ HTTP/2.0", upstream: "https://192.145.236.239:8443/tag/of-2014/", host: "www.pouted.com"
2025/10/16 15:10:02 [error] 1785366#0: *6410 open() "/home/pouted/public_html/wp-content/uploads/2015/02/34-of-the-Best-Wedding-Dresses-in-2015-8.jpg" failed (2: No such file or directory), client: 35.225.70.158, server: pouted.com, request: "GET /wp-content/uploads/2015/02/34-of-the-Best-Wedding-Dresses-in-2015-8.jpg?x45357 HTTP/2.0", host: "www.pouted.com"
2025/10/16 15:10:03 [error] 1785366#0: *6411 connect() failed (111: Connection refused) while connecting to upstream, client: 189.222.112.210, server: pouted.com, request: "GET /most-played-sports/ HTTP/2.0", upstream: "https://192.145.236.239:8443/most-played-sports/", host: "www.pouted.com", referrer: "https://www.bing.com/"
2025/10/16 15:10:04 [error] 1785366#0: *6250 connect() failed (111: Connection refused) while connecting to upstream, client: 23.21.250.48, server: ayaclass.com, request: "GET /?dir=/usr/lib64/perl5/vendor_perl&edit=/usr/lib64/perl5/vendor_perl/List HTTP/1.1", upstream: "http://192.145.236.239:8080/?dir=/usr/lib64/perl5/vendor_perl&edit=/usr/lib64/perl5/vendor_perl/List", host: "www.ayaclass.com"
2025/10/16 15:10:07 [error] 1785366#0: *6415 connect() failed (111: Connection refused) while connecting to upstream, client: 2a03:2880:11ff:72::, server: pouted.com, request: "GET /top-mens-fashion-for-2025/ HTTP/2.0", upstream: "https://192.145.236.239:8443/top-mens-fashion-for-2025/", host: "www.pouted.com"
2025/10/16 15:10:07 [error] 1785366#0: *6268 connect() failed (111: Connection refused) while connecting to upstream, client: 44.239.58.113, server: pouted.com, request: "GET /feed HTTP/2.0", upstream: "https://192.145.236.239:8443/feed", host: "www.pouted.com", referrer: "https://www.pouted.com/feed"
2025/10/16 15:10:07 [error] 1785366#0: *6354 connect() failed (111: Connection refused) while connecting to upstream, client: 143.198.72.22, server: pouted.com, request: "GET /feed HTTP/2.0", upstream: "https://192.145.236.239:8443/feed", host: "www.pouted.com", referrer: "https://www.pouted.com/feed"
2025/10/16 15:10:08 [error] 1785366#0: *6419 connect() failed (111: Connection refused) while connecting to upstream, client: 85.208.98.31, server: pouted.com, request: "GET /most-expensive-wedding-party-celebrations/ HTTP/2.0", upstream: "https://192.145.236.239:8443/most-expensive-wedding-party-celebrations/", host: "www.pouted.com"
2025/10/16 15:10:09 [error] 1785366#0: *6385 connect() failed (111: Connection refused) while connecting to upstream, client: 54.83.180.239, server: ayaclass.com, request: "GET /?dir=/opt/imh/python3.13/lib/python3.13/asyncio/__pycache__&dl=/opt/imh/python3.13/lib/python3.13/asyncio/__pycache__/base_tasks.cpython-313.pyc HTTP/1.1", upstream: "http://192.145.236.239:8080/?dir=/opt/imh/python3.13/lib/python3.13/asyncio/__pycache__&dl=/opt/imh/python3.13/lib/python3.13/asyncio/__pycache__/base_tasks.cpython-313.pyc", host: "www.ayaclass.com"
