2025/10/16 15:29:20 [error] 1785366#0: *8776 connect() failed (111: Connection refused) while connecting to upstream, client: 18.215.77.19, server: ayaclass.com, request: "GET /?dir=/opt/imh-python/lib/python3.9/site-packages/nacl/bindings&dl=/opt/imh-python/lib/python3.9/site-packages/nacl/bindings/crypto_hash.py HTTP/1.1", upstream: "http://192.145.236.239:8080/?dir=/opt/imh-python/lib/python3.9/site-packages/nacl/bindings&dl=/opt/imh-python/lib/python3.9/site-packages/nacl/bindings/crypto_hash.py", host: "www.ayaclass.com"
2025/10/16 15:29:20 [error] 1785366#0: *8818 connect() failed (111: Connection refused) while connecting to upstream, client: 220.181.108.158, server: pouted.com, request: "GET /tag/tech-lovers-guide/ HTTP/2.0", upstream: "https://192.145.236.239:8443/tag/tech-lovers-guide/", host: "www.pouted.com"
2025/10/16 15:29:21 [error] 1785366#0: *8798 connect() failed (111: Connection refused) while connecting to upstream, client: 3.211.181.86, server: pouted.com, request: "GET /is-san-francisco-good-for-acting/ HTTP/2.0", upstream: "https://192.145.236.239:8443/is-san-francisco-good-for-acting/", host: "www.pouted.com"
2025/10/16 15:29:22 [error] 1785366#0: *8821 connect() failed (111: Connection refused) while connecting to upstream, client: 91.134.56.43, server: pouted.com, request: "GET /best-pure-titanium-cutting-board/robots.txt HTTP/2.0", upstream: "https://192.145.236.239:8443/best-pure-titanium-cutting-board/robots.txt", host: "www.pouted.com"
2025/10/16 15:29:25 [error] 1785366#0: *8824 connect() failed (111: Connection refused) while connecting to upstream, client: 157.55.39.8, server: ayaclass.com, request: "GET /products/877398/ HTTP/1.1", upstream: "http://192.145.236.239:8080/products/877398/", host: "www.ayaclass.com"
2025/10/16 15:29:25 [error] 1785366#0: *8826 connect() failed (111: Connection refused) while connecting to upstream, client: 18.214.124.6, server: pouted.com, request: "GET /13-stylish-cheap-cameo-necklaces/ HTTP/2.0", upstream: "https://192.145.236.239:8443/13-stylish-cheap-cameo-necklaces/", host: "www.pouted.com"
2025/10/16 15:29:26 [error] 1785366#0: *8789 connect() failed (111: Connection refused) while connecting to upstream, client: 2a03:2880:f800:42::, server: pouted.com, request: "GET /tag/hair-trends-for-men/ HTTP/2.0", upstream: "https://192.145.236.239:8443/tag/hair-trends-for-men/", host: "www.pouted.com"
2025/10/16 15:29:26 [error] 1785366#0: *8828 connect() failed (111: Connection refused) while connecting to upstream, client: 47.128.121.137, server: pouted.com, request: "GET /bounceweb-review/ HTTP/2.0", upstream: "https://192.145.236.239:8443/bounceweb-review/", host: "www.pouted.com"
2025/10/16 15:29:27 [error] 1785366#0: *8831 connect() failed (111: Connection refused) while connecting to upstream, client: 216.244.66.248, server: pouted.com, request: "GET /tag/horizontal-stripes/ HTTP/2.0", upstream: "https://192.145.236.239:8443/tag/horizontal-stripes/", host: "www.pouted.com"
2025/10/16 15:29:28 [error] 1785366#0: *8757 connect() failed (111: Connection refused) while connecting to upstream, client: 54.164.106.236, server: ayaclass.com, request: "GET /public/?dir=/usr/lib/rads/venv/lib/python3.13/site-packages/botocore/__pycache__&edit=/usr/lib/rads/venv/lib/python3.13/site-packages/botocore/__pycache__/validate.cpython-313.pyc HTTP/1.1", upstream: "http://192.145.236.239:8080/public/?dir=/usr/lib/rads/venv/lib/python3.13/site-packages/botocore/__pycache__&edit=/usr/lib/rads/venv/lib/python3.13/site-packages/botocore/__pycache__/validate.cpython-313.pyc", host: "www.ayaclass.com"
2025/10/16 15:29:28 [error] 1785366#0: *8834 connect() failed (111: Connection refused) while connecting to upstream, client: 54.210.152.179, server: ayaclass.com, request: "GET /public/?dir=/opt/imh-python/lib/python3.9/site-packages/openstack/tests/functional/object_store/__pycache__/.. HTTP/1.1", upstream: "http://192.145.236.239:8080/public/?dir=/opt/imh-python/lib/python3.9/site-packages/openstack/tests/functional/object_store/__pycache__/..", host: "www.ayaclass.com"
2025/10/16 15:29:29 [error] 1785366#0: *8798 connect() failed (111: Connection refused) while connecting to upstream, client: 34.234.206.30, server: pouted.com, request: "GET /wp-squeeze-page-generator-plugin-review/ HTTP/2.0", upstream: "https://192.145.236.239:8443/wp-squeeze-page-generator-plugin-review/", host: "www.pouted.com"
2025/10/16 15:29:30 [error] 1785366#0: *8791 connect() failed (111: Connection refused) while connecting to upstream, client: 85.208.96.193, server: ayaclass.com, request: "GET /?a=17880515 HTTP/1.1", upstream: "http://192.145.236.239:8080/?a=17880515", host: "www.ayaclass.com"
2025/10/16 15:29:31 [error] 1785366#0: *8840 connect() failed (111: Connection refused) while connecting to upstream, client: 132.148.78.150, server: classing.ru, request: "GET /feed/ HTTP/2.0", upstream: "https://192.249.127.245:8443/feed/", host: "www.classing.ru"
2025/10/16 15:29:32 [error] 1785366#0: *8776 connect() failed (111: Connection refused) while connecting to upstream, client: 3.89.170.186, server: ayaclass.com, request: "GET /?dir=/proc/416163/net/rpc/auth.unix.gid HTTP/1.1", upstream: "http://192.145.236.239:8080/?dir=/proc/416163/net/rpc/auth.unix.gid", host: "www.ayaclass.com"
2025/10/16 15:29:33 [error] 1785366#0: *8794 connect() failed (111: Connection refused) while connecting to upstream, client: 35.171.117.160, server: pouted.com, request: "GET /common-phobias-you-may-have/amp/ HTTP/2.0", upstream: "https://192.145.236.239:8443/common-phobias-you-may-have/amp/", host: "www.pouted.com"
2025/10/16 15:29:35 [error] 1785366#0: *8844 connect() failed (111: Connection refused) while connecting to upstream, client: 35.188.231.161, server: pouted.com, request: "GET /feed/ HTTP/2.0", upstream: "https://192.145.236.239:8443/feed/", host: "www.pouted.com"
2025/10/16 15:29:36 [error] 1785366#0: *8757 connect() failed (111: Connection refused) while connecting to upstream, client: 52.22.87.224, server: ayaclass.com, request: "GET /public/?dir=/proc/2/net&edit=/proc/2/net/dev_snmp6 HTTP/1.1", upstream: "http://192.145.236.239:8080/public/?dir=/proc/2/net&edit=/proc/2/net/dev_snmp6", host: "www.ayaclass.com"
2025/10/16 15:29:36 [error] 1785366#0: *8849 open() "/home/pouted/public_html/wp-content/uploads/2014/06/vintage-brooch-bouquet-aurora_0.jpg" failed (2: No such file or directory), client: 3.139.225.206, server: pouted.com, request: "GET /wp-content/uploads/2014/06/vintage-brooch-bouquet-aurora_0.jpg?x71148 HTTP/2.0", host: "www.pouted.com"
2025/10/16 15:29:40 [error] 1785366#0: *8850 connect() failed (111: Connection refused) while connecting to upstream, client: 54.235.172.108, server: pouted.com, request: "GET /hottest-real-ruby-necklaces-designs/ HTTP/2.0", upstream: "https://192.145.236.239:8443/hottest-real-ruby-necklaces-designs/", host: "www.pouted.com"
2025/10/16 15:29:40 [error] 1785366#0: *8852 connect() failed (111: Connection refused) while connecting to upstream, client: 34.239.197.197, server: ayaclass.com, request: "GET /public/?dir=/usr/include/linux&edit=/usr/include/linux/fd.h HTTP/1.1", upstream: "http://192.145.236.239:8080/public/?dir=/usr/include/linux&edit=/usr/include/linux/fd.h", host: "www.ayaclass.com"
2025/10/16 15:29:41 [error] 1785366#0: *8789 connect() failed (111: Connection refused) while connecting to upstream, client: 54.210.152.179, server: pouted.com, request: "GET /whats-new-in-it-asset-management/amp/ HTTP/2.0", upstream: "https://192.145.236.239:8443/whats-new-in-it-asset-management/amp/", host: "www.pouted.com"
2025/10/16 15:29:44 [error] 1785366#0: *8856 connect() failed (111: Connection refused) while connecting to upstream, client: 52.3.156.186, server: ayaclass.com, request: "GET /public/?dir=/usr/include/ImageMagick-6/wand&edit=/usr/include/ImageMagick-6/wand/wand-view.h HTTP/1.1", upstream: "http://192.145.236.239:8080/public/?dir=/usr/include/ImageMagick-6/wand&edit=/usr/include/ImageMagick-6/wand/wand-view.h", host: "www.ayaclass.com"
2025/10/16 15:29:45 [error] 1785366#0: *8858 connect() failed (111: Connection refused) while connecting to upstream, client: 44.207.207.36, server: pouted.com, request: "GET /learn-find-makes-owls-unique/ HTTP/2.0", upstream: "https://192.145.236.239:8443/learn-find-makes-owls-unique/", host: "www.pouted.com"
2025/10/16 15:29:46 [error] 1785366#0: *8860 connect() failed (111: Connection refused) while connecting to upstream, client: 40.84.221.223, server: pouted.com, request: "GET /top-10-viral-tiktok-beauty-products-worth-trying-in-2025/ HTTP/2.0", upstream: "https://192.145.236.239:8443/top-10-viral-tiktok-beauty-products-worth-trying-in-2025/", host: "www.pouted.com"
2025/10/16 15:29:47 [error] 1785366#0: *8863 connect() failed (111: Connection refused) while connecting to upstream, client: 40.84.221.219, server: pouted.com, request: "GET /top-10-viral-tiktok-beauty-products-worth-trying-in-2025/ HTTP/2.0", upstream: "https://192.145.236.239:8443/top-10-viral-tiktok-beauty-products-worth-trying-in-2025/", host: "www.pouted.com"
2025/10/16 15:29:47 [error] 1785366#0: *8862 connect() failed (111: Connection refused) while connecting to upstream, client: 172.213.11.157, server: pouted.com, request: "GET / HTTP/2.0", upstream: "https://192.145.236.239:8443/", host: "pouted.com"
2025/10/16 15:29:47 [error] 1785366#0: *8866 connect() failed (111: Connection refused) while connecting to upstream, client: 40.84.221.208, server: pouted.com, request: "GET /top-10-viral-tiktok-beauty-products-worth-trying-in-2025/ HTTP/2.0", upstream: "https://192.145.236.239:8443/top-10-viral-tiktok-beauty-products-worth-trying-in-2025/", host: "www.pouted.com"
2025/10/16 15:29:47 [error] 1785366#0: *8868 connect() failed (111: Connection refused) while connecting to upstream, client: 40.84.221.223, server: pouted.com, request: "GET /top-10-viral-tiktok-beauty-products-worth-trying-in-2025/ HTTP/2.0", upstream: "https://192.145.236.239:8443/top-10-viral-tiktok-beauty-products-worth-trying-in-2025/", host: "www.pouted.com"
2025/10/16 15:29:47 [error] 1785366#0: *8871 connect() failed (111: Connection refused) while connecting to upstream, client: 39.146.145.203, server: pouted.com, request: "GET /tag/tech-lovers-guide/ HTTP/2.0", upstream: "https://192.145.236.239:8443/tag/tech-lovers-guide/", host: "www.pouted.com"
2025/10/16 15:29:47 [error] 1785366#0: *8869 connect() failed (111: Connection refused) while connecting to upstream, client: 172.213.11.152, server: pouted.com, request: "GET / HTTP/2.0", upstream: "https://192.145.236.239:8443/", host: "pouted.com"
2025/10/16 15:29:48 [error] 1785366#0: *8834 connect() failed (111: Connection refused) while connecting to upstream, client: 34.224.132.215, server: ayaclass.com, request: "GET /?dir=/usr/share/licenses&edit=/usr/share/licenses/dbus-libs HTTP/1.1", upstream: "http://192.145.236.239:8080/?dir=/usr/share/licenses&edit=/usr/share/licenses/dbus-libs", host: "www.ayaclass.com"
2025/10/16 15:29:48 [error] 1785366#0: *8869 connect() failed (111: Connection refused) while connecting to upstream, client: 172.213.11.154, server: pouted.com, request: "GET / HTTP/2.0", upstream: "https://192.145.236.239:8443/", host: "pouted.com"
2025/10/16 15:29:49 [error] 1785366#0: *8878 connect() failed (111: Connection refused) while connecting to upstream, client: 3.222.190.107, server: pouted.com, request: "GET /children-books-that-teach-morals/amp/ HTTP/2.0", upstream: "https://192.145.236.239:8443/children-books-that-teach-morals/amp/", host: "www.pouted.com"
2025/10/16 15:29:51 [error] 1785366#0: *8882 open() "/home/pouted/public_html/wp-content/uploads/2013/06/Golf4.jpg" failed (2: No such file or directory), client: 43.134.27.196, server: pouted.com, request: "GET /wp-content/uploads/2013/06/Golf4.jpg?x71148 HTTP/2.0", host: "www.pouted.com"
2025/10/16 15:29:52 [error] 1785366#0: *8834 connect() failed (111: Connection refused) while connecting to upstream, client: 98.83.177.42, server: ayaclass.com, request: "GET /?dir=/home/ayaclass/.trash/AAA/vendor/google/apiclient-services/src/CloudIAP&dl=/home/ayaclass/.trash/AAA/vendor/google/apiclient-services/src/CloudIAP/ListBrandsResponse.php HTTP/1.1", upstream: "http://192.145.236.239:8080/?dir=/home/ayaclass/.trash/AAA/vendor/google/apiclient-services/src/CloudIAP&dl=/home/ayaclass/.trash/AAA/vendor/google/apiclient-services/src/CloudIAP/ListBrandsResponse.php", host: "www.ayaclass.com"
2025/10/16 15:29:52 [error] 1785366#0: *8887 connect() failed (111: Connection refused) while connecting to upstream, client: 66.249.64.168, server: pouted.com, request: "GET /stellar-european-fashions-for-spring-2017/amp/ HTTP/2.0", upstream: "https://192.145.236.239:8443/stellar-european-fashions-for-spring-2017/amp/", host: "www.pouted.com"
2025/10/16 15:29:53 [error] 1785366#0: *8890 connect() failed (111: Connection refused) while connecting to upstream, client: 18.215.77.19, server: pouted.com, request: "GET /top-10-shocking-facts-about-laser-hair-removal/amp/ HTTP/2.0", upstream: "https://192.145.236.239:8443/top-10-shocking-facts-about-laser-hair-removal/amp/", host: "www.pouted.com"
2025/10/16 15:29:56 [error] 1785366#0: *8791 connect() failed (111: Connection refused) while connecting to upstream, client: 54.84.102.81, server: ayaclass.com, request: "GET /public/?dir=/opt/imh-python/lib/python3.9/site-packages/numpy/distutils/checks&dl=/opt/imh-python/lib/python3.9/site-packages/numpy/distutils/checks/cpu_avx512_clx.c HTTP/1.1", upstream: "http://192.145.236.239:8080/public/?dir=/opt/imh-python/lib/python3.9/site-packages/numpy/distutils/checks&dl=/opt/imh-python/lib/python3.9/site-packages/numpy/distutils/checks/cpu_avx512_clx.c", host: "www.ayaclass.com"
2025/10/16 15:29:57 [error] 1785366#0: *8893 connect() failed (111: Connection refused) while connecting to upstream, client: 216.244.66.248, server: pouted.com, request: "GET /tag/science-project/ HTTP/2.0", upstream: "https://192.145.236.239:8443/tag/science-project/", host: "www.pouted.com"
2025/10/16 15:29:57 [error] 1785366#0: *8890 connect() failed (111: Connection refused) while connecting to upstream, client: 3.93.253.174, server: pouted.com, request: "GET /23-weird-fruits-probably-never-eaten/amp/ HTTP/2.0", upstream: "https://192.145.236.239:8443/23-weird-fruits-probably-never-eaten/amp/", host: "www.pouted.com"
2025/10/16 15:29:58 [error] 1785366#0: *8897 connect() failed (111: Connection refused) while connecting to upstream, client: 20.171.207.30, server: pouted.com, request: "GET /wp-content/plugins/accelerated-mobile-pages/templates/instant-articles/?C=S;O=A HTTP/2.0", upstream: "https://192.145.236.239:8443/wp-content/plugins/accelerated-mobile-pages/templates/instant-articles/?C=S;O=A", host: "www.pouted.com"
2025/10/16 15:30:00 [error] 1785366#0: *8900 connect() failed (111: Connection refused) while connecting to upstream, client: 54.152.163.42, server: ayaclass.com, request: "GET /?dir=/opt/imh-python/lib/python3.9/site-packages/gunicorn/http&edit=/opt/imh-python/lib/python3.9/site-packages/gunicorn/http/body.py HTTP/1.1", upstream: "http://192.145.236.239:8080/?dir=/opt/imh-python/lib/python3.9/site-packages/gunicorn/http&edit=/opt/imh-python/lib/python3.9/site-packages/gunicorn/http/body.py", host: "www.ayaclass.com"
2025/10/16 15:30:00 [error] 1785366#0: *8899 connect() failed (111: Connection refused) while connecting to upstream, client: 40.84.221.222, server: pouted.com, request: "GET /top-10-viral-tiktok-beauty-products-worth-trying-in-2025/ HTTP/2.0", upstream: "https://192.145.236.239:8443/top-10-viral-tiktok-beauty-products-worth-trying-in-2025/", host: "www.pouted.com"
2025/10/16 15:30:00 [error] 1785366#0: *8868 connect() failed (111: Connection refused) while connecting to upstream, client: 40.84.221.223, server: pouted.com, request: "GET /top-10-viral-tiktok-beauty-products-worth-trying-in-2025/ HTTP/2.0", upstream: "https://192.145.236.239:8443/top-10-viral-tiktok-beauty-products-worth-trying-in-2025/", host: "www.pouted.com"
2025/10/16 15:30:00 [error] 1785366#0: *8866 connect() failed (111: Connection refused) while connecting to upstream, client: 40.84.221.208, server: pouted.com, request: "GET /top-10-viral-tiktok-beauty-products-worth-trying-in-2025/ HTTP/2.0", upstream: "https://192.145.236.239:8443/top-10-viral-tiktok-beauty-products-worth-trying-in-2025/", host: "www.pouted.com"
2025/10/16 15:30:00 [error] 1785366#0: *8905 open() "/home/pouted/public_html/wp-content/uploads/2017/07/Handwritten-Valentine-Cupcakes-675x844.jpg" failed (2: No such file or directory), client: 128.118.7.55, server: pouted.com, request: "GET /wp-content/uploads/2017/07/Handwritten-Valentine-Cupcakes-675x844.jpg HTTP/2.0", host: "www.pouted.com"
2025/10/16 15:30:00 [error] 1785366#0: *8863 connect() failed (111: Connection refused) while connecting to upstream, client: 40.84.221.223, server: pouted.com, request: "GET /top-10-viral-tiktok-beauty-products-worth-trying-in-2025/ HTTP/2.0", upstream: "https://192.145.236.239:8443/top-10-viral-tiktok-beauty-products-worth-trying-in-2025/", host: "www.pouted.com"
2025/10/16 15:30:01 [error] 1785366#0: *8908 open() "/home/pouted/public_html/wp-content/uploads/2014/01/Mouawad-1001-Nights-Diamond-Purse2.jpg" failed (2: No such file or directory), client: 132.195.94.137, server: pouted.com, request: "GET /wp-content/uploads/2014/01/Mouawad-1001-Nights-Diamond-Purse2.jpg?x33143 HTTP/2.0", host: "www.pouted.com"
2025/10/16 15:30:01 [error] 1785366#0: *8909 connect() failed (111: Connection refused) while connecting to upstream, client: 52.1.157.90, server: pouted.com, request: "GET /power-tools-for-next-home-project/ HTTP/2.0", upstream: "https://192.145.236.239:8443/power-tools-for-next-home-project/", host: "www.pouted.com"
2025/10/16 15:30:01 [error] 1785366#0: *8912 connect() failed (111: Connection refused) while connecting to upstream, client: 52.167.144.19, server: pouted.com, request: "GET /groovy-outfits-ideas/ HTTP/2.0", upstream: "https://192.145.236.239:8443/groovy-outfits-ideas/", host: "www.pouted.com"
2025/10/16 15:30:02 [error] 1785366#0: *8915 connect() failed (111: Connection refused) while connecting to upstream, client: 220.181.108.167, server: pouted.com, request: "GET /tag/unusual-cake/ HTTP/2.0", upstream: "https://192.145.236.239:8443/tag/unusual-cake/", host: "www.pouted.com"
2025/10/16 15:30:03 [error] 1785366#0: *8917 connect() failed (111: Connection refused) while connecting to upstream, client: 142.250.32.5, server: pouted.com, request: "HEAD /feed/ HTTP/2.0", upstream: "https://192.145.236.239:8443/feed/", host: "www.pouted.com"
2025/10/16 15:30:04 [error] 1785366#0: *8919 connect() failed (111: Connection refused) while connecting to upstream, client: 142.250.32.4, server: pouted.com, request: "GET /feed/ HTTP/2.0", upstream: "https://192.145.236.239:8443/feed/", host: "www.pouted.com"
2025/10/16 15:30:04 [error] 1785366#0: *8921 connect() failed (111: Connection refused) while connecting to upstream, client: 54.204.62.163, server: ayaclass.com, request: "GET /public/?dir=/home/ayaclass/public_html/vendor/google/apiclient-services/src/PeopleService&edit=/home/ayaclass/public_html/vendor/google/apiclient-services/src/PeopleService/Biography.php HTTP/1.1", upstream: "http://192.145.236.239:8080/public/?dir=/home/ayaclass/public_html/vendor/google/apiclient-services/src/PeopleService&edit=/home/ayaclass/public_html/vendor/google/apiclient-services/src/PeopleService/Biography.php", host: "www.ayaclass.com"
2025/10/16 15:30:04 [error] 1785366#0: *8923 connect() failed (111: Connection refused) while connecting to upstream, client: 112.32.199.145, server: pouted.com, request: "GET /tag/unusual-cake/ HTTP/2.0", upstream: "https://192.145.236.239:8443/tag/unusual-cake/", host: "www.pouted.com"
2025/10/16 15:30:05 [error] 1785366#0: *8868 connect() failed (111: Connection refused) while connecting to upstream, client: 23.98.142.189, server: pouted.com, request: "GET /7-bohemian-fashion-trends-for-fall-winter/ HTTP/2.0", upstream: "https://192.145.236.239:8443/7-bohemian-fashion-trends-for-fall-winter/", host: "www.pouted.com"
2025/10/16 15:30:05 [error] 1785366#0: *8926 connect() failed (111: Connection refused) while connecting to upstream, client: 23.98.142.188, server: pouted.com, request: "GET /7-bohemian-fashion-trends-for-fall-winter/ HTTP/2.0", upstream: "https://192.145.236.239:8443/7-bohemian-fashion-trends-for-fall-winter/", host: "www.pouted.com"
2025/10/16 15:30:05 [error] 1785366#0: *8899 connect() failed (111: Connection refused) while connecting to upstream, client: 23.98.142.181, server: pouted.com, request: "GET /7-bohemian-fashion-trends-for-fall-winter/ HTTP/2.0", upstream: "https://192.145.236.239:8443/7-bohemian-fashion-trends-for-fall-winter/", host: "www.pouted.com"
2025/10/16 15:30:06 [error] 1785366#0: *8929 connect() failed (111: Connection refused) while connecting to upstream, client: 23.98.142.186, server: pouted.com, request: "GET /7-bohemian-fashion-trends-for-fall-winter/ HTTP/2.0", upstream: "https://192.145.236.239:8443/7-bohemian-fashion-trends-for-fall-winter/", host: "www.pouted.com"
2025/10/16 15:30:08 [error] 1785366#0: *8791 connect() failed (111: Connection refused) while connecting to upstream, client: 3.230.69.161, server: ayaclass.com, request: "GET /?dir=/home/ayaclass/public_html/vendor/google/apiclient-services/src/AdExchangeBuyer&dl=/home/ayaclass/public_html/vendor/google/apiclient-services/src/AdExchangeBuyer/Budget.php HTTP/1.1", upstream: "http://192.145.236.239:8080/?dir=/home/ayaclass/public_html/vendor/google/apiclient-services/src/AdExchangeBuyer&dl=/home/ayaclass/public_html/vendor/google/apiclient-services/src/AdExchangeBuyer/Budget.php", host: "www.ayaclass.com"
2025/10/16 15:30:09 [error] 1785366#0: *8936 connect() failed (111: Connection refused) while connecting to upstream, client: 119.8.43.2, server: pouted.com, request: "GET /how-to-dress-for-women-over50/amp HTTP/2.0", upstream: "https://192.145.236.239:8443/how-to-dress-for-women-over50/amp", host: "pouted.com", referrer: "https://pouted.com/how-to-dress-for-women-over50/amp"
2025/10/16 15:30:09 [error] 1785366#0: *8860 connect() failed (111: Connection refused) while connecting to upstream, client: 40.84.221.223, server: pouted.com, request: "GET /top-10-viral-tiktok-beauty-products-worth-trying-in-2025/ HTTP/2.0", upstream: "https://192.145.236.239:8443/top-10-viral-tiktok-beauty-products-worth-trying-in-2025/", host: "www.pouted.com"
2025/10/16 15:30:09 [error] 1785366#0: *8899 connect() failed (111: Connection refused) while connecting to upstream, client: 40.84.221.221, server: pouted.com, request: "GET /top-10-viral-tiktok-beauty-products-worth-trying-in-2025/ HTTP/2.0", upstream: "https://192.145.236.239:8443/top-10-viral-tiktok-beauty-products-worth-trying-in-2025/", host: "www.pouted.com"
2025/10/16 15:30:09 [error] 1785366#0: *8937 connect() failed (111: Connection refused) while connecting to upstream, client: 2.189.5.218, server: pouted.com, request: "GET / HTTP/2.0", upstream: "https://192.145.236.239:8443/", host: "www.pouted.com"
2025/10/16 15:30:09 [error] 1785366#0: *8863 connect() failed (111: Connection refused) while connecting to upstream, client: 40.84.221.222, server: pouted.com, request: "GET /top-10-viral-tiktok-beauty-products-worth-trying-in-2025/ HTTP/2.0", upstream: "https://192.145.236.239:8443/top-10-viral-tiktok-beauty-products-worth-trying-in-2025/", host: "www.pouted.com"
2025/10/16 15:30:09 [error] 1785366#0: *8863 connect() failed (111: Connection refused) while connecting to upstream, client: 40.84.221.223, server: pouted.com, request: "GET /top-10-viral-tiktok-beauty-products-worth-trying-in-2025/ HTTP/2.0", upstream: "https://192.145.236.239:8443/top-10-viral-tiktok-beauty-products-worth-trying-in-2025/", host: "www.pouted.com"
2025/10/16 15:30:10 [error] 1785366#0: *8946 connect() failed (111: Connection refused) while connecting to upstream, client: 127.0.0.1, server: 127.0.0.1, request: "GET /whm-server-status HTTP/1.0", upstream: "http://127.0.0.1:8080/whm-server-status", host: "localhost"
2025/10/16 15:30:12 [error] 1785366#0: *8948 connect() failed (111: Connection refused) while connecting to upstream, client: 44.196.118.6, server: ayaclass.com, request: "GET /public/?dir=/home/ayaclass/public_html/vendor/google/apiclient-services/src/CloudSearch&edit=/home/ayaclass/public_html/vendor/google/apiclient-services/src/CloudSearch/BroadcastSessionInfo.php HTTP/1.1", upstream: "http://192.145.236.239:8080/public/?dir=/home/ayaclass/public_html/vendor/google/apiclient-services/src/CloudSearch&edit=/home/ayaclass/public_html/vendor/google/apiclient-services/src/CloudSearch/BroadcastSessionInfo.php", host: "www.ayaclass.com"
2025/10/16 15:30:14 [error] 1785366#0: *8950 connect() failed (111: Connection refused) while connecting to upstream, client: 103.133.214.209, server: classing.ru, request: "GET /sitemap_index.xml HTTP/2.0", upstream: "https://192.249.127.245:8443/sitemap_index.xml", host: "www.classing.ru"
2025/10/16 15:30:14 [error] 1785366#0: *8952 open() "/home/pouted/public_html/wp-content/uploads/2013/06/chlo-kids-chloe-baby-girls-pale.jpg" failed (2: No such file or directory), client: 66.51.101.252, server: pouted.com, request: "GET /wp-content/uploads/2013/06/chlo-kids-chloe-baby-girls-pale.jpg?x71148 HTTP/2.0", host: "www.pouted.com"
2025/10/16 15:30:15 [error] 1785366#0: *8953 connect() failed (111: Connection refused) while connecting to upstream, client: 20.171.207.135, server: ayaclass.com, request: "GET /?dir=%2Fproc&dl=%2Fproc%2F1381438 HTTP/1.1", upstream: "http://192.145.236.239:8080/?dir=%2Fproc&dl=%2Fproc%2F1381438", host: "www.ayaclass.com"
2025/10/16 15:30:15 [error] 1785366#0: *8955 connect() failed (111: Connection refused) while connecting to upstream, client: 74.117.196.219, server: classing.ru, request: "GET /sitemap_index.xml HTTP/2.0", upstream: "https://192.249.127.245:8443/sitemap_index.xml", host: "www.classing.ru"
2025/10/16 15:30:16 [error] 1785366#0: *8957 connect() failed (111: Connection refused) while connecting to upstream, client: 54.144.185.255, server: ayaclass.com, request: "GET /?dir=/sys/fs/cgroup/systemd/user.slice&edit=/sys/fs/cgroup/systemd/user.slice/notify_on_release HTTP/1.1", upstream: "http://192.145.236.239:8080/?dir=/sys/fs/cgroup/systemd/user.slice&edit=/sys/fs/cgroup/systemd/user.slice/notify_on_release", host: "www.ayaclass.com"
2025/10/16 15:30:17 [error] 1785366#0: *8959 connect() failed (111: Connection refused) while connecting to upstream, client: 66.249.72.71, server: ayaclass.com, request: "GET /products/18424954/ HTTP/1.1", upstream: "http://192.145.236.239:8080/products/18424954/", host: "www.ayaclass.com"
2025/10/16 15:30:19 [error] 1785366#0: *8962 connect() failed (111: Connection refused) while connecting to upstream, client: 20.171.207.6, server: ayaclass.com, request: "GET /?dir=%2Fproc&dl=%2Fproc%2F1458122 HTTP/2.0", upstream: "https://192.145.236.239:8443/?dir=%2Fproc&dl=%2Fproc%2F1458122", host: "mail.ayaclass.com"
2025/10/16 15:30:20 [error] 1785366#0: *8965 connect() failed (111: Connection refused) while connecting to upstream, client: 34.195.60.66, server: ayaclass.com, request: "GET /?dir=/home/ayaclass/.trash/AAA/vendor/monolog/monolog/src/Monolog&dl=/home/ayaclass/.trash/AAA/vendor/monolog/monolog/src/Monolog/SignalHandler.php HTTP/1.1", upstream: "http://192.145.236.239:8080/?dir=/home/ayaclass/.trash/AAA/vendor/monolog/monolog/src/Monolog&dl=/home/ayaclass/.trash/AAA/vendor/monolog/monolog/src/Monolog/SignalHandler.php", host: "www.ayaclass.com"
2025/10/16 15:30:21 [error] 1785366#0: *8968 connect() failed (111: Connection refused) while connecting to upstream, client: 103.159.85.179, server: classing.ru, request: "GET /sitemap.xml HTTP/2.0", upstream: "https://192.249.127.245:8443/sitemap.xml", host: "www.classing.ru"
2025/10/16 15:30:24 [error] 1785366#0: *8791 connect() failed (111: Connection refused) while connecting to upstream, client: 54.235.158.162, server: ayaclass.com, request: "GET /public/?dir=/var/softaculous/whmcs82/php71 HTTP/1.1", upstream: "http://192.145.236.239:8080/public/?dir=/var/softaculous/whmcs82/php71", host: "www.ayaclass.com"
2025/10/16 15:30:25 [error] 1785366#0: *8972 open() "/home/pouted/public_html/wp-content/uploads/2013/02/LowryManchester-780x405.jpg" failed (2: No such file or directory), client: 80.254.218.146, server: pouted.com, request: "GET /wp-content/uploads/2013/02/LowryManchester-780x405.jpg?x44527 HTTP/2.0", host: "www.pouted.com"
2025/10/16 15:30:25 [error] 1785366#0: *8974 connect() failed (111: Connection refused) while connecting to upstream, client: 40.77.167.57, server: pouted.com, request: "GET /tag/visual-illusion/ HTTP/2.0", upstream: "https://192.145.236.239:8443/tag/visual-illusion/", host: "www.pouted.com"
2025/10/16 15:30:27 [error] 1785366#0: *8976 connect() failed (111: Connection refused) while connecting to upstream, client: 216.244.66.248, server: pouted.com, request: "GET /tag/the-best-sights-of-nice/ HTTP/2.0", upstream: "https://192.145.236.239:8443/tag/the-best-sights-of-nice/", host: "www.pouted.com"
2025/10/16 15:30:28 [error] 1785366#0: *8965 connect() failed (111: Connection refused) while connecting to upstream, client: 100.29.107.38, server: ayaclass.com, request: "GET /?dir=/home/ayaclass/public_html/vendor/twilio/sdk/src/Twilio/Rest/Taskrouter/V1/Workspace&dl=/home/ayaclass/public_html/vendor/twilio/sdk/src/Twilio/Rest/Taskrouter/V1/Workspace/.. HTTP/1.1", upstream: "http://192.145.236.239:8080/?dir=/home/ayaclass/public_html/vendor/twilio/sdk/src/Twilio/Rest/Taskrouter/V1/Workspace&dl=/home/ayaclass/public_html/vendor/twilio/sdk/src/Twilio/Rest/Taskrouter/V1/Workspace/..", host: "www.ayaclass.com"
2025/10/16 15:30:31 [error] 1785366#0: *8982 connect() failed (111: Connection refused) while connecting to upstream, client: 185.191.171.2, server: ayaclass.com, request: "GET /?a=75325415 HTTP/1.1", upstream: "http://192.145.236.239:8080/?a=75325415", host: "www.ayaclass.com"
2025/10/16 15:30:32 [error] 1785366#0: *8957 connect() failed (111: Connection refused) while connecting to upstream, client: 3.229.2.217, server: ayaclass.com, request: "GET /public/?dir=/usr/include/X11/extensions&dl=/usr/include/X11/extensions/XResproto.h HTTP/1.1", upstream: "http://192.145.236.239:8080/public/?dir=/usr/include/X11/extensions&dl=/usr/include/X11/extensions/XResproto.h", host: "www.ayaclass.com"
2025/10/16 15:30:33 [error] 1785366#0: *8985 connect() failed (111: Connection refused) while connecting to upstream, client: 2a03:2880:f800:19::, server: pouted.com, request: "GET /tag/publish-content/ HTTP/2.0", upstream: "https://192.145.236.239:8443/tag/publish-content/", host: "www.pouted.com"
2025/10/16 15:30:33 [error] 1785366#0: *8987 connect() failed (111: Connection refused) while connecting to upstream, client: 198.235.24.52, server: vps115398.inmotionhosting.com, request: "GET / HTTP/1.1", upstream: "http://192.145.236.239:8080/", host: "vps115398.inmotionhosting.com"
2025/10/16 15:30:36 [error] 1785366#0: *8991 connect() failed (111: Connection refused) while connecting to upstream, client: 18.214.186.220, server: ayaclass.com, request: "GET /public/?dir=/opt/imh-python/lib/python3.9/site-packages/libpasteurize/fixes&dl=/opt/imh-python/lib/python3.9/site-packages/libpasteurize/fixes/fix_kwargs.py HTTP/1.1", upstream: "http://192.145.236.239:8080/public/?dir=/opt/imh-python/lib/python3.9/site-packages/libpasteurize/fixes&dl=/opt/imh-python/lib/python3.9/site-packages/libpasteurize/fixes/fix_kwargs.py", host: "www.ayaclass.com"
2025/10/16 15:30:37 [error] 1785366#0: *8974 connect() failed (111: Connection refused) while connecting to upstream, client: 2a03:2880:27ff:71::, server: pouted.com, request: "GET /how-to-do-zombie-makeup-with-toilet-paper/ HTTP/2.0", upstream: "https://192.145.236.239:8443/how-to-do-zombie-makeup-with-toilet-paper/", host: "www.pouted.com"
2025/10/16 15:30:38 [error] 1785366#0: *8994 connect() failed (111: Connection refused) while connecting to upstream, client: 66.249.64.168, server: pouted.com, request: "GET /top-10-classic-20s-hairstyles-for-men-coming-back/?amp HTTP/2.0", upstream: "https://192.145.236.239:8443/top-10-classic-20s-hairstyles-for-men-coming-back/?amp", host: "www.pouted.com"
2025/10/16 15:30:40 [error] 1785366#0: *8957 connect() failed (111: Connection refused) while connecting to upstream, client: 54.157.84.74, server: ayaclass.com, request: "GET /public/?dir=/home/ayaclass/public_html/vendor/authorizenet/authorizenet/lib/net/authorize/api/contract/v1&edit=/home/ayaclass/public_html/vendor/authorizenet/authorizenet/lib/net/authorize/api/contract/v1/OrderType.php HTTP/1.1", upstream: "http://192.145.236.239:8080/public/?dir=/home/ayaclass/public_html/vendor/authorizenet/authorizenet/lib/net/authorize/api/contract/v1&edit=/home/ayaclass/public_html/vendor/authorizenet/authorizenet/lib/net/authorize/api/contract/v1/OrderType.php", host: "www.ayaclass.com"
2025/10/16 15:30:40 [error] 1785366#0: *8998 open() "/home/pouted/public_html/wp-content/uploads/2013/02/bath.jpg" failed (2: No such file or directory), client: 210.45.70.6, server: pouted.com, request: "GET /wp-content/uploads/2013/02/bath.jpg?x45357 HTTP/2.0", host: "www.pouted.com"
2025/10/16 15:30:45 [error] 1785366#0: *9000 connect() failed (111: Connection refused) while connecting to upstream, client: 52.200.142.199, server: ayaclass.com, request: "GET /public/?dir=/home/ayaclass/public_html/vendor/google/apiclient-services/src/Dialogflow&dl=/home/ayaclass/public_html/vendor/google/apiclient-services/src/Dialogflow/GoogleCloudDialogflowV2beta1SuggestArticlesResponse.php HTTP/1.1", upstream: "http://192.145.236.239:8080/public/?dir=/home/ayaclass/public_html/vendor/google/apiclient-services/src/Dialogflow&dl=/home/ayaclass/public_html/vendor/google/apiclient-services/src/Dialogflow/GoogleCloudDialogflowV2beta1SuggestArticlesResponse.php", host: "www.ayaclass.com"
2025/10/16 15:30:45 [error] 1785366#0: *9002 connect() failed (111: Connection refused) while connecting to upstream, client: 116.179.32.84, server: pouted.com, request: "GET /15-frightening-18-wheeler-accident-statistics/ HTTP/2.0", upstream: "https://192.145.236.239:8443/15-frightening-18-wheeler-accident-statistics/", host: "www.pouted.com"
2025/10/16 15:30:48 [error] 1785366#0: *9006 connect() failed (111: Connection refused) while connecting to upstream, client: 54.147.238.89, server: ayaclass.com, request: "GET /public/?dir=/opt/imh-python/lib/python3.9/site-packages/tzdata/zoneinfo/America&dl=/opt/imh-python/lib/python3.9/site-packages/tzdata/zoneinfo/America/Louisville HTTP/1.1", upstream: "http://192.145.236.239:8080/public/?dir=/opt/imh-python/lib/python3.9/site-packages/tzdata/zoneinfo/America&dl=/opt/imh-python/lib/python3.9/site-packages/tzdata/zoneinfo/America/Louisville", host: "www.ayaclass.com"
2025/10/16 15:30:50 [error] 1785366#0: *9008 open() "/home/pouted/public_html/wp-content/uploads/jewels/Gold-Plated-Money-Clip.jpg" failed (2: No such file or directory), client: 192.165.134.28, server: pouted.com, request: "GET /wp-content/uploads/jewels/Gold-Plated-Money-Clip.jpg HTTP/2.0", host: "www.pouted.com"
2025/10/16 15:30:52 [error] 1785366#0: *9006 connect() failed (111: Connection refused) while connecting to upstream, client: 44.220.2.97, server: ayaclass.com, request: "GET /?dir=/usr/share/locale&edit=/usr/share/locale/gon HTTP/1.1", upstream: "http://192.145.236.239:8080/?dir=/usr/share/locale&edit=/usr/share/locale/gon", host: "www.ayaclass.com"
2025/10/16 15:30:55 [error] 1785366#0: *9013 connect() failed (111: Connection refused) while connecting to upstream, client: 168.110.214.163, server: pouted.com, request: "GET /wp-login.php HTTP/2.0", upstream: "https://192.145.236.239:8443/wp-login.php", host: "www.pouted.com"
2025/10/16 15:30:56 [error] 1785366#0: *9015 connect() failed (111: Connection refused) while connecting to upstream, client: 3.216.86.144, server: ayaclass.com, request: "GET /public/?dir=/home/ayaclass/.trash/AAA/vendor/twilio/sdk/src/Twilio/Rest/FlexApi/V1&dl=/home/ayaclass/.trash/AAA/vendor/twilio/sdk/src/Twilio/Rest/FlexApi/V1/InsightsQuestionnairesCategoryList.php HTTP/1.1", upstream: "http://192.145.236.239:8080/public/?dir=/home/ayaclass/.trash/AAA/vendor/twilio/sdk/src/Twilio/Rest/FlexApi/V1&dl=/home/ayaclass/.trash/AAA/vendor/twilio/sdk/src/Twilio/Rest/FlexApi/V1/InsightsQuestionnairesCategoryList.php", host: "www.ayaclass.com"
2025/10/16 15:30:58 [error] 1785366#0: *9018 connect() failed (111: Connection refused) while connecting to upstream, client: 216.244.66.248, server: pouted.com, request: "GET /tag/the-jeep-gladiator/ HTTP/2.0", upstream: "https://192.145.236.239:8443/tag/the-jeep-gladiator/", host: "www.pouted.com"
2025/10/16 15:31:00 [error] 1785366#0: *9022 connect() failed (111: Connection refused) while connecting to upstream, client: 44.221.37.41, server: ayaclass.com, request: "GET /public/?dir=/opt/imh-python/lib/python3.9/site-packages&edit=/opt/imh-python/lib/python3.9/site-packages/cwp-0.1.2.dist-info HTTP/1.1", upstream: "http://192.145.236.239:8080/public/?dir=/opt/imh-python/lib/python3.9/site-packages&edit=/opt/imh-python/lib/python3.9/site-packages/cwp-0.1.2.dist-info", host: "www.ayaclass.com"
2025/10/16 15:31:01 [error] 1785366#0: *9024 connect() failed (111: Connection refused) while connecting to upstream, client: 20.27.94.130, server: pouted.com, request: "GET /top-mens-fashion-for-2025/ HTTP/2.0", upstream: "https://192.145.236.239:8443/top-mens-fashion-for-2025/", host: "www.pouted.com"
2025/10/16 15:31:02 [error] 1785366#0: *9027 connect() failed (111: Connection refused) while connecting to upstream, client: 20.27.94.135, server: pouted.com, request: "GET /top-mens-fashion-for-2025/ HTTP/2.0", upstream: "https://192.145.236.239:8443/top-mens-fashion-for-2025/", host: "www.pouted.com"
2025/10/16 15:31:02 [error] 1785366#0: *9024 connect() failed (111: Connection refused) while connecting to upstream, client: 20.27.94.136, server: pouted.com, request: "GET /top-mens-fashion-for-2025/ HTTP/2.0", upstream: "https://192.145.236.239:8443/top-mens-fashion-for-2025/", host: "www.pouted.com"
2025/10/16 15:31:02 [error] 1785366#0: *9024 connect() failed (111: Connection refused) while connecting to upstream, client: 20.27.94.141, server: pouted.com, request: "GET /top-mens-fashion-for-2025/ HTTP/2.0", upstream: "https://192.145.236.239:8443/top-mens-fashion-for-2025/", host: "www.pouted.com"
2025/10/16 15:31:03 [error] 1785366#0: *9032 connect() failed (111: Connection refused) while connecting to upstream, client: 2a03:2880:2ff:1::, server: pouted.com, request: "GET /mr-bean-victim-death-rumor-claiming-suicide-rowan-atkinson-died/ HTTP/2.0", upstream: "https://192.145.236.239:8443/mr-bean-victim-death-rumor-claiming-suicide-rowan-atkinson-died/", host: "www.pouted.com"
2025/10/16 15:31:03 [error] 1785366#0: *9035 connect() failed (111: Connection refused) while connecting to upstream, client: 20.171.207.30, server: pouted.com, request: "GET /wp-content/plugins/broken-link-checker/legacy/languages/?C=M;O=A HTTP/2.0", upstream: "https://192.145.236.239:8443/wp-content/plugins/broken-link-checker/legacy/languages/?C=M;O=A", host: "www.pouted.com"
2025/10/16 15:31:03 [error] 1785366#0: *9037 connect() failed (111: Connection refused) while connecting to upstream, client: 157.55.39.8, server: ayaclass.com, request: "GET /products/3621110/ HTTP/1.1", upstream: "http://192.145.236.239:8080/products/3621110/", host: "www.ayaclass.com"
2025/10/16 15:31:04 [error] 1785366#0: *9039 connect() failed (111: Connection refused) while connecting to upstream, client: 66.249.64.168, server: pouted.com, request: "GET /10-charming-sites-to-visit-in-lonavala-india/amp/ HTTP/2.0", upstream: "https://192.145.236.239:8443/10-charming-sites-to-visit-in-lonavala-india/amp/", host: "www.pouted.com"
2025/10/16 15:31:04 [error] 1785366#0: *8991 connect() failed (111: Connection refused) while connecting to upstream, client: 184.73.167.217, server: ayaclass.com, request: "GET /?dir=/home/ayaclass/.trash/AAA/vendor/google/apiclient-services/src/Playdeveloperreporting&dl=/home/ayaclass/.trash/AAA/vendor/google/apiclient-services/src/Playdeveloperreporting/GooglePlayDeveloperReportingV1beta1ListAnomaliesResponse.php HTTP/1.1", upstream: "http://192.145.236.239:8080/?dir=/home/ayaclass/.trash/AAA/vendor/google/apiclient-services/src/Playdeveloperreporting&dl=/home/ayaclass/.trash/AAA/vendor/google/apiclient-services/src/Playdeveloperreporting/GooglePlayDeveloperReportingV1beta1ListAnomaliesResponse.php", host: "www.ayaclass.com"
2025/10/16 15:31:04 [error] 1785366#0: *9042 connect() failed (111: Connection refused) while connecting to upstream, client: 43.173.178.46, server: ayaclass.com, request: "GET /?dir=%2Fhome%2Fayaclass%2Fpublic_html%2Fpublic%2Fbath%2Fb05c257505f31e174029e35ade34bb9f&edit=%2Fhome%2Fayaclass%2Fpublic_html%2Fpublic%2Fbath%2Fb05c257505f31e174029e35ade34bb9f%2Fsuccess.php HTTP/1.1", upstream: "http://192.145.236.239:8080/?dir=%2Fhome%2Fayaclass%2Fpublic_html%2Fpublic%2Fbath%2Fb05c257505f31e174029e35ade34bb9f&edit=%2Fhome%2Fayaclass%2Fpublic_html%2Fpublic%2Fbath%2Fb05c257505f31e174029e35ade34bb9f%2Fsuccess.php", host: "www.ayaclass.com"
2025/10/16 15:31:06 [error] 1785366#0: *9044 connect() failed (111: Connection refused) while connecting to upstream, client: 52.167.144.238, server: ayaclass.com, request: "GET /products/25157887/ HTTP/1.1", upstream: "http://192.145.236.239:8080/products/25157887/", host: "www.ayaclass.com"
2025/10/16 15:31:08 [error] 1785366#0: *9047 connect() failed (111: Connection refused) while connecting to upstream, client: 40.77.167.136, server: ayaclass.com, request: "GET /products/4595876/ HTTP/1.1", upstream: "http://192.145.236.239:8080/products/4595876/", host: "www.ayaclass.com"
2025/10/16 15:31:08 [error] 1785366#0: *9044 connect() failed (111: Connection refused) while connecting to upstream, client: 54.84.147.79, server: ayaclass.com, request: "GET /public/?dir=/home/ayaclass/.trash/AAA/vendor/google/apiclient-services/src/CloudFunctions&dl=/home/ayaclass/.trash/AAA/vendor/google/apiclient-services/src/CloudFunctions/ListFunctionsResponse.php HTTP/1.1", upstream: "http://192.145.236.239:8080/public/?dir=/home/ayaclass/.trash/AAA/vendor/google/apiclient-services/src/CloudFunctions&dl=/home/ayaclass/.trash/AAA/vendor/google/apiclient-services/src/CloudFunctions/ListFunctionsResponse.php", host: "www.ayaclass.com"
2025/10/16 15:31:09 [error] 1785366#0: *9050 connect() failed (111: Connection refused) while connecting to upstream, client: 38.92.48.38, server: classing.ru, request: "GET /wp-sitemap.xml HTTP/2.0", upstream: "https://192.249.127.245:8443/wp-sitemap.xml", host: "www.classing.ru"
2025/10/16 15:31:12 [error] 1785366#0: *9047 connect() failed (111: Connection refused) while connecting to upstream, client: 18.204.152.114, server: ayaclass.com, request: "GET /public/?dir=/usr/libexec&dl=/usr/libexec/os-prober HTTP/1.1", upstream: "http://192.145.236.239:8080/public/?dir=/usr/libexec&dl=/usr/libexec/os-prober", host: "www.ayaclass.com"
2025/10/16 15:31:13 [error] 1785366#0: *9054 connect() failed (111: Connection refused) while connecting to upstream, client: 203.112.72.51, server: classing.ru, request: "GET /wp-sitemap.xml HTTP/2.0", upstream: "https://192.249.127.245:8443/wp-sitemap.xml", host: "www.classing.ru"
2025/10/16 15:31:14 [error] 1785366#0: *9056 connect() failed (111: Connection refused) while connecting to upstream, client: 2a09:bac5:3a5b:15f::23:47a, server: pouted.com, request: "GET /wp-login.php HTTP/2.0", upstream: "https://192.145.236.239:8443/wp-login.php", host: "www.pouted.com"
2025/10/16 15:31:16 [error] 1785366#0: *9060 connect() failed (111: Connection refused) while connecting to upstream, client: 23.21.225.190, server: ayaclass.com, request: "GET /public/?dir=/opt/cpanel/ea-openssl11/share/doc/openssl/html/man3&edit=/opt/cpanel/ea-openssl11/share/doc/openssl/html/man3/EVP_MD_meth_get_final.html HTTP/1.1", upstream: "http://192.145.236.239:8080/public/?dir=/opt/cpanel/ea-openssl11/share/doc/openssl/html/man3&edit=/opt/cpanel/ea-openssl11/share/doc/openssl/html/man3/EVP_MD_meth_get_final.html", host: "www.ayaclass.com"
2025/10/16 15:31:16 [error] 1785366#0: *9062 open() "/home/pouted/public_html/wp-content/uploads/2013/06/smoothies-1-390x220.jpg" failed (2: No such file or directory), client: 3.139.225.206, server: pouted.com, request: "GET /wp-content/uploads/2013/06/smoothies-1-390x220.jpg?x85627 HTTP/2.0", host: "www.pouted.com"
2025/10/16 15:31:17 [error] 1785366#0: *9063 connect() failed (111: Connection refused) while connecting to upstream, client: 66.249.72.64, server: ayaclass.com, request: "GET /products/9927043/ HTTP/1.1", upstream: "http://192.145.236.239:8080/products/9927043/", host: "www.ayaclass.com"
2025/10/16 15:31:17 [error] 1785366#0: *9065 connect() failed (111: Connection refused) while connecting to upstream, client: 2607:fea8:7b62:f500:1592:86fc:a19e:e473, server: pouted.com, request: "GET /rarest-unusual-eye-colors/ HTTP/2.0", upstream: "https://192.145.236.239:8443/rarest-unusual-eye-colors/", host: "www.pouted.com", referrer: "https://www.pinterest.com/"
2025/10/16 15:31:17 [error] 1785366#0: *9066 connect() failed (111: Connection refused) while connecting to upstream, client: 54.236.1.11, server: pouted.com, request: "GET /rarest-unusual-eye-colors/ HTTP/2.0", upstream: "https://192.145.236.239:8443/rarest-unusual-eye-colors/", host: "www.pouted.com"
2025/10/16 15:31:18 [error] 1785366#0: *9070 connect() failed (111: Connection refused) while connecting to upstream, client: 66.249.77.167, server: intensed.com, request: "GET /digital-marketing/social-media-marketing/instagram-marketing/?filtered=latest HTTP/2.0", upstream: "https://192.249.127.250:8443/digital-marketing/social-media-marketing/instagram-marketing/?filtered=latest", host: "www.intensed.com"
2025/10/16 15:31:19 [error] 1785366#0: *9072 connect() failed (111: Connection refused) while connecting to upstream, client: 127.0.0.1, server: 127.0.0.1, request: "GET /whm-server-status HTTP/1.0", upstream: "http://127.0.0.1:8080/whm-server-status", host: "localhost"
2025/10/16 15:31:20 [error] 1785366#0: *9074 connect() failed (111: Connection refused) while connecting to upstream, client: 20.171.207.135, server: ayaclass.com, request: "GET /?dir=%2Fproc&dl=%2Fproc%2F1474040 HTTP/1.1", upstream: "http://192.145.236.239:8080/?dir=%2Fproc&dl=%2Fproc%2F1474040", host: "www.ayaclass.com"
2025/10/16 15:31:20 [error] 1785366#0: *9076 connect() failed (111: Connection refused) while connecting to upstream, client: 3.224.205.25, server: ayaclass.com, request: "GET /public/?dir=/home/ayaclass/public_html/vendor/google/apiclient-services/src/CloudSearch&edit=/home/ayaclass/public_html/vendor/google/apiclient-services/src/CloudSearch/ResultDisplayField.php HTTP/1.1", upstream: "http://192.145.236.239:8080/public/?dir=/home/ayaclass/public_html/vendor/google/apiclient-services/src/CloudSearch&edit=/home/ayaclass/public_html/vendor/google/apiclient-services/src/CloudSearch/ResultDisplayField.php", host: "www.ayaclass.com"
2025/10/16 15:31:21 [error] 1785366#0: *9078 connect() failed (111: Connection refused) while connecting to upstream, client: 20.171.207.6, server: ayaclass.com, request: "GET /?dir=%2Fproc&dl=%2Fproc%2F1472201 HTTP/2.0", upstream: "https://192.145.236.239:8443/?dir=%2Fproc&dl=%2Fproc%2F1472201", host: "mail.ayaclass.com"
2025/10/16 15:31:24 [error] 1785366#0: *9081 connect() failed (111: Connection refused) while connecting to upstream, client: 52.205.141.124, server: ayaclass.com, request: "GET /public/?dir=/usr/lib64/python3.6/email/mime/__pycache__&edit=/usr/lib64/python3.6/email/mime/__pycache__/message.cpython-36.opt-2.pyc HTTP/1.1", upstream: "http://192.145.236.239:8080/public/?dir=/usr/lib64/python3.6/email/mime/__pycache__&edit=/usr/lib64/python3.6/email/mime/__pycache__/message.cpython-36.opt-2.pyc", host: "www.ayaclass.com"
2025/10/16 15:31:26 [error] 1785366#0: *9086 connect() failed (111: Connection refused) while connecting to upstream, client: 190.92.214.107, server: pouted.com, request: "GET /rent-server-space/amp HTTP/2.0", upstream: "https://192.145.236.239:8443/rent-server-space/amp", host: "pouted.com", referrer: "https://pouted.com/rent-server-space/amp"
2025/10/16 15:31:28 [error] 1785366#0: *9091 connect() failed (111: Connection refused) while connecting to upstream, client: 3.210.114.189, server: ayaclass.com, request: "GET /?dir=/usr/lib/python3.6/site-packages/pip/_vendor&dl=/usr/lib/python3.6/site-packages/pip/_vendor/distlib HTTP/1.1", upstream: "http://192.145.236.239:8080/?dir=/usr/lib/python3.6/site-packages/pip/_vendor&dl=/usr/lib/python3.6/site-packages/pip/_vendor/distlib", host: "www.ayaclass.com"
2025/10/16 15:31:28 [error] 1785366#0: *9093 connect() failed (111: Connection refused) while connecting to upstream, client: 216.244.66.248, server: pouted.com, request: "GET /tag/understanding-italian/ HTTP/2.0", upstream: "https://192.145.236.239:8443/tag/understanding-italian/", host: "www.pouted.com"
2025/10/16 15:31:29 [error] 1785366#0: *9095 open() "/home/pouted/public_html/wp-content/uploads/2013/02/seiko-mens-solar-alarm-chrono-watch-with-red-accents.jpg" failed (2: No such file or directory), client: 3.139.225.206, server: pouted.com, request: "GET /wp-content/uploads/2013/02/seiko-mens-solar-alarm-chrono-watch-with-red-accents.jpg HTTP/2.0", host: "www.pouted.com"
