2025/10/16 14:36:36 [error] 1785366#0: *1406 connect() failed (111: Connection refused) while connecting to upstream, client: 54.84.250.51, server: ayaclass.com, request: "GET /public/?dir=/opt/imh-python/lib/python3.9/email/__pycache__&edit=/opt/imh-python/lib/python3.9/email/__pycache__/header.cpython-39.opt-2.pyc HTTP/1.1", upstream: "http://192.145.236.239:8080/public/?dir=/opt/imh-python/lib/python3.9/email/__pycache__&edit=/opt/imh-python/lib/python3.9/email/__pycache__/header.cpython-39.opt-2.pyc", host: "www.ayaclass.com"
2025/10/16 14:36:37 [error] 1785366#0: *1409 connect() failed (111: Connection refused) while connecting to upstream, client: 52.167.144.167, server: ayaclass.com, request: "GET /products/5299209/ HTTP/1.1", upstream: "http://192.145.236.239:8080/products/5299209/", host: "www.ayaclass.com"
2025/10/16 14:36:41 [error] 1785366#0: *1372 connect() failed (111: Connection refused) while connecting to upstream, client: 54.235.172.96, server: ayaclass.com, request: "GET /public/?dir=/opt/imh-python/lib/python3.9/site-packages/hyperlink-21.0.0.dist-info&edit=/opt/imh-python/lib/python3.9/site-packages/hyperlink-21.0.0.dist-info/LICENSE HTTP/1.1", upstream: "http://192.145.236.239:8080/public/?dir=/opt/imh-python/lib/python3.9/site-packages/hyperlink-21.0.0.dist-info&edit=/opt/imh-python/lib/python3.9/site-packages/hyperlink-21.0.0.dist-info/LICENSE", host: "www.ayaclass.com"
2025/10/16 14:36:44 [error] 1785366#0: *1372 connect() failed (111: Connection refused) while connecting to upstream, client: 98.83.177.42, server: ayaclass.com, request: "GET /public/?dir=/home/ayaclass/public_html/vendor/mpdf/mpdf/data/collations&dl=/home/ayaclass/public_html/vendor/mpdf/mpdf/data/collations/Arabic_Egypt.php HTTP/1.1", upstream: "http://192.145.236.239:8080/public/?dir=/home/ayaclass/public_html/vendor/mpdf/mpdf/data/collations&dl=/home/ayaclass/public_html/vendor/mpdf/mpdf/data/collations/Arabic_Egypt.php", host: "www.ayaclass.com"
2025/10/16 14:36:45 [error] 1785366#0: *1417 connect() failed (111: Connection refused) while connecting to upstream, client: 20.171.207.30, server: pouted.com, request: "GET /wp-content/plugins/betterlinks/vendor/matomo/device-detector/Parser/Device/?C=S;O=A HTTP/2.0", upstream: "https://192.145.236.239:8443/wp-content/plugins/betterlinks/vendor/matomo/device-detector/Parser/Device/?C=S;O=A", host: "www.pouted.com"
2025/10/16 14:36:45 [error] 1785366#0: *1420 open() "/home/pouted/public_html/wp-content/uploads/2013/03/Shopping-Patio-Balcony-Furniture-Etsy.jpg" failed (2: No such file or directory), client: 3.139.225.206, server: pouted.com, request: "GET /wp-content/uploads/2013/03/Shopping-Patio-Balcony-Furniture-Etsy.jpg?x71148 HTTP/2.0", host: "www.pouted.com"
2025/10/16 14:36:48 [error] 1785366#0: *1423 connect() failed (111: Connection refused) while connecting to upstream, client: 34.227.234.246, server: ayaclass.com, request: "GET /?dir=/usr/lib64/python3.6/concurrent/futures/__pycache__&dl=/usr/lib64/python3.6/concurrent/futures/__pycache__/process.cpython-36.opt-2.pyc HTTP/1.1", upstream: "http://192.145.236.239:8080/?dir=/usr/lib64/python3.6/concurrent/futures/__pycache__&dl=/usr/lib64/python3.6/concurrent/futures/__pycache__/process.cpython-36.opt-2.pyc", host: "www.ayaclass.com"
2025/10/16 14:36:49 [error] 1785366#0: *1425 open() "/home/pouted/public_html/wp-content/uploads/2013/08/modern_wardrobes_g-26.jpg" failed (2: No such file or directory), client: 3.139.225.206, server: pouted.com, request: "GET /wp-content/uploads/2013/08/modern_wardrobes_g-26.jpg HTTP/2.0", host: "www.pouted.com"
2025/10/16 14:36:52 [error] 1785366#0: *1428 connect() failed (111: Connection refused) while connecting to upstream, client: 185.191.171.11, server: ayaclass.com, request: "GET /?a=39364015 HTTP/1.1", upstream: "http://192.145.236.239:8080/?a=39364015", host: "www.ayaclass.com"
2025/10/16 14:36:52 [error] 1785366#0: *1430 connect() failed (111: Connection refused) while connecting to upstream, client: 20.171.207.135, server: ayaclass.com, request: "GET /?dir=%2Fproc&dl=%2Fproc%2F1728016 HTTP/1.1", upstream: "http://192.145.236.239:8080/?dir=%2Fproc&dl=%2Fproc%2F1728016", host: "www.ayaclass.com"
2025/10/16 14:36:52 [error] 1785366#0: *1432 connect() failed (111: Connection refused) while connecting to upstream, client: 34.230.124.21, server: ayaclass.com, request: "GET /?dir=/usr/lib/python3.6/site-packages/pip/_vendor/html5lib/treebuilders/__pycache__&dl=/usr/lib/python3.6/site-packages/pip/_vendor/html5lib/treebuilders/__pycache__/__init__.cpython-36.pyc HTTP/1.1", upstream: "http://192.145.236.239:8080/?dir=/usr/lib/python3.6/site-packages/pip/_vendor/html5lib/treebuilders/__pycache__&dl=/usr/lib/python3.6/site-packages/pip/_vendor/html5lib/treebuilders/__pycache__/__init__.cpython-36.pyc", host: "www.ayaclass.com"
2025/10/16 14:36:55 [error] 1785366#0: *1434 connect() failed (111: Connection refused) while connecting to upstream, client: 216.244.66.248, server: pouted.com, request: "GET /tag/gate/ HTTP/2.0", upstream: "https://192.145.236.239:8443/tag/gate/", host: "www.pouted.com"
2025/10/16 14:36:57 [error] 1785366#0: *1437 connect() failed (111: Connection refused) while connecting to upstream, client: 34.224.9.144, server: ayaclass.com, request: "GET /?dir=/proc/1677824 HTTP/1.1", upstream: "http://192.145.236.239:8080/?dir=/proc/1677824", host: "www.ayaclass.com"
2025/10/16 14:37:01 [error] 1785366#0: *1441 connect() failed (111: Connection refused) while connecting to upstream, client: 44.193.102.198, server: ayaclass.com, request: "GET /?dir=/opt/imh/python3.13/lib/python3.13/sqlite3/__pycache__&edit=/opt/imh/python3.13/lib/python3.13/sqlite3/__pycache__/.. HTTP/1.1", upstream: "http://192.145.236.239:8080/?dir=/opt/imh/python3.13/lib/python3.13/sqlite3/__pycache__&edit=/opt/imh/python3.13/lib/python3.13/sqlite3/__pycache__/..", host: "www.ayaclass.com"
2025/10/16 14:37:03 [error] 1785366#0: *1444 open() "/home/pouted/public_html/wp-content/uploads/2013/02/Ivory-Tag-Women-Pink-and-Golden-Necklace_cd2f673d642805d25aeb83dffeedfef0_images_1080_1440_mini.jpg" failed (2: No such file or directory), client: 3.139.225.206, server: pouted.com, request: "GET /wp-content/uploads/2013/02/Ivory-Tag-Women-Pink-and-Golden-Necklace_cd2f673d642805d25aeb83dffeedfef0_images_1080_1440_mini.jpg HTTP/2.0", host: "www.pouted.com"
2025/10/16 14:37:05 [error] 1785366#0: *1445 connect() failed (111: Connection refused) while connecting to upstream, client: 46.250.172.77, server: pouted.com, request: "GET /complete-guide-for-fixing-dental-issues/amp HTTP/2.0", upstream: "https://192.145.236.239:8443/complete-guide-for-fixing-dental-issues/amp", host: "pouted.com", referrer: "https://pouted.com/complete-guide-for-fixing-dental-issues/amp"
2025/10/16 14:37:05 [error] 1785366#0: *1447 connect() failed (111: Connection refused) while connecting to upstream, client: 54.166.126.132, server: ayaclass.com, request: "GET /?dir=/home/ayaclass/.trash/AAA/vendor/aws/aws-sdk-php/src/Route53Profiles/Exception/.. HTTP/1.1", upstream: "http://192.145.236.239:8080/?dir=/home/ayaclass/.trash/AAA/vendor/aws/aws-sdk-php/src/Route53Profiles/Exception/..", host: "www.ayaclass.com"
2025/10/16 14:37:06 [error] 1785366#0: *1449 connect() failed (111: Connection refused) while connecting to upstream, client: 40.77.167.1, server: pouted.com, request: "GET /75-most-breathtaking-short-hairstyles-in-2015/ HTTP/2.0", upstream: "https://192.145.236.239:8443/75-most-breathtaking-short-hairstyles-in-2015/", host: "www.pouted.com"
2025/10/16 14:37:07 [error] 1785366#0: *1451 connect() failed (111: Connection refused) while connecting to upstream, client: 66.249.64.168, server: pouted.com, request: "GET /50-hottest-hair-color-ideas-for-men-in-2017/amp/ HTTP/2.0", upstream: "https://192.145.236.239:8443/50-hottest-hair-color-ideas-for-men-in-2017/amp/", host: "www.pouted.com"
2025/10/16 14:37:10 [error] 1785366#0: *1455 open() "/home/pouted/public_html/wp-content/uploads/2018/05/restaurant-675x402.jpg" failed (2: No such file or directory), client: 136.114.85.85, server: pouted.com, request: "GET /wp-content/uploads/2018/05/restaurant-675x402.jpg?x71148 HTTP/2.0", host: "www.pouted.com"
2025/10/16 14:37:10 [error] 1785366#0: *1456 connect() failed (111: Connection refused) while connecting to upstream, client: 51.195.74.55, server: intensed.com, request: "GET /admin.php?520 HTTP/2.0", upstream: "https://192.249.127.250:8443/admin.php?520", host: "www.intensed.com"
2025/10/16 14:37:10 [error] 1785366#0: *1457 connect() failed (111: Connection refused) while connecting to upstream, client: 51.195.74.55, server: intensed.com, request: "GET /about.php?520 HTTP/2.0", upstream: "https://192.249.127.250:8443/about.php?520", host: "www.intensed.com"
2025/10/16 14:37:10 [error] 1785366#0: *1441 connect() failed (111: Connection refused) while connecting to upstream, client: 52.205.222.214, server: ayaclass.com, request: "GET /?dir=/opt/imh/python3.13/lib/python3.13/multiprocessing/__pycache__&edit=/opt/imh/python3.13/lib/python3.13/multiprocessing/__pycache__/sharedctypes.cpython-313.pyc HTTP/1.1", upstream: "http://192.145.236.239:8080/?dir=/opt/imh/python3.13/lib/python3.13/multiprocessing/__pycache__&edit=/opt/imh/python3.13/lib/python3.13/multiprocessing/__pycache__/sharedctypes.cpython-313.pyc", host: "www.ayaclass.com"
2025/10/16 14:37:11 [error] 1785366#0: *1462 connect() failed (111: Connection refused) while connecting to upstream, client: 127.0.0.1, server: 127.0.0.1, request: "GET /whm-server-status HTTP/1.0", upstream: "http://127.0.0.1:8080/whm-server-status", host: "localhost"
2025/10/16 14:37:12 [error] 1785366#0: *1465 connect() failed (111: Connection refused) while connecting to upstream, client: 52.203.152.231, server: ayaclass.com, request: "GET /public/?dir=/usr/lib/rads/venv/lib/python3.13/site-packages/botocore/data/iotanalytics/2017-11-27/.. HTTP/1.1", upstream: "http://192.145.236.239:8080/public/?dir=/usr/lib/rads/venv/lib/python3.13/site-packages/botocore/data/iotanalytics/2017-11-27/..", host: "www.ayaclass.com"
2025/10/16 14:37:13 [error] 1785366#0: *1467 connect() failed (111: Connection refused) while connecting to upstream, client: 2a03:2880:f800:4::, server: pouted.com, request: "GET /tag/building-a-new-house-on-a-budget/ HTTP/2.0", upstream: "https://192.145.236.239:8443/tag/building-a-new-house-on-a-budget/", host: "www.pouted.com"
2025/10/16 14:37:16 [error] 1785366#0: *1432 connect() failed (111: Connection refused) while connecting to upstream, client: 50.19.221.48, server: ayaclass.com, request: "GET /?dir=/var/softaculous/faveo/php82/.. HTTP/1.1", upstream: "http://192.145.236.239:8080/?dir=/var/softaculous/faveo/php82/..", host: "www.ayaclass.com"
2025/10/16 14:37:17 [error] 1785366#0: *1473 connect() failed (111: Connection refused) while connecting to upstream, client: 2a03:2880:f800:c::, server: ayaclass.com, request: "GET /products/19181921/ HTTP/1.1", upstream: "http://192.145.236.239:8080/products/19181921/", host: "www.ayaclass.com"
2025/10/16 14:37:17 [error] 1785366#0: *1475 open() "/home/pouted/public_html/wp-content/uploads/2014/01/WCH23b-beaded-watches.jpg" failed (2: No such file or directory), client: 3.139.225.206, server: pouted.com, request: "GET /wp-content/uploads/2014/01/WCH23b-beaded-watches.jpg HTTP/2.0", host: "www.pouted.com"
2025/10/16 14:37:19 [error] 1785366#0: *1476 open() "/home/pouted/public_html/wp-content/uploads/2016/04/bigstock-Truffles-406310-1.jpg" failed (2: No such file or directory), client: 131.227.23.32, server: pouted.com, request: "GET /wp-content/uploads/2016/04/bigstock-Truffles-406310-1.jpg?x45357 HTTP/2.0", host: "www.pouted.com"
2025/10/16 14:37:20 [error] 1785366#0: *1478 connect() failed (111: Connection refused) while connecting to upstream, client: 34.225.24.180, server: ayaclass.com, request: "GET /?dir=/home/ayaclass/.trash/AAA/vendor/phar-io/manifest/src/exceptions/.. HTTP/1.1", upstream: "http://192.145.236.239:8080/?dir=/home/ayaclass/.trash/AAA/vendor/phar-io/manifest/src/exceptions/..", host: "www.ayaclass.com"
2025/10/16 14:37:21 [error] 1785366#0: *1480 connect() failed (111: Connection refused) while connecting to upstream, client: 66.249.64.168, server: pouted.com, request: "GET /post-sitemap8.xml HTTP/2.0", upstream: "https://192.145.236.239:8443/post-sitemap8.xml", host: "www.pouted.com"
2025/10/16 14:37:23 [error] 1785366#0: *1484 connect() failed (111: Connection refused) while connecting to upstream, client: 35.188.231.161, server: pouted.com, request: "GET /magazine/more-categories/lifestyle/feed HTTP/2.0", upstream: "https://192.145.236.239:8443/magazine/more-categories/lifestyle/feed", host: "www.pouted.com"
2025/10/16 14:37:24 [error] 1785366#0: *1486 connect() failed (111: Connection refused) while connecting to upstream, client: 3.213.46.222, server: ayaclass.com, request: "GET /?dir=/usr/lib64/python3.6/site-packages/cryptography/hazmat/primitives/ciphers/__pycache__&dl=/usr/lib64/python3.6/site-packages/cryptography/hazmat/primitives/ciphers/__pycache__/modes.cpython-36.pyc HTTP/1.1", upstream: "http://192.145.236.239:8080/?dir=/usr/lib64/python3.6/site-packages/cryptography/hazmat/primitives/ciphers/__pycache__&dl=/usr/lib64/python3.6/site-packages/cryptography/hazmat/primitives/ciphers/__pycache__/modes.cpython-36.pyc", host: "www.ayaclass.com"
2025/10/16 14:37:26 [error] 1785366#0: *1488 connect() failed (111: Connection refused) while connecting to upstream, client: 66.249.72.71, server: ayaclass.com, request: "GET /products/27924843/ HTTP/1.1", upstream: "http://192.145.236.239:8080/products/27924843/", host: "www.ayaclass.com"
2025/10/16 14:37:27 [error] 1785366#0: *1490 connect() failed (111: Connection refused) while connecting to upstream, client: 154.29.235.51, server: pouted.com, request: "GET /make-money-blogging-on-wordpress/ HTTP/2.0", upstream: "https://192.145.236.239:8443/make-money-blogging-on-wordpress/", host: "www.pouted.com", referrer: "http://www.pouted.com/make-money-blogging-on-wordpress/"
2025/10/16 14:37:29 [error] 1785366#0: *1494 connect() failed (111: Connection refused) while connecting to upstream, client: 107.22.208.39, server: ayaclass.com, request: "GET /?dir=/var/cache/dnf/wp-toolkit-cpanel-279ec2bb7e716180/repodata HTTP/1.1", upstream: "http://192.145.236.239:8080/?dir=/var/cache/dnf/wp-toolkit-cpanel-279ec2bb7e716180/repodata", host: "www.ayaclass.com"
2025/10/16 14:37:29 [error] 1785366#0: *1493 connect() failed (111: Connection refused) while connecting to upstream, client: 135.237.131.219, server: pouted.com, request: "GET /17-modern-designs-of-bathroom-sinks/ HTTP/2.0", upstream: "https://192.145.236.239:8443/17-modern-designs-of-bathroom-sinks/", host: "www.pouted.com"
2025/10/16 14:37:29 [error] 1785366#0: *1497 connect() failed (111: Connection refused) while connecting to upstream, client: 135.237.131.216, server: pouted.com, request: "GET /17-modern-designs-of-bathroom-sinks/ HTTP/2.0", upstream: "https://192.145.236.239:8443/17-modern-designs-of-bathroom-sinks/", host: "www.pouted.com"
2025/10/16 14:37:30 [error] 1785366#0: *1500 connect() failed (111: Connection refused) while connecting to upstream, client: 135.237.131.209, server: pouted.com, request: "GET /17-modern-designs-of-bathroom-sinks/ HTTP/2.0", upstream: "https://192.145.236.239:8443/17-modern-designs-of-bathroom-sinks/", host: "www.pouted.com"
2025/10/16 14:37:30 [error] 1785366#0: *1500 connect() failed (111: Connection refused) while connecting to upstream, client: 135.237.131.214, server: pouted.com, request: "GET /17-modern-designs-of-bathroom-sinks/ HTTP/2.0", upstream: "https://192.145.236.239:8443/17-modern-designs-of-bathroom-sinks/", host: "www.pouted.com"
2025/10/16 14:37:31 [error] 1785366#0: *1465 connect() failed (111: Connection refused) while connecting to upstream, client: 52.167.144.146, server: ayaclass.com, request: "GET /products/22661176/ HTTP/1.1", upstream: "http://192.145.236.239:8080/products/22661176/", host: "www.ayaclass.com"
2025/10/16 14:37:33 [error] 1785366#0: *1494 connect() failed (111: Connection refused) while connecting to upstream, client: 54.86.59.155, server: ayaclass.com, request: "GET /?dir=/var/softaculous/twg/php71/.. HTTP/1.1", upstream: "http://192.145.236.239:8080/?dir=/var/softaculous/twg/php71/..", host: "www.ayaclass.com"
2025/10/16 14:37:34 [error] 1785366#0: *1506 connect() failed (111: Connection refused) while connecting to upstream, client: 20.171.207.6, server: ayaclass.com, request: "GET /?dir=%2Fproc&edit=%2Fproc%2F1759238 HTTP/2.0", upstream: "https://192.145.236.239:8443/?dir=%2Fproc&edit=%2Fproc%2F1759238", host: "mail.ayaclass.com"
2025/10/16 14:37:37 [error] 1785366#0: *1486 connect() failed (111: Connection refused) while connecting to upstream, client: 18.211.148.239, server: ayaclass.com, request: "GET /public/?dir=/proc/1641764 HTTP/1.1", upstream: "http://192.145.236.239:8080/public/?dir=/proc/1641764", host: "www.ayaclass.com"
2025/10/16 14:37:37 [error] 1785366#0: *1486 connect() failed (111: Connection refused) while connecting to upstream, client: 52.167.144.167, server: ayaclass.com, request: "GET /products/30020565/ HTTP/1.1", upstream: "http://192.145.236.239:8080/products/30020565/", host: "www.ayaclass.com"
2025/10/16 14:37:44 [error] 1785366#0: *1516 connect() failed (111: Connection refused) while connecting to upstream, client: 52.2.83.227, server: ayaclass.com, request: "GET /public/?dir=/opt/imh-python/lib/python3.9/site-packages/libcloud/test/compute/__pycache__&edit=/opt/imh-python/lib/python3.9/site-packages/libcloud/test/compute/__pycache__/test_vultr.cpython-39.pyc HTTP/1.1", upstream: "http://192.145.236.239:8080/public/?dir=/opt/imh-python/lib/python3.9/site-packages/libcloud/test/compute/__pycache__&edit=/opt/imh-python/lib/python3.9/site-packages/libcloud/test/compute/__pycache__/test_vultr.cpython-39.pyc", host: "www.ayaclass.com"
2025/10/16 14:37:45 [error] 1785366#0: *1515 connect() failed (111: Connection refused) while connecting to upstream, client: 220.181.108.101, server: pouted.com, request: "GET /tag/e-learning-development/ HTTP/2.0", upstream: "https://192.145.236.239:8443/tag/e-learning-development/", host: "www.pouted.com"
2025/10/16 14:37:45 [error] 1785366#0: *1519 connect() failed (111: Connection refused) while connecting to upstream, client: 34.204.150.196, server: ayaclass.com, request: "GET /public/?dir=/proc/3/task/3/net&edit=/proc/3/task/3/net/ip_tables_names HTTP/1.1", upstream: "http://192.145.236.239:8080/public/?dir=/proc/3/task/3/net&edit=/proc/3/task/3/net/ip_tables_names", host: "www.ayaclass.com"
2025/10/16 14:37:47 [error] 1785366#0: *1521 connect() failed (111: Connection refused) while connecting to upstream, client: 52.204.89.12, server: pouted.com, request: "GET /top-10-smart-bathrooms/amp/ HTTP/2.0", upstream: "https://192.145.236.239:8443/top-10-smart-bathrooms/amp/", host: "www.pouted.com"
2025/10/16 14:37:48 [error] 1785366#0: *1523 connect() failed (111: Connection refused) while connecting to upstream, client: 20.171.207.30, server: pouted.com, request: "GET /wp-content/plugins/wpforms-lite/vendor_prefixed/symfony/?C=D;O=A HTTP/2.0", upstream: "https://192.145.236.239:8443/wp-content/plugins/wpforms-lite/vendor_prefixed/symfony/?C=D;O=A", host: "www.pouted.com"
2025/10/16 14:37:49 [error] 1785366#0: *1526 open() "/home/pouted/public_html/wp-content/uploads/2014/02/article-0-174DE3BA000005DC-227_634x628.jpg" failed (2: No such file or directory), client: 216.86.162.153, server: pouted.com, request: "GET /wp-content/uploads/2014/02/article-0-174DE3BA000005DC-227_634x628.jpg?x71148 HTTP/2.0", host: "www.pouted.com"
2025/10/16 14:37:49 [error] 1785366#0: *1527 connect() failed (111: Connection refused) while connecting to upstream, client: 50.16.248.61, server: ayaclass.com, request: "GET /?dir=/home/ayaclass/public_html/vendor/twilio/sdk/src/Twilio/Rest/FlexApi/V1&edit=/home/ayaclass/public_html/vendor/twilio/sdk/src/Twilio/Rest/FlexApi/V1/InteractionList.php HTTP/1.1", upstream: "http://192.145.236.239:8080/?dir=/home/ayaclass/public_html/vendor/twilio/sdk/src/Twilio/Rest/FlexApi/V1&edit=/home/ayaclass/public_html/vendor/twilio/sdk/src/Twilio/Rest/FlexApi/V1/InteractionList.php", host: "www.ayaclass.com"
2025/10/16 14:37:49 [error] 1785366#0: *1529 connect() failed (111: Connection refused) while connecting to upstream, client: 44.210.204.255, server: pouted.com, request: "GET /best-valentines-jewelry-gifts-by-joyamo-jewelry/amp/ HTTP/2.0", upstream: "https://192.145.236.239:8443/best-valentines-jewelry-gifts-by-joyamo-jewelry/amp/", host: "www.pouted.com"
2025/10/16 14:37:50 [error] 1785366#0: *1531 connect() failed (111: Connection refused) while connecting to upstream, client: 47.128.16.119, server: pouted.com, request: "GET /6-fashionable-hairstyles-every-man-in-his-30s-should-nail/amp/ HTTP/2.0", upstream: "https://192.145.236.239:8443/6-fashionable-hairstyles-every-man-in-his-30s-should-nail/amp/", host: "www.pouted.com"
2025/10/16 14:37:53 [error] 1785366#0: *1534 connect() failed (111: Connection refused) while connecting to upstream, client: 85.208.96.202, server: ayaclass.com, request: "GET /?a=19690415 HTTP/1.1", upstream: "http://192.145.236.239:8080/?a=19690415", host: "www.ayaclass.com"
2025/10/16 14:37:53 [error] 1785366#0: *1527 connect() failed (111: Connection refused) while connecting to upstream, client: 23.23.104.107, server: ayaclass.com, request: "GET /?dir=/proc/111/net&dl=/proc/111/net/connector HTTP/1.1", upstream: "http://192.145.236.239:8080/?dir=/proc/111/net&dl=/proc/111/net/connector", host: "www.ayaclass.com"
2025/10/16 14:37:53 [error] 1785366#0: *1497 connect() failed (111: Connection refused) while connecting to upstream, client: 100.29.164.178, server: pouted.com, request: "GET /hostingfiles/visit/webhostingpad HTTP/2.0", upstream: "https://192.145.236.239:8443/hostingfiles/visit/webhostingpad", host: "www.pouted.com"
2025/10/16 14:37:54 [error] 1785366#0: *1538 connect() failed (111: Connection refused) while connecting to upstream, client: 20.171.207.135, server: ayaclass.com, request: "GET /?dir=%2Fproc&dl=%2Fproc%2F1249632 HTTP/1.1", upstream: "http://192.145.236.239:8080/?dir=%2Fproc&dl=%2Fproc%2F1249632", host: "www.ayaclass.com"
2025/10/16 14:37:54 [error] 1785366#0: *1542 connect() failed (111: Connection refused) while connecting to upstream, client: 54.204.197.126, server: pouted.com, request: "GET /tag/loose-leaf-tea/ HTTP/2.0", upstream: "https://192.145.236.239:8443/tag/loose-leaf-tea/", host: "www.pouted.com"
2025/10/16 14:37:57 [error] 1785366#0: *1486 connect() failed (111: Connection refused) while connecting to upstream, client: 98.83.177.42, server: ayaclass.com, request: "GET /?dir=/opt/imh-python/lib/python3.9/site-packages/jedi/inference/__pycache__&dl=/opt/imh-python/lib/python3.9/site-packages/jedi/inference/__pycache__/docstrings.cpython-39.pyc HTTP/1.1", upstream: "http://192.145.236.239:8080/?dir=/opt/imh-python/lib/python3.9/site-packages/jedi/inference/__pycache__&dl=/opt/imh-python/lib/python3.9/site-packages/jedi/inference/__pycache__/docstrings.cpython-39.pyc", host: "www.ayaclass.com"
2025/10/16 14:37:57 [error] 1785366#0: *1497 connect() failed (111: Connection refused) while connecting to upstream, client: 44.212.145.46, server: pouted.com, request: "GET /tag/machine-learning/ HTTP/2.0", upstream: "https://192.145.236.239:8443/tag/machine-learning/", host: "www.pouted.com"
2025/10/16 14:37:59 [error] 1785366#0: *1551 connect() failed (111: Connection refused) while connecting to upstream, client: 40.77.167.1, server: pouted.com, request: "GET /magazine/lifestyle/page/19/ HTTP/2.0", upstream: "https://192.145.236.239:8443/magazine/lifestyle/page/19/", host: "www.pouted.com"
2025/10/16 14:38:00 [error] 1785366#0: *1553 connect() failed (111: Connection refused) while connecting to upstream, client: 40.77.167.55, server: pouted.com, request: "GET /tag/colored-blazers/ HTTP/2.0", upstream: "https://192.145.236.239:8443/tag/colored-blazers/", host: "www.pouted.com"
2025/10/16 14:38:00 [error] 1785366#0: *1519 connect() failed (111: Connection refused) while connecting to upstream, client: 34.205.163.103, server: ayaclass.com, request: "GET /?dir=/proc/416166/net/netfilter&dl=/proc/416166/net/netfilter/.. HTTP/1.1", upstream: "http://192.145.236.239:8080/?dir=/proc/416166/net/netfilter&dl=/proc/416166/net/netfilter/..", host: "www.ayaclass.com"
2025/10/16 14:38:01 [error] 1785366#0: *1551 connect() failed (111: Connection refused) while connecting to upstream, client: 44.223.116.180, server: pouted.com, request: "GET /tag/choose-the-best-hospital/ HTTP/2.0", upstream: "https://192.145.236.239:8443/tag/choose-the-best-hospital/", host: "www.pouted.com"
2025/10/16 14:38:04 [error] 1785366#0: *1559 connect() failed (111: Connection refused) while connecting to upstream, client: 2a03:2880:f800:6::, server: ayaclass.com, request: "GET /products/30089710/ HTTP/1.1", upstream: "http://192.145.236.239:8080/products/30089710/", host: "www.ayaclass.com"
2025/10/16 14:38:04 [error] 1785366#0: *1486 connect() failed (111: Connection refused) while connecting to upstream, client: 100.28.49.152, server: ayaclass.com, request: "GET /public/?dir=/home/ayaclass/public_html/vendor/tymon/jwt-auth/src&edit=/home/ayaclass/public_html/vendor/tymon/jwt-auth/src/JWTGuard.php HTTP/1.1", upstream: "http://192.145.236.239:8080/public/?dir=/home/ayaclass/public_html/vendor/tymon/jwt-auth/src&edit=/home/ayaclass/public_html/vendor/tymon/jwt-auth/src/JWTGuard.php", host: "www.ayaclass.com"
2025/10/16 14:38:06 [error] 1785366#0: *1564 connect() failed (111: Connection refused) while connecting to upstream, client: 18.204.89.56, server: pouted.com, request: "GET /tag/future-of-ar-and-vr/ HTTP/2.0", upstream: "https://192.145.236.239:8443/tag/future-of-ar-and-vr/", host: "www.pouted.com"
2025/10/16 14:38:08 [error] 1785366#0: *1566 connect() failed (111: Connection refused) while connecting to upstream, client: 52.205.113.104, server: ayaclass.com, request: "GET /public/?dir=/usr/share/zoneinfo/posix&edit=/usr/share/zoneinfo/posix/GB HTTP/1.1", upstream: "http://192.145.236.239:8080/public/?dir=/usr/share/zoneinfo/posix&edit=/usr/share/zoneinfo/posix/GB", host: "www.ayaclass.com"
2025/10/16 14:38:10 [error] 1785366#0: *1569 connect() failed (111: Connection refused) while connecting to upstream, client: 66.249.64.170, server: pouted.com, request: "GET /top-10-cool-unusual-things-to-do-in-los-angeles/ HTTP/2.0", upstream: "https://192.145.236.239:8443/top-10-cool-unusual-things-to-do-in-los-angeles/", host: "www.pouted.com"
2025/10/16 14:38:11 [error] 1785366#0: *1572 connect() failed (111: Connection refused) while connecting to upstream, client: 3.221.222.168, server: pouted.com, request: "GET /tag/best-girls-trip-destinations/ HTTP/2.0", upstream: "https://192.145.236.239:8443/tag/best-girls-trip-destinations/", host: "www.pouted.com"
2025/10/16 14:38:12 [error] 1785366#0: *1576 connect() failed (111: Connection refused) while connecting to upstream, client: 54.163.136.244, server: ayaclass.com, request: "GET /public/?dir=/opt/imh-python/lib/python3.9/site-packages/prompt_toolkit&edit=/opt/imh-python/lib/python3.9/site-packages/prompt_toolkit/search.py HTTP/1.1", upstream: "http://192.145.236.239:8080/public/?dir=/opt/imh-python/lib/python3.9/site-packages/prompt_toolkit&edit=/opt/imh-python/lib/python3.9/site-packages/prompt_toolkit/search.py", host: "www.ayaclass.com"
2025/10/16 14:38:13 [error] 1785366#0: *1551 connect() failed (111: Connection refused) while connecting to upstream, client: 54.204.12.115, server: pouted.com, request: "GET /tag/bohemian-fashion-trends/ HTTP/2.0", upstream: "https://192.145.236.239:8443/tag/bohemian-fashion-trends/", host: "www.pouted.com"
2025/10/16 14:38:16 [error] 1785366#0: *1581 open() "/home/pouted/public_html/wp-content/uploads/jewels/colored-stones-in-jewelry-are-worth-more-if-left-in-the-piece.jpg" failed (2: No such file or directory), client: 106.38.226.148, server: pouted.com, request: "GET /wp-content/uploads/jewels/colored-stones-in-jewelry-are-worth-more-if-left-in-the-piece.jpg?x45357 HTTP/2.0", host: "www.pouted.com"
2025/10/16 14:38:17 [error] 1785366#0: *1486 connect() failed (111: Connection refused) while connecting to upstream, client: 35.174.141.243, server: ayaclass.com, request: "GET /public/?dir=/usr/share/perl5/vendor_perl&dl=/usr/share/perl5/vendor_perl/Error HTTP/1.1", upstream: "http://192.145.236.239:8080/public/?dir=/usr/share/perl5/vendor_perl&dl=/usr/share/perl5/vendor_perl/Error", host: "www.ayaclass.com"
2025/10/16 14:38:18 [error] 1785366#0: *1584 connect() failed (111: Connection refused) while connecting to upstream, client: 66.249.64.169, server: pouted.com, request: "GET /50-hottest-hair-color-ideas-for-men-in-2017/amp/ HTTP/2.0", upstream: "https://192.145.236.239:8443/50-hottest-hair-color-ideas-for-men-in-2017/amp/", host: "www.pouted.com"
2025/10/16 14:38:19 [error] 1785366#0: *1587 connect() failed (111: Connection refused) while connecting to upstream, client: 18.213.102.186, server: pouted.com, request: "GET /tag/basic-writing-tips/ HTTP/2.0", upstream: "https://192.145.236.239:8443/tag/basic-writing-tips/", host: "www.pouted.com"
2025/10/16 14:38:19 [error] 1785366#0: *1589 connect() failed (111: Connection refused) while connecting to upstream, client: 2a03:2880:f800:25::, server: pouted.com, request: "GET /tag/wedding-dresses-with-long-sleeves/ HTTP/2.0", upstream: "https://192.145.236.239:8443/tag/wedding-dresses-with-long-sleeves/", host: "www.pouted.com"
2025/10/16 14:38:20 [error] 1785366#0: *1591 connect() failed (111: Connection refused) while connecting to upstream, client: 127.0.0.1, server: 127.0.0.1, request: "GET /whm-server-status HTTP/1.0", upstream: "http://127.0.0.1:8080/whm-server-status", host: "localhost"
2025/10/16 14:38:21 [error] 1785366#0: *1584 connect() failed (111: Connection refused) while connecting to upstream, client: 66.249.64.168, server: pouted.com, request: "GET /post-sitemap8.xml HTTP/2.0", upstream: "https://192.145.236.239:8443/post-sitemap8.xml", host: "www.pouted.com"
2025/10/16 14:38:21 [error] 1785366#0: *1559 connect() failed (111: Connection refused) while connecting to upstream, client: 184.73.167.217, server: ayaclass.com, request: "GET /public/?dir=/usr/share/perl5/vendor_perl&dl=/usr/share/perl5/vendor_perl/B HTTP/1.1", upstream: "http://192.145.236.239:8080/public/?dir=/usr/share/perl5/vendor_perl&dl=/usr/share/perl5/vendor_perl/B", host: "www.ayaclass.com"
2025/10/16 14:38:21 [error] 1785366#0: *1564 connect() failed (111: Connection refused) while connecting to upstream, client: 54.164.106.236, server: pouted.com, request: "GET /tag/web-design-agencies-in-abu-dhabi/ HTTP/2.0", upstream: "https://192.145.236.239:8443/tag/web-design-agencies-in-abu-dhabi/", host: "www.pouted.com"
2025/10/16 14:38:22 [error] 1785366#0: *1594 connect() failed (111: Connection refused) while connecting to upstream, client: 166.108.235.37, server: pouted.com, request: "GET /magazine/travel-holidays/amp/page/14 HTTP/2.0", upstream: "https://192.145.236.239:8443/magazine/travel-holidays/amp/page/14", host: "pouted.com", referrer: "https://pouted.com/magazine/travel-holidays/amp/page/14"
2025/10/16 14:38:24 [error] 1785366#0: *1600 connect() failed (111: Connection refused) while connecting to upstream, client: 50.16.72.185, server: ayaclass.com, request: "GET /public/?dir=/opt/imh-python/lib/python3.9/site-packages/prompt_toolkit/widgets/__pycache__&edit=/opt/imh-python/lib/python3.9/site-packages/prompt_toolkit/widgets/__pycache__/base.cpython-39.pyc HTTP/1.1", upstream: "http://192.145.236.239:8080/public/?dir=/opt/imh-python/lib/python3.9/site-packages/prompt_toolkit/widgets/__pycache__&edit=/opt/imh-python/lib/python3.9/site-packages/prompt_toolkit/widgets/__pycache__/base.cpython-39.pyc", host: "www.ayaclass.com"
2025/10/16 14:38:24 [error] 1785366#0: *1599 connect() failed (111: Connection refused) while connecting to upstream, client: 43.165.198.156, server: pouted.com, request: "GET /20-places-to-explore-for-an-enchanting-holiday/ HTTP/2.0", upstream: "https://192.145.236.239:8443/20-places-to-explore-for-an-enchanting-holiday/", host: "www.pouted.com", referrer: "https://www.pouted.com"
2025/10/16 14:38:25 [error] 1785366#0: *1603 connect() failed (111: Connection refused) while connecting to upstream, client: 52.201.155.215, server: pouted.com, request: "GET /tag/alcohol-beverages/ HTTP/2.0", upstream: "https://192.145.236.239:8443/tag/alcohol-beverages/", host: "www.pouted.com"
2025/10/16 14:38:26 [error] 1785366#0: *1606 connect() failed (111: Connection refused) while connecting to upstream, client: 2a03:2880:f800:1e::, server: ayaclass.com, request: "GET /products/21336043/ HTTP/1.1", upstream: "http://192.145.236.239:8080/products/21336043/", host: "www.ayaclass.com"
2025/10/16 14:38:26 [error] 1785366#0: *1609 connect() failed (111: Connection refused) while connecting to upstream, client: 66.249.72.64, server: ayaclass.com, request: "GET /?dir=%2Fproc&dl=%2Fproc%2F1778112 HTTP/1.1", upstream: "http://192.145.236.239:8080/?dir=%2Fproc&dl=%2Fproc%2F1778112", host: "www.ayaclass.com"
2025/10/16 14:38:26 [error] 1785366#0: *1611 connect() failed (111: Connection refused) while connecting to upstream, client: 116.179.32.178, server: pouted.com, request: "GET /top-10-graduation-speeches-that-will-motivate-you/ HTTP/2.0", upstream: "https://192.145.236.239:8443/top-10-graduation-speeches-that-will-motivate-you/", host: "www.pouted.com"
2025/10/16 14:38:28 [error] 1785366#0: *1559 connect() failed (111: Connection refused) while connecting to upstream, client: 54.235.125.129, server: ayaclass.com, request: "GET /?dir=/var/cache/dnf/wp-toolkit-thirdparties-b081610d7383d81b HTTP/1.1", upstream: "http://192.145.236.239:8080/?dir=/var/cache/dnf/wp-toolkit-thirdparties-b081610d7383d81b", host: "www.ayaclass.com"
2025/10/16 14:38:28 [error] 1785366#0: *1614 connect() failed (111: Connection refused) while connecting to upstream, client: 47.128.111.135, server: pouted.com, request: "GET /top-10-ways-to-maintain-your-focus/ HTTP/2.0", upstream: "https://192.145.236.239:8443/top-10-ways-to-maintain-your-focus/", host: "www.pouted.com"
2025/10/16 14:38:29 [error] 1785366#0: *1617 connect() failed (111: Connection refused) while connecting to upstream, client: 52.202.233.37, server: pouted.com, request: "GET /tag/common-mistakes-in-buying-shoes/ HTTP/2.0", upstream: "https://192.145.236.239:8443/tag/common-mistakes-in-buying-shoes/", host: "www.pouted.com"
2025/10/16 14:38:32 [error] 1785366#0: *1623 connect() failed (111: Connection refused) while connecting to upstream, client: 52.167.144.146, server: ayaclass.com, request: "GET /products/2123176/ HTTP/1.1", upstream: "http://192.145.236.239:8080/products/2123176/", host: "www.ayaclass.com"
2025/10/16 14:38:33 [error] 1785366#0: *1625 connect() failed (111: Connection refused) while connecting to upstream, client: 54.84.250.51, server: ayaclass.com, request: "GET /?dir=/usr/include/mysql/server&edit=/usr/include/mysql/server/byte_order_generic.h HTTP/1.1", upstream: "http://192.145.236.239:8080/?dir=/usr/include/mysql/server&edit=/usr/include/mysql/server/byte_order_generic.h", host: "www.ayaclass.com"
2025/10/16 14:38:34 [error] 1785366#0: *1603 connect() failed (111: Connection refused) while connecting to upstream, client: 44.195.50.71, server: pouted.com, request: "GET /tag/shoe-buying-mistakes/ HTTP/2.0", upstream: "https://192.145.236.239:8443/tag/shoe-buying-mistakes/", host: "www.pouted.com"
2025/10/16 14:38:36 [error] 1785366#0: *1632 open() "/home/pouted/public_html/wp-content/uploads/2013/11/hipster_nikon_df-710x443.jpg" failed (2: No such file or directory), client: 3.139.225.206, server: pouted.com, request: "GET /wp-content/uploads/2013/11/hipster_nikon_df-710x443.jpg?x33143 HTTP/2.0", host: "www.pouted.com"
2025/10/16 14:38:36 [error] 1785366#0: *1633 connect() failed (111: Connection refused) while connecting to upstream, client: 23.23.213.182, server: ayaclass.com, request: "GET /public/?dir=/opt/imh-python/lib/python3.9/site-packages/IPython/testing/__pycache__&edit=/opt/imh-python/lib/python3.9/site-packages/IPython/testing/__pycache__/.. HTTP/1.1", upstream: "http://192.145.236.239:8080/public/?dir=/opt/imh-python/lib/python3.9/site-packages/IPython/testing/__pycache__&edit=/opt/imh-python/lib/python3.9/site-packages/IPython/testing/__pycache__/..", host: "www.ayaclass.com"
2025/10/16 14:38:37 [error] 1785366#0: *1486 connect() failed (111: Connection refused) while connecting to upstream, client: 2a03:2880:f800:d::, server: ayaclass.com, request: "GET /products/18531976/ HTTP/1.1", upstream: "http://192.145.236.239:8080/products/18531976/", host: "www.ayaclass.com"
2025/10/16 14:38:38 [error] 1785366#0: *1636 connect() failed (111: Connection refused) while connecting to upstream, client: 20.171.207.6, server: ayaclass.com, request: "GET /?dir=%2Fproc&dl=%2Fproc%2F1712518 HTTP/2.0", upstream: "https://192.145.236.239:8443/?dir=%2Fproc&dl=%2Fproc%2F1712518", host: "mail.ayaclass.com"
2025/10/16 14:38:41 [error] 1785366#0: *1641 connect() failed (111: Connection refused) while connecting to upstream, client: 40.77.167.1, server: pouted.com, request: "GET /?s=kretingos+g20 HTTP/2.0", upstream: "https://192.145.236.239:8443/?s=kretingos+g20", host: "www.pouted.com"
2025/10/16 14:38:41 [error] 1785366#0: *1643 open() "/home/pouted/public_html/wp-content/uploads/jewels/Katie-Decker-Lotus-18k-Diamond-and-Tahitian-Pearl-Ring.jpg" failed (2: No such file or directory), client: 213.217.236.219, server: pouted.com, request: "GET /wp-content/uploads/jewels/Katie-Decker-Lotus-18k-Diamond-and-Tahitian-Pearl-Ring.jpg?x44527 HTTP/2.0", host: "www.pouted.com", referrer: "https://www.pouted.com/"
2025/10/16 14:38:41 [error] 1785366#0: *1644 connect() failed (111: Connection refused) while connecting to upstream, client: 44.193.115.232, server: ayaclass.com, request: "GET /?dir=/proc/1651044 HTTP/1.1", upstream: "http://192.145.236.239:8080/?dir=/proc/1651044", host: "www.ayaclass.com"
2025/10/16 14:38:44 [error] 1785366#0: *1651 connect() failed (111: Connection refused) while connecting to upstream, client: 52.70.209.13, server: ayaclass.com, request: "GET /public/?dir=/var/softaculous/buggenie/images/.. HTTP/1.1", upstream: "http://192.145.236.239:8080/public/?dir=/var/softaculous/buggenie/images/..", host: "www.ayaclass.com"
2025/10/16 14:38:47 [error] 1785366#0: *1653 open() "/home/pouted/public_html/wp-content/uploads/2014/01/text-bracelets-bangles-220x150.jpg" failed (2: No such file or directory), client: 3.139.225.206, server: pouted.com, request: "GET /wp-content/uploads/2014/01/text-bracelets-bangles-220x150.jpg HTTP/2.0", host: "www.pouted.com"
2025/10/16 14:38:49 [error] 1785366#0: *1655 connect() failed (111: Connection refused) while connecting to upstream, client: 52.204.81.148, server: ayaclass.com, request: "GET /public/?dir=/usr/lib/rads/venv/lib/python3.13/site-packages&dl=/usr/lib/rads/venv/lib/python3.13/site-packages/netifaces-0.11.0.dist-info HTTP/1.1", upstream: "http://192.145.236.239:8080/public/?dir=/usr/lib/rads/venv/lib/python3.13/site-packages&dl=/usr/lib/rads/venv/lib/python3.13/site-packages/netifaces-0.11.0.dist-info", host: "www.ayaclass.com"
2025/10/16 14:38:49 [error] 1785366#0: *1657 connect() failed (111: Connection refused) while connecting to upstream, client: 20.171.207.30, server: pouted.com, request: "GET /wp-content/plugins/betterlinks/vendor/matomo/device-detector/Parser/Device/?C=N;O=D HTTP/2.0", upstream: "https://192.145.236.239:8443/wp-content/plugins/betterlinks/vendor/matomo/device-detector/Parser/Device/?C=N;O=D", host: "www.pouted.com"
2025/10/16 14:38:51 [error] 1785366#0: *1660 open() "/home/pouted/public_html/wp-content/uploads/2016/10/fashion-bag-pearl-rhinestone-phone-back-cover-for-iphone-4-diamond-studded-mobile-phone-case-for.jpg" failed (2: No such file or directory), client: 3.139.225.206, server: pouted.com, request: "GET /wp-content/uploads/2016/10/fashion-bag-pearl-rhinestone-phone-back-cover-for-iphone-4-diamond-studded-mobile-phone-case-for.jpg?x85627 HTTP/2.0", host: "www.pouted.com"
2025/10/16 14:38:53 [error] 1785366#0: *1633 connect() failed (111: Connection refused) while connecting to upstream, client: 98.83.8.142, server: ayaclass.com, request: "GET /?dir=/usr/lib/fixperms/venv/lib/python3.13/site-packages/urllib3/util/__pycache__&edit=/usr/lib/fixperms/venv/lib/python3.13/site-packages/urllib3/util/__pycache__/timeout.cpython-313.pyc HTTP/1.1", upstream: "http://192.145.236.239:8080/?dir=/usr/lib/fixperms/venv/lib/python3.13/site-packages/urllib3/util/__pycache__&edit=/usr/lib/fixperms/venv/lib/python3.13/site-packages/urllib3/util/__pycache__/timeout.cpython-313.pyc", host: "www.ayaclass.com"
2025/10/16 14:38:53 [error] 1785366#0: *1617 connect() failed (111: Connection refused) while connecting to upstream, client: 54.236.1.54, server: pouted.com, request: "GET /88-lovely-spring-summer-outfit-ideas-2017/amp/ HTTP/2.0", upstream: "https://192.145.236.239:8443/88-lovely-spring-summer-outfit-ideas-2017/amp/", host: "www.pouted.com"
2025/10/16 14:38:53 [error] 1785366#0: *1617 connect() failed (111: Connection refused) while connecting to upstream, client: 54.236.1.54, server: pouted.com, request: "GET /top-24-funny-laughable-animals/amp/ HTTP/2.0", upstream: "https://192.145.236.239:8443/top-24-funny-laughable-animals/amp/", host: "www.pouted.com"
2025/10/16 14:38:54 [error] 1785366#0: *1664 connect() failed (111: Connection refused) while connecting to upstream, client: 54.236.1.52, server: pouted.com, request: "GET /first-date-outfit-ideas/2/ HTTP/2.0", upstream: "https://192.145.236.239:8443/first-date-outfit-ideas/2/", host: "www.pouted.com"
2025/10/16 14:38:54 [error] 1785366#0: *1666 connect() failed (111: Connection refused) while connecting to upstream, client: 54.236.1.11, server: pouted.com, request: "GET /flying-camera-unbelievable/ HTTP/2.0", upstream: "https://192.145.236.239:8443/flying-camera-unbelievable/", host: "www.pouted.com"
2025/10/16 14:38:55 [error] 1785366#0: *1669 connect() failed (111: Connection refused) while connecting to upstream, client: 54.236.1.53, server: pouted.com, request: "GET /35-dazzling-catchy-ceiling-design-ideas-2015/ HTTP/2.0", upstream: "https://192.145.236.239:8443/35-dazzling-catchy-ceiling-design-ideas-2015/", host: "www.pouted.com"
2025/10/16 14:38:56 [error] 1785366#0: *1644 connect() failed (111: Connection refused) while connecting to upstream, client: 85.208.96.206, server: ayaclass.com, request: "GET /?a=475215 HTTP/1.1", upstream: "http://192.145.236.239:8080/?a=475215", host: "www.ayaclass.com"
2025/10/16 14:38:57 [error] 1785366#0: *1673 connect() failed (111: Connection refused) while connecting to upstream, client: 54.236.1.13, server: pouted.com, request: "GET /27-ideas-bring-new-life-shoes-adding-shoe-clips-charms/amp/ HTTP/2.0", upstream: "https://192.145.236.239:8443/27-ideas-bring-new-life-shoes-adding-shoe-clips-charms/amp/", host: "www.pouted.com"
2025/10/16 14:38:58 [error] 1785366#0: *1675 connect() failed (111: Connection refused) while connecting to upstream, client: 20.194.1.14, server: pouted.com, request: "GET /2018-trends-6-trendy-wavy-hairstyles-for-men/ HTTP/2.0", upstream: "https://192.145.236.239:8443/2018-trends-6-trendy-wavy-hairstyles-for-men/", host: "www.pouted.com"
2025/10/16 14:38:58 [error] 1785366#0: *1676 connect() failed (111: Connection refused) while connecting to upstream, client: 54.236.1.54, server: pouted.com, request: "GET /pictures-leaked-to-the-interface-htc-sense-5-awaited/ HTTP/2.0", upstream: "https://192.145.236.239:8443/pictures-leaked-to-the-interface-htc-sense-5-awaited/", host: "www.pouted.com"
2025/10/16 14:38:58 [error] 1785366#0: *1675 connect() failed (111: Connection refused) while connecting to upstream, client: 20.194.1.8, server: pouted.com, request: "GET /2018-trends-6-trendy-wavy-hairstyles-for-men/ HTTP/2.0", upstream: "https://192.145.236.239:8443/2018-trends-6-trendy-wavy-hairstyles-for-men/", host: "www.pouted.com"
2025/10/16 14:38:58 [error] 1785366#0: *1675 connect() failed (111: Connection refused) while connecting to upstream, client: 20.194.1.14, server: pouted.com, request: "GET /2018-trends-6-trendy-wavy-hairstyles-for-men/ HTTP/2.0", upstream: "https://192.145.236.239:8443/2018-trends-6-trendy-wavy-hairstyles-for-men/", host: "www.pouted.com"
2025/10/16 14:38:58 [error] 1785366#0: *1675 connect() failed (111: Connection refused) while connecting to upstream, client: 20.194.1.0, server: pouted.com, request: "GET /2018-trends-6-trendy-wavy-hairstyles-for-men/ HTTP/2.0", upstream: "https://192.145.236.239:8443/2018-trends-6-trendy-wavy-hairstyles-for-men/", host: "www.pouted.com"
2025/10/16 14:38:59 [error] 1785366#0: *1685 connect() failed (111: Connection refused) while connecting to upstream, client: 20.171.207.135, server: ayaclass.com, request: "GET /?dir=%2Fproc&dl=%2Fproc%2F1514682 HTTP/1.1", upstream: "http://192.145.236.239:8080/?dir=%2Fproc&dl=%2Fproc%2F1514682", host: "www.ayaclass.com"
2025/10/16 14:39:00 [error] 1785366#0: *1687 connect() failed (111: Connection refused) while connecting to upstream, client: 23.21.119.232, server: ayaclass.com, request: "GET /public/?dir=/opt/imh-python/lib/python3.9/site-packages/botocore/data/appflow&dl=/opt/imh-python/lib/python3.9/site-packages/botocore/data/appflow/.. HTTP/1.1", upstream: "http://192.145.236.239:8080/public/?dir=/opt/imh-python/lib/python3.9/site-packages/botocore/data/appflow&dl=/opt/imh-python/lib/python3.9/site-packages/botocore/data/appflow/..", host: "www.ayaclass.com"
2025/10/16 14:39:01 [error] 1785366#0: *1689 connect() failed (111: Connection refused) while connecting to upstream, client: 113.249.101.163, server: pouted.com, request: "GET /wp-login.php HTTP/2.0", upstream: "https://192.145.236.239:8443/wp-login.php", host: "www.pouted.com"
2025/10/16 14:39:01 [error] 1785366#0: *1691 connect() failed (111: Connection refused) while connecting to upstream, client: 34.196.237.236, server: ayaclass.com, request: "GET /?dir=/home/ayaclass/public_html/vendor/aws/aws-sdk-php/src/data&edit=/home/ayaclass/public_html/vendor/aws/aws-sdk-php/src/data/autoscaling-plans HTTP/1.1", upstream: "http://192.145.236.239:8080/?dir=/home/ayaclass/public_html/vendor/aws/aws-sdk-php/src/data&edit=/home/ayaclass/public_html/vendor/aws/aws-sdk-php/src/data/autoscaling-plans", host: "www.ayaclass.com"
2025/10/16 14:39:02 [error] 1785366#0: *1689 connect() failed (111: Connection refused) while connecting to upstream, client: 113.249.101.163, server: pouted.com, request: "GET /?author=1 HTTP/2.0", upstream: "https://192.145.236.239:8443/?author=1", host: "www.pouted.com"
2025/10/16 14:39:02 [error] 1785366#0: *1676 connect() failed (111: Connection refused) while connecting to upstream, client: 54.236.1.53, server: pouted.com, request: "GET /top-10-graduation-speeches-that-will-motivate-you/ HTTP/2.0", upstream: "https://192.145.236.239:8443/top-10-graduation-speeches-that-will-motivate-you/", host: "www.pouted.com"
2025/10/16 14:39:02 [error] 1785366#0: *1689 connect() failed (111: Connection refused) while connecting to upstream, client: 113.249.101.163, server: pouted.com, request: "GET /?author=2 HTTP/2.0", upstream: "https://192.145.236.239:8443/?author=2", host: "www.pouted.com"
2025/10/16 14:39:02 [error] 1785366#0: *1696 connect() failed (111: Connection refused) while connecting to upstream, client: 54.236.1.54, server: pouted.com, request: "GET /know-train-child-use-five-senses/ HTTP/2.0", upstream: "https://192.145.236.239:8443/know-train-child-use-five-senses/", host: "www.pouted.com"
2025/10/16 14:39:03 [error] 1785366#0: *1698 open() "/home/pouted/public_html/wp-content/uploads/2017/09/kids-using-tap-675x450.jpg" failed (2: No such file or directory), client: 3.139.225.206, server: pouted.com, request: "GET /wp-content/uploads/2017/09/kids-using-tap-675x450.jpg HTTP/2.0", host: "www.pouted.com"
2025/10/16 14:39:03 [error] 1785366#0: *1673 connect() failed (111: Connection refused) while connecting to upstream, client: 54.236.1.52, server: pouted.com, request: "GET /what-are-the-most-inspiring-landscapes-in-the-world/ HTTP/2.0", upstream: "https://192.145.236.239:8443/what-are-the-most-inspiring-landscapes-in-the-world/", host: "www.pouted.com"
2025/10/16 14:39:03 [error] 1785366#0: *1689 connect() failed (111: Connection refused) while connecting to upstream, client: 113.249.101.163, server: pouted.com, request: "GET /?author=3 HTTP/2.0", upstream: "https://192.145.236.239:8443/?author=3", host: "www.pouted.com"
2025/10/16 14:39:03 [error] 1785366#0: *1700 connect() failed (111: Connection refused) while connecting to upstream, client: 54.236.1.13, server: pouted.com, request: "GET /32-interesting-outdoor-furniture-designs/?patiosfortoday=8728958616 HTTP/2.0", upstream: "https://192.145.236.239:8443/32-interesting-outdoor-furniture-designs/?patiosfortoday=8728958616", host: "www.pouted.com"
2025/10/16 14:39:03 [error] 1785366#0: *1676 connect() failed (111: Connection refused) while connecting to upstream, client: 54.236.1.13, server: pouted.com, request: "GET /how-to-lose-weight-after-surgery/ HTTP/2.0", upstream: "https://192.145.236.239:8443/how-to-lose-weight-after-surgery/", host: "www.pouted.com"
2025/10/16 14:39:03 [error] 1785366#0: *1699 connect() failed (111: Connection refused) while connecting to upstream, client: 101.46.8.205, server: pouted.com, request: "GET /how-to-take-care-of-pet/amp HTTP/2.0", upstream: "https://192.145.236.239:8443/how-to-take-care-of-pet/amp", host: "pouted.com"
