2025/10/16 15:31:31 [error] 1785366#0: *9060 connect() failed (111: Connection refused) while connecting to upstream, client: 85.208.96.205, server: ayaclass.com, request: "GET /?a=13719915 HTTP/1.1", upstream: "http://192.145.236.239:8080/?a=13719915", host: "www.ayaclass.com"
2025/10/16 15:31:32 [error] 1785366#0: *8991 connect() failed (111: Connection refused) while connecting to upstream, client: 3.220.70.171, server: ayaclass.com, request: "GET /?dir=/var/softaculous/faveo/php56 HTTP/1.1", upstream: "http://192.145.236.239:8080/?dir=/var/softaculous/faveo/php56", host: "www.ayaclass.com"
2025/10/16 15:31:33 [error] 1785366#0: *9099 open() "/home/pouted/public_html/wp-content/uploads/2014/08/HK_Ruby-diamond-necklace.jpg" failed (2: No such file or directory), client: 94.74.82.169, server: pouted.com, request: "GET /wp-content/uploads/2014/08/HK_Ruby-diamond-necklace.jpg?x44527 HTTP/2.0", host: "www.pouted.com"
2025/10/16 15:31:36 [error] 1785366#0: *9100 connect() failed (111: Connection refused) while connecting to upstream, client: 52.22.87.224, server: ayaclass.com, request: "GET /public/?dir=/usr/lib64/python3.6/site-packages/samba/netcmd/domain/__pycache__&dl=/usr/lib64/python3.6/site-packages/samba/netcmd/domain/__pycache__/__init__.cpython-36.pyc HTTP/1.1", upstream: "http://192.145.236.239:8080/public/?dir=/usr/lib64/python3.6/site-packages/samba/netcmd/domain/__pycache__&dl=/usr/lib64/python3.6/site-packages/samba/netcmd/domain/__pycache__/__init__.cpython-36.pyc", host: "www.ayaclass.com"
2025/10/16 15:31:36 [error] 1785366#0: *9102 connect() failed (111: Connection refused) while connecting to upstream, client: 40.84.221.212, server: pouted.com, request: "GET /2025-tiktok-makeup-trends/ HTTP/2.0", upstream: "https://192.145.236.239:8443/2025-tiktok-makeup-trends/", host: "www.pouted.com"
2025/10/16 15:31:36 [error] 1785366#0: *9104 connect() failed (111: Connection refused) while connecting to upstream, client: 40.84.221.216, server: pouted.com, request: "GET /2025-tiktok-makeup-trends/ HTTP/2.0", upstream: "https://192.145.236.239:8443/2025-tiktok-makeup-trends/", host: "www.pouted.com"
2025/10/16 15:31:36 [error] 1785366#0: *9105 connect() failed (111: Connection refused) while connecting to upstream, client: 17.246.15.137, server: pouted.com, request: "GET /tag/galley-kitchens/ HTTP/2.0", upstream: "https://192.145.236.239:8443/tag/galley-kitchens/", host: "www.pouted.com"
2025/10/16 15:31:37 [error] 1785366#0: *9108 connect() failed (111: Connection refused) while connecting to upstream, client: 40.84.221.217, server: pouted.com, request: "GET /2025-tiktok-makeup-trends/ HTTP/2.0", upstream: "https://192.145.236.239:8443/2025-tiktok-makeup-trends/", host: "www.pouted.com"
2025/10/16 15:31:37 [error] 1785366#0: *9110 connect() failed (111: Connection refused) while connecting to upstream, client: 40.84.221.213, server: pouted.com, request: "GET /2025-tiktok-makeup-trends/ HTTP/2.0", upstream: "https://192.145.236.239:8443/2025-tiktok-makeup-trends/", host: "www.pouted.com"
2025/10/16 15:31:38 [error] 1785366#0: *9114 open() "/home/pouted/public_html/wp-content/uploads/2013/08/modern-wardrobe-3.jpg" failed (2: No such file or directory), client: 136.114.85.85, server: pouted.com, request: "GET /wp-content/uploads/2013/08/modern-wardrobe-3.jpg HTTP/2.0", host: "www.pouted.com"
2025/10/16 15:31:39 [error] 1785366#0: *9115 connect() failed (111: Connection refused) while connecting to upstream, client: 2a03:2880:f800:42::, server: pouted.com, request: "GET /tag/scratch-off-bucket-list/ HTTP/2.0", upstream: "https://192.145.236.239:8443/tag/scratch-off-bucket-list/", host: "www.pouted.com"
2025/10/16 15:31:40 [error] 1785366#0: *9081 connect() failed (111: Connection refused) while connecting to upstream, client: 23.21.227.240, server: ayaclass.com, request: "GET /?dir=/proc/150/net&dl=/proc/150/net/tcp HTTP/1.1", upstream: "http://192.145.236.239:8080/?dir=/proc/150/net&dl=/proc/150/net/tcp", host: "www.ayaclass.com"
2025/10/16 15:31:40 [error] 1785366#0: *9117 connect() failed (111: Connection refused) while connecting to upstream, client: 216.26.255.227, server: pouted.com, request: "GET /wp-login.php HTTP/2.0", upstream: "https://192.145.236.239:8443/wp-login.php", host: "www.pouted.com", referrer: "https://www.pouted.com/wp-login.php"
2025/10/16 15:31:41 [error] 1785366#0: *9120 connect() failed (111: Connection refused) while connecting to upstream, client: 45.3.54.42, server: pouted.com, request: "GET /wp-login.php HTTP/2.0", upstream: "https://192.145.236.239:8443/wp-login.php", host: "www.pouted.com", referrer: "https://www.pouted.com/wp-login.php"
2025/10/16 15:31:42 [error] 1785366#0: *9123 open() "/home/pouted/public_html/wp-content/uploads/2019/04/ruffled-crop-top-summer-outfit-675x866.png" failed (2: No such file or directory), client: 128.118.7.54, server: pouted.com, request: "GET /wp-content/uploads/2019/04/ruffled-crop-top-summer-outfit-675x866.png HTTP/2.0", host: "www.pouted.com"
2025/10/16 15:31:42 [error] 1785366#0: *9122 connect() failed (111: Connection refused) while connecting to upstream, client: 45.3.54.42, server: pouted.com, request: "GET /wp-admin/ HTTP/2.0", upstream: "https://192.145.236.239:8443/wp-admin/", host: "www.pouted.com", referrer: "https://www.pouted.com/wp-admin/"
2025/10/16 15:31:44 [error] 1785366#0: *9125 connect() failed (111: Connection refused) while connecting to upstream, client: 52.45.77.169, server: ayaclass.com, request: "GET /?dir=/home/ayaclass/.trash/AAA/vendor/google/apiclient-services/src/PostmasterTools&dl=/home/ayaclass/.trash/AAA/vendor/google/apiclient-services/src/PostmasterTools/ListDomainsResponse.php HTTP/1.1", upstream: "http://192.145.236.239:8080/?dir=/home/ayaclass/.trash/AAA/vendor/google/apiclient-services/src/PostmasterTools&dl=/home/ayaclass/.trash/AAA/vendor/google/apiclient-services/src/PostmasterTools/ListDomainsResponse.php", host: "www.ayaclass.com"
2025/10/16 15:31:46 [error] 1785366#0: *9128 connect() failed (111: Connection refused) while connecting to upstream, client: 52.167.144.238, server: ayaclass.com, request: "GET /products/2355365/ HTTP/1.1", upstream: "http://192.145.236.239:8080/products/2355365/", host: "www.ayaclass.com"
2025/10/16 15:31:46 [error] 1785366#0: *9130 connect() failed (111: Connection refused) while connecting to upstream, client: 17.241.227.245, server: pouted.com, request: "GET /tag/get-higher-position/ HTTP/2.0", upstream: "https://192.145.236.239:8443/tag/get-higher-position/", host: "www.pouted.com"
2025/10/16 15:31:48 [error] 1785366#0: *8991 connect() failed (111: Connection refused) while connecting to upstream, client: 52.202.52.82, server: ayaclass.com, request: "GET /?dir=/opt/imh-python/lib/python3.9/site-packages/os_client_config&dl=/opt/imh-python/lib/python3.9/site-packages/os_client_config/defaults.py HTTP/1.1", upstream: "http://192.145.236.239:8080/?dir=/opt/imh-python/lib/python3.9/site-packages/os_client_config&dl=/opt/imh-python/lib/python3.9/site-packages/os_client_config/defaults.py", host: "www.ayaclass.com"
2025/10/16 15:31:51 [error] 1785366#0: *9136 connect() failed (111: Connection refused) while connecting to upstream, client: 5.255.231.111, server: intensed.com, request: "GET /robots.txt HTTP/2.0", upstream: "https://192.249.127.250:8443/robots.txt", host: "www.intensed.com"
2025/10/16 15:31:52 [error] 1785366#0: *8991 connect() failed (111: Connection refused) while connecting to upstream, client: 98.82.40.168, server: ayaclass.com, request: "GET /?dir=/opt/imh-python/lib/python3.9/site-packages/pbr/tests&dl=/opt/imh-python/lib/python3.9/site-packages/pbr/tests/test_commands.py HTTP/1.1", upstream: "http://192.145.236.239:8080/?dir=/opt/imh-python/lib/python3.9/site-packages/pbr/tests&dl=/opt/imh-python/lib/python3.9/site-packages/pbr/tests/test_commands.py", host: "www.ayaclass.com"
2025/10/16 15:31:54 [error] 1785366#0: *9142 connect() failed (111: Connection refused) while connecting to upstream, client: 68.221.67.160, server: pouted.com, request: "GET / HTTP/2.0", upstream: "https://192.145.236.239:8443/", host: "pouted.com"
2025/10/16 15:31:55 [error] 1785366#0: *9144 connect() failed (111: Connection refused) while connecting to upstream, client: 68.221.67.165, server: pouted.com, request: "GET / HTTP/2.0", upstream: "https://192.145.236.239:8443/", host: "pouted.com"
2025/10/16 15:31:56 [error] 1785366#0: *9148 connect() failed (111: Connection refused) while connecting to upstream, client: 52.45.29.57, server: ayaclass.com, request: "GET /?dir=/home/ayaclass/.trash/AAA/vendor/google/apiclient-services/src/DisplayVideo/Resource&dl=/home/ayaclass/.trash/AAA/vendor/google/apiclient-services/src/DisplayVideo/Resource/AdvertisersYoutubeAdGroupsTargetingTypesAssignedTargetingOptions.php HTTP/1.1", upstream: "http://192.145.236.239:8080/?dir=/home/ayaclass/.trash/AAA/vendor/google/apiclient-services/src/DisplayVideo/Resource&dl=/home/ayaclass/.trash/AAA/vendor/google/apiclient-services/src/DisplayVideo/Resource/AdvertisersYoutubeAdGroupsTargetingTypesAssignedTargetingOptions.php", host: "www.ayaclass.com"
2025/10/16 15:31:56 [error] 1785366#0: *9150 connect() failed (111: Connection refused) while connecting to upstream, client: 85.208.96.206, server: pouted.com, request: "GET /top-drinks-help-lower-blood-sugar/ HTTP/2.0", upstream: "https://192.145.236.239:8443/top-drinks-help-lower-blood-sugar/", host: "www.pouted.com"
2025/10/16 15:31:56 [error] 1785366#0: *9153 open() "/home/pouted/public_html/wp-content/uploads/2013/02/style-me.jpg" failed (2: No such file or directory), client: 3.139.225.206, server: pouted.com, request: "GET /wp-content/uploads/2013/02/style-me.jpg HTTP/2.0", host: "www.pouted.com"
2025/10/16 15:31:56 [error] 1785366#0: *9151 connect() failed (111: Connection refused) while connecting to upstream, client: 180.190.169.247, server: pouted.com, request: "GET /most-important-tech-trends-this-year/ HTTP/2.0", upstream: "https://192.145.236.239:8443/most-important-tech-trends-this-year/", host: "www.pouted.com"
2025/10/16 15:31:59 [error] 1785366#0: *9156 connect() failed (111: Connection refused) while connecting to upstream, client: 216.244.66.248, server: pouted.com, request: "GET /tag/ar-vs-vr/ HTTP/2.0", upstream: "https://192.145.236.239:8443/tag/ar-vs-vr/", host: "www.pouted.com"
2025/10/16 15:31:59 [error] 1785366#0: *9158 connect() failed (111: Connection refused) while connecting to upstream, client: 54.174.111.132, server: pouted.com, request: "GET /buy-luxear-arc-chill-cooling-bedding-for-hot-sleepers/ HTTP/2.0", upstream: "https://192.145.236.239:8443/buy-luxear-arc-chill-cooling-bedding-for-hot-sleepers/", host: "www.pouted.com"
2025/10/16 15:32:00 [error] 1785366#0: *9161 connect() failed (111: Connection refused) while connecting to upstream, client: 44.210.204.255, server: ayaclass.com, request: "GET /public/?dir=/opt/imh-python/lib/python3.9/site-packages/tzdata/zoneinfo/America&dl=/opt/imh-python/lib/python3.9/site-packages/tzdata/zoneinfo/America/Scoresbysund HTTP/1.1", upstream: "http://192.145.236.239:8080/public/?dir=/opt/imh-python/lib/python3.9/site-packages/tzdata/zoneinfo/America&dl=/opt/imh-python/lib/python3.9/site-packages/tzdata/zoneinfo/America/Scoresbysund", host: "www.ayaclass.com"
2025/10/16 15:32:00 [error] 1785366#0: *9164 open() "/home/pouted/public_html/wp-content/uploads/2013/08/outdoor-bed-10.jpg" failed (2: No such file or directory), client: 43.134.70.65, server: pouted.com, request: "GET /wp-content/uploads/2013/08/outdoor-bed-10.jpg HTTP/2.0", host: "www.pouted.com"
2025/10/16 15:32:03 [error] 1785366#0: *9167 connect() failed (111: Connection refused) while connecting to upstream, client: 66.249.75.133, server: mrmyst.com, request: "GET /dcomm1796/tazijejire.html HTTP/2.0", upstream: "https://192.145.236.239:8443/dcomm1796/tazijejire.html", host: "mrmyst.com"
2025/10/16 15:32:04 [error] 1785366#0: *9148 connect() failed (111: Connection refused) while connecting to upstream, client: 52.70.123.241, server: ayaclass.com, request: "GET /?dir=/opt/imh-python/lib/python3.9/site-packages/Cryptodome/SelfTest/PublicKey/test_vectors/ECC&edit=/opt/imh-python/lib/python3.9/site-packages/Cryptodome/SelfTest/PublicKey/test_vectors/ECC/ecc_p521_private_openssh_pwd_old.pem HTTP/1.1", upstream: "http://192.145.236.239:8080/?dir=/opt/imh-python/lib/python3.9/site-packages/Cryptodome/SelfTest/PublicKey/test_vectors/ECC&edit=/opt/imh-python/lib/python3.9/site-packages/Cryptodome/SelfTest/PublicKey/test_vectors/ECC/ecc_p521_private_openssh_pwd_old.pem", host: "www.ayaclass.com"
2025/10/16 15:32:05 [error] 1785366#0: *9172 open() "/home/pouted/public_html/wp-content/uploads/2014/01/Yahari-Manicure-Set.jpg" failed (2: No such file or directory), client: 3.139.225.206, server: pouted.com, request: "GET /wp-content/uploads/2014/01/Yahari-Manicure-Set.jpg HTTP/2.0", host: "www.pouted.com"
2025/10/16 15:32:05 [error] 1785366#0: *9173 connect() failed (111: Connection refused) while connecting to upstream, client: 20.171.207.30, server: pouted.com, request: "GET /wp-content/plugins/broken-link-checker/legacy/languages/?C=N;O=D HTTP/2.0", upstream: "https://192.145.236.239:8443/wp-content/plugins/broken-link-checker/legacy/languages/?C=N;O=D", host: "www.pouted.com"
2025/10/16 15:32:08 [error] 1785366#0: *9128 connect() failed (111: Connection refused) while connecting to upstream, client: 54.147.80.137, server: ayaclass.com, request: "GET /public/?dir=/usr/include/mysql/server/private&edit=/usr/include/mysql/server/private/grant.h HTTP/1.1", upstream: "http://192.145.236.239:8080/public/?dir=/usr/include/mysql/server/private&edit=/usr/include/mysql/server/private/grant.h", host: "www.ayaclass.com"
2025/10/16 15:32:09 [error] 1785366#0: *9178 connect() failed (111: Connection refused) while connecting to upstream, client: 116.179.32.114, server: pouted.com, request: "GET /tag/2017-hairstyles/ HTTP/2.0", upstream: "https://192.145.236.239:8443/tag/2017-hairstyles/", host: "www.pouted.com"
2025/10/16 15:32:10 [error] 1785366#0: *9180 connect() failed (111: Connection refused) while connecting to upstream, client: 17.241.227.146, server: ayaclass.com, request: "GET /forums/Music/topics/How-do-you-put-a-Group-Link-in-a-note-card/posts HTTP/1.1", upstream: "http://192.145.236.239:8080/forums/Music/topics/How-do-you-put-a-Group-Link-in-a-note-card/posts", host: "www.ayaclass.com"
2025/10/16 15:32:12 [error] 1785366#0: *9182 connect() failed (111: Connection refused) while connecting to upstream, client: 50.19.102.70, server: ayaclass.com, request: "GET /public/?dir=/opt/imh-python/lib/python3.9/site-packages/Cryptodome/SelfTest/Hash/__pycache__&edit=/opt/imh-python/lib/python3.9/site-packages/Cryptodome/SelfTest/Hash/__pycache__/test_BLAKE2.cpython-39.pyc HTTP/1.1", upstream: "http://192.145.236.239:8080/public/?dir=/opt/imh-python/lib/python3.9/site-packages/Cryptodome/SelfTest/Hash/__pycache__&edit=/opt/imh-python/lib/python3.9/site-packages/Cryptodome/SelfTest/Hash/__pycache__/test_BLAKE2.cpython-39.pyc", host: "www.ayaclass.com"
2025/10/16 15:32:12 [error] 1785366#0: *9184 connect() failed (111: Connection refused) while connecting to upstream, client: 52.167.144.19, server: pouted.com, request: "GET /tag/pass-the-drug-test/ HTTP/2.0", upstream: "https://192.145.236.239:8443/tag/pass-the-drug-test/", host: "www.pouted.com"
2025/10/16 15:32:13 [error] 1785366#0: *9186 connect() failed (111: Connection refused) while connecting to upstream, client: 66.249.64.160, server: pouted.com, request: "GET /stellar-european-fashions-for-spring-2017/amp/ HTTP/2.0", upstream: "https://192.145.236.239:8443/stellar-european-fashions-for-spring-2017/amp/", host: "www.pouted.com"
2025/10/16 15:32:16 [error] 1785366#0: *9188 open() "/home/pouted/public_html/wp-content/uploads/2013/08/b7059710ad2e4e54_151698208.preview.jpg" failed (2: No such file or directory), client: 178.171.101.68, server: pouted.com, request: "GET /wp-content/uploads/2013/08/b7059710ad2e4e54_151698208.preview.jpg?x71148 HTTP/2.0", host: "www.pouted.com"
2025/10/16 15:32:16 [error] 1785366#0: *9182 connect() failed (111: Connection refused) while connecting to upstream, client: 44.212.106.171, server: ayaclass.com, request: "GET /?dir=/home/ayaclass/.trash/AAA/vendor/google/apiclient-services/src/Cloudchannel&dl=/home/ayaclass/.trash/AAA/vendor/google/apiclient-services/src/Cloudchannel/GoogleCloudChannelV1ListPurchasableOffersResponse.php HTTP/1.1", upstream: "http://192.145.236.239:8080/?dir=/home/ayaclass/.trash/AAA/vendor/google/apiclient-services/src/Cloudchannel&dl=/home/ayaclass/.trash/AAA/vendor/google/apiclient-services/src/Cloudchannel/GoogleCloudChannelV1ListPurchasableOffersResponse.php", host: "www.ayaclass.com"
2025/10/16 15:32:17 [error] 1785366#0: *9191 connect() failed (111: Connection refused) while connecting to upstream, client: 103.178.231.51, server: classing.ru, request: "GET /wp-sitemap-users-1.xml HTTP/2.0", upstream: "https://192.249.127.245:8443/wp-sitemap-users-1.xml", host: "www.classing.ru"
2025/10/16 15:32:19 [error] 1785366#0: *9194 connect() failed (111: Connection refused) while connecting to upstream, client: 132.148.78.150, server: classing.ru, request: "GET /wp-sitemap-users-1.xml HTTP/2.0", upstream: "https://192.249.127.245:8443/wp-sitemap-users-1.xml", host: "www.classing.ru"
2025/10/16 15:32:20 [error] 1785366#0: *9148 connect() failed (111: Connection refused) while connecting to upstream, client: 34.204.150.196, server: ayaclass.com, request: "GET /public/?dir=/usr/local/cpanel/scripts&edit=/usr/local/cpanel/scripts/fix-web-vhost-configuration HTTP/1.1", upstream: "http://192.145.236.239:8080/public/?dir=/usr/local/cpanel/scripts&edit=/usr/local/cpanel/scripts/fix-web-vhost-configuration", host: "www.ayaclass.com"
2025/10/16 15:32:21 [error] 1785366#0: *9198 open() "/home/pouted/public_html/wp-content/uploads/2013/07/Coffee-Bean.jpg" failed (2: No such file or directory), client: 89.149.52.110, server: pouted.com, request: "GET /wp-content/uploads/2013/07/Coffee-Bean.jpg?x71148 HTTP/2.0", host: "www.pouted.com"
2025/10/16 15:32:21 [error] 1785366#0: *9197 connect() failed (111: Connection refused) while connecting to upstream, client: 185.18.198.67, server: classing.ru, request: "GET /author-sitemap.xml HTTP/2.0", upstream: "https://192.249.127.245:8443/author-sitemap.xml", host: "www.classing.ru"
2025/10/16 15:32:21 [error] 1785366#0: *9200 connect() failed (111: Connection refused) while connecting to upstream, client: 178.32.213.243, server: classing.ru, request: "GET /wp-login.php HTTP/2.0", upstream: "https://192.249.127.245:8443/wp-login.php", host: "www.classing.ru"
2025/10/16 15:32:21 [error] 1785366#0: *9186 connect() failed (111: Connection refused) while connecting to upstream, client: 66.249.64.173, server: pouted.com, request: "GET /wp-admin/admin-ajax.php?postviews_id=71541&action=tie_postviews&_=1759968000000 HTTP/2.0", upstream: "https://192.145.236.239:8443/wp-admin/admin-ajax.php?postviews_id=71541&action=tie_postviews&_=1759968000000", host: "www.pouted.com", referrer: "https://www.pouted.com/stellar-european-fashions-for-spring-2017/"
2025/10/16 15:32:22 [error] 1785366#0: *9203 connect() failed (111: Connection refused) while connecting to upstream, client: 178.32.213.243, server: classing.ru, request: "POST /wp-login.php HTTP/2.0", upstream: "https://192.249.127.245:8443/wp-login.php", host: "www.classing.ru", referrer: "https://www.classing.ru/wp-login.php"
2025/10/16 15:32:23 [error] 1785366#0: *9205 connect() failed (111: Connection refused) while connecting to upstream, client: 54.36.232.187, server: pouted.com, request: "GET /top-10-coolest-unique-drawing-ideas-for-teens/ HTTP/2.0", upstream: "https://192.145.236.239:8443/top-10-coolest-unique-drawing-ideas-for-teens/", host: "www.pouted.com"
2025/10/16 15:32:24 [error] 1785366#0: *9208 connect() failed (111: Connection refused) while connecting to upstream, client: 35.171.141.42, server: ayaclass.com, request: "GET /public/?dir=/home/ayaclass/.trash/AAA/vendor/google/apiclient-services/src/YouTubeReporting/.. HTTP/1.1", upstream: "http://192.145.236.239:8080/public/?dir=/home/ayaclass/.trash/AAA/vendor/google/apiclient-services/src/YouTubeReporting/..", host: "www.ayaclass.com"
2025/10/16 15:32:25 [error] 1785366#0: *9210 connect() failed (111: Connection refused) while connecting to upstream, client: 20.171.207.135, server: ayaclass.com, request: "GET /?dir=%2Fproc&dl=%2Fproc%2F1781375 HTTP/1.1", upstream: "http://192.145.236.239:8080/?dir=%2Fproc&dl=%2Fproc%2F1781375", host: "www.ayaclass.com"
2025/10/16 15:32:26 [error] 1785366#0: *9178 connect() failed (111: Connection refused) while connecting to upstream, client: 2600:1700:685c:1010:d490:67b8:2092:c020, server: pouted.com, request: "GET /elegant-outfit-ideas-women-over60/ HTTP/2.0", upstream: "https://192.145.236.239:8443/elegant-outfit-ideas-women-over60/", host: "www.pouted.com", referrer: "https://duckduckgo.com/"
2025/10/16 15:32:27 [error] 1785366#0: *9213 connect() failed (111: Connection refused) while connecting to upstream, client: 20.171.207.6, server: ayaclass.com, request: "GET /?dir=%2Fproc&dl=%2Fproc%2F1460122 HTTP/2.0", upstream: "https://192.145.236.239:8443/?dir=%2Fproc&dl=%2Fproc%2F1460122", host: "mail.ayaclass.com"
2025/10/16 15:32:27 [error] 1785366#0: *9215 open() "/home/pouted/public_html/wp-content/uploads/2013/06/Moshi-Monsters-lunch-bag.jpg" failed (2: No such file or directory), client: 3.139.225.206, server: pouted.com, request: "GET /wp-content/uploads/2013/06/Moshi-Monsters-lunch-bag.jpg?x33143 HTTP/2.0", host: "www.pouted.com"
2025/10/16 15:32:28 [error] 1785366#0: *9217 open() "/home/pouted/public_html/wp-content/uploads/2014/07/BAC-614-Classic-Gold-font-b-Knot-b-font-cufflinks-New-Style-Cufflinks-Men-s-Jewelry.jpg" failed (2: No such file or directory), client: 3.139.225.206, server: pouted.com, request: "GET /wp-content/uploads/2014/07/BAC-614-Classic-Gold-font-b-Knot-b-font-cufflinks-New-Style-Cufflinks-Men-s-Jewelry.jpg?x45357 HTTP/2.0", host: "www.pouted.com"
2025/10/16 15:32:28 [error] 1785366#0: *9148 connect() failed (111: Connection refused) while connecting to upstream, client: 44.193.115.232, server: ayaclass.com, request: "GET /?dir=/usr/share/vim/vim80/syntax&dl=/usr/share/vim/vim80/syntax/spice.vim HTTP/1.1", upstream: "http://192.145.236.239:8080/?dir=/usr/share/vim/vim80/syntax&dl=/usr/share/vim/vim80/syntax/spice.vim", host: "www.ayaclass.com"
2025/10/16 15:32:28 [error] 1785366#0: *9216 connect() failed (111: Connection refused) while connecting to upstream, client: 77.68.118.160, server: classing.ru, request: "GET /author-sitemap.xml HTTP/2.0", upstream: "https://192.249.127.245:8443/author-sitemap.xml", host: "www.classing.ru"
2025/10/16 15:32:28 [error] 1785366#0: *9220 connect() failed (111: Connection refused) while connecting to upstream, client: 127.0.0.1, server: 127.0.0.1, request: "GET /whm-server-status HTTP/1.0", upstream: "http://127.0.0.1:8080/whm-server-status", host: "localhost"
2025/10/16 15:32:29 [error] 1785366#0: *9222 connect() failed (111: Connection refused) while connecting to upstream, client: 216.244.66.248, server: pouted.com, request: "GET /tag/hair-health/ HTTP/2.0", upstream: "https://192.145.236.239:8443/tag/hair-health/", host: "www.pouted.com"
2025/10/16 15:32:30 [error] 1785366#0: *9224 connect() failed (111: Connection refused) while connecting to upstream, client: 157.55.39.8, server: ayaclass.com, request: "GET /products/26333832/ HTTP/1.1", upstream: "http://192.145.236.239:8080/products/26333832/", host: "www.ayaclass.com"
2025/10/16 15:32:31 [error] 1785366#0: *9226 connect() failed (111: Connection refused) while connecting to upstream, client: 85.208.96.204, server: ayaclass.com, request: "GET /?a=111614215 HTTP/1.1", upstream: "http://192.145.236.239:8080/?a=111614215", host: "www.ayaclass.com"
2025/10/16 15:32:32 [error] 1785366#0: *9148 connect() failed (111: Connection refused) while connecting to upstream, client: 23.23.213.182, server: ayaclass.com, request: "GET /?dir=/usr/lib/rads/venv/lib/python3.13/site-packages/pip/_vendor/rich/__pycache__&edit=/usr/lib/rads/venv/lib/python3.13/site-packages/pip/_vendor/rich/__pycache__/_windows.cpython-313.pyc HTTP/1.1", upstream: "http://192.145.236.239:8080/?dir=/usr/lib/rads/venv/lib/python3.13/site-packages/pip/_vendor/rich/__pycache__&edit=/usr/lib/rads/venv/lib/python3.13/site-packages/pip/_vendor/rich/__pycache__/_windows.cpython-313.pyc", host: "www.ayaclass.com"
2025/10/16 15:32:36 [error] 1785366#0: *9148 connect() failed (111: Connection refused) while connecting to upstream, client: 54.83.240.58, server: ayaclass.com, request: "GET /?dir=/opt/cpanel/ea-openssl11/share/doc/openssl/html/man3&edit=/opt/cpanel/ea-openssl11/share/doc/openssl/html/man3/ASN1_OBJECT_new.html HTTP/1.1", upstream: "http://192.145.236.239:8080/?dir=/opt/cpanel/ea-openssl11/share/doc/openssl/html/man3&edit=/opt/cpanel/ea-openssl11/share/doc/openssl/html/man3/ASN1_OBJECT_new.html", host: "www.ayaclass.com"
2025/10/16 15:32:36 [error] 1785366#0: *9230 connect() failed (111: Connection refused) while connecting to upstream, client: 5.255.231.55, server: pouted.com, request: "GET /robots.txt HTTP/2.0", upstream: "https://192.145.236.239:8443/robots.txt", host: "www.pouted.com"
2025/10/16 15:32:36 [error] 1785366#0: *9232 connect() failed (111: Connection refused) while connecting to upstream, client: 54.226.164.233, server: pouted.com, request: "GET /tag/graphics/ HTTP/2.0", upstream: "https://192.145.236.239:8443/tag/graphics/", host: "www.pouted.com"
2025/10/16 15:32:37 [error] 1785366#0: *9234 connect() failed (111: Connection refused) while connecting to upstream, client: 107.189.14.203, server: mrmyst.com, request: "GET /wp-login.php HTTP/2.0", upstream: "https://192.145.236.239:8443/wp-login.php", host: "mrmyst.com"
2025/10/16 15:32:38 [error] 1785366#0: *9238 connect() failed (111: Connection refused) while connecting to upstream, client: 2600:1f18:360e:f601:ed43:1bc2:9c27:b896, server: pouted.com, request: "GET /tag/graphics HTTP/2.0", upstream: "https://192.145.236.239:8443/tag/graphics", host: "www.pouted.com"
2025/10/16 15:32:40 [error] 1785366#0: *9240 connect() failed (111: Connection refused) while connecting to upstream, client: 3.223.181.32, server: ayaclass.com, request: "GET /?dir=/usr/lib/python3.6/site-packages/firewall/server/__pycache__&edit=/usr/lib/python3.6/site-packages/firewall/server/__pycache__/server.cpython-36.opt-1.pyc HTTP/1.1", upstream: "http://192.145.236.239:8080/?dir=/usr/lib/python3.6/site-packages/firewall/server/__pycache__&edit=/usr/lib/python3.6/site-packages/firewall/server/__pycache__/server.cpython-36.opt-1.pyc", host: "www.ayaclass.com"
2025/10/16 15:32:41 [error] 1785366#0: *9243 connect() failed (111: Connection refused) while connecting to upstream, client: 142.93.120.13, server: classing.ru, request: "GET /author-sitemap.xml HTTP/2.0", upstream: "https://192.249.127.245:8443/author-sitemap.xml", host: "www.classing.ru"
2025/10/16 15:32:43 [error] 1785366#0: *9246 connect() failed (111: Connection refused) while connecting to upstream, client: 124.243.177.213, server: pouted.com, request: "GET /top-10-most-expensive-wedding-dress-designers/amp HTTP/2.0", upstream: "https://192.145.236.239:8443/top-10-most-expensive-wedding-dress-designers/amp", host: "pouted.com", referrer: "https://pouted.com/top-10-most-expensive-wedding-dress-designers/amp"
2025/10/16 15:32:44 [error] 1785366#0: *9182 connect() failed (111: Connection refused) while connecting to upstream, client: 34.233.114.237, server: ayaclass.com, request: "GET /public/?dir=/home/ayaclass/public_html/vendor/google/apiclient-services/src/Compute&dl=/home/ayaclass/public_html/vendor/google/apiclient-services/src/Compute/BackendServiceCdnPolicyNegativeCachingPolicy.php HTTP/1.1", upstream: "http://192.145.236.239:8080/public/?dir=/home/ayaclass/public_html/vendor/google/apiclient-services/src/Compute&dl=/home/ayaclass/public_html/vendor/google/apiclient-services/src/Compute/BackendServiceCdnPolicyNegativeCachingPolicy.php", host: "www.ayaclass.com"
2025/10/16 15:32:46 [error] 1785366#0: *9251 connect() failed (111: Connection refused) while connecting to upstream, client: 2a03:2880:f800:3e::, server: pouted.com, request: "GET /things-to-do-before-moving/ HTTP/2.0", upstream: "https://192.145.236.239:8443/things-to-do-before-moving/", host: "www.pouted.com"
2025/10/16 15:32:48 [error] 1785366#0: *9208 connect() failed (111: Connection refused) while connecting to upstream, client: 52.1.106.130, server: ayaclass.com, request: "GET /?dir=/usr/share/doc/python3-docs/html&edit=/usr/share/doc/python3-docs/html/genindex-C.html HTTP/1.1", upstream: "http://192.145.236.239:8080/?dir=/usr/share/doc/python3-docs/html&edit=/usr/share/doc/python3-docs/html/genindex-C.html", host: "www.ayaclass.com"
2025/10/16 15:32:48 [error] 1785366#0: *9255 open() "/home/pouted/public_html/wp-content/uploads/2018/05/House-chimny-1-390x220.jpg" failed (2: No such file or directory), client: 216.86.162.153, server: pouted.com, request: "GET /wp-content/uploads/2018/05/House-chimny-1-390x220.jpg HTTP/2.0", host: "www.pouted.com"
2025/10/16 15:32:52 [error] 1785366#0: *9261 connect() failed (111: Connection refused) while connecting to upstream, client: 52.6.97.88, server: ayaclass.com, request: "GET /public/?dir=/home/ayaclass/public_html/vendor/google/apiclient-services/src&edit=/home/ayaclass/public_html/vendor/google/apiclient-services/src/GoogleMarketingPlatformAdminAPI HTTP/1.1", upstream: "http://192.145.236.239:8080/public/?dir=/home/ayaclass/public_html/vendor/google/apiclient-services/src&edit=/home/ayaclass/public_html/vendor/google/apiclient-services/src/GoogleMarketingPlatformAdminAPI", host: "www.ayaclass.com"
2025/10/16 15:32:52 [error] 1785366#0: *9263 connect() failed (111: Connection refused) while connecting to upstream, client: 220.181.108.159, server: pouted.com, request: "GET /tag/the-best-jeans-for-women/ HTTP/2.0", upstream: "https://192.145.236.239:8443/tag/the-best-jeans-for-women/", host: "www.pouted.com"
2025/10/16 15:32:56 [error] 1785366#0: *9261 connect() failed (111: Connection refused) while connecting to upstream, client: 3.94.199.128, server: ayaclass.com, request: "GET /public/?dir=/etc/pcp/pmlogconf/mysql&edit=/etc/pcp/pmlogconf/mysql/summary HTTP/1.1", upstream: "http://192.145.236.239:8080/public/?dir=/etc/pcp/pmlogconf/mysql&edit=/etc/pcp/pmlogconf/mysql/summary", host: "www.ayaclass.com"
2025/10/16 15:32:59 [error] 1785366#0: *9267 connect() failed (111: Connection refused) while connecting to upstream, client: 103.2.230.87, server: classing.ru, request: "GET /wp-json/wp/v2/users HTTP/2.0", upstream: "https://192.249.127.245:8443/wp-json/wp/v2/users", host: "www.classing.ru"
2025/10/16 15:32:59 [error] 1785366#0: *9269 connect() failed (111: Connection refused) while connecting to upstream, client: 47.144.58.103, server: pouted.com, request: "POST /wp-admin/admin-ajax.php HTTP/2.0", upstream: "https://192.145.236.239:8443/wp-admin/admin-ajax.php", host: "www.pouted.com", referrer: "https://www.pouted.com/elegant-outfit-ideas-women-over60/"
2025/10/16 15:33:00 [error] 1785366#0: *9208 connect() failed (111: Connection refused) while connecting to upstream, client: 54.210.152.179, server: ayaclass.com, request: "GET /public/?dir=/home/ayaclass/public_html/vendor/twilio/sdk/src/Twilio/Rest/Preview/Marketplace&dl=/home/ayaclass/public_html/vendor/twilio/sdk/src/Twilio/Rest/Preview/Marketplace/InstalledAddOnOptions.php HTTP/1.1", upstream: "http://192.145.236.239:8080/public/?dir=/home/ayaclass/public_html/vendor/twilio/sdk/src/Twilio/Rest/Preview/Marketplace&dl=/home/ayaclass/public_html/vendor/twilio/sdk/src/Twilio/Rest/Preview/Marketplace/InstalledAddOnOptions.php", host: "www.ayaclass.com"
2025/10/16 15:33:04 [error] 1785366#0: *9274 open() "/home/pouted/public_html/wp-content/uploads/2014/12/massage.jpg" failed (2: No such file or directory), client: 34.55.88.216, server: pouted.com, request: "GET /wp-content/uploads/2014/12/massage.jpg?x71148 HTTP/2.0", host: "www.pouted.com"
2025/10/16 15:33:04 [error] 1785366#0: *9273 connect() failed (111: Connection refused) while connecting to upstream, client: 66.249.64.174, server: pouted.com, request: "GET /wp-admin/admin-ajax.php?postviews_id=17292&action=tie_postviews&_=1760653953286 HTTP/2.0", upstream: "https://192.145.236.239:8443/wp-admin/admin-ajax.php?postviews_id=17292&action=tie_postviews&_=1760653953286", host: "www.pouted.com", referrer: "https://www.pouted.com/dazzling-stunning-outdoor-wedding-decorations/"
2025/10/16 15:33:04 [error] 1785366#0: *9276 connect() failed (111: Connection refused) while connecting to upstream, client: 66.249.64.173, server: pouted.com, request: "POST /wp-admin/admin-ajax.php HTTP/2.0", upstream: "https://192.145.236.239:8443/wp-admin/admin-ajax.php", host: "www.pouted.com", referrer: "https://www.pouted.com/dazzling-stunning-outdoor-wedding-decorations/"
2025/10/16 15:33:04 [error] 1785366#0: *9277 connect() failed (111: Connection refused) while connecting to upstream, client: 2a03:2880:ff:40::, server: pouted.com, request: "GET /top-football-players-with-most-red-cards-in-history/ HTTP/2.0", upstream: "https://192.145.236.239:8443/top-football-players-with-most-red-cards-in-history/", host: "www.pouted.com"
2025/10/16 15:33:04 [error] 1785366#0: *9240 connect() failed (111: Connection refused) while connecting to upstream, client: 34.195.248.30, server: ayaclass.com, request: "GET /public/?dir=/home/ayaclass/public_html/vendor/phpoffice/phpspreadsheet/src/PhpSpreadsheet/Calculation&dl=/home/ayaclass/public_html/vendor/phpoffice/phpspreadsheet/src/PhpSpreadsheet/Calculation/.. HTTP/1.1", upstream: "http://192.145.236.239:8080/public/?dir=/home/ayaclass/public_html/vendor/phpoffice/phpspreadsheet/src/PhpSpreadsheet/Calculation&dl=/home/ayaclass/public_html/vendor/phpoffice/phpspreadsheet/src/PhpSpreadsheet/Calculation/..", host: "www.ayaclass.com"
2025/10/16 15:33:05 [error] 1785366#0: *9282 connect() failed (111: Connection refused) while connecting to upstream, client: 2a03:2880:f800:20::, server: ayaclass.com, request: "GET /products/24307243/ HTTP/1.1", upstream: "http://192.145.236.239:8080/products/24307243/", host: "www.ayaclass.com"
2025/10/16 15:33:08 [error] 1785366#0: *9282 connect() failed (111: Connection refused) while connecting to upstream, client: 18.207.89.138, server: ayaclass.com, request: "GET /?dir=/home/ayaclass/public_html/vendor/google/apiclient-services/src/Aiplatform&edit=/home/ayaclass/public_html/vendor/google/apiclient-services/src/Aiplatform/GoogleCloudAiplatformV1MigrateResourceRequest.php HTTP/1.1", upstream: "http://192.145.236.239:8080/?dir=/home/ayaclass/public_html/vendor/google/apiclient-services/src/Aiplatform&edit=/home/ayaclass/public_html/vendor/google/apiclient-services/src/Aiplatform/GoogleCloudAiplatformV1MigrateResourceRequest.php", host: "www.ayaclass.com"
2025/10/16 15:33:08 [error] 1785366#0: *9286 connect() failed (111: Connection refused) while connecting to upstream, client: 20.171.207.30, server: pouted.com, request: "GET /wp-content/plugins/link-whisper-premium/vendor/composer/?C=S;O=A HTTP/2.0", upstream: "https://192.145.236.239:8443/wp-content/plugins/link-whisper-premium/vendor/composer/?C=S;O=A", host: "www.pouted.com"
2025/10/16 15:33:10 [error] 1785366#0: *9289 connect() failed (111: Connection refused) while connecting to upstream, client: 2a03:2880:3ff:1::, server: pouted.com, request: "GET /baby-foods-2025/ HTTP/2.0", upstream: "https://192.145.236.239:8443/baby-foods-2025/", host: "www.pouted.com"
2025/10/16 15:33:13 [error] 1785366#0: *9293 connect() failed (111: Connection refused) while connecting to upstream, client: 100.24.149.244, server: ayaclass.com, request: "GET /public/?dir=/home/ayaclass/public_html/vendor/iyzico/iyzipay-php/src/Iyzipay/Model&dl=/home/ayaclass/public_html/vendor/iyzico/iyzipay-php/src/Iyzipay/Model/PayoutCompletedTransactionList.php HTTP/1.1", upstream: "http://192.145.236.239:8080/public/?dir=/home/ayaclass/public_html/vendor/iyzico/iyzipay-php/src/Iyzipay/Model&dl=/home/ayaclass/public_html/vendor/iyzico/iyzipay-php/src/Iyzipay/Model/PayoutCompletedTransactionList.php", host: "www.ayaclass.com"
2025/10/16 15:33:14 [error] 1785366#0: *9296 open() "/home/pouted/public_html/wp-content/uploads/jewels/Brighton-Contempo-Necklace.jpg" failed (2: No such file or directory), client: 43.134.70.65, server: pouted.com, request: "GET /wp-content/uploads/jewels/Brighton-Contempo-Necklace.jpg HTTP/2.0", host: "www.pouted.com"
2025/10/16 15:33:16 [error] 1785366#0: *9297 connect() failed (111: Connection refused) while connecting to upstream, client: 52.6.5.24, server: ayaclass.com, request: "GET /public/?dir=/opt/imh-python/lib/python3.9/site-packages/twisted/internet/test/__pycache__&dl=/opt/imh-python/lib/python3.9/site-packages/twisted/internet/test/__pycache__/test_threads.cpython-39.pyc HTTP/1.1", upstream: "http://192.145.236.239:8080/public/?dir=/opt/imh-python/lib/python3.9/site-packages/twisted/internet/test/__pycache__&dl=/opt/imh-python/lib/python3.9/site-packages/twisted/internet/test/__pycache__/test_threads.cpython-39.pyc", host: "www.ayaclass.com"
2025/10/16 15:33:17 [error] 1785366#0: *9301 connect() failed (111: Connection refused) while connecting to upstream, client: 66.249.72.64, server: ayaclass.com, request: "GET /?dir=%2Fproc%2F3239495&dl=%2Fproc%2F3239495%2Fcomm HTTP/1.1", upstream: "http://192.145.236.239:8080/?dir=%2Fproc%2F3239495&dl=%2Fproc%2F3239495%2Fcomm", host: "www.ayaclass.com"
2025/10/16 15:33:18 [error] 1785366#0: *9303 connect() failed (111: Connection refused) while connecting to upstream, client: 157.55.39.8, server: ayaclass.com, request: "GET /products/16989354/ HTTP/1.1", upstream: "http://192.145.236.239:8080/products/16989354/", host: "www.ayaclass.com"
2025/10/16 15:33:19 [error] 1785366#0: *9306 open() "/home/pouted/public_html/wp-content/uploads/2013/07/Atlantis-Paradise-Island-Bahamas.jpg" failed (2: No such file or directory), client: 131.227.80.134, server: pouted.com, request: "GET /wp-content/uploads/2013/07/Atlantis-Paradise-Island-Bahamas.jpg?x33143 HTTP/2.0", host: "www.pouted.com"
2025/10/16 15:33:20 [error] 1785366#0: *9307 open() "/home/pouted/public_html/wp-content/uploads/2013/07/Roof-ceiling-design-20121.jpg" failed (2: No such file or directory), client: 52.167.144.19, server: pouted.com, request: "GET /wp-content/uploads/2013/07/Roof-ceiling-design-20121.jpg HTTP/2.0", host: "www.pouted.com"
2025/10/16 15:33:20 [error] 1785366#0: *9308 connect() failed (111: Connection refused) while connecting to upstream, client: 3.225.45.252, server: ayaclass.com, request: "GET /public/?dir=/opt/imh/python3.13/include/python3.13&edit=/opt/imh/python3.13/include/python3.13/pyhash.h HTTP/1.1", upstream: "http://192.145.236.239:8080/public/?dir=/opt/imh/python3.13/include/python3.13&edit=/opt/imh/python3.13/include/python3.13/pyhash.h", host: "www.ayaclass.com"
2025/10/16 15:33:21 [error] 1785366#0: *9310 open() "/home/pouted/public_html/wp-content/uploads/2013/06/Ray-Ban-Men-Sunglasses_e527d0cc7137bb32bbed7950c145d0ff_images_1080_1440_mini.jpg" failed (2: No such file or directory), client: 131.227.80.134, server: pouted.com, request: "GET /wp-content/uploads/2013/06/Ray-Ban-Men-Sunglasses_e527d0cc7137bb32bbed7950c145d0ff_images_1080_1440_mini.jpg HTTP/2.0", host: "www.pouted.com"
2025/10/16 15:33:23 [error] 1785366#0: *9276 connect() failed (111: Connection refused) while connecting to upstream, client: 66.249.64.173, server: pouted.com, request: "GET /83-dreamy-unique-wedding-backdrop-ideas-in-2017/amp/ HTTP/2.0", upstream: "https://192.145.236.239:8443/83-dreamy-unique-wedding-backdrop-ideas-in-2017/amp/", host: "www.pouted.com"
2025/10/16 15:33:24 [error] 1785366#0: *9308 connect() failed (111: Connection refused) while connecting to upstream, client: 18.232.11.247, server: ayaclass.com, request: "GET /?dir=/usr/lib/rads/venv/lib/python3.13/site-packages/botocore/data&dl=/usr/lib/rads/venv/lib/python3.13/site-packages/botocore/data/snow-device-management HTTP/1.1", upstream: "http://192.145.236.239:8080/?dir=/usr/lib/rads/venv/lib/python3.13/site-packages/botocore/data&dl=/usr/lib/rads/venv/lib/python3.13/site-packages/botocore/data/snow-device-management", host: "www.ayaclass.com"
2025/10/16 15:33:24 [error] 1785366#0: *9314 connect() failed (111: Connection refused) while connecting to upstream, client: 20.235.75.220, server: pouted.com, request: "GET / HTTP/2.0", upstream: "https://192.145.236.239:8443/", host: "pouted.com"
2025/10/16 15:33:25 [error] 1785366#0: *9297 connect() failed (111: Connection refused) while connecting to upstream, client: 52.167.144.238, server: ayaclass.com, request: "GET /products/16601710/ HTTP/1.1", upstream: "http://192.145.236.239:8080/products/16601710/", host: "www.ayaclass.com"
2025/10/16 15:33:26 [error] 1785366#0: *9321 open() "/home/pouted/public_html/wp-content/uploads/jewels/Katie-Decker-Royal-18k-Small-Diamond-Pendant-Necklace.jpg" failed (2: No such file or directory), client: 3.139.225.206, server: pouted.com, request: "GET /wp-content/uploads/jewels/Katie-Decker-Royal-18k-Small-Diamond-Pendant-Necklace.jpg?x44527 HTTP/2.0", host: "www.pouted.com"
2025/10/16 15:33:28 [error] 1785366#0: *9240 connect() failed (111: Connection refused) while connecting to upstream, client: 23.20.178.124, server: ayaclass.com, request: "GET /?dir=/usr/lib/python3.6/site-packages/dnf-plugins&dl=/usr/lib/python3.6/site-packages/dnf-plugins/config_manager.py HTTP/1.1", upstream: "http://192.145.236.239:8080/?dir=/usr/lib/python3.6/site-packages/dnf-plugins&dl=/usr/lib/python3.6/site-packages/dnf-plugins/config_manager.py", host: "www.ayaclass.com"
2025/10/16 15:33:28 [error] 1785366#0: *9323 connect() failed (111: Connection refused) while connecting to upstream, client: 20.171.207.6, server: ayaclass.com, request: "GET /?dir=%2Fproc&dl=%2Fproc%2F1461182 HTTP/2.0", upstream: "https://192.145.236.239:8443/?dir=%2Fproc&dl=%2Fproc%2F1461182", host: "mail.ayaclass.com"
2025/10/16 15:33:29 [error] 1785366#0: *9325 connect() failed (111: Connection refused) while connecting to upstream, client: 85.208.96.193, server: pouted.com, request: "GET /best-summer-sports/ HTTP/2.0", upstream: "https://192.145.236.239:8443/best-summer-sports/", host: "www.pouted.com"
2025/10/16 15:33:29 [error] 1785366#0: *9327 connect() failed (111: Connection refused) while connecting to upstream, client: 20.171.207.135, server: ayaclass.com, request: "GET /?dir=%2Fproc&dl=%2Fproc%2F1765606 HTTP/1.1", upstream: "http://192.145.236.239:8080/?dir=%2Fproc&dl=%2Fproc%2F1765606", host: "www.ayaclass.com"
2025/10/16 15:33:31 [error] 1785366#0: *9330 connect() failed (111: Connection refused) while connecting to upstream, client: 66.249.64.173, server: pouted.com, request: "GET /wp-admin/admin-ajax.php?postviews_id=78560&action=tie_postviews&_=1759968000000 HTTP/2.0", upstream: "https://192.145.236.239:8443/wp-admin/admin-ajax.php?postviews_id=78560&action=tie_postviews&_=1759968000000", host: "www.pouted.com", referrer: "https://www.pouted.com/83-dreamy-unique-wedding-backdrop-ideas-in-2017/"
2025/10/16 15:33:32 [error] 1785363#0: *9333 connect() failed (111: Connection refused) while connecting to upstream, client: 85.208.98.18, server: pouted.com, request: "GET /robots.txt HTTP/2.0", upstream: "https://192.145.236.239:8443/robots.txt", host: "www.pouted.com", referrer: "http://www.pouted.com/robots.txt"
2025/10/16 15:33:32 [error] 1785366#0: *9334 open() "/home/pouted/public_html/wp-content/uploads/2014/02/Natural-Foods-to-Lower-Cholesterol-levels.jpg" failed (2: No such file or directory), client: 40.77.167.57, server: pouted.com, request: "GET /wp-content/uploads/2014/02/Natural-Foods-to-Lower-Cholesterol-levels.jpg?x71148 HTTP/2.0", host: "www.pouted.com"
2025/10/16 15:33:32 [error] 1785366#0: *9240 connect() failed (111: Connection refused) while connecting to upstream, client: 185.191.171.9, server: ayaclass.com, request: "GET /?a=90200615 HTTP/1.1", upstream: "http://192.145.236.239:8080/?a=90200615", host: "www.ayaclass.com"
2025/10/16 15:33:32 [error] 1785366#0: *9337 connect() failed (111: Connection refused) while connecting to upstream, client: 52.200.142.199, server: ayaclass.com, request: "GET /?dir=/home/ayaclass/public_html/vendor/paypal/rest-api-sdk-php/lib/PayPal&edit=/home/ayaclass/public_html/vendor/paypal/rest-api-sdk-php/lib/PayPal/Cache HTTP/1.1", upstream: "http://192.145.236.239:8080/?dir=/home/ayaclass/public_html/vendor/paypal/rest-api-sdk-php/lib/PayPal&edit=/home/ayaclass/public_html/vendor/paypal/rest-api-sdk-php/lib/PayPal/Cache", host: "www.ayaclass.com"
2025/10/16 15:33:34 [error] 1785366#0: *9286 connect() failed (111: Connection refused) while connecting to upstream, client: 116.179.32.196, server: pouted.com, request: "GET /stress-free-style-2025/ HTTP/2.0", upstream: "https://192.145.236.239:8443/stress-free-style-2025/", host: "www.pouted.com"
2025/10/16 15:33:35 [error] 1785366#0: *9341 connect() failed (111: Connection refused) while connecting to upstream, client: 2a09:bac5:3a5b:15f::23:47a, server: pouted.com, request: "GET /wp-login.php HTTP/2.0", upstream: "https://192.145.236.239:8443/wp-login.php", host: "www.pouted.com"
2025/10/16 15:33:36 [error] 1785366#0: *9293 connect() failed (111: Connection refused) while connecting to upstream, client: 18.235.158.19, server: ayaclass.com, request: "GET /public/?dir=/etc/pcp/pmlogconf&edit=/etc/pcp/pmlogconf/apache HTTP/1.1", upstream: "http://192.145.236.239:8080/public/?dir=/etc/pcp/pmlogconf&edit=/etc/pcp/pmlogconf/apache", host: "www.ayaclass.com"
2025/10/16 15:33:38 [error] 1785366#0: *9344 connect() failed (111: Connection refused) while connecting to upstream, client: 127.0.0.1, server: 127.0.0.1, request: "GET /whm-server-status HTTP/1.0", upstream: "http://127.0.0.1:8080/whm-server-status", host: "localhost"
2025/10/16 15:33:38 [error] 1785366#0: *9330 connect() failed (111: Connection refused) while connecting to upstream, client: 66.249.64.173, server: pouted.com, request: "GET /top-7-ideas-for-extraordinary-birthday-gifts/ HTTP/2.0", upstream: "https://192.145.236.239:8443/top-7-ideas-for-extraordinary-birthday-gifts/", host: "www.pouted.com"
2025/10/16 15:33:40 [error] 1785366#0: *9348 connect() failed (111: Connection refused) while connecting to upstream, client: 52.167.144.19, server: pouted.com, request: "GET /10-tips-to-get-best-flight-booking-deals/ HTTP/2.0", upstream: "https://192.145.236.239:8443/10-tips-to-get-best-flight-booking-deals/", host: "www.pouted.com"
2025/10/16 15:33:40 [error] 1785366#0: *9350 connect() failed (111: Connection refused) while connecting to upstream, client: 34.234.197.175, server: ayaclass.com, request: "GET /public/?dir=/opt/imh-python/lib/python3.9/site-packages/Cryptodome/Util/__pycache__&edit=/opt/imh-python/lib/python3.9/site-packages/Cryptodome/Util/__pycache__/Counter.cpython-39.pyc HTTP/1.1", upstream: "http://192.145.236.239:8080/public/?dir=/opt/imh-python/lib/python3.9/site-packages/Cryptodome/Util/__pycache__&edit=/opt/imh-python/lib/python3.9/site-packages/Cryptodome/Util/__pycache__/Counter.cpython-39.pyc", host: "www.ayaclass.com"
2025/10/16 15:33:41 [error] 1785366#0: *9352 open() "/home/pouted/public_html/wp-content/uploads/2014/08/Round-Brilliant-Cut-Diamond-Halo-Anniversary-Engagement-Ring-2.jpg" failed (2: No such file or directory), client: 192.165.134.28, server: pouted.com, request: "GET /wp-content/uploads/2014/08/Round-Brilliant-Cut-Diamond-Halo-Anniversary-Engagement-Ring-2.jpg HTTP/2.0", host: "www.pouted.com"
2025/10/16 15:33:44 [error] 1785366#0: *9353 connect() failed (111: Connection refused) while connecting to upstream, client: 54.147.80.137, server: ayaclass.com, request: "GET /public/?dir=/home/ayaclass/public_html/vendor/sebastian&edit=/home/ayaclass/public_html/vendor/sebastian/lines-of-code HTTP/1.1", upstream: "http://192.145.236.239:8080/public/?dir=/home/ayaclass/public_html/vendor/sebastian&edit=/home/ayaclass/public_html/vendor/sebastian/lines-of-code", host: "www.ayaclass.com"
2025/10/16 15:33:45 [error] 1785366#0: *9355 connect() failed (111: Connection refused) while connecting to upstream, client: 95.217.144.202, server: pouted.com, request: "GET /outdoor-lighting-ideas-transform-backyard/ HTTP/2.0", upstream: "https://192.145.236.239:8443/outdoor-lighting-ideas-transform-backyard/", host: "www.pouted.com"
2025/10/16 15:33:47 [error] 1785366#0: *9358 open() "/home/pouted/public_html/wp-content/uploads/2013/08/550px-Benefit-from-Garlic-Step-3.jpg" failed (2: No such file or directory), client: 43.134.70.65, server: pouted.com, request: "GET /wp-content/uploads/2013/08/550px-Benefit-from-Garlic-Step-3.jpg?x33143 HTTP/2.0", host: "www.pouted.com"
2025/10/16 15:33:49 [error] 1785366#0: *9360 connect() failed (111: Connection refused) while connecting to upstream, client: 52.204.174.139, server: ayaclass.com, request: "GET /?dir=/usr/lib/rads/venv/lib/python3.13/site-packages/pip-25.2.dist-info/licenses/src/pip/_vendor/tomli_w HTTP/1.1", upstream: "http://192.145.236.239:8080/?dir=/usr/lib/rads/venv/lib/python3.13/site-packages/pip-25.2.dist-info/licenses/src/pip/_vendor/tomli_w", host: "www.ayaclass.com"
2025/10/16 15:33:52 [error] 1785366#0: *9362 connect() failed (111: Connection refused) while connecting to upstream, client: 40.77.167.57, server: pouted.com, request: "GET /simplyhostingreview/ HTTP/2.0", upstream: "https://192.145.236.239:8443/simplyhostingreview/", host: "www.pouted.com"
