Editing: error.log-20251019
2025/10/15 13:11:59 [emerg] 1675796#0: bind() to 0.0.0.0:80 failed (98: Address already in use)
2025/10/15 13:11:59 [emerg] 1675796#0: bind() to 0.0.0.0:443 failed (98: Address already in use)
2025/10/15 13:11:59 [emerg] 1675796#0: bind() to 0.0.0.0:80 failed (98: Address already in use)
2025/10/15 13:11:59 [emerg] 1675796#0: bind() to 0.0.0.0:443 failed (98: Address already in use)
2025/10/15 13:11:59 [emerg] 1675796#0: bind() to 0.0.0.0:80 failed (98: Address already in use)
2025/10/15 13:11:59 [emerg] 1675796#0: bind() to 0.0.0.0:443 failed (98: Address already in use)
2025/10/15 13:11:59 [emerg] 1675796#0: bind() to 0.0.0.0:80 failed (98: Address already in use)
2025/10/15 13:11:59 [emerg] 1675796#0: bind() to 0.0.0.0:443 failed (98: Address already in use)
2025/10/15 13:11:59 [emerg] 1675796#0: bind() to 0.0.0.0:80 failed (98: Address already in use)
2025/10/15 13:11:59 [emerg] 1675796#0: bind() to 0.0.0.0:443 failed (98: Address already in use)
2025/10/15 13:11:59 [emerg] 1675796#0: still could not bind()
2025/10/15 14:00:38 [emerg] 1680278#0: bind() to 0.0.0.0:80 failed (98: Address already in use)
2025/10/15 14:00:38 [emerg] 1680278#0: bind() to 0.0.0.0:443 failed (98: Address already in use)
2025/10/15 14:00:38 [emerg] 1680278#0: bind() to 0.0.0.0:80 failed (98: Address already in use)
2025/10/15 14:00:38 [emerg] 1680278#0: bind() to 0.0.0.0:443 failed (98: Address already in use)
2025/10/15 14:00:38 [emerg] 1680278#0: bind() to 0.0.0.0:80 failed (98: Address already in use)
2025/10/15 14:00:38 [emerg] 1680278#0: bind() to 0.0.0.0:443 failed (98: Address already in use)
2025/10/15 14:00:38 [emerg] 1680278#0: bind() to 0.0.0.0:80 failed (98: Address already in use)
2025/10/15 14:00:38 [emerg] 1680278#0: bind() to 0.0.0.0:443 failed (98: Address already in use)
2025/10/15 14:00:38 [emerg] 1680278#0: bind() to 0.0.0.0:80 failed (98: Address already in use)
2025/10/15 14:00:38 [emerg] 1680278#0: bind() to 0.0.0.0:443 failed (98: Address already in use)
2025/10/15 14:00:38 [emerg] 1680278#0: still could not bind()
2025/10/16 14:26:19 [error] 1785366#0: *3 connect() failed (111: Connection refused) while connecting to upstream, client: 40.77.167.4, server: pouted.com, request: "GET /trad-family-lifestyle/ HTTP/2.0", upstream: "https://192.145.236.239:8443/trad-family-lifestyle/", host: "www.pouted.com"
2025/10/16 14:26:20 [error] 1785366#0: *6 connect() failed (111: Connection refused) while connecting to upstream, client: 3.221.156.96, server: ayaclass.com, request: "GET /public/?dir=/home/ayaclass/public_html/vendor/google/apiclient-services/src/Appengine&dl=/home/ayaclass/public_html/vendor/google/apiclient-services/src/Appengine/ListRuntimesResponse.php HTTP/1.1", upstream: "http://192.145.236.239:8080/public/?dir=/home/ayaclass/public_html/vendor/google/apiclient-services/src/Appengine&dl=/home/ayaclass/public_html/vendor/google/apiclient-services/src/Appengine/ListRuntimesResponse.php", host: "www.ayaclass.com"
2025/10/16 14:26:22 [error] 1785366#0: *9 connect() failed (111: Connection refused) while connecting to upstream, client: 185.191.171.3, server: ayaclass.com, request: "GET /?a=50865815 HTTP/1.1", upstream: "http://192.145.236.239:8080/?a=50865815", host: "www.ayaclass.com"
2025/10/16 14:26:23 [error] 1785366#0: *12 connect() failed (111: Connection refused) while connecting to upstream, client: 43.173.174.111, server: ayaclass.com, request: "GET /?dir=%2Fhome%2Fayaclass%2Fpublic_html%2Fpublic%2Fbath%2Ff311a44f302e4c0c0113ac37772858c4&edit=%2Fhome%2Fayaclass%2Fpublic_html%2Fpublic%2Fbath%2Ff311a44f302e4c0c0113ac37772858c4%2Fsuccess.php HTTP/1.1", upstream: "http://192.145.236.239:8080/?dir=%2Fhome%2Fayaclass%2Fpublic_html%2Fpublic%2Fbath%2Ff311a44f302e4c0c0113ac37772858c4&edit=%2Fhome%2Fayaclass%2Fpublic_html%2Fpublic%2Fbath%2Ff311a44f302e4c0c0113ac37772858c4%2Fsuccess.php", host: "www.ayaclass.com"
2025/10/16 14:26:24 [error] 1785366#0: *14 connect() failed (111: Connection refused) while connecting to upstream, client: 20.171.207.135, server: ayaclass.com, request: "GET /?dir=%2Fproc&dl=%2Fproc%2F1780751 HTTP/1.1", upstream: "http://192.145.236.239:8080/?dir=%2Fproc&dl=%2Fproc%2F1780751", host: "www.ayaclass.com"
2025/10/16 14:26:24 [error] 1785366#0: *6 connect() failed (111: Connection refused) while connecting to upstream, client: 54.235.172.108, server: ayaclass.com, request: "GET /?dir=/home/ayaclass/.trash/AAA/vendor/google/apiclient-services/src/Classroom&dl=/home/ayaclass/.trash/AAA/vendor/google/apiclient-services/src/Classroom/ListTopicResponse.php HTTP/1.1", upstream: "http://192.145.236.239:8080/?dir=/home/ayaclass/.trash/AAA/vendor/google/apiclient-services/src/Classroom&dl=/home/ayaclass/.trash/AAA/vendor/google/apiclient-services/src/Classroom/ListTopicResponse.php", host: "www.ayaclass.com"
2025/10/16 14:26:28 [error] 1785366#0: *21 connect() failed (111: Connection refused) while connecting to upstream, client: 34.217.81.203, server: pouted.com, request: "GET /top-10-oil-gas-companies-qatar/ HTTP/2.0", upstream: "https://192.145.236.239:8443/top-10-oil-gas-companies-qatar/", host: "www.pouted.com"
2025/10/16 14:26:28 [error] 1785366#0: *9 connect() failed (111: Connection refused) while connecting to upstream, client: 52.203.237.170, server: ayaclass.com, request: "GET /?dir=/opt/imh-python/lib/python3.9/site-packages/botocore/data&dl=/opt/imh-python/lib/python3.9/site-packages/botocore/data/textract HTTP/1.1", upstream: "http://192.145.236.239:8080/?dir=/opt/imh-python/lib/python3.9/site-packages/botocore/data&dl=/opt/imh-python/lib/python3.9/site-packages/botocore/data/textract", host: "www.ayaclass.com"
2025/10/16 14:26:29 [error] 1785366#0: *25 connect() failed (111: Connection refused) while connecting to upstream, client: 185.191.171.4, server: ayaclass.com, request: "GET /?a=40007315 HTTP/1.1", upstream: "http://192.145.236.239:8080/?a=40007315", host: "www.ayaclass.com"
2025/10/16 14:26:30 [error] 1785366#0: *27 connect() failed (111: Connection refused) while connecting to upstream, client: 185.191.171.1, server: ayaclass.com, request: "GET /?a=25170615 HTTP/1.1", upstream: "http://192.145.236.239:8080/?a=25170615", host: "www.ayaclass.com"
2025/10/16 14:26:32 [error] 1785366#0: *29 connect() failed (111: Connection refused) while connecting to upstream, client: 3.225.9.97, server: ayaclass.com, request: "GET /?dir=/usr/share/vim/vim80/syntax&dl=/usr/share/vim/vim80/syntax/java.vim HTTP/1.1", upstream: "http://192.145.236.239:8080/?dir=/usr/share/vim/vim80/syntax&dl=/usr/share/vim/vim80/syntax/java.vim", host: "www.ayaclass.com"
2025/10/16 14:26:32 [error] 1785366#0: *31 open() "/home/pouted/public_html/wp-content/uploads/2013/02/indian-bridal-jewellery3.jpg" failed (2: No such file or directory), client: 114.119.153.137, server: pouted.com, request: "GET /wp-content/uploads/2013/02/indian-bridal-jewellery3.jpg?x44527 HTTP/2.0", host: "www.pouted.com"
2025/10/16 14:26:34 [error] 1785366#0: *33 connect() failed (111: Connection refused) while connecting to upstream, client: 66.249.64.169, server: pouted.com, request: "GET /meanings-qualities-associated-birthstones/amp/ HTTP/2.0", upstream: "https://192.145.236.239:8443/meanings-qualities-associated-birthstones/amp/", host: "www.pouted.com"
2025/10/16 14:26:36 [error] 1785366#0: *29 connect() failed (111: Connection refused) while connecting to upstream, client: 52.44.148.203, server: ayaclass.com, request: "GET /public/?dir=/home/ayaclass/public_html/vendor/google/apiclient-services/src/Compute&edit=/home/ayaclass/public_html/vendor/google/apiclient-services/src/Compute/SecurityPolicyUserDefinedField.php HTTP/1.1", upstream: "http://192.145.236.239:8080/public/?dir=/home/ayaclass/public_html/vendor/google/apiclient-services/src/Compute&edit=/home/ayaclass/public_html/vendor/google/apiclient-services/src/Compute/SecurityPolicyUserDefinedField.php", host: "www.ayaclass.com"
2025/10/16 14:26:39 [error] 1785366#0: *40 connect() failed (111: Connection refused) while connecting to upstream, client: 66.102.9.197, server: pouted.com, request: "GET /feed/ HTTP/2.0", upstream: "https://192.145.236.239:8443/feed/", host: "www.pouted.com"
2025/10/16 14:26:40 [error] 1785366#0: *43 connect() failed (111: Connection refused) while connecting to upstream, client: 52.45.194.165, server: ayaclass.com, request: "GET /?dir=/home/ayaclass/public_html/vendor/aws/aws-sdk-php/src/data&edit=/home/ayaclass/public_html/vendor/aws/aws-sdk-php/src/data/apigatewayv2 HTTP/1.1", upstream: "http://192.145.236.239:8080/?dir=/home/ayaclass/public_html/vendor/aws/aws-sdk-php/src/data&edit=/home/ayaclass/public_html/vendor/aws/aws-sdk-php/src/data/apigatewayv2", host: "www.ayaclass.com"
2025/10/16 14:26:40 [error] 1785366#0: *14 connect() failed (111: Connection refused) while connecting to upstream, client: 20.171.207.135, server: ayaclass.com, request: "GET /?dir=%2Fproc&dl=%2Fproc%2F1496923 HTTP/1.1", upstream: "http://192.145.236.239:8080/?dir=%2Fproc&dl=%2Fproc%2F1496923", host: "www.ayaclass.com"
2025/10/16 14:26:40 [error] 1785366#0: *46 connect() failed (111: Connection refused) while connecting to upstream, client: 66.249.72.70, server: ayaclass.com, request: "GET /products/8177509/ HTTP/1.1", upstream: "http://192.145.236.239:8080/products/8177509/", host: "www.ayaclass.com"
2025/10/16 14:26:41 [error] 1785366#0: *46 connect() failed (111: Connection refused) while connecting to upstream, client: 66.249.72.70, server: ayaclass.com, request: "GET /?dir=%2Fproc&dl=%2Fproc%2F1437906 HTTP/1.1", upstream: "http://192.145.236.239:8080/?dir=%2Fproc&dl=%2Fproc%2F1437906", host: "www.ayaclass.com"
2025/10/16 14:26:42 [error] 1785366#0: *50 open() "/home/pouted/public_html/wp-content/uploads/2018/06/Vintage-Wedding-Ring-Sets-390x220.jpg" failed (2: No such file or directory), client: 3.139.225.206, server: pouted.com, request: "GET /wp-content/uploads/2018/06/Vintage-Wedding-Ring-Sets-390x220.jpg HTTP/2.0", host: "www.pouted.com"
2025/10/16 14:26:43 [error] 1785366#0: *51 connect() failed (111: Connection refused) while connecting to upstream, client: 188.239.50.81, server: pouted.com, request: "GET /marijuana-related-illness-on-the-rise-in-usa/amp HTTP/2.0", upstream: "https://192.145.236.239:8443/marijuana-related-illness-on-the-rise-in-usa/amp", host: "pouted.com", referrer: "https://pouted.com/marijuana-related-illness-on-the-rise-in-usa/amp"
2025/10/16 14:26:44 [error] 1785366#0: *9 connect() failed (111: Connection refused) while connecting to upstream, client: 54.163.136.244, server: ayaclass.com, request: "GET /?dir=/home/ayaclass/.trash/AAA/vendor/google/apiclient-services/src/Compute&dl=/home/ayaclass/.trash/AAA/vendor/google/apiclient-services/src/Compute/RegionInstanceGroupManagersListInstancesResponse.php HTTP/1.1", upstream: "http://192.145.236.239:8080/?dir=/home/ayaclass/.trash/AAA/vendor/google/apiclient-services/src/Compute&dl=/home/ayaclass/.trash/AAA/vendor/google/apiclient-services/src/Compute/RegionInstanceGroupManagersListInstancesResponse.php", host: "www.ayaclass.com"
2025/10/16 14:26:46 [error] 1785366#0: *55 connect() failed (111: Connection refused) while connecting to upstream, client: 172.213.21.148, server: pouted.com, request: "GET /10-lovely-nail-polish-trends-for-fall-winter/ HTTP/2.0", upstream: "https://192.145.236.239:8443/10-lovely-nail-polish-trends-for-fall-winter/", host: "www.pouted.com"
2025/10/16 14:26:47 [error] 1785366#0: *58 connect() failed (111: Connection refused) while connecting to upstream, client: 172.213.21.145, server: pouted.com, request: "GET /10-lovely-nail-polish-trends-for-fall-winter/ HTTP/2.0", upstream: "https://192.145.236.239:8443/10-lovely-nail-polish-trends-for-fall-winter/", host: "www.pouted.com"
2025/10/16 14:26:47 [error] 1785366#0: *58 connect() failed (111: Connection refused) while connecting to upstream, client: 172.213.21.151, server: pouted.com, request: "GET /10-lovely-nail-polish-trends-for-fall-winter/ HTTP/2.0", upstream: "https://192.145.236.239:8443/10-lovely-nail-polish-trends-for-fall-winter/", host: "www.pouted.com"
2025/10/16 14:26:48 [error] 1785366#0: *62 connect() failed (111: Connection refused) while connecting to upstream, client: 20.117.22.225, server: pouted.com, request: "GET /remodel-rooms-using-73-awesome-interior-doors/ HTTP/2.0", upstream: "https://192.145.236.239:8443/remodel-rooms-using-73-awesome-interior-doors/", host: "www.pouted.com"
2025/10/16 14:26:48 [error] 1785366#0: *6 connect() failed (111: Connection refused) while connecting to upstream, client: 44.220.2.97, server: ayaclass.com, request: "GET /?dir=/opt/imh-python/lib/python3.9/site-packages/requests-2.24.0.dist-info&edit=/opt/imh-python/lib/python3.9/site-packages/requests-2.24.0.dist-info/DESCRIPTION.rst HTTP/1.1", upstream: "http://192.145.236.239:8080/?dir=/opt/imh-python/lib/python3.9/site-packages/requests-2.24.0.dist-info&edit=/opt/imh-python/lib/python3.9/site-packages/requests-2.24.0.dist-info/DESCRIPTION.rst", host: "www.ayaclass.com"
2025/10/16 14:26:48 [error] 1785366#0: *61 connect() failed (111: Connection refused) while connecting to upstream, client: 172.213.21.151, server: pouted.com, request: "GET /10-lovely-nail-polish-trends-for-fall-winter/ HTTP/2.0", upstream: "https://192.145.236.239:8443/10-lovely-nail-polish-trends-for-fall-winter/", host: "www.pouted.com"
2025/10/16 14:26:48 [error] 1785366#0: *67 connect() failed (111: Connection refused) while connecting to upstream, client: 74.7.35.126, server: pouted.com, request: "GET /sleep-trends-2025-tech-temperature-timing-hacks/ HTTP/2.0", upstream: "https://192.145.236.239:8443/sleep-trends-2025-tech-temperature-timing-hacks/", host: "www.pouted.com"
2025/10/16 14:26:48 [error] 1785363#0: *68 connect() failed (111: Connection refused) while connecting to upstream, client: 20.117.22.225, server: pouted.com, request: "GET /remodel-rooms-using-73-awesome-interior-doors/ HTTP/2.0", upstream: "https://192.145.236.239:8443/remodel-rooms-using-73-awesome-interior-doors/", host: "www.pouted.com"
2025/10/16 14:26:48 [error] 1785366#0: *70 connect() failed (111: Connection refused) while connecting to upstream, client: 172.213.21.157, server: pouted.com, request: "GET / HTTP/2.0", upstream: "https://192.145.236.239:8443/", host: "pouted.com"
2025/10/16 14:26:49 [error] 1785366#0: *72 connect() failed (111: Connection refused) while connecting to upstream, client: 2.189.5.142, server: pouted.com, request: "GET / HTTP/2.0", upstream: "https://192.145.236.239:8443/", host: "www.pouted.com"
2025/10/16 14:26:49 [error] 1785366#0: *73 connect() failed (111: Connection refused) while connecting to upstream, client: 74.7.35.126, server: pouted.com, request: "GET /sleep-trends-2025-tech-temperature-timing-hacks/ HTTP/2.0", upstream: "https://192.145.236.239:8443/sleep-trends-2025-tech-temperature-timing-hacks/", host: "www.pouted.com"
2025/10/16 14:26:49 [error] 1785366#0: *78 connect() failed (111: Connection refused) while connecting to upstream, client: 74.7.35.120, server: pouted.com, request: "GET /sleep-trends-2025-tech-temperature-timing-hacks/ HTTP/2.0", upstream: "https://192.145.236.239:8443/sleep-trends-2025-tech-temperature-timing-hacks/", host: "www.pouted.com"
2025/10/16 14:26:49 [error] 1785366#0: *77 connect() failed (111: Connection refused) while connecting to upstream, client: 20.117.22.224, server: pouted.com, request: "GET /remodel-rooms-using-73-awesome-interior-doors/ HTTP/2.0", upstream: "https://192.145.236.239:8443/remodel-rooms-using-73-awesome-interior-doors/", host: "www.pouted.com"
2025/10/16 14:26:49 [error] 1785366#0: *81 connect() failed (111: Connection refused) while connecting to upstream, client: 172.213.21.151, server: pouted.com, request: "GET / HTTP/2.0", upstream: "https://192.145.236.239:8443/", host: "pouted.com"
2025/10/16 14:26:49 [error] 1785366#0: *83 connect() failed (111: Connection refused) while connecting to upstream, client: 74.7.35.117, server: pouted.com, request: "GET /sleep-trends-2025-tech-temperature-timing-hacks/ HTTP/2.0", upstream: "https://192.145.236.239:8443/sleep-trends-2025-tech-temperature-timing-hacks/", host: "www.pouted.com"
2025/10/16 14:26:50 [error] 1785366#0: *86 connect() failed (111: Connection refused) while connecting to upstream, client: 127.0.0.1, server: 127.0.0.1, request: "GET /whm-server-status HTTP/1.0", upstream: "http://127.0.0.1:8080/whm-server-status", host: "localhost"
2025/10/16 14:26:50 [error] 1785366#0: *88 connect() failed (111: Connection refused) while connecting to upstream, client: 20.117.22.236, server: pouted.com, request: "GET /remodel-rooms-using-73-awesome-interior-doors/ HTTP/2.0", upstream: "https://192.145.236.239:8443/remodel-rooms-using-73-awesome-interior-doors/", host: "www.pouted.com"
2025/10/16 14:26:50 [error] 1785366#0: *21 connect() failed (111: Connection refused) while connecting to upstream, client: 52.159.249.103, server: pouted.com, request: "GET /skin-cycling-2-0/ HTTP/2.0", upstream: "https://192.145.236.239:8443/skin-cycling-2-0/", host: "www.pouted.com"
2025/10/16 14:26:50 [error] 1785366#0: *94 connect() failed (111: Connection refused) while connecting to upstream, client: 52.159.249.97, server: pouted.com, request: "GET /skin-cycling-2-0/ HTTP/2.0", upstream: "https://192.145.236.239:8443/skin-cycling-2-0/", host: "www.pouted.com"
2025/10/16 14:26:51 [error] 1785366#0: *96 connect() failed (111: Connection refused) while connecting to upstream, client: 52.159.249.97, server: pouted.com, request: "GET /skin-cycling-2-0/ HTTP/2.0", upstream: "https://192.145.236.239:8443/skin-cycling-2-0/", host: "www.pouted.com"
2025/10/16 14:26:51 [error] 1785366#0: *94 connect() failed (111: Connection refused) while connecting to upstream, client: 52.159.249.98, server: pouted.com, request: "GET /skin-cycling-2-0/ HTTP/2.0", upstream: "https://192.145.236.239:8443/skin-cycling-2-0/", host: "www.pouted.com"
2025/10/16 14:26:52 [error] 1785366#0: *99 connect() failed (111: Connection refused) while connecting to upstream, client: 23.23.104.107, server: ayaclass.com, request: "GET /public/?dir=/opt/cpanel/ea-openssl11/share/doc/openssl/html/man3&edit=/opt/cpanel/ea-openssl11/share/doc/openssl/html/man3/OCSP_cert_to_id.html HTTP/1.1", upstream: "http://192.145.236.239:8080/public/?dir=/opt/cpanel/ea-openssl11/share/doc/openssl/html/man3&edit=/opt/cpanel/ea-openssl11/share/doc/openssl/html/man3/OCSP_cert_to_id.html", host: "www.ayaclass.com"
2025/10/16 14:26:52 [error] 1785366#0: *101 connect() failed (111: Connection refused) while connecting to upstream, client: 2a03:2880:13ff::, server: pouted.com, request: "GET /home-organization-trends-2025/ HTTP/2.0", upstream: "https://192.145.236.239:8443/home-organization-trends-2025/", host: "www.pouted.com"
2025/10/16 14:26:54 [error] 1785366#0: *103 connect() failed (111: Connection refused) while connecting to upstream, client: 2a03:2880:27ff:70::, server: pouted.com, request: "GET /home-organization-trends-2025/ HTTP/2.0", upstream: "https://192.145.236.239:8443/home-organization-trends-2025/", host: "www.pouted.com"
2025/10/16 14:26:54 [error] 1785366#0: *106 connect() failed (111: Connection refused) while connecting to upstream, client: 52.167.144.184, server: ayaclass.com, request: "GET /products/1305709/ HTTP/1.1", upstream: "http://192.145.236.239:8080/products/1305709/", host: "www.ayaclass.com"
2025/10/16 14:26:55 [error] 1785366#0: *24 connect() failed (111: Connection refused) while connecting to upstream, client: 40.77.167.43, server: pouted.com, request: "GET /top-10-most-healthy-lifestyles/ HTTP/2.0", upstream: "https://192.145.236.239:8443/top-10-most-healthy-lifestyles/", host: "www.pouted.com"
2025/10/16 14:26:56 [error] 1785366#0: *110 connect() failed (111: Connection refused) while connecting to upstream, client: 3.232.82.72, server: ayaclass.com, request: "GET /?dir=/opt/imh-python/lib/python3.9/lib2to3/fixes/__pycache__&edit=/opt/imh-python/lib/python3.9/lib2to3/fixes/__pycache__/fix_paren.cpython-39.opt-1.pyc HTTP/1.1", upstream: "http://192.145.236.239:8080/?dir=/opt/imh-python/lib/python3.9/lib2to3/fixes/__pycache__&edit=/opt/imh-python/lib/python3.9/lib2to3/fixes/__pycache__/fix_paren.cpython-39.opt-1.pyc", host: "www.ayaclass.com"
2025/10/16 14:26:56 [error] 1785366#0: *78 connect() failed (111: Connection refused) while connecting to upstream, client: 2a03:2880:f800:1e::, server: pouted.com, request: "GET /top-trendy-hairstyles-2025/ HTTP/2.0", upstream: "https://192.145.236.239:8443/top-trendy-hairstyles-2025/", host: "www.pouted.com"
2025/10/16 14:26:57 [error] 1785366#0: *113 connect() failed (111: Connection refused) while connecting to upstream, client: 40.77.167.4, server: pouted.com, request: "GET /top-10-worlds-most-expensive-pokemon-cards-2015/ HTTP/2.0", upstream: "https://192.145.236.239:8443/top-10-worlds-most-expensive-pokemon-cards-2015/", host: "www.pouted.com"
2025/10/16 14:27:00 [error] 1785366#0: *6 connect() failed (111: Connection refused) while connecting to upstream, client: 3.208.146.193, server: ayaclass.com, request: "GET /public/?dir=/home/ayaclass/public_html/vendor/mpdf/mpdf/src/Tag&dl=/home/ayaclass/public_html/vendor/mpdf/mpdf/src/Tag/PageHeader.php HTTP/1.1", upstream: "http://192.145.236.239:8080/public/?dir=/home/ayaclass/public_html/vendor/mpdf/mpdf/src/Tag&dl=/home/ayaclass/public_html/vendor/mpdf/mpdf/src/Tag/PageHeader.php", host: "www.ayaclass.com"
2025/10/16 14:27:04 [error] 1785366#0: *120 connect() failed (111: Connection refused) while connecting to upstream, client: 3.89.170.186, server: ayaclass.com, request: "GET /?dir=/home/ayaclass/public_html/vendor/google/apiclient-services/src/GamesManagement&edit=/home/ayaclass/public_html/vendor/google/apiclient-services/src/GamesManagement/ProfileSettings.php HTTP/1.1", upstream: "http://192.145.236.239:8080/?dir=/home/ayaclass/public_html/vendor/google/apiclient-services/src/GamesManagement&edit=/home/ayaclass/public_html/vendor/google/apiclient-services/src/GamesManagement/ProfileSettings.php", host: "www.ayaclass.com"
2025/10/16 14:27:04 [error] 1785366#0: *122 connect() failed (111: Connection refused) while connecting to upstream, client: 47.128.121.120, server: pouted.com, request: "GET /4-easy-ways-cure-hiccups/amp/ HTTP/2.0", upstream: "https://192.145.236.239:8443/4-easy-ways-cure-hiccups/amp/", host: "www.pouted.com"
2025/10/16 14:27:06 [error] 1785366#0: *124 open() "/home/pouted/public_html/wp-content/uploads/2013/07/colorful-fly-geyser-black-rock-desert-nevada.jpg" failed (2: No such file or directory), client: 34.46.209.250, server: pouted.com, request: "GET /wp-content/uploads/2013/07/colorful-fly-geyser-black-rock-desert-nevada.jpg?x44527 HTTP/2.0", host: "www.pouted.com"
2025/10/16 14:27:07 [error] 1785366#0: *43 connect() failed (111: Connection refused) while connecting to upstream, client: 85.208.96.198, server: ayaclass.com, request: "GET /?a=46740915 HTTP/1.1", upstream: "http://192.145.236.239:8080/?a=46740915", host: "www.ayaclass.com"
2025/10/16 14:27:08 [error] 1785366#0: *128 connect() failed (111: Connection refused) while connecting to upstream, client: 44.221.37.41, server: ayaclass.com, request: "GET /?dir=/usr/share/doc&dl=/usr/share/doc/python3-libs HTTP/1.1", upstream: "http://192.145.236.239:8080/?dir=/usr/share/doc&dl=/usr/share/doc/python3-libs", host: "www.ayaclass.com"
2025/10/16 14:27:08 [error] 1785366#0: *131 connect() failed (111: Connection refused) while connecting to upstream, client: 185.191.171.8, server: ayaclass.com, request: "GET /?a=782031015 HTTP/1.1", upstream: "http://192.145.236.239:8080/?a=782031015", host: "www.ayaclass.com"
2025/10/16 14:27:12 [error] 1785366#0: *131 connect() failed (111: Connection refused) while connecting to upstream, client: 34.231.45.47, server: ayaclass.com, request: "GET /public/?dir=/usr/local/cpanel/scripts&dl=/usr/local/cpanel/scripts/restartsrv_dnsadmin HTTP/1.1", upstream: "http://192.145.236.239:8080/public/?dir=/usr/local/cpanel/scripts&dl=/usr/local/cpanel/scripts/restartsrv_dnsadmin", host: "www.ayaclass.com"
2025/10/16 14:27:12 [error] 1785366#0: *73 connect() failed (111: Connection refused) while connecting to upstream, client: 2a03:2880:f800:40::, server: pouted.com, request: "GET /tag/websites-2/ HTTP/2.0", upstream: "https://192.145.236.239:8443/tag/websites-2/", host: "www.pouted.com"
2025/10/16 14:27:14 [error] 1785366#0: *138 connect() failed (111: Connection refused) while connecting to upstream, client: 20.171.207.6, server: ayaclass.com, request: "GET /?dir=%2Fproc&dl=%2Fproc%2F1782092 HTTP/2.0", upstream: "https://192.145.236.239:8443/?dir=%2Fproc&dl=%2Fproc%2F1782092", host: "mail.ayaclass.com"
2025/10/16 14:27:14 [error] 1785366#0: *94 connect() failed (111: Connection refused) while connecting to upstream, client: 20.171.207.30, server: pouted.com, request: "GET /wp-content/plugins/broken-link-checker/app/webhooks/user-review/?C=S;O=A HTTP/2.0", upstream: "https://192.145.236.239:8443/wp-content/plugins/broken-link-checker/app/webhooks/user-review/?C=S;O=A", host: "www.pouted.com"
2025/10/16 14:27:15 [error] 1785366#0: *141 open() "/home/pouted/public_html/wp-content/uploads/2013/08/FSG-Egg-bottle-104.jpg" failed (2: No such file or directory), client: 192.165.134.28, server: pouted.com, request: "GET /wp-content/uploads/2013/08/FSG-Egg-bottle-104.jpg HTTP/2.0", host: "www.pouted.com"
2025/10/16 14:27:15 [error] 1785366#0: *21 connect() failed (111: Connection refused) while connecting to upstream, client: 52.159.249.103, server: pouted.com, request: "GET /skin-cycling-2-0/ HTTP/2.0", upstream: "https://192.145.236.239:8443/skin-cycling-2-0/", host: "www.pouted.com"
2025/10/16 14:27:16 [error] 1785366#0: *110 connect() failed (111: Connection refused) while connecting to upstream, client: 34.234.197.175, server: ayaclass.com, request: "GET /?dir=/home/ayaclass/public_html/vendor/aws/aws-sdk-php/src/data&edit=/home/ayaclass/public_html/vendor/aws/aws-sdk-php/src/data/networkmanager HTTP/1.1", upstream: "http://192.145.236.239:8080/?dir=/home/ayaclass/public_html/vendor/aws/aws-sdk-php/src/data&edit=/home/ayaclass/public_html/vendor/aws/aws-sdk-php/src/data/networkmanager", host: "www.ayaclass.com"
2025/10/16 14:27:16 [error] 1785366#0: *21 connect() failed (111: Connection refused) while connecting to upstream, client: 52.159.249.111, server: pouted.com, request: "GET /skin-cycling-2-0/ HTTP/2.0", upstream: "https://192.145.236.239:8443/skin-cycling-2-0/", host: "www.pouted.com"
2025/10/16 14:27:16 [error] 1785366#0: *96 connect() failed (111: Connection refused) while connecting to upstream, client: 52.159.249.97, server: pouted.com, request: "GET /skin-cycling-2-0/ HTTP/2.0", upstream: "https://192.145.236.239:8443/skin-cycling-2-0/", host: "www.pouted.com"
2025/10/16 14:27:16 [error] 1785366#0: *94 connect() failed (111: Connection refused) while connecting to upstream, client: 52.159.249.109, server: pouted.com, request: "GET /skin-cycling-2-0/ HTTP/2.0", upstream: "https://192.145.236.239:8443/skin-cycling-2-0/", host: "www.pouted.com"
2025/10/16 14:27:19 [error] 1785366#0: *150 open() "/home/pouted/public_html/wp-content/uploads/2013/08/550px-Benefit-from-Garlic-Step-1.jpg" failed (2: No such file or directory), client: 114.119.142.236, server: pouted.com, request: "GET /wp-content/uploads/2013/08/550px-Benefit-from-Garlic-Step-1.jpg?x71148 HTTP/2.0", host: "www.pouted.com"
2025/10/16 14:27:20 [error] 1785366#0: *6 connect() failed (111: Connection refused) while connecting to upstream, client: 54.210.155.69, server: ayaclass.com, request: "GET /public/?dir=/usr/lib64&dl=/usr/lib64/libjson-c.so.4 HTTP/1.1", upstream: "http://192.145.236.239:8080/public/?dir=/usr/lib64&dl=/usr/lib64/libjson-c.so.4", host: "www.ayaclass.com"
2025/10/16 14:27:22 [error] 1785366#0: *154 connect() failed (111: Connection refused) while connecting to upstream, client: 85.208.96.203, server: ayaclass.com, request: "GET /?a=35594815 HTTP/1.1", upstream: "http://192.145.236.239:8080/?a=35594815", host: "www.ayaclass.com"
2025/10/16 14:27:23 [error] 1785366#0: *157 open() "/home/pouted/public_html/wp-content/uploads/2014/07/il_fullxfull.216953400.jpg" failed (2: No such file or directory), client: 43.134.27.196, server: pouted.com, request: "GET /wp-content/uploads/2014/07/il_fullxfull.216953400.jpg HTTP/2.0", host: "www.pouted.com"
2025/10/16 14:27:24 [error] 1785366#0: *106 connect() failed (111: Connection refused) while connecting to upstream, client: 3.229.2.217, server: ayaclass.com, request: "GET /?dir=/opt/imh-python/lib/python3.9/site-packages/twisted/conch/__pycache__&edit=/opt/imh-python/lib/python3.9/site-packages/twisted/conch/__pycache__/.. HTTP/1.1", upstream: "http://192.145.236.239:8080/?dir=/opt/imh-python/lib/python3.9/site-packages/twisted/conch/__pycache__&edit=/opt/imh-python/lib/python3.9/site-packages/twisted/conch/__pycache__/..", host: "www.ayaclass.com"
2025/10/16 14:27:26 [error] 1785366#0: *159 open() "/home/pouted/public_html/wp-content/uploads/jewels/Heather-B.-Moore-Easy-Add-Ons-Letter-R-Silver-14k-Gold-Pendant-Necklace.jpg" failed (2: No such file or directory), client: 40.77.167.4, server: pouted.com, request: "GET /wp-content/uploads/jewels/Heather-B.-Moore-Easy-Add-Ons-Letter-R-Silver-14k-Gold-Pendant-Necklace.jpg?x72261 HTTP/2.0", host: "www.pouted.com"
2025/10/16 14:27:27 [error] 1785366#0: *160 connect() failed (111: Connection refused) while connecting to upstream, client: 20.117.22.236, server: pouted.com, request: "GET /remodel-rooms-using-73-awesome-interior-doors/ HTTP/2.0", upstream: "https://192.145.236.239:8443/remodel-rooms-using-73-awesome-interior-doors/", host: "www.pouted.com"
2025/10/16 14:27:27 [error] 1785366#0: *162 connect() failed (111: Connection refused) while connecting to upstream, client: 40.77.167.4, server: pouted.com, request: "GET /easiest-drawing-ideas-for-kids/ HTTP/2.0", upstream: "https://192.145.236.239:8443/easiest-drawing-ideas-for-kids/", host: "www.pouted.com"
2025/10/16 14:27:27 [error] 1785366#0: *164 connect() failed (111: Connection refused) while connecting to upstream, client: 20.117.22.230, server: pouted.com, request: "GET /remodel-rooms-using-73-awesome-interior-doors/ HTTP/2.0", upstream: "https://192.145.236.239:8443/remodel-rooms-using-73-awesome-interior-doors/", host: "www.pouted.com"
2025/10/16 14:27:28 [error] 1785366#0: *6 connect() failed (111: Connection refused) while connecting to upstream, client: 23.23.180.225, server: ayaclass.com, request: "GET /public/?dir=/var/softaculous/lime5 HTTP/1.1", upstream: "http://192.145.236.239:8080/public/?dir=/var/softaculous/lime5", host: "www.ayaclass.com"
2025/10/16 14:27:28 [error] 1785366#0: *160 connect() failed (111: Connection refused) while connecting to upstream, client: 20.117.22.238, server: pouted.com, request: "GET /remodel-rooms-using-73-awesome-interior-doors/ HTTP/2.0", upstream: "https://192.145.236.239:8443/remodel-rooms-using-73-awesome-interior-doors/", host: "www.pouted.com"
2025/10/16 14:27:28 [error] 1785366#0: *169 connect() failed (111: Connection refused) while connecting to upstream, client: 2a03:2880:13ff:7::, server: pouted.com, request: "GET /kids-fashion-trends-2025/ HTTP/2.0", upstream: "https://192.145.236.239:8443/kids-fashion-trends-2025/", host: "www.pouted.com"
2025/10/16 14:27:28 [error] 1785366#0: *171 connect() failed (111: Connection refused) while connecting to upstream, client: 20.117.22.236, server: pouted.com, request: "GET /remodel-rooms-using-73-awesome-interior-doors/ HTTP/2.0", upstream: "https://192.145.236.239:8443/remodel-rooms-using-73-awesome-interior-doors/", host: "www.pouted.com"
2025/10/16 14:27:29 [error] 1785366#0: *173 open() "/home/pouted/public_html/wp-content/uploads/jewels/Blue-Sapphire-Pear-Shape-Pair-Tanzanite-Loose-Gemstones-Tanzanite.jpg" failed (2: No such file or directory), client: 3.139.225.206, server: pouted.com, request: "GET /wp-content/uploads/jewels/Blue-Sapphire-Pear-Shape-Pair-Tanzanite-Loose-Gemstones-Tanzanite.jpg?x71148 HTTP/2.0", host: "www.pouted.com"
2025/10/16 14:27:31 [error] 1785366#0: *177 connect() failed (111: Connection refused) while connecting to upstream, client: 20.171.207.135, server: ayaclass.com, request: "GET /?dir=%2Fproc&dl=%2Fproc%2F1469826 HTTP/1.1", upstream: "http://192.145.236.239:8080/?dir=%2Fproc&dl=%2Fproc%2F1469826", host: "www.ayaclass.com"
2025/10/16 14:27:32 [error] 1785366#0: *180 connect() failed (111: Connection refused) while connecting to upstream, client: 52.54.95.127, server: ayaclass.com, request: "GET /public/?dir=/opt/imh-python/lib/python3.9/site-packages/tzdata/zoneinfo/Australia&dl=/opt/imh-python/lib/python3.9/site-packages/tzdata/zoneinfo/Australia/Brisbane HTTP/1.1", upstream: "http://192.145.236.239:8080/public/?dir=/opt/imh-python/lib/python3.9/site-packages/tzdata/zoneinfo/Australia&dl=/opt/imh-python/lib/python3.9/site-packages/tzdata/zoneinfo/Australia/Brisbane", host: "www.ayaclass.com"
2025/10/16 14:27:33 [error] 1785366#0: *183 connect() failed (111: Connection refused) while connecting to upstream, client: 40.77.167.43, server: pouted.com, request: "GET /?s=%E9%87%8D%E5%BA%86%E5%B7%A5%E5%95%86%E5%A4%A7%E5%AD%A6%E4%BD%93%E8%82%B2%E6%98%AF%E5%87%A0%E6%9C%AC HTTP/2.0", upstream: "https://192.145.236.239:8443/?s=%E9%87%8D%E5%BA%86%E5%B7%A5%E5%95%86%E5%A4%A7%E5%AD%A6%E4%BD%93%E8%82%B2%E6%98%AF%E5%87%A0%E6%9C%AC", host: "www.pouted.com"
2025/10/16 14:27:34 [error] 1785366#0: *187 connect() failed (111: Connection refused) while connecting to upstream, client: 115.79.32.136, server: pouted.com, request: "POST /xmlrpc.php HTTP/2.0", upstream: "https://192.145.236.239:8443/xmlrpc.php", host: "www.pouted.com"
2025/10/16 14:27:36 [error] 1785366#0: *180 connect() failed (111: Connection refused) while connecting to upstream, client: 44.208.193.63, server: ayaclass.com, request: "GET /?dir=/home/ayaclass/.trash/AAA/vendor/google/apiclient-services/src/ChromeManagement&dl=/home/ayaclass/.trash/AAA/vendor/google/apiclient-services/src/ChromeManagement/GoogleChromeManagementV1ListTelemetryEventsResponse.php HTTP/1.1", upstream: "http://192.145.236.239:8080/?dir=/home/ayaclass/.trash/AAA/vendor/google/apiclient-services/src/ChromeManagement&dl=/home/ayaclass/.trash/AAA/vendor/google/apiclient-services/src/ChromeManagement/GoogleChromeManagementV1ListTelemetryEventsResponse.php", host: "www.ayaclass.com"
2025/10/16 14:27:39 [error] 1785366#0: *190 open() "/home/pouted/public_html/wp-content/uploads/2014/01/Fotolia_28169846_Subscription_L.jpg" failed (2: No such file or directory), client: 114.119.133.222, server: pouted.com, request: "GET /wp-content/uploads/2014/01/Fotolia_28169846_Subscription_L.jpg?x44527 HTTP/2.0", host: "www.pouted.com"
2025/10/16 14:27:40 [error] 1785366#0: *106 connect() failed (111: Connection refused) while connecting to upstream, client: 100.24.149.244, server: ayaclass.com, request: "GET /?dir=/var/cache/dnf/wp-toolkit-cpanel-33c7aa051b360d6f/packages&dl=/var/cache/dnf/wp-toolkit-cpanel-33c7aa051b360d6f/packages/.. HTTP/1.1", upstream: "http://192.145.236.239:8080/?dir=/var/cache/dnf/wp-toolkit-cpanel-33c7aa051b360d6f/packages&dl=/var/cache/dnf/wp-toolkit-cpanel-33c7aa051b360d6f/packages/..", host: "www.ayaclass.com"
2025/10/16 14:27:41 [error] 1785366#0: *192 connect() failed (111: Connection refused) while connecting to upstream, client: 17.246.23.65, server: pouted.com, request: "GET /tag/floating-finger-rings/ HTTP/2.0", upstream: "https://192.145.236.239:8443/tag/floating-finger-rings/", host: "www.pouted.com"
2025/10/16 14:27:44 [error] 1785366#0: *106 connect() failed (111: Connection refused) while connecting to upstream, client: 98.82.39.241, server: ayaclass.com, request: "GET /?dir=/usr/bin&edit=/usr/bin/conjure HTTP/1.1", upstream: "http://192.145.236.239:8080/?dir=/usr/bin&edit=/usr/bin/conjure", host: "www.ayaclass.com"
2025/10/16 14:27:45 [error] 1785366#0: *196 connect() failed (111: Connection refused) while connecting to upstream, client: 66.249.64.169, server: pouted.com, request: "GET /increase-beauty-white-tulip-flowers/amp/ HTTP/2.0", upstream: "https://192.145.236.239:8443/increase-beauty-white-tulip-flowers/amp/", host: "www.pouted.com"
2025/10/16 14:27:46 [error] 1785366#0: *199 connect() failed (111: Connection refused) while connecting to upstream, client: 135.134.162.224, server: pouted.com, request: "GET /top-10-worlds-most-expensive-pokemon-cards-2015/ HTTP/2.0", upstream: "https://192.145.236.239:8443/top-10-worlds-most-expensive-pokemon-cards-2015/", host: "www.pouted.com", referrer: "android-app://com.pinterest/"
2025/10/16 14:27:47 [error] 1785366#0: *201 connect() failed (111: Connection refused) while connecting to upstream, client: 20.169.6.226, server: pouted.com, request: "GET /10-lovely-nail-polish-trends-for-fall-winter/ HTTP/2.0", upstream: "https://192.145.236.239:8443/10-lovely-nail-polish-trends-for-fall-winter/", host: "www.pouted.com"
2025/10/16 14:27:47 [error] 1785366#0: *203 connect() failed (111: Connection refused) while connecting to upstream, client: 54.236.1.51, server: pouted.com, request: "GET /top-10-worlds-most-expensive-pokemon-cards-2015/ HTTP/2.0", upstream: "https://192.145.236.239:8443/top-10-worlds-most-expensive-pokemon-cards-2015/", host: "www.pouted.com"
2025/10/16 14:27:48 [error] 1785366#0: *206 connect() failed (111: Connection refused) while connecting to upstream, client: 52.205.113.104, server: ayaclass.com, request: "GET /public/?dir=/home/ayaclass/public_html/vendor/google/apiclient-services/src/CloudSearch&dl=/home/ayaclass/public_html/vendor/google/apiclient-services/src/CloudSearch/GoogleChatV1ContextualAddOnMarkupCardSection.php HTTP/1.1", upstream: "http://192.145.236.239:8080/public/?dir=/home/ayaclass/public_html/vendor/google/apiclient-services/src/CloudSearch&dl=/home/ayaclass/public_html/vendor/google/apiclient-services/src/CloudSearch/GoogleChatV1ContextualAddOnMarkupCardSection.php", host: "www.ayaclass.com"
2025/10/16 14:27:50 [error] 1785366#0: *210 connect() failed (111: Connection refused) while connecting to upstream, client: 52.167.144.215, server: ayaclass.com, request: "GET /products/9580532/ HTTP/1.1", upstream: "http://192.145.236.239:8080/products/9580532/", host: "www.ayaclass.com"
2025/10/16 14:27:50 [error] 1785366#0: *199 connect() failed (111: Connection refused) while connecting to upstream, client: 116.179.32.154, server: pouted.com, request: "GET /tag/choosing-quality-seeds/ HTTP/2.0", upstream: "https://192.145.236.239:8443/tag/choosing-quality-seeds/", host: "www.pouted.com"
2025/10/16 14:27:52 [error] 1785366#0: *180 connect() failed (111: Connection refused) while connecting to upstream, client: 100.29.164.178, server: ayaclass.com, request: "GET /?dir=/usr/include/mysql/server/private&edit=/usr/include/mysql/server/private/sql_error.h HTTP/1.1", upstream: "http://192.145.236.239:8080/?dir=/usr/include/mysql/server/private&edit=/usr/include/mysql/server/private/sql_error.h", host: "www.ayaclass.com"
2025/10/16 14:27:55 [error] 1785366#0: *218 open() "/home/pouted/public_html/wp-content/uploads/2013/05/172601801_MV_ZM-475x475.jpg" failed (2: No such file or directory), client: 3.139.225.206, server: pouted.com, request: "GET /wp-content/uploads/2013/05/172601801_MV_ZM-475x475.jpg?x71148 HTTP/2.0", host: "www.pouted.com"
2025/10/16 14:27:56 [error] 1785366#0: *220 connect() failed (111: Connection refused) while connecting to upstream, client: 3.224.104.67, server: ayaclass.com, request: "GET /?dir=/usr/share/doc/git&edit=/usr/share/doc/git/git-credential-cache--daemon.txt HTTP/1.1", upstream: "http://192.145.236.239:8080/?dir=/usr/share/doc/git&edit=/usr/share/doc/git/git-credential-cache--daemon.txt", host: "www.ayaclass.com"
2025/10/16 14:27:56 [error] 1785366#0: *222 open() "/home/pouted/public_html/wp-content/uploads/2014/06/black-hills-gold-sterling-and-12k-gold-jade-necklace.jpg" failed (2: No such file or directory), client: 3.139.225.206, server: pouted.com, request: "GET /wp-content/uploads/2014/06/black-hills-gold-sterling-and-12k-gold-jade-necklace.jpg?x45357 HTTP/2.0", host: "www.pouted.com"
2025/10/16 14:27:58 [error] 1785366#0: *223 open() "/home/pouted/public_html/wp-content/uploads/2013/04/jennifer-lawrence-oscars-fall-2013.jpg" failed (2: No such file or directory), client: 129.226.202.136, server: pouted.com, request: "GET /wp-content/uploads/2013/04/jennifer-lawrence-oscars-fall-2013.jpg HTTP/2.0", host: "www.pouted.com"
2025/10/16 14:27:59 [error] 1785366#0: *224 connect() failed (111: Connection refused) while connecting to upstream, client: 127.0.0.1, server: 127.0.0.1, request: "GET /whm-server-status HTTP/1.0", upstream: "http://127.0.0.1:8080/whm-server-status", host: "localhost"
2025/10/16 14:28:00 [error] 1785366#0: *180 connect() failed (111: Connection refused) while connecting to upstream, client: 54.83.23.103, server: ayaclass.com, request: "GET /public/?dir=/usr/share/licenses&dl=/usr/share/licenses/iptables-legacy-libs HTTP/1.1", upstream: "http://192.145.236.239:8080/public/?dir=/usr/share/licenses&dl=/usr/share/licenses/iptables-legacy-libs", host: "www.ayaclass.com"
2025/10/16 14:28:01 [error] 1785366#0: *187 connect() failed (111: Connection refused) while connecting to upstream, client: 114.119.134.226, server: pouted.com, request: "GET /why-you-need-to-prevent-mold-at-your-home/amp/ HTTP/2.0", upstream: "https://192.145.236.239:8443/why-you-need-to-prevent-mold-at-your-home/amp/", host: "www.pouted.com", referrer: "https://www.pouted.com/improving-email-deliverability-rate/amp/"
2025/10/16 14:28:01 [error] 1785366#0: *227 connect() failed (111: Connection refused) while connecting to upstream, client: 110.238.111.52, server: pouted.com, request: "GET /should-i-get-an-attorney-after-a-car-accident/amp HTTP/2.0", upstream: "https://192.145.236.239:8443/should-i-get-an-attorney-after-a-car-accident/amp", host: "pouted.com", referrer: "https://pouted.com/should-i-get-an-attorney-after-a-car-accident/amp"
2025/10/16 14:28:01 [error] 1785366#0: *210 connect() failed (111: Connection refused) while connecting to upstream, client: 185.191.171.18, server: ayaclass.com, request: "GET /?a=45077815 HTTP/1.1", upstream: "http://192.145.236.239:8080/?a=45077815", host: "www.ayaclass.com"
2025/10/16 14:28:02 [error] 1785366#0: *230 connect() failed (111: Connection refused) while connecting to upstream, client: 113.16.16.139, server: pouted.com, request: "POST /wp-comments-post.php HTTP/2.0", upstream: "https://192.145.236.239:8443/wp-comments-post.php", host: "www.pouted.com"
2025/10/16 14:28:03 [error] 1785366#0: *210 connect() failed (111: Connection refused) while connecting to upstream, client: 85.208.96.205, server: ayaclass.com, request: "GET /?a=59279815 HTTP/1.1", upstream: "http://192.145.236.239:8080/?a=59279815", host: "www.ayaclass.com"
2025/10/16 14:28:03 [error] 1785366#0: *180 connect() failed (111: Connection refused) while connecting to upstream, client: 2a03:2880:f800:47::, server: ayaclass.com, request: "GET /products/25267154/ HTTP/1.1", upstream: "http://192.145.236.239:8080/products/25267154/", host: "www.ayaclass.com"
2025/10/16 14:28:04 [error] 1785366#0: *206 connect() failed (111: Connection refused) while connecting to upstream, client: 34.225.87.80, server: ayaclass.com, request: "GET /public/?dir=/usr/include/mysql/server&edit=/usr/include/mysql/server/mysql HTTP/1.1", upstream: "http://192.145.236.239:8080/public/?dir=/usr/include/mysql/server&edit=/usr/include/mysql/server/mysql", host: "www.ayaclass.com"
2025/10/16 14:28:06 [error] 1785366#0: *237 connect() failed (111: Connection refused) while connecting to upstream, client: 40.77.167.43, server: pouted.com, request: "GET /tag/dogs-with-double-layer-coat/ HTTP/2.0", upstream: "https://192.145.236.239:8443/tag/dogs-with-double-layer-coat/", host: "www.pouted.com"
2025/10/16 14:28:08 [error] 1785366#0: *239 connect() failed (111: Connection refused) while connecting to upstream, client: 98.82.38.120, server: ayaclass.com, request: "GET /?dir=/var/cache/dnf&dl=/var/cache/dnf/wp-toolkit-thirdparties-4e213e8d49cac965 HTTP/1.1", upstream: "http://192.145.236.239:8080/?dir=/var/cache/dnf&dl=/var/cache/dnf/wp-toolkit-thirdparties-4e213e8d49cac965", host: "www.ayaclass.com"
2025/10/16 14:28:09 [error] 1785366#0: *241 connect() failed (111: Connection refused) while connecting to upstream, client: 114.119.133.98, server: pouted.com, request: "GET /top-10-most-profitable-cryptocurrencies-to-mine/ HTTP/2.0", upstream: "https://192.145.236.239:8443/top-10-most-profitable-cryptocurrencies-to-mine/", host: "www.pouted.com", referrer: "https://www.pouted.com/forex-robots-trading-signal-software/"
2025/10/16 14:28:11 [error] 1785366#0: *210 connect() failed (111: Connection refused) while connecting to upstream, client: 2a03:2880:f800:1b::, server: ayaclass.com, request: "GET /products/18370909/ HTTP/1.1", upstream: "http://192.145.236.239:8080/products/18370909/", host: "www.ayaclass.com"
2025/10/16 14:28:12 [error] 1785366#0: *206 connect() failed (111: Connection refused) while connecting to upstream, client: 184.73.167.217, server: ayaclass.com, request: "GET /public/?dir=/home/ayaclass/public_html/vendor/google/apiclient-services/src/YouTube&edit=/home/ayaclass/public_html/vendor/google/apiclient-services/src/YouTube/ActivityContentDetailsChannelItem.php HTTP/1.1", upstream: "http://192.145.236.239:8080/public/?dir=/home/ayaclass/public_html/vendor/google/apiclient-services/src/YouTube&edit=/home/ayaclass/public_html/vendor/google/apiclient-services/src/YouTube/ActivityContentDetailsChannelItem.php", host: "www.ayaclass.com"
2025/10/16 14:28:12 [error] 1785366#0: *247 connect() failed (111: Connection refused) while connecting to upstream, client: 2.189.5.142, server: pouted.com, request: "GET / HTTP/2.0", upstream: "https://192.145.236.239:8443/", host: "www.pouted.com"
2025/10/16 14:28:12 [error] 1785366#0: *201 connect() failed (111: Connection refused) while connecting to upstream, client: 20.171.207.30, server: pouted.com, request: "GET /wp-content/plugins/wpforms-lite/templates/admin/dashboard/widget/?C=S;O=A HTTP/2.0", upstream: "https://192.145.236.239:8443/wp-content/plugins/wpforms-lite/templates/admin/dashboard/widget/?C=S;O=A", host: "www.pouted.com"
2025/10/16 14:28:16 [error] 1785366#0: *239 connect() failed (111: Connection refused) while connecting to upstream, client: 54.85.7.119, server: ayaclass.com, request: "GET /?dir=/usr/include/mysql/server&edit=/usr/include/mysql/server/byte_order_generic.h HTTP/1.1", upstream: "http://192.145.236.239:8080/?dir=/usr/include/mysql/server&edit=/usr/include/mysql/server/byte_order_generic.h", host: "www.ayaclass.com"
2025/10/16 14:28:17 [error] 1785366#0: *253 connect() failed (111: Connection refused) while connecting to upstream, client: 18.215.253.171, server: pouted.com, request: "GET /top-10-worlds-most-expensive-pokemon-cards-2015 HTTP/2.0", upstream: "https://192.145.236.239:8443/top-10-worlds-most-expensive-pokemon-cards-2015", host: "www.pouted.com"
2025/10/16 14:28:18 [error] 1785366#0: *256 connect() failed (111: Connection refused) while connecting to upstream, client: 20.171.207.6, server: ayaclass.com, request: "GET /?dir=%2Fproc&dl=%2Fproc%2F1782029 HTTP/2.0", upstream: "https://192.145.236.239:8443/?dir=%2Fproc&dl=%2Fproc%2F1782029", host: "mail.ayaclass.com"
2025/10/16 14:28:19 [error] 1785366#0: *258 open() "/home/pouted/public_html/wp-content/uploads/2013/10/ArtistsRendition-780x405.jpg" failed (2: No such file or directory), client: 216.86.162.153, server: pouted.com, request: "GET /wp-content/uploads/2013/10/ArtistsRendition-780x405.jpg HTTP/2.0", host: "www.pouted.com"
2025/10/16 14:28:19 [error] 1785366#0: *259 open() "/home/pouted/public_html/wp-content/uploads/2018/05/central-heating-system-home-675x450.jpg" failed (2: No such file or directory), client: 35.225.70.158, server: pouted.com, request: "GET /wp-content/uploads/2018/05/central-heating-system-home-675x450.jpg?x71148 HTTP/2.0", host: "www.pouted.com"
2025/10/16 14:28:19 [error] 1785366#0: *260 connect() failed (111: Connection refused) while connecting to upstream, client: 2a03:2880:f800:2f::, server: pouted.com, request: "GET /tag/kitchen-gadgets/ HTTP/2.0", upstream: "https://192.145.236.239:8443/tag/kitchen-gadgets/", host: "www.pouted.com"
2025/10/16 14:28:20 [error] 1785366#0: *262 connect() failed (111: Connection refused) while connecting to upstream, client: 34.225.87.80, server: ayaclass.com, request: "GET /public/?dir=/home/ayaclass/public_html/vendor/google/apiclient-services/src/CloudSearch&edit=/home/ayaclass/public_html/vendor/google/apiclient-services/src/CloudSearch/DriveMimeTypeRestrict.php HTTP/1.1", upstream: "http://192.145.236.239:8080/public/?dir=/home/ayaclass/public_html/vendor/google/apiclient-services/src/CloudSearch&edit=/home/ayaclass/public_html/vendor/google/apiclient-services/src/CloudSearch/DriveMimeTypeRestrict.php", host: "www.ayaclass.com"
2025/10/16 14:28:22 [error] 1785366#0: *266 open() "/home/pouted/public_html/wp-content/uploads/2013/01/the-raj-tent-club-tent.jpg" failed (2: No such file or directory), client: 192.0.102.50, server: pouted.com, request: "GET /wp-content/uploads/2013/01/the-raj-tent-club-tent.jpg HTTP/2.0", host: "www.pouted.com"
2025/10/16 14:28:23 [error] 1785366#0: *239 connect() failed (111: Connection refused) while connecting to upstream, client: 185.191.171.4, server: ayaclass.com, request: "GET /?a=75417215 HTTP/1.1", upstream: "http://192.145.236.239:8080/?a=75417215", host: "www.ayaclass.com"
2025/10/16 14:28:23 [error] 1785366#0: *267 connect() failed (111: Connection refused) while connecting to upstream, client: 114.119.156.86, server: pouted.com, request: "GET /tag/white-gyrfalcons/ HTTP/2.0", upstream: "https://192.145.236.239:8443/tag/white-gyrfalcons/", host: "www.pouted.com"
