2025/10/16 15:04:56 [error] 1785366#0: *5635 connect() failed (111: Connection refused) while connecting to upstream, client: 13.89.45.197, server: classing.ru, request: "GET /admin.php HTTP/2.0", upstream: "https://192.249.127.245:8443/admin.php", host: "www.classing.ru"
2025/10/16 15:04:56 [error] 1785366#0: *5635 connect() failed (111: Connection refused) while connecting to upstream, client: 13.89.45.197, server: classing.ru, request: "GET /buy.php HTTP/2.0", upstream: "https://192.249.127.245:8443/buy.php", host: "www.classing.ru"
2025/10/16 15:04:56 [error] 1785366#0: *5635 connect() failed (111: Connection refused) while connecting to upstream, client: 13.89.45.197, server: classing.ru, request: "GET /cgi-bin/ HTTP/2.0", upstream: "https://192.249.127.245:8443/cgi-bin/", host: "www.classing.ru"
2025/10/16 15:04:56 [error] 1785366#0: *5635 connect() failed (111: Connection refused) while connecting to upstream, client: 13.89.45.197, server: classing.ru, request: "GET /edit.php HTTP/2.0", upstream: "https://192.249.127.245:8443/edit.php", host: "www.classing.ru"
2025/10/16 15:04:56 [error] 1785366#0: *5635 connect() failed (111: Connection refused) while connecting to upstream, client: 13.89.45.197, server: classing.ru, request: "GET /file.php HTTP/2.0", upstream: "https://192.249.127.245:8443/file.php", host: "www.classing.ru"
2025/10/16 15:04:56 [error] 1785366#0: *5635 connect() failed (111: Connection refused) while connecting to upstream, client: 13.89.45.197, server: classing.ru, request: "GET /flower.php HTTP/2.0", upstream: "https://192.249.127.245:8443/flower.php", host: "www.classing.ru"
2025/10/16 15:04:57 [error] 1785366#0: *5635 connect() failed (111: Connection refused) while connecting to upstream, client: 13.89.45.197, server: classing.ru, request: "GET /images/index.php HTTP/2.0", upstream: "https://192.249.127.245:8443/images/index.php", host: "www.classing.ru"
2025/10/16 15:04:57 [error] 1785366#0: *5635 connect() failed (111: Connection refused) while connecting to upstream, client: 13.89.45.197, server: classing.ru, request: "GET /info.php HTTP/2.0", upstream: "https://192.249.127.245:8443/info.php", host: "www.classing.ru"
2025/10/16 15:04:57 [error] 1785366#0: *5536 connect() failed (111: Connection refused) while connecting to upstream, client: 52.45.77.169, server: ayaclass.com, request: "GET /public/?dir=/home/ayaclass/.trash/AAA/vendor/aws/aws-sdk-php/src/Route53Resolver/Exception/.. HTTP/1.1", upstream: "http://192.145.236.239:8080/public/?dir=/home/ayaclass/.trash/AAA/vendor/aws/aws-sdk-php/src/Route53Resolver/Exception/..", host: "www.ayaclass.com"
2025/10/16 15:04:57 [error] 1785366#0: *5635 connect() failed (111: Connection refused) while connecting to upstream, client: 13.89.45.197, server: classing.ru, request: "GET /ioxi-o.php HTTP/2.0", upstream: "https://192.249.127.245:8443/ioxi-o.php", host: "www.classing.ru"
2025/10/16 15:04:57 [error] 1785366#0: *5635 connect() failed (111: Connection refused) while connecting to upstream, client: 13.89.45.197, server: classing.ru, request: "GET /nc4.php HTTP/2.0", upstream: "https://192.249.127.245:8443/nc4.php", host: "www.classing.ru"
2025/10/16 15:04:57 [error] 1785366#0: *5635 connect() failed (111: Connection refused) while connecting to upstream, client: 13.89.45.197, server: classing.ru, request: "GET /xleet.php HTTP/2.0", upstream: "https://192.249.127.245:8443/xleet.php", host: "www.classing.ru"
2025/10/16 15:04:57 [error] 1785366#0: *5635 connect() failed (111: Connection refused) while connecting to upstream, client: 13.89.45.197, server: classing.ru, request: "GET /wp-admin/includes/ HTTP/2.0", upstream: "https://192.249.127.245:8443/wp-admin/includes/", host: "www.classing.ru"
2025/10/16 15:04:58 [error] 1785366#0: *5635 connect() failed (111: Connection refused) while connecting to upstream, client: 13.89.45.197, server: classing.ru, request: "GET /wp-content/upgrade/index.php HTTP/2.0", upstream: "https://192.249.127.245:8443/wp-content/upgrade/index.php", host: "www.classing.ru"
2025/10/16 15:04:58 [error] 1785366#0: *5635 open() "/home/classing/public_html/wp-content/uploads/admin.php" failed (2: No such file or directory), client: 13.89.45.197, server: classing.ru, request: "GET /wp-content/uploads/admin.php HTTP/2.0", host: "www.classing.ru"
2025/10/16 15:04:58 [error] 1785366#0: *5635 connect() failed (111: Connection refused) while connecting to upstream, client: 13.89.45.197, server: classing.ru, request: "GET /wp-good.php HTTP/2.0", upstream: "https://192.249.127.245:8443/wp-good.php", host: "www.classing.ru"
2025/10/16 15:04:58 [error] 1785366#0: *5635 connect() failed (111: Connection refused) while connecting to upstream, client: 13.89.45.197, server: classing.ru, request: "GET /wp-includes/Text/Diff/Renderer/ HTTP/2.0", upstream: "https://192.249.127.245:8443/wp-includes/Text/Diff/Renderer/", host: "www.classing.ru"
2025/10/16 15:04:58 [error] 1785366#0: *5635 connect() failed (111: Connection refused) while connecting to upstream, client: 13.89.45.197, server: classing.ru, request: "GET /wp-includes/style-engine/ HTTP/2.0", upstream: "https://192.249.127.245:8443/wp-includes/style-engine/", host: "www.classing.ru"
2025/10/16 15:04:58 [error] 1785366#0: *5652 connect() failed (111: Connection refused) while connecting to upstream, client: 86.176.46.141, server: pouted.com, request: "GET /8-fashionable-hairstyles-for-every-man-in-his-40s/amp/ HTTP/2.0", upstream: "https://192.145.236.239:8443/8-fashionable-hairstyles-for-every-man-in-his-40s/amp/", host: "www.pouted.com", referrer: "https://www.google.com/"
2025/10/16 15:04:58 [error] 1785366#0: *5635 connect() failed (111: Connection refused) while connecting to upstream, client: 13.89.45.197, server: classing.ru, request: "GET /xmrlpc.php HTTP/2.0", upstream: "https://192.249.127.245:8443/xmrlpc.php", host: "www.classing.ru"
2025/10/16 15:04:58 [error] 1785366#0: *5635 connect() failed (111: Connection refused) while connecting to upstream, client: 13.89.45.197, server: classing.ru, request: "GET /about.php HTTP/2.0", upstream: "https://192.249.127.245:8443/about.php", host: "www.classing.ru"
2025/10/16 15:04:59 [error] 1785366#0: *5635 connect() failed (111: Connection refused) while connecting to upstream, client: 13.89.45.197, server: classing.ru, request: "GET /adminfuns.php HTTP/2.0", upstream: "https://192.249.127.245:8443/adminfuns.php", host: "www.classing.ru"
2025/10/16 15:04:59 [error] 1785366#0: *5635 connect() failed (111: Connection refused) while connecting to upstream, client: 13.89.45.197, server: classing.ru, request: "GET /alfa.php HTTP/2.0", upstream: "https://192.249.127.245:8443/alfa.php", host: "www.classing.ru"
2025/10/16 15:04:59 [error] 1785366#0: *5635 connect() failed (111: Connection refused) while connecting to upstream, client: 13.89.45.197, server: classing.ru, request: "GET /asasx.php HTTP/2.0", upstream: "https://192.249.127.245:8443/asasx.php", host: "www.classing.ru"
2025/10/16 15:04:59 [error] 1785366#0: *5660 connect() failed (111: Connection refused) while connecting to upstream, client: 2a03:2880:f800:1e::, server: pouted.com, request: "GET /tag/reliable-used-cars/ HTTP/2.0", upstream: "https://192.145.236.239:8443/tag/reliable-used-cars/", host: "www.pouted.com"
2025/10/16 15:04:59 [error] 1785366#0: *5635 connect() failed (111: Connection refused) while connecting to upstream, client: 13.89.45.197, server: classing.ru, request: "GET /autoload_classmap.php HTTP/2.0", upstream: "https://192.249.127.245:8443/autoload_classmap.php", host: "www.classing.ru"
2025/10/16 15:04:59 [error] 1785366#0: *5635 connect() failed (111: Connection refused) while connecting to upstream, client: 13.89.45.197, server: classing.ru, request: "GET /classwithtostring.php HTTP/2.0", upstream: "https://192.249.127.245:8443/classwithtostring.php", host: "www.classing.ru"
2025/10/16 15:04:59 [error] 1785366#0: *5664 connect() failed (111: Connection refused) while connecting to upstream, client: 40.77.167.136, server: pouted.com, request: "GET /?s=vidro+arestado HTTP/2.0", upstream: "https://192.145.236.239:8443/?s=vidro+arestado", host: "www.pouted.com"
2025/10/16 15:04:59 [error] 1785366#0: *5635 connect() failed (111: Connection refused) while connecting to upstream, client: 13.89.45.197, server: classing.ru, request: "GET /cong.php HTTP/2.0", upstream: "https://192.249.127.245:8443/cong.php", host: "www.classing.ru"
2025/10/16 15:04:59 [error] 1785366#0: *5635 connect() failed (111: Connection refused) while connecting to upstream, client: 13.89.45.197, server: classing.ru, request: "GET /file2.php HTTP/2.0", upstream: "https://192.249.127.245:8443/file2.php", host: "www.classing.ru"
2025/10/16 15:05:00 [error] 1785366#0: *5635 connect() failed (111: Connection refused) while connecting to upstream, client: 13.89.45.197, server: classing.ru, request: "GET /moon.php HTTP/2.0", upstream: "https://192.249.127.245:8443/moon.php", host: "www.classing.ru"
2025/10/16 15:05:00 [error] 1785366#0: *5635 connect() failed (111: Connection refused) while connecting to upstream, client: 13.89.45.197, server: classing.ru, request: "GET /wp-admin/css/colors/blue/index.php HTTP/2.0", upstream: "https://192.249.127.245:8443/wp-admin/css/colors/blue/index.php", host: "www.classing.ru"
2025/10/16 15:05:00 [error] 1785366#0: *5635 connect() failed (111: Connection refused) while connecting to upstream, client: 13.89.45.197, server: classing.ru, request: "GET /wp-content/index.php HTTP/2.0", upstream: "https://192.249.127.245:8443/wp-content/index.php", host: "www.classing.ru"
2025/10/16 15:05:00 [error] 1785366#0: *5635 connect() failed (111: Connection refused) while connecting to upstream, client: 13.89.45.197, server: classing.ru, request: "GET /wp-content/plugins/yanierin/akcc.php HTTP/2.0", upstream: "https://192.249.127.245:8443/wp-content/plugins/yanierin/akcc.php", host: "www.classing.ru"
2025/10/16 15:05:00 [error] 1785366#0: *5635 open() "/home/classing/public_html/wp-content/uploads/index.php" failed (2: No such file or directory), client: 13.89.45.197, server: classing.ru, request: "GET /wp-content/uploads/index.php HTTP/2.0", host: "www.classing.ru"
2025/10/16 15:05:00 [error] 1785366#0: *5635 connect() failed (111: Connection refused) while connecting to upstream, client: 13.89.45.197, server: classing.ru, request: "GET /wp-content/wp-conflg.php HTTP/2.0", upstream: "https://192.249.127.245:8443/wp-content/wp-conflg.php", host: "www.classing.ru"
2025/10/16 15:05:01 [error] 1785366#0: *5674 connect() failed (111: Connection refused) while connecting to upstream, client: 44.210.213.220, server: ayaclass.com, request: "GET /?dir=/usr/lib/imh-dnskeyapi/venv/lib/python3.13/site-packages/werkzeug/routing HTTP/1.1", upstream: "http://192.145.236.239:8080/?dir=/usr/lib/imh-dnskeyapi/venv/lib/python3.13/site-packages/werkzeug/routing", host: "www.ayaclass.com"
2025/10/16 15:05:01 [error] 1785366#0: *5635 connect() failed (111: Connection refused) while connecting to upstream, client: 13.89.45.197, server: classing.ru, request: "GET /wp-cron.php HTTP/2.0", upstream: "https://192.249.127.245:8443/wp-cron.php", host: "www.classing.ru"
2025/10/16 15:05:01 [error] 1785366#0: *5635 connect() failed (111: Connection refused) while connecting to upstream, client: 13.89.45.197, server: classing.ru, request: "GET /wp-includes/IXR/ HTTP/2.0", upstream: "https://192.249.127.245:8443/wp-includes/IXR/", host: "www.classing.ru"
2025/10/16 15:05:01 [error] 1785366#0: *5635 connect() failed (111: Connection refused) while connecting to upstream, client: 13.89.45.197, server: classing.ru, request: "GET /wp-includes/block-supports/ HTTP/2.0", upstream: "https://192.249.127.245:8443/wp-includes/block-supports/", host: "www.classing.ru"
2025/10/16 15:05:01 [error] 1785366#0: *5635 connect() failed (111: Connection refused) while connecting to upstream, client: 13.89.45.197, server: classing.ru, request: "GET /wp-includes/fonts/ HTTP/2.0", upstream: "https://192.249.127.245:8443/wp-includes/fonts/", host: "www.classing.ru"
2025/10/16 15:05:01 [error] 1785366#0: *5681 connect() failed (111: Connection refused) while connecting to upstream, client: 20.171.207.6, server: ayaclass.com, request: "GET /?dir=%2Fproc%2F1461270 HTTP/2.0", upstream: "https://192.145.236.239:8443/?dir=%2Fproc%2F1461270", host: "mail.ayaclass.com"
2025/10/16 15:05:01 [error] 1785366#0: *5635 connect() failed (111: Connection refused) while connecting to upstream, client: 13.89.45.197, server: classing.ru, request: "GET /wp-includes/fonts/index.php HTTP/2.0", upstream: "https://192.249.127.245:8443/wp-includes/fonts/index.php", host: "www.classing.ru"
2025/10/16 15:05:01 [error] 1785366#0: *5635 connect() failed (111: Connection refused) while connecting to upstream, client: 13.89.45.197, server: classing.ru, request: "GET /wp-includes/js/crop/ HTTP/2.0", upstream: "https://192.249.127.245:8443/wp-includes/js/crop/", host: "www.classing.ru"
2025/10/16 15:05:01 [error] 1785366#0: *5635 connect() failed (111: Connection refused) while connecting to upstream, client: 13.89.45.197, server: classing.ru, request: "GET /wp-includes/rest-api/ HTTP/2.0", upstream: "https://192.249.127.245:8443/wp-includes/rest-api/", host: "www.classing.ru"
2025/10/16 15:05:01 [error] 1785366#0: *5686 connect() failed (111: Connection refused) while connecting to upstream, client: 2a03:2880:27ff:4::, server: pouted.com, request: "GET /top-mens-fashion-for-2025/ HTTP/2.0", upstream: "https://192.145.236.239:8443/top-mens-fashion-for-2025/", host: "www.pouted.com"
2025/10/16 15:05:02 [error] 1785363#0: *5460 connect() failed (111: Connection refused) while connecting to upstream, client: 20.171.207.30, server: pouted.com, request: "GET /wp-content/plugins/link-whisper-premium/vendor/phpoffice/phpspreadsheet/src/PhpSpreadsheet/Reader/?C=S;O=A HTTP/2.0", upstream: "https://192.145.236.239:8443/wp-content/plugins/link-whisper-premium/vendor/phpoffice/phpspreadsheet/src/PhpSpreadsheet/Reader/?C=S;O=A", host: "www.pouted.com"
2025/10/16 15:05:02 [error] 1785366#0: *5635 connect() failed (111: Connection refused) while connecting to upstream, client: 13.89.45.197, server: classing.ru, request: "GET /wp-includes/widgets/ HTTP/2.0", upstream: "https://192.249.127.245:8443/wp-includes/widgets/", host: "www.classing.ru"
2025/10/16 15:05:04 [error] 1785366#0: *5691 connect() failed (111: Connection refused) while connecting to upstream, client: 3.223.181.32, server: ayaclass.com, request: "GET /public/?dir=/usr/lib/fixperms/venv/lib/python3.13/site-packages/pip/_internal/resolution/legacy/__pycache__&dl=/usr/lib/fixperms/venv/lib/python3.13/site-packages/pip/_internal/resolution/legacy/__pycache__/__init__.cpython-313.pyc HTTP/1.1", upstream: "http://192.145.236.239:8080/public/?dir=/usr/lib/fixperms/venv/lib/python3.13/site-packages/pip/_internal/resolution/legacy/__pycache__&dl=/usr/lib/fixperms/venv/lib/python3.13/site-packages/pip/_internal/resolution/legacy/__pycache__/__init__.cpython-313.pyc", host: "www.ayaclass.com"
2025/10/16 15:05:05 [error] 1785366#0: *5693 connect() failed (111: Connection refused) while connecting to upstream, client: 20.171.207.135, server: ayaclass.com, request: "GET /?dir=%2Fproc&dl=%2Fproc%2F1274030 HTTP/1.1", upstream: "http://192.145.236.239:8080/?dir=%2Fproc&dl=%2Fproc%2F1274030", host: "www.ayaclass.com"
2025/10/16 15:05:06 [error] 1785366#0: *5652 connect() failed (111: Connection refused) while connecting to upstream, client: 86.176.46.141, server: pouted.com, request: "GET /8-fashionable-hairstyles-for-every-man-in-his-40s/amp/ HTTP/2.0", upstream: "https://192.145.236.239:8443/8-fashionable-hairstyles-for-every-man-in-his-40s/amp/", host: "www.pouted.com", referrer: "https://www.google.com/"
2025/10/16 15:05:07 [error] 1785366#0: *5697 open() "/home/pouted/public_html/wp-content/uploads/2018/12/Fossil-Gen-4-Venture-HR-Smartwatch-220x150.jpg" failed (2: No such file or directory), client: 54.66.131.54, server: pouted.com, request: "GET /wp-content/uploads/2018/12/Fossil-Gen-4-Venture-HR-Smartwatch-220x150.jpg HTTP/2.0", host: "www.pouted.com"
2025/10/16 15:05:09 [error] 1785366#0: *5699 connect() failed (111: Connection refused) while connecting to upstream, client: 54.159.98.248, server: ayaclass.com, request: "GET /public/?dir=/var/softaculous/helpdezk/php81 HTTP/1.1", upstream: "http://192.145.236.239:8080/public/?dir=/var/softaculous/helpdezk/php81", host: "www.ayaclass.com"
2025/10/16 15:05:09 [error] 1785366#0: *5702 open() "/home/pouted/public_html/wp-content/uploads/2014/08/ES1000-4.jpg" failed (2: No such file or directory), client: 34.58.178.124, server: pouted.com, request: "GET /wp-content/uploads/2014/08/ES1000-4.jpg?x71148 HTTP/2.0", host: "www.pouted.com"
2025/10/16 15:05:09 [error] 1785366#0: *5701 connect() failed (111: Connection refused) while connecting to upstream, client: 8.217.156.199, server: pouted.com, request: "GET /tag/ideal-study-space/ HTTP/2.0", upstream: "https://192.145.236.239:8443/tag/ideal-study-space/", host: "www.pouted.com"
2025/10/16 15:05:11 [error] 1785363#0: *5460 connect() failed (111: Connection refused) while connecting to upstream, client: 52.8.2.58, server: pouted.com, request: "GET /feed/ HTTP/2.0", upstream: "https://192.145.236.239:8443/feed/", host: "www.pouted.com"
2025/10/16 15:05:13 [error] 1785366#0: *5706 connect() failed (111: Connection refused) while connecting to upstream, client: 44.207.252.58, server: ayaclass.com, request: "GET /public/?dir=/usr/lib/python3.6/site-packages/pip/utils/__pycache__&edit=/usr/lib/python3.6/site-packages/pip/utils/__pycache__/encoding.cpython-36.pyc HTTP/1.1", upstream: "http://192.145.236.239:8080/public/?dir=/usr/lib/python3.6/site-packages/pip/utils/__pycache__&edit=/usr/lib/python3.6/site-packages/pip/utils/__pycache__/encoding.cpython-36.pyc", host: "www.ayaclass.com"
2025/10/16 15:05:14 [error] 1785366#0: *5708 connect() failed (111: Connection refused) while connecting to upstream, client: 66.249.72.64, server: ayaclass.com, request: "GET /store/1048/aya.jpg HTTP/1.1", upstream: "http://192.145.236.239:8080/store/1048/aya.jpg", host: "www.ayaclass.com"
2025/10/16 15:05:14 [error] 1785366#0: *5710 open() "/home/pouted/public_html/wp-content/uploads/2014/08/tibetan.jpg" failed (2: No such file or directory), client: 43.156.229.182, server: pouted.com, request: "GET /wp-content/uploads/2014/08/tibetan.jpg?x45357 HTTP/2.0", host: "www.pouted.com"
2025/10/16 15:05:15 [error] 1785366#0: *5713 connect() failed (111: Connection refused) while connecting to upstream, client: 66.249.64.170, server: pouted.com, request: "GET /10-best-halloween-costumes-teenagers-2017/amp/ HTTP/2.0", upstream: "https://192.145.236.239:8443/10-best-halloween-costumes-teenagers-2017/amp/", host: "www.pouted.com"
2025/10/16 15:05:17 [error] 1785366#0: *5715 connect() failed (111: Connection refused) while connecting to upstream, client: 35.153.86.200, server: ayaclass.com, request: "GET /public/?dir=/sys/fs/cgroup/pids/system.slice/home-virtfs-intensed-var-log.mount HTTP/1.1", upstream: "http://192.145.236.239:8080/public/?dir=/sys/fs/cgroup/pids/system.slice/home-virtfs-intensed-var-log.mount", host: "www.ayaclass.com"
2025/10/16 15:05:19 [error] 1785366#0: *5717 connect() failed (111: Connection refused) while connecting to upstream, client: 54.80.73.122, server: pouted.com, request: "GET /top-7-women-fitness-apps-to-lose-weight-easily/amp/ HTTP/2.0", upstream: "https://192.145.236.239:8443/top-7-women-fitness-apps-to-lose-weight-easily/amp/", host: "www.pouted.com"
2025/10/16 15:05:20 [error] 1785366#0: *5719 connect() failed (111: Connection refused) while connecting to upstream, client: 185.191.171.13, server: ayaclass.com, request: "GET /?a=114278115 HTTP/1.1", upstream: "http://192.145.236.239:8080/?a=114278115", host: "www.ayaclass.com"
2025/10/16 15:05:20 [error] 1785366#0: *5721 connect() failed (111: Connection refused) while connecting to upstream, client: 3.230.224.6, server: ayaclass.com, request: "GET /?dir=/proc/1658842 HTTP/1.1", upstream: "http://192.145.236.239:8080/?dir=/proc/1658842", host: "www.ayaclass.com"
2025/10/16 15:05:21 [error] 1785366#0: *5723 connect() failed (111: Connection refused) while connecting to upstream, client: 54.84.250.51, server: pouted.com, request: "GET /tag/the-best-hospital-for-treatment-in-germany/ HTTP/2.0", upstream: "https://192.145.236.239:8443/tag/the-best-hospital-for-treatment-in-germany/", host: "www.pouted.com"
2025/10/16 15:05:24 [error] 1785366#0: *5719 connect() failed (111: Connection refused) while connecting to upstream, client: 34.195.60.66, server: ayaclass.com, request: "GET /public/?dir=/proc/2005456/fd HTTP/1.1", upstream: "http://192.145.236.239:8080/public/?dir=/proc/2005456/fd", host: "www.ayaclass.com"
2025/10/16 15:05:25 [error] 1785366#0: *5686 connect() failed (111: Connection refused) while connecting to upstream, client: 54.87.95.7, server: pouted.com, request: "GET /tag/tsum-tsum-rewards/ HTTP/2.0", upstream: "https://192.145.236.239:8443/tag/tsum-tsum-rewards/", host: "www.pouted.com"
2025/10/16 15:05:26 [error] 1785366#0: *5727 connect() failed (111: Connection refused) while connecting to upstream, client: 8.217.213.215, server: pouted.com, request: "GET /wp-json/wp/v2/tags/8240 HTTP/2.0", upstream: "https://192.145.236.239:8443/wp-json/wp/v2/tags/8240", host: "www.pouted.com"
2025/10/16 15:05:26 [error] 1785366#0: *5715 connect() failed (111: Connection refused) while connecting to upstream, client: 40.77.167.48, server: ayaclass.com, request: "GET /products/18977121/ HTTP/1.1", upstream: "http://192.145.236.239:8080/products/18977121/", host: "www.ayaclass.com"
2025/10/16 15:05:28 [error] 1785366#0: *5732 connect() failed (111: Connection refused) while connecting to upstream, client: 8.217.208.130, server: pouted.com, request: "GET /wp-json/wp/v2/tags/18988 HTTP/2.0", upstream: "https://192.145.236.239:8443/wp-json/wp/v2/tags/18988", host: "www.pouted.com"
2025/10/16 15:05:30 [error] 1785366#0: *5734 connect() failed (111: Connection refused) while connecting to upstream, client: 54.243.63.52, server: pouted.com, request: "GET /tag/how-to-draw-butterflies-realistically/ HTTP/2.0", upstream: "https://192.145.236.239:8443/tag/how-to-draw-butterflies-realistically/", host: "www.pouted.com"
2025/10/16 15:05:30 [error] 1785366#0: *5719 connect() failed (111: Connection refused) while connecting to upstream, client: 3.81.253.213, server: ayaclass.com, request: "GET /public/?dir=/proc/1671018 HTTP/1.1", upstream: "http://192.145.236.239:8080/public/?dir=/proc/1671018", host: "www.ayaclass.com"
2025/10/16 15:05:31 [error] 1785366#0: *5727 connect() failed (111: Connection refused) while connecting to upstream, client: 8.217.191.23, server: pouted.com, request: "GET /tag/environmental-tourism-spots/feed/ HTTP/2.0", upstream: "https://192.145.236.239:8443/tag/environmental-tourism-spots/feed/", host: "www.pouted.com"
2025/10/16 15:05:32 [error] 1785366#0: *5739 connect() failed (111: Connection refused) while connecting to upstream, client: 3.232.39.98, server: ayaclass.com, request: "GET /?dir=/opt/imh-python/lib/python3.9/site-packages/pip/_vendor/dependency_groups/__pycache__&dl=/opt/imh-python/lib/python3.9/site-packages/pip/_vendor/dependency_groups/__pycache__/_pip_wrapper.cpython-39.pyc HTTP/1.1", upstream: "http://192.145.236.239:8080/?dir=/opt/imh-python/lib/python3.9/site-packages/pip/_vendor/dependency_groups/__pycache__&dl=/opt/imh-python/lib/python3.9/site-packages/pip/_vendor/dependency_groups/__pycache__/_pip_wrapper.cpython-39.pyc", host: "www.ayaclass.com"
2025/10/16 15:05:33 [error] 1785366#0: *5741 connect() failed (111: Connection refused) while connecting to upstream, client: 159.138.131.179, server: pouted.com, request: "GET /shoe-fashion-trends/amp HTTP/2.0", upstream: "https://192.145.236.239:8443/shoe-fashion-trends/amp", host: "pouted.com", referrer: "https://pouted.com/shoe-fashion-trends/amp"
2025/10/16 15:05:33 [error] 1785366#0: *5743 connect() failed (111: Connection refused) while connecting to upstream, client: 35.174.253.85, server: pouted.com, request: "GET /tag/side-lamps/ HTTP/2.0", upstream: "https://192.145.236.239:8443/tag/side-lamps/", host: "www.pouted.com"
2025/10/16 15:05:36 [error] 1785366#0: *5721 connect() failed (111: Connection refused) while connecting to upstream, client: 3.216.13.10, server: ayaclass.com, request: "GET /?dir=/home/ayaclass/.trash/AAA/vendor/aws/aws-sdk-php/src/data/freetier/2023-09-07/.. HTTP/1.1", upstream: "http://192.145.236.239:8080/?dir=/home/ayaclass/.trash/AAA/vendor/aws/aws-sdk-php/src/data/freetier/2023-09-07/..", host: "www.ayaclass.com"
2025/10/16 15:05:37 [error] 1785366#0: *5749 connect() failed (111: Connection refused) while connecting to upstream, client: 8.217.209.55, server: pouted.com, request: "GET /tag/genealogy/feed/ HTTP/2.0", upstream: "https://192.145.236.239:8443/tag/genealogy/feed/", host: "www.pouted.com"
2025/10/16 15:05:37 [error] 1785366#0: *5734 connect() failed (111: Connection refused) while connecting to upstream, client: 52.201.205.204, server: pouted.com, request: "GET /top-vitamin-c-serums-for-radiant-skin/ HTTP/2.0", upstream: "https://192.145.236.239:8443/top-vitamin-c-serums-for-radiant-skin/", host: "www.pouted.com"
2025/10/16 15:05:38 [error] 1785366#0: *5701 connect() failed (111: Connection refused) while connecting to upstream, client: 8.217.186.13, server: pouted.com, request: "GET /wp-json/wp/v2/tags/7519 HTTP/2.0", upstream: "https://192.145.236.239:8443/wp-json/wp/v2/tags/7519", host: "www.pouted.com"
2025/10/16 15:05:38 [error] 1785366#0: *5753 connect() failed (111: Connection refused) while connecting to upstream, client: 23.22.105.143, server: pouted.com, request: "GET /tag/prank-mail-gifts/ HTTP/2.0", upstream: "https://192.145.236.239:8443/tag/prank-mail-gifts/", host: "www.pouted.com"
2025/10/16 15:05:40 [error] 1785366#0: *5749 connect() failed (111: Connection refused) while connecting to upstream, client: 8.217.213.123, server: pouted.com, request: "GET /wp-json/wp/v2/tags/6323 HTTP/2.0", upstream: "https://192.145.236.239:8443/wp-json/wp/v2/tags/6323", host: "www.pouted.com"
2025/10/16 15:05:40 [error] 1785366#0: *5758 connect() failed (111: Connection refused) while connecting to upstream, client: 52.207.47.227, server: ayaclass.com, request: "GET /?dir=/home/ayaclass/.trash/AAA/vendor/google/apiclient-services/src/ServerlessVPCAccess/Resource/.. HTTP/1.1", upstream: "http://192.145.236.239:8080/?dir=/home/ayaclass/.trash/AAA/vendor/google/apiclient-services/src/ServerlessVPCAccess/Resource/..", host: "www.ayaclass.com"
2025/10/16 15:05:42 [error] 1785366#0: *5749 connect() failed (111: Connection refused) while connecting to upstream, client: 8.217.213.92, server: pouted.com, request: "GET /?p=105979 HTTP/2.0", upstream: "https://192.145.236.239:8443/?p=105979", host: "www.pouted.com"
2025/10/16 15:05:42 [error] 1785366#0: *5761 connect() failed (111: Connection refused) while connecting to upstream, client: 109.175.227.36, server: pouted.com, request: "GET /weirdest-nail-art-ideas-that-should-not-exist/ HTTP/2.0", upstream: "https://192.145.236.239:8443/weirdest-nail-art-ideas-that-should-not-exist/", host: "www.pouted.com", referrer: "https://m.baidu.com/?eqid=979419555f6925b81000000268f16c2f"
2025/10/16 15:05:43 [error] 1785366#0: *5764 connect() failed (111: Connection refused) while connecting to upstream, client: 2a03:2880:32ff:7::, server: pouted.com, request: "GET /newest-summer-2025-eye-makeup-trends/ HTTP/2.0", upstream: "https://192.145.236.239:8443/newest-summer-2025-eye-makeup-trends/", host: "www.pouted.com"
2025/10/16 15:05:44 [error] 1785366#0: *5739 connect() failed (111: Connection refused) while connecting to upstream, client: 40.77.167.78, server: ayaclass.com, request: "GET /products/12823365/ HTTP/1.1", upstream: "http://192.145.236.239:8080/products/12823365/", host: "www.ayaclass.com"
2025/10/16 15:05:44 [error] 1785366#0: *5768 connect() failed (111: Connection refused) while connecting to upstream, client: 52.21.62.139, server: pouted.com, request: "GET /magazine/fashion-designs/page/88/ HTTP/2.0", upstream: "https://192.145.236.239:8443/magazine/fashion-designs/page/88/", host: "www.pouted.com"
2025/10/16 15:05:45 [error] 1785366#0: *5721 connect() failed (111: Connection refused) while connecting to upstream, client: 35.171.141.42, server: ayaclass.com, request: "GET /?dir=/usr/lib/rads/venv/lib/python3.13/site-packages/pip/_internal/index/__pycache__/.. HTTP/1.1", upstream: "http://192.145.236.239:8080/?dir=/usr/lib/rads/venv/lib/python3.13/site-packages/pip/_internal/index/__pycache__/..", host: "www.ayaclass.com"
2025/10/16 15:05:46 [error] 1785366#0: *5773 connect() failed (111: Connection refused) while connecting to upstream, client: 34.186.45.219, server: pouted.com, request: "GET /magazine/technology/feed HTTP/2.0", upstream: "https://192.145.236.239:8443/magazine/technology/feed", host: "www.pouted.com"
2025/10/16 15:05:47 [error] 1785366#0: *5773 connect() failed (111: Connection refused) while connecting to upstream, client: 18.232.36.1, server: pouted.com, request: "GET /tag/decoration-ideas-for-the-new-year/ HTTP/2.0", upstream: "https://192.145.236.239:8443/tag/decoration-ideas-for-the-new-year/", host: "www.pouted.com"
2025/10/16 15:05:48 [error] 1785366#0: *5777 open() "/home/pouted/public_html/wp-content/uploads/jewels/14k-Gold-Diamond-Heart-Mom-Necklace.jpg" failed (2: No such file or directory), client: 89.149.52.110, server: pouted.com, request: "GET /wp-content/uploads/jewels/14k-Gold-Diamond-Heart-Mom-Necklace.jpg?x71148 HTTP/2.0", host: "www.pouted.com"
2025/10/16 15:05:48 [error] 1785366#0: *5779 connect() failed (111: Connection refused) while connecting to upstream, client: 54.225.199.17, server: ayaclass.com, request: "GET /?dir=/var/softaculous/phpbb/php53/.. HTTP/1.1", upstream: "http://192.145.236.239:8080/?dir=/var/softaculous/phpbb/php53/..", host: "www.ayaclass.com"
2025/10/16 15:05:49 [error] 1785366#0: *5781 connect() failed (111: Connection refused) while connecting to upstream, client: 3.213.106.226, server: pouted.com, request: "GET /tag/tsum-tsum-bingo-card-9/ HTTP/2.0", upstream: "https://192.145.236.239:8443/tag/tsum-tsum-bingo-card-9/", host: "www.pouted.com"
2025/10/16 15:05:51 [error] 1785366#0: *5783 open() "/home/pouted/public_html/wp-content/uploads/2013/11/Samsung_Galaxy_Note_3_smartphone.jpg" failed (2: No such file or directory), client: 34.59.44.242, server: pouted.com, request: "GET /wp-content/uploads/2013/11/Samsung_Galaxy_Note_3_smartphone.jpg HTTP/2.0", host: "www.pouted.com"
2025/10/16 15:05:53 [error] 1785366#0: *5715 connect() failed (111: Connection refused) while connecting to upstream, client: 44.223.232.55, server: ayaclass.com, request: "GET /?dir=/proc/1605965 HTTP/1.1", upstream: "http://192.145.236.239:8080/?dir=/proc/1605965", host: "www.ayaclass.com"
2025/10/16 15:05:54 [error] 1785366#0: *5790 open() "/home/pouted/public_html/wp-content/uploads/jewels/Ridged-Dollar-Shaped-Gold-Money-Clip.jpg" failed (2: No such file or directory), client: 128.118.7.55, server: pouted.com, request: "GET /wp-content/uploads/jewels/Ridged-Dollar-Shaped-Gold-Money-Clip.jpg HTTP/2.0", host: "www.pouted.com"
2025/10/16 15:05:57 [error] 1785366#0: *5721 connect() failed (111: Connection refused) while connecting to upstream, client: 3.212.205.90, server: ayaclass.com, request: "GET /?dir=/var/lib/dnf&edit=/var/lib/dnf/.. HTTP/1.1", upstream: "http://192.145.236.239:8080/?dir=/var/lib/dnf&edit=/var/lib/dnf/..", host: "www.ayaclass.com"
2025/10/16 15:05:59 [error] 1785366#0: *5794 connect() failed (111: Connection refused) while connecting to upstream, client: 127.0.0.1, server: 127.0.0.1, request: "GET /whm-server-status HTTP/1.0", upstream: "http://127.0.0.1:8080/whm-server-status", host: "localhost"
2025/10/16 15:06:00 [error] 1785366#0: *5796 connect() failed (111: Connection refused) while connecting to upstream, client: 66.249.75.131, server: mrmyst.com, request: "GET /000354/CUR/zebunemavafu HTTP/2.0", upstream: "https://192.145.236.239:8443/000354/CUR/zebunemavafu", host: "mrmyst.com"
2025/10/16 15:06:00 [error] 1785366#0: *5798 open() "/home/pouted/public_html/wp-content/uploads/2013/10/marketscom-390x220.png" failed (2: No such file or directory), client: 52.167.144.141, server: pouted.com, request: "GET /wp-content/uploads/2013/10/marketscom-390x220.png?x43083 HTTP/2.0", host: "www.pouted.com"
2025/10/16 15:06:01 [error] 1785366#0: *5800 connect() failed (111: Connection refused) while connecting to upstream, client: 8.217.208.167, server: pouted.com, request: "GET /wp-json/wp/v2/tags/12650 HTTP/2.0", upstream: "https://192.145.236.239:8443/wp-json/wp/v2/tags/12650", host: "www.pouted.com"
2025/10/16 15:06:01 [error] 1785366#0: *5804 connect() failed (111: Connection refused) while connecting to upstream, client: 157.55.39.205, server: ayaclass.com, request: "GET /products/28857598/ HTTP/1.1", upstream: "http://192.145.236.239:8080/products/28857598/", host: "www.ayaclass.com"
2025/10/16 15:06:01 [error] 1785366#0: *5803 connect() failed (111: Connection refused) while connecting to upstream, client: 66.249.75.130, server: mrmyst.com, request: "GET /auslig/com_labels/000254/5268568154451 HTTP/2.0", upstream: "https://192.145.236.239:8443/auslig/com_labels/000254/5268568154451", host: "mrmyst.com"
2025/10/16 15:06:01 [error] 1785366#0: *5807 connect() failed (111: Connection refused) while connecting to upstream, client: 98.82.40.168, server: ayaclass.com, request: "GET /public/?dir=/var/softaculous/sitemagic/php56/.. HTTP/1.1", upstream: "http://192.145.236.239:8080/public/?dir=/var/softaculous/sitemagic/php56/..", host: "www.ayaclass.com"
2025/10/16 15:06:04 [error] 1785366#0: *5809 connect() failed (111: Connection refused) while connecting to upstream, client: 20.171.207.30, server: pouted.com, request: "GET /wp-content/plugins/link-whisper-premium/vendor/phpoffice/phpspreadsheet/src/PhpSpreadsheet/Shared/?C=D;O=A HTTP/2.0", upstream: "https://192.145.236.239:8443/wp-content/plugins/link-whisper-premium/vendor/phpoffice/phpspreadsheet/src/PhpSpreadsheet/Shared/?C=D;O=A", host: "www.pouted.com"
2025/10/16 15:06:04 [error] 1785366#0: *5811 connect() failed (111: Connection refused) while connecting to upstream, client: 54.166.104.83, server: ayaclass.com, request: "GET /public/?dir=/home/ayaclass/public_html/vendor/chehivskiy/i18n-arabic/I18N/Arabic/Examples&dl=/home/ayaclass/public_html/vendor/chehivskiy/i18n-arabic/I18N/Arabic/Examples/Glyphs_VRML.php HTTP/1.1", upstream: "http://192.145.236.239:8080/public/?dir=/home/ayaclass/public_html/vendor/chehivskiy/i18n-arabic/I18N/Arabic/Examples&dl=/home/ayaclass/public_html/vendor/chehivskiy/i18n-arabic/I18N/Arabic/Examples/Glyphs_VRML.php", host: "www.ayaclass.com"
2025/10/16 15:06:04 [error] 1785366#0: *5813 open() "/home/pouted/public_html/wp-content/uploads/2014/01/10-health-benefits-of-running.jpg" failed (2: No such file or directory), client: 34.55.88.216, server: pouted.com, request: "GET /wp-content/uploads/2014/01/10-health-benefits-of-running.jpg?x71148 HTTP/2.0", host: "www.pouted.com"
2025/10/16 15:06:04 [error] 1785366#0: *5814 connect() failed (111: Connection refused) while connecting to upstream, client: 20.171.207.6, server: ayaclass.com, request: "GET /?dir=%2Fproc%2F1455550 HTTP/2.0", upstream: "https://192.145.236.239:8443/?dir=%2Fproc%2F1455550", host: "mail.ayaclass.com"
2025/10/16 15:06:05 [error] 1785366#0: *5816 connect() failed (111: Connection refused) while connecting to upstream, client: 52.167.144.221, server: ayaclass.com, request: "GET /products/3895498/ HTTP/1.1", upstream: "http://192.145.236.239:8080/products/3895498/", host: "www.ayaclass.com"
2025/10/16 15:06:06 [error] 1785366#0: *5818 connect() failed (111: Connection refused) while connecting to upstream, client: 2a03:2880:f800:3c::, server: pouted.com, request: "GET /tag/gray-wolf/ HTTP/2.0", upstream: "https://192.145.236.239:8443/tag/gray-wolf/", host: "www.pouted.com"
2025/10/16 15:06:08 [error] 1785366#0: *5822 connect() failed (111: Connection refused) while connecting to upstream, client: 20.171.207.135, server: ayaclass.com, request: "GET /?dir=%2Fproc&dl=%2Fproc%2F1767814 HTTP/1.1", upstream: "http://192.145.236.239:8080/?dir=%2Fproc&dl=%2Fproc%2F1767814", host: "www.ayaclass.com"
2025/10/16 15:06:08 [error] 1785366#0: *5758 connect() failed (111: Connection refused) while connecting to upstream, client: 23.22.59.87, server: ayaclass.com, request: "GET /public/?dir=/opt/imh-python/lib/python3.9/site-packages/libcloud/compute/drivers/__pycache__&edit=/opt/imh-python/lib/python3.9/site-packages/libcloud/compute/drivers/__pycache__/serverlove.cpython-39.pyc HTTP/1.1", upstream: "http://192.145.236.239:8080/public/?dir=/opt/imh-python/lib/python3.9/site-packages/libcloud/compute/drivers/__pycache__&edit=/opt/imh-python/lib/python3.9/site-packages/libcloud/compute/drivers/__pycache__/serverlove.cpython-39.pyc", host: "www.ayaclass.com"
2025/10/16 15:06:09 [error] 1785366#0: *5826 connect() failed (111: Connection refused) while connecting to upstream, client: 2a03:2880:11ff:6::, server: pouted.com, request: "GET /top-10-fashion-designers-2025/ HTTP/2.0", upstream: "https://192.145.236.239:8443/top-10-fashion-designers-2025/", host: "www.pouted.com"
2025/10/16 15:06:10 [error] 1785366#0: *5828 connect() failed (111: Connection refused) while connecting to upstream, client: 66.249.72.71, server: ayaclass.com, request: "GET /products/27123376/ HTTP/1.1", upstream: "http://192.145.236.239:8080/products/27123376/", host: "www.ayaclass.com"
2025/10/16 15:06:12 [error] 1785366#0: *5758 connect() failed (111: Connection refused) while connecting to upstream, client: 54.204.12.115, server: ayaclass.com, request: "GET /public/?dir=/usr/share/zoneinfo/America&dl=/usr/share/zoneinfo/America/Toronto HTTP/1.1", upstream: "http://192.145.236.239:8080/public/?dir=/usr/share/zoneinfo/America&dl=/usr/share/zoneinfo/America/Toronto", host: "www.ayaclass.com"
2025/10/16 15:06:13 [error] 1785366#0: *5830 open() "/home/pouted/public_html/wp-content/uploads/2014/06/Wedding-Hire-Car-071836691352a2c72b4b46c594e0d6.jpg" failed (2: No such file or directory), client: 3.139.225.206, server: pouted.com, request: "GET /wp-content/uploads/2014/06/Wedding-Hire-Car-071836691352a2c72b4b46c594e0d6.jpg?x71148 HTTP/2.0", host: "www.pouted.com"
2025/10/16 15:06:13 [error] 1785366#0: *5832 connect() failed (111: Connection refused) while connecting to upstream, client: 40.77.167.78, server: ayaclass.com, request: "GET /products/5675132/ HTTP/1.1", upstream: "http://192.145.236.239:8080/products/5675132/", host: "www.ayaclass.com"
2025/10/16 15:06:14 [error] 1785366#0: *5834 connect() failed (111: Connection refused) while connecting to upstream, client: 40.84.221.229, server: pouted.com, request: "GET /fashion-trends-inspired-by-the-metaverse/ HTTP/2.0", upstream: "https://192.145.236.239:8443/fashion-trends-inspired-by-the-metaverse/", host: "www.pouted.com"
2025/10/16 15:06:14 [error] 1785366#0: *5837 connect() failed (111: Connection refused) while connecting to upstream, client: 40.84.221.234, server: pouted.com, request: "GET /fashion-trends-inspired-by-the-metaverse/ HTTP/2.0", upstream: "https://192.145.236.239:8443/fashion-trends-inspired-by-the-metaverse/", host: "www.pouted.com"
2025/10/16 15:06:15 [error] 1785366#0: *5834 connect() failed (111: Connection refused) while connecting to upstream, client: 40.84.221.239, server: pouted.com, request: "GET /fashion-trends-inspired-by-the-metaverse/ HTTP/2.0", upstream: "https://192.145.236.239:8443/fashion-trends-inspired-by-the-metaverse/", host: "www.pouted.com"
2025/10/16 15:06:15 [error] 1785366#0: *5828 connect() failed (111: Connection refused) while connecting to upstream, client: 66.249.72.71, server: ayaclass.com, request: "GET /products/17653243/ HTTP/1.1", upstream: "http://192.145.236.239:8080/products/17653243/", host: "www.ayaclass.com"
2025/10/16 15:06:15 [error] 1785366#0: *5840 connect() failed (111: Connection refused) while connecting to upstream, client: 40.84.221.229, server: pouted.com, request: "GET /fashion-trends-inspired-by-the-metaverse/ HTTP/2.0", upstream: "https://192.145.236.239:8443/fashion-trends-inspired-by-the-metaverse/", host: "www.pouted.com"
2025/10/16 15:06:15 [error] 1785366#0: *5843 connect() failed (111: Connection refused) while connecting to upstream, client: 8.217.208.35, server: pouted.com, request: "GET /wp-json/wp/v2/tags/2716 HTTP/2.0", upstream: "https://192.145.236.239:8443/wp-json/wp/v2/tags/2716", host: "www.pouted.com"
2025/10/16 15:06:15 [error] 1785366#0: *5845 open() "/home/pouted/public_html/wp-content/uploads/2017/07/Dark-chocolate-cherry-brownies-675x450.jpg" failed (2: No such file or directory), client: 128.118.7.54, server: pouted.com, request: "GET /wp-content/uploads/2017/07/Dark-chocolate-cherry-brownies-675x450.jpg HTTP/2.0", host: "www.pouted.com"
2025/10/16 15:06:16 [error] 1785366#0: *5846 connect() failed (111: Connection refused) while connecting to upstream, client: 54.198.33.233, server: ayaclass.com, request: "GET /?dir=/opt/imh-python/lib/python3.9/site-packages/openstack/tests/functional/compute/v2/__pycache__&edit=/opt/imh-python/lib/python3.9/site-packages/openstack/tests/functional/compute/v2/__pycache__/test_server.cpython-39.pyc HTTP/1.1", upstream: "http://192.145.236.239:8080/?dir=/opt/imh-python/lib/python3.9/site-packages/openstack/tests/functional/compute/v2/__pycache__&edit=/opt/imh-python/lib/python3.9/site-packages/openstack/tests/functional/compute/v2/__pycache__/test_server.cpython-39.pyc", host: "www.ayaclass.com"
2025/10/16 15:06:17 [error] 1785366#0: *5848 connect() failed (111: Connection refused) while connecting to upstream, client: 198.7.120.171, server: pouted.com, request: "GET /wp-login.php HTTP/2.0", upstream: "https://192.145.236.239:8443/wp-login.php", host: "www.pouted.com"
2025/10/16 15:06:20 [error] 1785366#0: *5843 connect() failed (111: Connection refused) while connecting to upstream, client: 8.217.209.125, server: pouted.com, request: "GET /tag/quick-kitchen-makeover-tips/ HTTP/2.0", upstream: "https://192.145.236.239:8443/tag/quick-kitchen-makeover-tips/", host: "www.pouted.com"
2025/10/16 15:06:20 [error] 1785366#0: *5807 connect() failed (111: Connection refused) while connecting to upstream, client: 54.92.171.106, server: ayaclass.com, request: "GET /?dir=/home/ayaclass/.trash/AAA/public/vendor/laravel-filemanager&edit=/home/ayaclass/.trash/AAA/public/vendor/laravel-filemanager/.. HTTP/1.1", upstream: "http://192.145.236.239:8080/?dir=/home/ayaclass/.trash/AAA/public/vendor/laravel-filemanager&edit=/home/ayaclass/.trash/AAA/public/vendor/laravel-filemanager/..", host: "www.ayaclass.com"
2025/10/16 15:06:21 [error] 1785366#0: *5858 connect() failed (111: Connection refused) while connecting to upstream, client: 8.217.165.228, server: pouted.com, request: "GET /wp-json/oembed/1.0/embed?url=https%3A%2F%2Fwww.pouted.com%2Fsimple-shaving-hacks-for-people-with-sensitive-skin%2F HTTP/2.0", upstream: "https://192.145.236.239:8443/wp-json/oembed/1.0/embed?url=https%3A%2F%2Fwww.pouted.com%2Fsimple-shaving-hacks-for-people-with-sensitive-skin%2F", host: "www.pouted.com"
2025/10/16 15:06:22 [error] 1785366#0: *5863 connect() failed (111: Connection refused) while connecting to upstream, client: 185.191.171.14, server: ayaclass.com, request: "GET /?a=17558615 HTTP/1.1", upstream: "http://192.145.236.239:8080/?a=17558615", host: "www.ayaclass.com"
2025/10/16 15:06:22 [error] 1785366#0: *5865 connect() failed (111: Connection refused) while connecting to upstream, client: 20.125.163.81, server: pouted.com, request: "GET /83-fall-winter-office-outfit-ideas-for-business-ladies-2018/ HTTP/2.0", upstream: "https://192.145.236.239:8443/83-fall-winter-office-outfit-ideas-for-business-ladies-2018/", host: "www.pouted.com"
2025/10/16 15:06:25 [error] 1785366#0: *5870 connect() failed (111: Connection refused) while connecting to upstream, client: 3.223.181.32, server: ayaclass.com, request: "GET /?dir=/usr/lib64&dl=/usr/lib64/libprotobuf.so.15.0.0 HTTP/1.1", upstream: "http://192.145.236.239:8080/?dir=/usr/lib64&dl=/usr/lib64/libprotobuf.so.15.0.0", host: "www.ayaclass.com"
2025/10/16 15:06:25 [error] 1785366#0: *5869 connect() failed (111: Connection refused) while connecting to upstream, client: 66.249.64.173, server: pouted.com, request: "GET /top-10-most-expensive-stamps-in-the-world/amp/ HTTP/2.0", upstream: "https://192.145.236.239:8443/top-10-most-expensive-stamps-in-the-world/amp/", host: "www.pouted.com"
2025/10/16 15:06:27 [error] 1785366#0: *5843 connect() failed (111: Connection refused) while connecting to upstream, client: 8.217.186.13, server: pouted.com, request: "GET /wp-json/wp/v2/tags/7677 HTTP/2.0", upstream: "https://192.145.236.239:8443/wp-json/wp/v2/tags/7677", host: "www.pouted.com"
2025/10/16 15:06:29 [error] 1785366#0: *5877 connect() failed (111: Connection refused) while connecting to upstream, client: 54.235.125.129, server: ayaclass.com, request: "GET /public/?dir=/opt/imh-python/lib/python3.9/site-packages/sqlalchemy/dialects/mysql/__pycache__&dl=/opt/imh-python/lib/python3.9/site-packages/sqlalchemy/dialects/mysql/__pycache__/pymysql.cpython-39.pyc HTTP/1.1", upstream: "http://192.145.236.239:8080/public/?dir=/opt/imh-python/lib/python3.9/site-packages/sqlalchemy/dialects/mysql/__pycache__&dl=/opt/imh-python/lib/python3.9/site-packages/sqlalchemy/dialects/mysql/__pycache__/pymysql.cpython-39.pyc", host: "www.ayaclass.com"
2025/10/16 15:06:33 [error] 1785366#0: *5807 connect() failed (111: Connection refused) while connecting to upstream, client: 100.28.57.133, server: ayaclass.com, request: "GET /public/?dir=/var/softaculous/txtpat/php56/.. HTTP/1.1", upstream: "http://192.145.236.239:8080/public/?dir=/var/softaculous/txtpat/php56/..", host: "www.ayaclass.com"
2025/10/16 15:06:33 [error] 1785366#0: *5884 connect() failed (111: Connection refused) while connecting to upstream, client: 95.164.207.134, server: pouted.com, request: "GET /wp-login.php HTTP/2.0", upstream: "https://192.145.236.239:8443/wp-login.php", host: "pouted.com"
2025/10/16 15:06:34 [error] 1785366#0: *5887 connect() failed (111: Connection refused) while connecting to upstream, client: 66.249.64.173, server: pouted.com, request: "GET /8-fashionable-hairstyles-for-every-man HTTP/2.0", upstream: "https://192.145.236.239:8443/8-fashionable-hairstyles-for-every-man", host: "www.pouted.com"
2025/10/16 15:06:35 [error] 1785366#0: *5887 connect() failed (111: Connection refused) while connecting to upstream, client: 66.249.64.173, server: pouted.com, request: "POST /wp-admin/admin-ajax.php HTTP/2.0", upstream: "https://192.145.236.239:8443/wp-admin/admin-ajax.php", host: "www.pouted.com", referrer: "https://www.pouted.com/top-10-most-expensive-stamps-in-the-world/"
2025/10/16 15:06:35 [error] 1785366#0: *5892 open() "/home/pouted/public_html/wp-content/uploads/2013/07/Dell-Lunge-.jpg" failed (2: No such file or directory), client: 136.114.85.85, server: pouted.com, request: "GET /wp-content/uploads/2013/07/Dell-Lunge-.jpg?x44527 HTTP/2.0", host: "www.pouted.com"
2025/10/16 15:06:36 [error] 1785366#0: *5893 connect() failed (111: Connection refused) while connecting to upstream, client: 3.227.180.70, server: ayaclass.com, request: "GET /?dir=/opt/imh-python/lib/python3.9/site-packages/jedi/third_party/typeshed/stdlib/3/email/mime HTTP/1.1", upstream: "http://192.145.236.239:8080/?dir=/opt/imh-python/lib/python3.9/site-packages/jedi/third_party/typeshed/stdlib/3/email/mime", host: "www.ayaclass.com"
2025/10/16 15:06:37 [error] 1785366#0: *5896 open() "/home/pouted/public_html/wp-content/uploads/jewels/Diamond-Necklace-300x300.jpg" failed (2: No such file or directory), client: 3.139.225.206, server: pouted.com, request: "GET /wp-content/uploads/jewels/Diamond-Necklace-300x300.jpg?x44527 HTTP/2.0", host: "www.pouted.com"
2025/10/16 15:06:41 [error] 1785366#0: *5901 connect() failed (111: Connection refused) while connecting to upstream, client: 3.213.46.222, server: ayaclass.com, request: "GET /public/?dir=/home/ayaclass/public_html/vendor/laravel/framework/src/Illuminate/Support&edit=/home/ayaclass/public_html/vendor/laravel/framework/src/Illuminate/Support/ValidatedInput.php HTTP/1.1", upstream: "http://192.145.236.239:8080/public/?dir=/home/ayaclass/public_html/vendor/laravel/framework/src/Illuminate/Support&edit=/home/ayaclass/public_html/vendor/laravel/framework/src/Illuminate/Support/ValidatedInput.php", host: "www.ayaclass.com"
2025/10/16 15:06:44 [error] 1785366#0: *5905 connect() failed (111: Connection refused) while connecting to upstream, client: 54.210.152.179, server: ayaclass.com, request: "GET /?dir=/opt/imh-python/lib/python3.9/site-packages/openstack/tests/unit/compute/v2/__pycache__&edit=/opt/imh-python/lib/python3.9/site-packages/openstack/tests/unit/compute/v2/__pycache__/test_hypervisor.cpython-39.pyc HTTP/1.1", upstream: "http://192.145.236.239:8080/?dir=/opt/imh-python/lib/python3.9/site-packages/openstack/tests/unit/compute/v2/__pycache__&edit=/opt/imh-python/lib/python3.9/site-packages/openstack/tests/unit/compute/v2/__pycache__/test_hypervisor.cpython-39.pyc", host: "www.ayaclass.com"
2025/10/16 15:06:48 [error] 1785366#0: *5858 connect() failed (111: Connection refused) while connecting to upstream, client: 8.217.158.207, server: pouted.com, request: "GET /wp-json/oembed/1.0/embed?url=https%3A%2F%2Fwww.pouted.com%2Fpink-women-shoes%2F&format=xml HTTP/2.0", upstream: "https://192.145.236.239:8443/wp-json/oembed/1.0/embed?url=https%3A%2F%2Fwww.pouted.com%2Fpink-women-shoes%2F&format=xml", host: "www.pouted.com"
