2025/10/16 14:28:24 [error] 1785366#0: *180 connect() failed (111: Connection refused) while connecting to upstream, client: 35.171.117.160, server: ayaclass.com, request: "GET /public/?dir=/proc/111&edit=/proc/111/auxv HTTP/1.1", upstream: "http://192.145.236.239:8080/public/?dir=/proc/111&edit=/proc/111/auxv", host: "www.ayaclass.com"
2025/10/16 14:28:25 [error] 1785366#0: *272 connect() failed (111: Connection refused) while connecting to upstream, client: 40.77.167.74, server: pouted.com, request: "GET /the-right-injury-lawyer/ HTTP/2.0", upstream: "https://192.145.236.239:8443/the-right-injury-lawyer/", host: "www.pouted.com"
2025/10/16 14:28:26 [error] 1785366#0: *276 connect() failed (111: Connection refused) while connecting to upstream, client: 51.222.43.186, server: pouted.com, request: "GET /blog-verify HTTP/2.0", upstream: "https://192.145.236.239:8443/blog-verify", host: "pouted.com"
2025/10/16 14:28:28 [error] 1785366#0: *278 connect() failed (111: Connection refused) while connecting to upstream, client: 114.119.149.83, server: pouted.com, request: "GET /simple-shaving-hacks-for-people-with-sensitive-skin/ HTTP/2.0", upstream: "https://192.145.236.239:8443/simple-shaving-hacks-for-people-with-sensitive-skin/", host: "www.pouted.com", referrer: "https://www.pouted.com/things-to-consider-when-choosing-sunglasses/"
2025/10/16 14:28:28 [error] 1785366#0: *180 connect() failed (111: Connection refused) while connecting to upstream, client: 34.231.77.232, server: ayaclass.com, request: "GET /public/?dir=/usr/lib/rads/venv/lib/python3.13/site-packages/botocore/__pycache__&edit=/usr/lib/rads/venv/lib/python3.13/site-packages/botocore/__pycache__/stub.cpython-313.pyc HTTP/1.1", upstream: "http://192.145.236.239:8080/public/?dir=/usr/lib/rads/venv/lib/python3.13/site-packages/botocore/__pycache__&edit=/usr/lib/rads/venv/lib/python3.13/site-packages/botocore/__pycache__/stub.cpython-313.pyc", host: "www.ayaclass.com"
2025/10/16 14:28:29 [error] 1785366#0: *201 connect() failed (111: Connection refused) while connecting to upstream, client: 2a03:2880:3ff:5::, server: pouted.com, request: "GET /top-2025-teen-fashion-trends/ HTTP/2.0", upstream: "https://192.145.236.239:8443/top-2025-teen-fashion-trends/", host: "www.pouted.com"
2025/10/16 14:28:30 [error] 1785366#0: *286 connect() failed (111: Connection refused) while connecting to upstream, client: 2a03:2880:f800:14::, server: ayaclass.com, request: "GET /products/9587298/ HTTP/1.1", upstream: "http://192.145.236.239:8080/products/9587298/", host: "www.ayaclass.com"
2025/10/16 14:28:32 [error] 1785366#0: *210 connect() failed (111: Connection refused) while connecting to upstream, client: 98.83.10.183, server: ayaclass.com, request: "GET /?dir=/home/ayaclass/public_html/vendor/google/apiclient-services/src/Aiplatform&edit=/home/ayaclass/public_html/vendor/google/apiclient-services/src/Aiplatform/GoogleCloudAiplatformV1DynamicRetrievalConfig.php HTTP/1.1", upstream: "http://192.145.236.239:8080/?dir=/home/ayaclass/public_html/vendor/google/apiclient-services/src/Aiplatform&edit=/home/ayaclass/public_html/vendor/google/apiclient-services/src/Aiplatform/GoogleCloudAiplatformV1DynamicRetrievalConfig.php", host: "www.ayaclass.com"
2025/10/16 14:28:34 [error] 1785366#0: *290 connect() failed (111: Connection refused) while connecting to upstream, client: 85.208.96.198, server: ayaclass.com, request: "GET /?a=133315 HTTP/1.1", upstream: "http://192.145.236.239:8080/?a=133315", host: "www.ayaclass.com"
2025/10/16 14:28:36 [error] 1785366#0: *278 connect() failed (111: Connection refused) while connecting to upstream, client: 114.119.156.86, server: pouted.com, request: "GET /page/285/?p=news&l=fr HTTP/2.0", upstream: "https://192.145.236.239:8443/page/285/?p=news&l=fr", host: "www.pouted.com", referrer: "https://www.pouted.com/page/286/?p=news&l=fr"
2025/10/16 14:28:36 [error] 1785366#0: *210 connect() failed (111: Connection refused) while connecting to upstream, client: 54.87.62.248, server: ayaclass.com, request: "GET /public/?dir=/opt/imh-python/lib/python3.9/site-packages/botocore/data&dl=/opt/imh-python/lib/python3.9/site-packages/botocore/data/config HTTP/1.1", upstream: "http://192.145.236.239:8080/public/?dir=/opt/imh-python/lib/python3.9/site-packages/botocore/data&dl=/opt/imh-python/lib/python3.9/site-packages/botocore/data/config", host: "www.ayaclass.com"
2025/10/16 14:28:36 [error] 1785366#0: *296 connect() failed (111: Connection refused) while connecting to upstream, client: 20.171.207.135, server: ayaclass.com, request: "GET /?dir=%2Fproc&dl=%2Fproc%2F1243052 HTTP/1.1", upstream: "http://192.145.236.239:8080/?dir=%2Fproc&dl=%2Fproc%2F1243052", host: "www.ayaclass.com"
2025/10/16 14:28:36 [error] 1785366#0: *298 open() "/home/pouted/public_html/wp-content/uploads/2013/01/40478-hot-sale-women-s-north-face-denali-fleece-jacket-gray-hot-sale-womens-nort.jpg" failed (2: No such file or directory), client: 223.193.38.243, server: pouted.com, request: "GET /wp-content/uploads/2013/01/40478-hot-sale-women-s-north-face-denali-fleece-jacket-gray-hot-sale-womens-nort.jpg HTTP/2.0", host: "www.pouted.com"
2025/10/16 14:28:37 [error] 1785366#0: *299 connect() failed (111: Connection refused) while connecting to upstream, client: 185.191.171.15, server: ayaclass.com, request: "GET /?a=113020915 HTTP/1.1", upstream: "http://192.145.236.239:8080/?a=113020915", host: "www.ayaclass.com"
2025/10/16 14:28:39 [error] 1785366#0: *302 open() "/home/pouted/public_html/wp-content/uploads/2013/07/Corporal-Punishment.jpg" failed (2: No such file or directory), client: 34.55.88.216, server: pouted.com, request: "GET /wp-content/uploads/2013/07/Corporal-Punishment.jpg HTTP/2.0", host: "www.pouted.com"
2025/10/16 14:28:39 [error] 1785366#0: *301 connect() failed (111: Connection refused) while connecting to upstream, client: 183.199.144.78, server: pouted.com, request: "GET / HTTP/2.0", upstream: "https://192.145.236.239:8443/", host: "www.pouted.com", referrer: "https://www.pouted.com/"
2025/10/16 14:28:40 [error] 1785366#0: *290 connect() failed (111: Connection refused) while connecting to upstream, client: 52.0.218.219, server: ayaclass.com, request: "GET /?dir=/opt/imh/python3.13/lib/python3.13/encodings/__pycache__&edit=/opt/imh/python3.13/lib/python3.13/encodings/__pycache__/hp_roman8.cpython-313.pyc HTTP/1.1", upstream: "http://192.145.236.239:8080/?dir=/opt/imh/python3.13/lib/python3.13/encodings/__pycache__&edit=/opt/imh/python3.13/lib/python3.13/encodings/__pycache__/hp_roman8.cpython-313.pyc", host: "www.ayaclass.com"
2025/10/16 14:28:40 [error] 1785366#0: *304 connect() failed (111: Connection refused) while connecting to upstream, client: 172.213.21.112, server: pouted.com, request: "GET /hottest-fall-winter-accessories-fashion-trends/ HTTP/2.0", upstream: "https://192.145.236.239:8443/hottest-fall-winter-accessories-fashion-trends/", host: "www.pouted.com"
2025/10/16 14:28:41 [error] 1785366#0: *307 connect() failed (111: Connection refused) while connecting to upstream, client: 172.213.21.123, server: pouted.com, request: "GET /hottest-fall-winter-accessories-fashion-trends/ HTTP/2.0", upstream: "https://192.145.236.239:8443/hottest-fall-winter-accessories-fashion-trends/", host: "www.pouted.com"
2025/10/16 14:28:41 [error] 1785366#0: *309 connect() failed (111: Connection refused) while connecting to upstream, client: 66.249.72.70, server: ayaclass.com, request: "GET /products/12001798/ HTTP/1.1", upstream: "http://192.145.236.239:8080/products/12001798/", host: "www.ayaclass.com"
2025/10/16 14:28:42 [error] 1785366#0: *312 connect() failed (111: Connection refused) while connecting to upstream, client: 172.213.21.117, server: pouted.com, request: "GET /hottest-fall-winter-accessories-fashion-trends/ HTTP/2.0", upstream: "https://192.145.236.239:8443/hottest-fall-winter-accessories-fashion-trends/", host: "www.pouted.com"
2025/10/16 14:28:43 [error] 1785366#0: *314 connect() failed (111: Connection refused) while connecting to upstream, client: 172.213.21.117, server: pouted.com, request: "GET /hottest-fall-winter-accessories-fashion-trends/ HTTP/2.0", upstream: "https://192.145.236.239:8443/hottest-fall-winter-accessories-fashion-trends/", host: "www.pouted.com"
2025/10/16 14:28:43 [error] 1785366#0: *318 connect() failed (111: Connection refused) while connecting to upstream, client: 185.191.171.12, server: ayaclass.com, request: "GET /?a=41674015 HTTP/1.1", upstream: "http://192.145.236.239:8080/?a=41674015", host: "www.ayaclass.com"
2025/10/16 14:28:44 [error] 1785366#0: *317 connect() failed (111: Connection refused) while connecting to upstream, client: 74.7.35.124, server: pouted.com, request: "GET /biophilic-design-tips/ HTTP/2.0", upstream: "https://192.145.236.239:8443/biophilic-design-tips/", host: "www.pouted.com"
2025/10/16 14:28:44 [error] 1785366#0: *299 connect() failed (111: Connection refused) while connecting to upstream, client: 3.220.70.171, server: ayaclass.com, request: "GET /public/?dir=/home/ayaclass/public_html/vendor/google/apiclient-services/src/Compute&edit=/home/ayaclass/public_html/vendor/google/apiclient-services/src/Compute/InterconnectDiagnosticsMacsecStatus.php HTTP/1.1", upstream: "http://192.145.236.239:8080/public/?dir=/home/ayaclass/public_html/vendor/google/apiclient-services/src/Compute&edit=/home/ayaclass/public_html/vendor/google/apiclient-services/src/Compute/InterconnectDiagnosticsMacsecStatus.php", host: "www.ayaclass.com"
2025/10/16 14:28:44 [error] 1785366#0: *272 connect() failed (111: Connection refused) while connecting to upstream, client: 74.7.35.113, server: pouted.com, request: "GET /biophilic-design-tips/ HTTP/2.0", upstream: "https://192.145.236.239:8443/biophilic-design-tips/", host: "www.pouted.com"
2025/10/16 14:28:44 [error] 1785366#0: *323 connect() failed (111: Connection refused) while connecting to upstream, client: 74.7.35.115, server: pouted.com, request: "GET /biophilic-design-tips/ HTTP/2.0", upstream: "https://192.145.236.239:8443/biophilic-design-tips/", host: "www.pouted.com"
2025/10/16 14:28:44 [error] 1785366#0: *325 connect() failed (111: Connection refused) while connecting to upstream, client: 74.7.35.118, server: pouted.com, request: "GET /biophilic-design-tips/ HTTP/2.0", upstream: "https://192.145.236.239:8443/biophilic-design-tips/", host: "www.pouted.com"
2025/10/16 14:28:46 [error] 1785366#0: *328 connect() failed (111: Connection refused) while connecting to upstream, client: 66.102.9.197, server: pouted.com, request: "GET /feed/ HTTP/2.0", upstream: "https://192.145.236.239:8443/feed/", host: "www.pouted.com"
2025/10/16 14:28:46 [error] 1785366#0: *327 connect() failed (111: Connection refused) while connecting to upstream, client: 114.119.150.64, server: pouted.com, request: "GET /page/20/?p=news&l=fr HTTP/2.0", upstream: "https://192.145.236.239:8443/page/20/?p=news&l=fr", host: "www.pouted.com", referrer: "https://www.pouted.com/page/12/?p=news&l=fr"
2025/10/16 14:28:48 [error] 1785366#0: *239 connect() failed (111: Connection refused) while connecting to upstream, client: 52.71.46.142, server: ayaclass.com, request: "GET /?dir=/opt/imh-python/lib/python3.9/site-packages/oslo_i18n&dl=/opt/imh-python/lib/python3.9/site-packages/oslo_i18n/locale HTTP/1.1", upstream: "http://192.145.236.239:8080/?dir=/opt/imh-python/lib/python3.9/site-packages/oslo_i18n&dl=/opt/imh-python/lib/python3.9/site-packages/oslo_i18n/locale", host: "www.ayaclass.com"
2025/10/16 14:28:52 [error] 1785366#0: *336 connect() failed (111: Connection refused) while connecting to upstream, client: 54.163.136.244, server: ayaclass.com, request: "GET /public/?dir=/usr/sbin&edit=/usr/sbin/zramctl HTTP/1.1", upstream: "http://192.145.236.239:8080/public/?dir=/usr/sbin&edit=/usr/sbin/zramctl", host: "www.ayaclass.com"
2025/10/16 14:28:53 [error] 1785366#0: *339 connect() failed (111: Connection refused) while connecting to upstream, client: 182.52.149.78, server: pouted.com, request: "GET /wp-login.php HTTP/2.0", upstream: "https://192.145.236.239:8443/wp-login.php", host: "www.pouted.com"
2025/10/16 14:28:54 [error] 1785366#0: *341 connect() failed (111: Connection refused) while connecting to upstream, client: 40.77.167.74, server: pouted.com, request: "GET /?s=paw+patrol+toddler+costume+rubble+3t+used HTTP/2.0", upstream: "https://192.145.236.239:8443/?s=paw+patrol+toddler+costume+rubble+3t+used", host: "www.pouted.com"
2025/10/16 14:28:54 [error] 1785366#0: *343 connect() failed (111: Connection refused) while connecting to upstream, client: 2a03:2880:27ff:70::, server: pouted.com, request: "GET /13-shocking-secrets-you-dont-know-about-elvis-presley/ HTTP/2.0", upstream: "https://192.145.236.239:8443/13-shocking-secrets-you-dont-know-about-elvis-presley/", host: "www.pouted.com"
2025/10/16 14:28:55 [error] 1785366#0: *346 connect() failed (111: Connection refused) while connecting to upstream, client: 185.191.171.12, server: ayaclass.com, request: "GET /?a=40142415 HTTP/1.1", upstream: "http://192.145.236.239:8080/?a=40142415", host: "www.ayaclass.com"
2025/10/16 14:28:55 [error] 1785366#0: *348 connect() failed (111: Connection refused) while connecting to upstream, client: 66.249.64.168, server: pouted.com, request: "GET /eco-friendly-transport/ HTTP/2.0", upstream: "https://192.145.236.239:8443/eco-friendly-transport/", host: "www.pouted.com"
2025/10/16 14:28:56 [error] 1785366#0: *350 connect() failed (111: Connection refused) while connecting to upstream, client: 52.3.104.214, server: ayaclass.com, request: "GET /?dir=/opt/imh-python/lib/python3.9/site-packages/netaddr/ip/__pycache__&dl=/opt/imh-python/lib/python3.9/site-packages/netaddr/ip/__pycache__/__init__.cpython-39.pyc HTTP/1.1", upstream: "http://192.145.236.239:8080/?dir=/opt/imh-python/lib/python3.9/site-packages/netaddr/ip/__pycache__&dl=/opt/imh-python/lib/python3.9/site-packages/netaddr/ip/__pycache__/__init__.cpython-39.pyc", host: "www.ayaclass.com"
2025/10/16 14:28:56 [error] 1785366#0: *352 connect() failed (111: Connection refused) while connecting to upstream, client: 114.119.134.80, server: pouted.com, request: "GET /mazda-vin-decoder-guide/amp/ HTTP/2.0", upstream: "https://192.145.236.239:8443/mazda-vin-decoder-guide/amp/", host: "www.pouted.com", referrer: "https://www.pouted.com/5-kitchens-decorations-ideas-2017/amp/"
2025/10/16 14:28:56 [error] 1785366#0: *354 open() "/home/pouted/public_html/wp-content/uploads/2014/08/Yellow-Diamond-Pear-Shape-Engagement-Ring.jpg" failed (2: No such file or directory), client: 34.58.178.124, server: pouted.com, request: "GET /wp-content/uploads/2014/08/Yellow-Diamond-Pear-Shape-Engagement-Ring.jpg?x45357 HTTP/2.0", host: "www.pouted.com"
2025/10/16 14:29:00 [error] 1785366#0: *286 connect() failed (111: Connection refused) while connecting to upstream, client: 52.202.233.37, server: ayaclass.com, request: "GET /public/?dir=/opt/imh-python/lib/python3.9/site-packages/setuptools&dl=/opt/imh-python/lib/python3.9/site-packages/setuptools/sandbox.py HTTP/1.1", upstream: "http://192.145.236.239:8080/public/?dir=/opt/imh-python/lib/python3.9/site-packages/setuptools&dl=/opt/imh-python/lib/python3.9/site-packages/setuptools/sandbox.py", host: "www.ayaclass.com"
2025/10/16 14:29:00 [error] 1785366#0: *358 connect() failed (111: Connection refused) while connecting to upstream, client: 2a03:2880:f800:17::, server: intensed.com, request: "GET /index.html HTTP/2.0", upstream: "https://192.249.127.250:8443/index.html", host: "www.intensed.com"
2025/10/16 14:29:03 [error] 1785366#0: *361 connect() failed (111: Connection refused) while connecting to upstream, client: 2a03:2880:f800:2a::, server: intensed.com, request: "GET / HTTP/2.0", upstream: "https://192.249.127.250:8443/", host: "www.intensed.com"
2025/10/16 14:29:04 [error] 1785366#0: *363 connect() failed (111: Connection refused) while connecting to upstream, client: 54.197.82.195, server: ayaclass.com, request: "GET /public/?dir=/opt/imh-python/bin&edit=/opt/imh-python/bin/calc-prorate3.9 HTTP/1.1", upstream: "http://192.145.236.239:8080/public/?dir=/opt/imh-python/bin&edit=/opt/imh-python/bin/calc-prorate3.9", host: "www.ayaclass.com"
2025/10/16 14:29:05 [error] 1785366#0: *239 connect() failed (111: Connection refused) while connecting to upstream, client: 52.167.144.184, server: ayaclass.com, request: "GET /products/16630965/ HTTP/1.1", upstream: "http://192.145.236.239:8080/products/16630965/", host: "www.ayaclass.com"
2025/10/16 14:29:06 [error] 1785366#0: *367 connect() failed (111: Connection refused) while connecting to upstream, client: 40.77.167.4, server: pouted.com, request: "GET /35165-puma-shoes-with-velcro-straps/ HTTP/2.0", upstream: "https://192.145.236.239:8443/35165-puma-shoes-with-velcro-straps/", host: "www.pouted.com"
2025/10/16 14:29:07 [error] 1785366#0: *367 connect() failed (111: Connection refused) while connecting to upstream, client: 40.77.167.4, server: pouted.com, request: "GET /best-football-head-coaches/ HTTP/2.0", upstream: "https://192.145.236.239:8443/best-football-head-coaches/", host: "www.pouted.com"
2025/10/16 14:29:08 [error] 1785366#0: *370 connect() failed (111: Connection refused) while connecting to upstream, client: 127.0.0.1, server: 127.0.0.1, request: "GET /whm-server-status HTTP/1.0", upstream: "http://127.0.0.1:8080/whm-server-status", host: "localhost"
2025/10/16 14:29:08 [error] 1785366#0: *290 connect() failed (111: Connection refused) while connecting to upstream, client: 34.233.219.155, server: ayaclass.com, request: "GET /public/?dir=/usr/sbin&dl=/usr/sbin/ntsysv HTTP/1.1", upstream: "http://192.145.236.239:8080/public/?dir=/usr/sbin&dl=/usr/sbin/ntsysv", host: "www.ayaclass.com"
2025/10/16 14:29:08 [error] 1785366#0: *352 connect() failed (111: Connection refused) while connecting to upstream, client: 114.119.149.83, server: pouted.com, request: "GET /magazine/more-categories/lifestyle/amp/page/15/ HTTP/2.0", upstream: "https://192.145.236.239:8443/magazine/more-categories/lifestyle/amp/page/15/", host: "www.pouted.com", referrer: "https://www.pouted.com/magazine/more-categories/lifestyle/amp/page/15/"
2025/10/16 14:29:12 [error] 1785366#0: *378 connect() failed (111: Connection refused) while connecting to upstream, client: 54.90.244.132, server: ayaclass.com, request: "GET /public/?dir=/home/ayaclass/.trash/AAA/vendor/google/apiclient-services/src/CloudMemorystoreforMemcached&dl=/home/ayaclass/.trash/AAA/vendor/google/apiclient-services/src/CloudMemorystoreforMemcached/ListInstancesResponse.php HTTP/1.1", upstream: "http://192.145.236.239:8080/public/?dir=/home/ayaclass/.trash/AAA/vendor/google/apiclient-services/src/CloudMemorystoreforMemcached&dl=/home/ayaclass/.trash/AAA/vendor/google/apiclient-services/src/CloudMemorystoreforMemcached/ListInstancesResponse.php", host: "www.ayaclass.com"
2025/10/16 14:29:14 [error] 1785366#0: *380 open() "/home/pouted/public_html/wp-content/uploads/2013/04/Paleo-Recipe-Book-and-bonuses-780x405.jpg" failed (2: No such file or directory), client: 114.119.151.74, server: pouted.com, request: "GET /wp-content/uploads/2013/04/Paleo-Recipe-Book-and-bonuses-780x405.jpg HTTP/2.0", host: "www.pouted.com"
2025/10/16 14:29:14 [error] 1785366#0: *381 connect() failed (111: Connection refused) while connecting to upstream, client: 185.191.171.14, server: ayaclass.com, request: "GET /?a=3345115 HTTP/1.1", upstream: "http://192.145.236.239:8080/?a=3345115", host: "www.ayaclass.com"
2025/10/16 14:29:15 [error] 1785366#0: *383 connect() failed (111: Connection refused) while connecting to upstream, client: 116.179.32.236, server: pouted.com, request: "GET /tag/screening-process/ HTTP/2.0", upstream: "https://192.145.236.239:8443/tag/screening-process/", host: "www.pouted.com"
2025/10/16 14:29:16 [error] 1785366#0: *385 connect() failed (111: Connection refused) while connecting to upstream, client: 3.217.82.254, server: ayaclass.com, request: "GET /public/?dir=/home/ayaclass/public_html/vendor/google/apiclient-services/src/ToolResults&edit=/home/ayaclass/public_html/vendor/google/apiclient-services/src/ToolResults/AppStartTime.php HTTP/1.1", upstream: "http://192.145.236.239:8080/public/?dir=/home/ayaclass/public_html/vendor/google/apiclient-services/src/ToolResults&edit=/home/ayaclass/public_html/vendor/google/apiclient-services/src/ToolResults/AppStartTime.php", host: "www.ayaclass.com"
2025/10/16 14:29:16 [error] 1785366#0: *383 connect() failed (111: Connection refused) while connecting to upstream, client: 20.171.207.30, server: pouted.com, request: "GET /wp-content/plugins/betterlinks/vendor/matomo/device-detector/Parser/Device/?C=M;O=A HTTP/2.0", upstream: "https://192.145.236.239:8443/wp-content/plugins/betterlinks/vendor/matomo/device-detector/Parser/Device/?C=M;O=A", host: "www.pouted.com"
2025/10/16 14:29:17 [error] 1785366#0: *389 open() "/home/pouted/public_html/wp-content/uploads/2017/08/Church-of-the-Holy-Sepulchre-675x671.jpg" failed (2: No such file or directory), client: 128.118.7.57, server: pouted.com, request: "GET /wp-content/uploads/2017/08/Church-of-the-Holy-Sepulchre-675x671.jpg?x45357 HTTP/2.0", host: "www.pouted.com"
2025/10/16 14:29:17 [error] 1785366#0: *388 connect() failed (111: Connection refused) while connecting to upstream, client: 74.7.36.102, server: pouted.com, request: "GET /collection-sportswear-women-feel-sporty-look/ HTTP/2.0", upstream: "https://192.145.236.239:8443/collection-sportswear-women-feel-sporty-look/", host: "www.pouted.com"
2025/10/16 14:29:17 [error] 1785366#0: *392 connect() failed (111: Connection refused) while connecting to upstream, client: 74.7.36.107, server: pouted.com, request: "GET /collection-sportswear-women-feel-sporty-look/ HTTP/2.0", upstream: "https://192.145.236.239:8443/collection-sportswear-women-feel-sporty-look/", host: "www.pouted.com"
2025/10/16 14:29:17 [error] 1785366#0: *394 connect() failed (111: Connection refused) while connecting to upstream, client: 74.7.36.100, server: pouted.com, request: "GET /collection-sportswear-women-feel-sporty-look/ HTTP/2.0", upstream: "https://192.145.236.239:8443/collection-sportswear-women-feel-sporty-look/", host: "www.pouted.com"
2025/10/16 14:29:18 [error] 1785366#0: *396 connect() failed (111: Connection refused) while connecting to upstream, client: 188.239.11.72, server: pouted.com, request: "GET /top-lash-serums-for-dramatic-voluminous-lashes/amp HTTP/2.0", upstream: "https://192.145.236.239:8443/top-lash-serums-for-dramatic-voluminous-lashes/amp", host: "pouted.com", referrer: "https://pouted.com/top-lash-serums-for-dramatic-voluminous-lashes/amp"
2025/10/16 14:29:18 [error] 1785366#0: *397 connect() failed (111: Connection refused) while connecting to upstream, client: 74.7.36.105, server: pouted.com, request: "GET /collection-sportswear-women-feel-sporty-look/ HTTP/2.0", upstream: "https://192.145.236.239:8443/collection-sportswear-women-feel-sporty-look/", host: "www.pouted.com"
2025/10/16 14:29:19 [error] 1785366#0: *400 connect() failed (111: Connection refused) while connecting to upstream, client: 66.249.64.169, server: pouted.com, request: "GET /8-fashionable-hairstyles-for-every-man-in-his-40s/amp HTTP/2.0", upstream: "https://192.145.236.239:8443/8-fashionable-hairstyles-for-every-man-in-his-40s/amp", host: "www.pouted.com"
2025/10/16 14:29:20 [error] 1785366#0: *286 connect() failed (111: Connection refused) while connecting to upstream, client: 35.172.125.172, server: ayaclass.com, request: "GET /public/?dir=/opt/imh-python/lib/python3.9/site-packages/libcloud/storage&dl=/opt/imh-python/lib/python3.9/site-packages/libcloud/storage/__pycache__ HTTP/1.1", upstream: "http://192.145.236.239:8080/public/?dir=/opt/imh-python/lib/python3.9/site-packages/libcloud/storage&dl=/opt/imh-python/lib/python3.9/site-packages/libcloud/storage/__pycache__", host: "www.ayaclass.com"
2025/10/16 14:29:21 [error] 1785366#0: *404 connect() failed (111: Connection refused) while connecting to upstream, client: 20.171.207.6, server: ayaclass.com, request: "GET /?dir=%2Fproc&dl=%2Fproc%2F1782443 HTTP/2.0", upstream: "https://192.145.236.239:8443/?dir=%2Fproc&dl=%2Fproc%2F1782443", host: "mail.ayaclass.com"
2025/10/16 14:29:22 [error] 1785366#0: *407 open() "/home/pouted/public_html/wp-content/uploads/2014/06/il_fullxfull.402859161_rawm.jpg" failed (2: No such file or directory), client: 106.38.226.131, server: pouted.com, request: "GET /wp-content/uploads/2014/06/il_fullxfull.402859161_rawm.jpg?x71148 HTTP/2.0", host: "www.pouted.com"
2025/10/16 14:29:23 [error] 1785366#0: *409 connect() failed (111: Connection refused) while connecting to upstream, client: 114.119.159.17, server: pouted.com, request: "GET /tag/exterior-decoration/ HTTP/2.0", upstream: "https://192.145.236.239:8443/tag/exterior-decoration/", host: "www.pouted.com"
2025/10/16 14:29:24 [error] 1785366#0: *411 connect() failed (111: Connection refused) while connecting to upstream, client: 18.205.91.101, server: ayaclass.com, request: "GET /?dir=/opt/imh-python/lib/python3.9/site-packages/pygments/lexers/__pycache__&dl=/opt/imh-python/lib/python3.9/site-packages/pygments/lexers/__pycache__/pascal.cpython-39.pyc HTTP/1.1", upstream: "http://192.145.236.239:8080/?dir=/opt/imh-python/lib/python3.9/site-packages/pygments/lexers/__pycache__&dl=/opt/imh-python/lib/python3.9/site-packages/pygments/lexers/__pycache__/pascal.cpython-39.pyc", host: "www.ayaclass.com"
2025/10/16 14:29:24 [error] 1785366#0: *388 connect() failed (111: Connection refused) while connecting to upstream, client: 40.77.167.74, server: pouted.com, request: "GET /tag/hair-colors-for-short-hair/ HTTP/2.0", upstream: "https://192.145.236.239:8443/tag/hair-colors-for-short-hair/", host: "www.pouted.com"
2025/10/16 14:29:26 [error] 1785366#0: *416 connect() failed (111: Connection refused) while connecting to upstream, client: 2a03:2880:f800:24::, server: pouted.com, request: "GET /tag/disney-nail-art/ HTTP/2.0", upstream: "https://192.145.236.239:8443/tag/disney-nail-art/", host: "www.pouted.com"
2025/10/16 14:29:27 [error] 1785366#0: *394 connect() failed (111: Connection refused) while connecting to upstream, client: 40.77.167.55, server: pouted.com, request: "GET /probiotic-sodas/ HTTP/2.0", upstream: "https://192.145.236.239:8443/probiotic-sodas/", host: "www.pouted.com"
2025/10/16 14:29:28 [error] 1785366#0: *421 connect() failed (111: Connection refused) while connecting to upstream, client: 54.159.98.248, server: ayaclass.com, request: "GET /public/?dir=/usr/share/zoneinfo/posix&edit=/usr/share/zoneinfo/posix/ROK HTTP/1.1", upstream: "http://192.145.236.239:8080/public/?dir=/usr/share/zoneinfo/posix&edit=/usr/share/zoneinfo/posix/ROK", host: "www.ayaclass.com"
2025/10/16 14:29:29 [error] 1785366#0: *424 connect() failed (111: Connection refused) while connecting to upstream, client: 2a03:2880:27ff:74::, server: pouted.com, request: "GET /top-2025-teen-fashion-trends/ HTTP/2.0", upstream: "https://192.145.236.239:8443/top-2025-teen-fashion-trends/", host: "www.pouted.com"
2025/10/16 14:29:32 [error] 1785366#0: *363 connect() failed (111: Connection refused) while connecting to upstream, client: 52.2.191.202, server: ayaclass.com, request: "GET /public/?dir=/usr/lib/python3.6/site-packages/pip/__pycache__&edit=/usr/lib/python3.6/site-packages/pip/__pycache__/__main__.cpython-36.opt-1.pyc HTTP/1.1", upstream: "http://192.145.236.239:8080/public/?dir=/usr/lib/python3.6/site-packages/pip/__pycache__&edit=/usr/lib/python3.6/site-packages/pip/__pycache__/__main__.cpython-36.opt-1.pyc", host: "www.ayaclass.com"
2025/10/16 14:29:34 [error] 1785366#0: *427 connect() failed (111: Connection refused) while connecting to upstream, client: 173.224.127.70, server: pouted.com, request: "GET /tag/3d-chalk-drawings HTTP/2.0", upstream: "https://192.145.236.239:8443/tag/3d-chalk-drawings", host: "www.pouted.com"
2025/10/16 14:29:36 [error] 1785366#0: *431 connect() failed (111: Connection refused) while connecting to upstream, client: 52.21.62.139, server: ayaclass.com, request: "GET /?dir=/home/ayaclass/public_html/vendor/aws/aws-sdk-php/src/data&edit=/home/ayaclass/public_html/vendor/aws/aws-sdk-php/src/data/inspector HTTP/1.1", upstream: "http://192.145.236.239:8080/?dir=/home/ayaclass/public_html/vendor/aws/aws-sdk-php/src/data&edit=/home/ayaclass/public_html/vendor/aws/aws-sdk-php/src/data/inspector", host: "www.ayaclass.com"
2025/10/16 14:29:37 [error] 1785366#0: *433 open() "/home/pouted/public_html/wp-content/uploads/2014/07/aromatic-jewelry-by-murano-glass-a075.jpg" failed (2: No such file or directory), client: 3.139.225.206, server: pouted.com, request: "GET /wp-content/uploads/2014/07/aromatic-jewelry-by-murano-glass-a075.jpg HTTP/2.0", host: "www.pouted.com"
2025/10/16 14:29:37 [error] 1785366#0: *435 connect() failed (111: Connection refused) while connecting to upstream, client: 4.196.118.122, server: pouted.com, request: "GET /2014-short-hair-trends-round-faces/ HTTP/2.0", upstream: "https://192.145.236.239:8443/2014-short-hair-trends-round-faces/", host: "www.pouted.com"
2025/10/16 14:29:38 [error] 1785366#0: *434 connect() failed (111: Connection refused) while connecting to upstream, client: 114.119.142.236, server: pouted.com, request: "GET /magazine/lifestyle/page/80/ HTTP/2.0", upstream: "https://192.145.236.239:8443/magazine/lifestyle/page/80/", host: "www.pouted.com", referrer: "https://www.pouted.com/magazine/lifestyle/page/61/"
2025/10/16 14:29:38 [error] 1785366#0: *439 connect() failed (111: Connection refused) while connecting to upstream, client: 20.171.207.135, server: ayaclass.com, request: "GET /?dir=%2Fproc&dl=%2Fproc%2F1434391 HTTP/1.1", upstream: "http://192.145.236.239:8080/?dir=%2Fproc&dl=%2Fproc%2F1434391", host: "www.ayaclass.com"
2025/10/16 14:29:38 [error] 1785366#0: *438 connect() failed (111: Connection refused) while connecting to upstream, client: 4.196.118.117, server: pouted.com, request: "GET /2014-short-hair-trends-round-faces/ HTTP/2.0", upstream: "https://192.145.236.239:8443/2014-short-hair-trends-round-faces/", host: "www.pouted.com"
2025/10/16 14:29:39 [error] 1785366#0: *444 connect() failed (111: Connection refused) while connecting to upstream, client: 4.196.118.125, server: pouted.com, request: "GET /2014-short-hair-trends-round-faces/ HTTP/2.0", upstream: "https://192.145.236.239:8443/2014-short-hair-trends-round-faces/", host: "www.pouted.com"
2025/10/16 14:29:40 [error] 1785366#0: *448 connect() failed (111: Connection refused) while connecting to upstream, client: 54.152.163.42, server: ayaclass.com, request: "GET /?dir=/home/ayaclass/.trash/AAA/vendor/google/apiclient-services/src/CloudDeploy&dl=/home/ayaclass/.trash/AAA/vendor/google/apiclient-services/src/CloudDeploy/ListDeliveryPipelinesResponse.php HTTP/1.1", upstream: "http://192.145.236.239:8080/?dir=/home/ayaclass/.trash/AAA/vendor/google/apiclient-services/src/CloudDeploy&dl=/home/ayaclass/.trash/AAA/vendor/google/apiclient-services/src/CloudDeploy/ListDeliveryPipelinesResponse.php", host: "www.ayaclass.com"
2025/10/16 14:29:40 [error] 1785366#0: *447 connect() failed (111: Connection refused) while connecting to upstream, client: 4.196.118.126, server: pouted.com, request: "GET /2014-short-hair-trends-round-faces/ HTTP/2.0", upstream: "https://192.145.236.239:8443/2014-short-hair-trends-round-faces/", host: "www.pouted.com"
2025/10/16 14:29:43 [error] 1785366#0: *451 connect() failed (111: Connection refused) while connecting to upstream, client: 2a03:2880:2ff:9::, server: pouted.com, request: "GET /best-actresses-in-2025/ HTTP/2.0", upstream: "https://192.145.236.239:8443/best-actresses-in-2025/", host: "www.pouted.com"
2025/10/16 14:29:44 [error] 1785366#0: *385 connect() failed (111: Connection refused) while connecting to upstream, client: 100.28.118.16, server: ayaclass.com, request: "GET /public/?dir=/home/ayaclass/public_html/vendor/google/apiclient-services/src&edit=/home/ayaclass/public_html/vendor/google/apiclient-services/src/TrafficDirectorService HTTP/1.1", upstream: "http://192.145.236.239:8080/public/?dir=/home/ayaclass/public_html/vendor/google/apiclient-services/src&edit=/home/ayaclass/public_html/vendor/google/apiclient-services/src/TrafficDirectorService", host: "www.ayaclass.com"
2025/10/16 14:29:45 [error] 1785366#0: *454 connect() failed (111: Connection refused) while connecting to upstream, client: 114.119.146.223, server: pouted.com, request: "GET /just-front-door-gate HTTP/2.0", upstream: "https://192.145.236.239:8443/just-front-door-gate", host: "www.pouted.com", referrer: "https://www.pouted.com/tag/modern-front-doors"
2025/10/16 14:29:48 [error] 1785366#0: *459 connect() failed (111: Connection refused) while connecting to upstream, client: 54.166.104.83, server: ayaclass.com, request: "GET /?dir=/opt/imh-python/lib/python3.9/site-packages/numpy/core/__pycache__&edit=/opt/imh-python/lib/python3.9/site-packages/numpy/core/__pycache__/multiarray.cpython-39.pyc HTTP/1.1", upstream: "http://192.145.236.239:8080/?dir=/opt/imh-python/lib/python3.9/site-packages/numpy/core/__pycache__&edit=/opt/imh-python/lib/python3.9/site-packages/numpy/core/__pycache__/multiarray.cpython-39.pyc", host: "www.ayaclass.com"
2025/10/16 14:29:49 [error] 1785366#0: *461 open() "/home/pouted/public_html/wp-content/uploads/2013/05/pink-ribbon-pink-low-price-p3561-475x475.jpg" failed (2: No such file or directory), client: 54.66.131.54, server: pouted.com, request: "GET /wp-content/uploads/2013/05/pink-ribbon-pink-low-price-p3561-475x475.jpg?x45357 HTTP/2.0", host: "www.pouted.com"
2025/10/16 14:29:49 [error] 1785366#0: *462 connect() failed (111: Connection refused) while connecting to upstream, client: 85.208.96.198, server: ayaclass.com, request: "GET /?a=25687015 HTTP/1.1", upstream: "http://192.145.236.239:8080/?a=25687015", host: "www.ayaclass.com"
2025/10/16 14:29:52 [error] 1785366#0: *466 connect() failed (111: Connection refused) while connecting to upstream, client: 54.235.172.108, server: ayaclass.com, request: "GET /public/?dir=/opt/imh-python/lib/python3.9/site-packages/pygments/lexers/__pycache__&dl=/opt/imh-python/lib/python3.9/site-packages/pygments/lexers/__pycache__/graphviz.cpython-39.pyc HTTP/1.1", upstream: "http://192.145.236.239:8080/public/?dir=/opt/imh-python/lib/python3.9/site-packages/pygments/lexers/__pycache__&dl=/opt/imh-python/lib/python3.9/site-packages/pygments/lexers/__pycache__/graphviz.cpython-39.pyc", host: "www.ayaclass.com"
2025/10/16 14:29:53 [error] 1785366#0: *468 connect() failed (111: Connection refused) while connecting to upstream, client: 114.119.149.203, server: pouted.com, request: "GET /health-benefits-make-yogurt-great-food-kids/ HTTP/2.0", upstream: "https://192.145.236.239:8443/health-benefits-make-yogurt-great-food-kids/", host: "www.pouted.com", referrer: "https://www.pouted.com/top-10-best-websites-for-kids-in-2015/amp/"
2025/10/16 14:29:56 [error] 1785366#0: *473 connect() failed (111: Connection refused) while connecting to upstream, client: 34.194.233.48, server: ayaclass.com, request: "GET /?dir=/usr/lib64/python3.6/email/__pycache__&edit=/usr/lib64/python3.6/email/__pycache__/quoprimime.cpython-36.opt-2.pyc HTTP/1.1", upstream: "http://192.145.236.239:8080/?dir=/usr/lib64/python3.6/email/__pycache__&edit=/usr/lib64/python3.6/email/__pycache__/quoprimime.cpython-36.opt-2.pyc", host: "www.ayaclass.com"
2025/10/16 14:29:57 [error] 1785366#0: *476 connect() failed (111: Connection refused) while connecting to upstream, client: 2a03:2880:27ff:76::, server: pouted.com, request: "GET /9-planets-solar-system-characteristics/ HTTP/2.0", upstream: "https://192.145.236.239:8443/9-planets-solar-system-characteristics/", host: "www.pouted.com"
2025/10/16 14:29:57 [error] 1785366#0: *478 connect() failed (111: Connection refused) while connecting to upstream, client: 2a03:2880:3ff:9::, server: pouted.com, request: "GET /2025-fashion-trends-that-worth-buying/ HTTP/2.0", upstream: "https://192.145.236.239:8443/2025-fashion-trends-that-worth-buying/", host: "www.pouted.com"
2025/10/16 14:29:58 [error] 1785366#0: *478 connect() failed (111: Connection refused) while connecting to upstream, client: 116.179.32.239, server: pouted.com, request: "GET /tag/cosmetic/ HTTP/2.0", upstream: "https://192.145.236.239:8443/tag/cosmetic/", host: "www.pouted.com"
2025/10/16 14:30:00 [error] 1785366#0: *482 connect() failed (111: Connection refused) while connecting to upstream, client: 34.206.193.60, server: ayaclass.com, request: "GET /public/?dir=/home/ayaclass/public_html/vendor/google/apiclient-services/src/Aiplatform&dl=/home/ayaclass/public_html/vendor/google/apiclient-services/src/Aiplatform/GoogleCloudAiplatformV1ModelMonitoringStatsAnomaliesFeatureHistoricStatsAnomalies.php HTTP/1.1", upstream: "http://192.145.236.239:8080/public/?dir=/home/ayaclass/public_html/vendor/google/apiclient-services/src/Aiplatform&dl=/home/ayaclass/public_html/vendor/google/apiclient-services/src/Aiplatform/GoogleCloudAiplatformV1ModelMonitoringStatsAnomaliesFeatureHistoricStatsAnomalies.php", host: "www.ayaclass.com"
2025/10/16 14:30:02 [error] 1785366#0: *451 connect() failed (111: Connection refused) while connecting to upstream, client: 112.32.199.145, server: pouted.com, request: "GET /tag/cosmetic/ HTTP/2.0", upstream: "https://192.145.236.239:8443/tag/cosmetic/", host: "www.pouted.com"
2025/10/16 14:30:02 [error] 1785366#0: *487 connect() failed (111: Connection refused) while connecting to upstream, client: 114.119.147.45, server: pouted.com, request: "GET /hair-color-trends-2025-for-women-over-40/amp/ HTTP/2.0", upstream: "https://192.145.236.239:8443/hair-color-trends-2025-for-women-over-40/amp/", host: "www.pouted.com", referrer: "https://www.pouted.com/stylish-wardrobe-trends-for-women-over-50-in-2025/amp/"
2025/10/16 14:30:03 [error] 1785366#0: *490 connect() failed (111: Connection refused) while connecting to upstream, client: 47.130.30.119, server: ayaclass.com, request: "GET /store/929/logo/logo%20(1).png HTTP/1.1", upstream: "http://192.145.236.239:8080/store/929/logo/logo%20(1).png", host: "www.ayaclass.com"
2025/10/16 14:30:03 [error] 1785366#0: *489 connect() failed (111: Connection refused) while connecting to upstream, client: 66.249.75.133, server: mrmyst.com, request: "GET /acf/labtsa/io/hacks/nivoxetumugosido.html HTTP/2.0", upstream: "https://192.145.236.239:8443/acf/labtsa/io/hacks/nivoxetumugosido.html", host: "mrmyst.com"
2025/10/16 14:30:04 [error] 1785366#0: *495 connect() failed (111: Connection refused) while connecting to upstream, client: 23.23.103.31, server: ayaclass.com, request: "GET /public/?dir=/usr/include/sepol&edit=/usr/include/sepol/module.h HTTP/1.1", upstream: "http://192.145.236.239:8080/public/?dir=/usr/include/sepol&edit=/usr/include/sepol/module.h", host: "www.ayaclass.com"
2025/10/16 14:30:04 [error] 1785366#0: *494 connect() failed (111: Connection refused) while connecting to upstream, client: 13.218.186.140, server: pouted.com, request: "GET /85-fashionable-work-outfit-ideas-for-fall-winter-2018 HTTP/2.0", upstream: "https://192.145.236.239:8443/85-fashionable-work-outfit-ideas-for-fall-winter-2018", host: "www.pouted.com"
2025/10/16 14:30:05 [error] 1785366#0: *499 connect() failed (111: Connection refused) while connecting to upstream, client: 66.249.64.170, server: pouted.com, request: "GET /eco-friendly-transport/ HTTP/2.0", upstream: "https://192.145.236.239:8443/eco-friendly-transport/", host: "www.pouted.com"
2025/10/16 14:30:07 [error] 1785366#0: *502 connect() failed (111: Connection refused) while connecting to upstream, client: 35.211.166.124, server: pouted.com, request: "GET /ads.txt HTTP/2.0", upstream: "https://192.145.236.239:8443/ads.txt", host: "pouted.com"
2025/10/16 14:30:08 [error] 1785366#0: *504 connect() failed (111: Connection refused) while connecting to upstream, client: 35.211.166.124, server: pouted.com, request: "GET /ads.txt HTTP/2.0", upstream: "https://192.145.236.239:8443/ads.txt", host: "pouted.com"
2025/10/16 14:30:08 [error] 1785366#0: *506 connect() failed (111: Connection refused) while connecting to upstream, client: 100.29.107.38, server: ayaclass.com, request: "GET /?dir=/opt/imh-python/lib/python3.9/site-packages/tempora-5.8.0.dist-info&edit=/opt/imh-python/lib/python3.9/site-packages/tempora-5.8.0.dist-info/LICENSE HTTP/1.1", upstream: "http://192.145.236.239:8080/?dir=/opt/imh-python/lib/python3.9/site-packages/tempora-5.8.0.dist-info&edit=/opt/imh-python/lib/python3.9/site-packages/tempora-5.8.0.dist-info/LICENSE", host: "www.ayaclass.com"
2025/10/16 14:30:08 [error] 1785366#0: *508 connect() failed (111: Connection refused) while connecting to upstream, client: 66.249.64.169, server: pouted.com, request: "GET /tag/old-fashion-trends/ HTTP/2.0", upstream: "https://192.145.236.239:8443/tag/old-fashion-trends/", host: "www.pouted.com"
2025/10/16 14:30:12 [error] 1785366#0: *511 connect() failed (111: Connection refused) while connecting to upstream, client: 98.84.131.195, server: ayaclass.com, request: "GET /public/?dir=/home/ayaclass/.trash/AAA/vendor/razorpay/razorpay/libs/Requests-2.0.4/src/Cookie/.. HTTP/1.1", upstream: "http://192.145.236.239:8080/public/?dir=/home/ayaclass/.trash/AAA/vendor/razorpay/razorpay/libs/Requests-2.0.4/src/Cookie/..", host: "www.ayaclass.com"
2025/10/16 14:30:12 [error] 1785366#0: *513 connect() failed (111: Connection refused) while connecting to upstream, client: 74.125.212.67, server: pouted.com, request: "HEAD /magazine/fashion-designs/feed/ HTTP/2.0", upstream: "https://192.145.236.239:8443/magazine/fashion-designs/feed/", host: "www.pouted.com"
2025/10/16 14:30:12 [error] 1785366#0: *515 connect() failed (111: Connection refused) while connecting to upstream, client: 74.125.212.66, server: pouted.com, request: "GET /magazine/fashion-designs/feed/ HTTP/2.0", upstream: "https://192.145.236.239:8443/magazine/fashion-designs/feed/", host: "www.pouted.com"
2025/10/16 14:30:15 [error] 1785366#0: *487 connect() failed (111: Connection refused) while connecting to upstream, client: 114.119.147.45, server: pouted.com, request: "GET /exclusive-kick-business-higher-level-eben-pagans-courses-tricks/ HTTP/2.0", upstream: "https://192.145.236.239:8443/exclusive-kick-business-higher-level-eben-pagans-courses-tricks/", host: "www.pouted.com", referrer: "https://www.pouted.com/exclusive-set-100000-year-marketing-funnel-six-figure-funnel-formula/"
2025/10/16 14:30:16 [error] 1785366#0: *522 connect() failed (111: Connection refused) while connecting to upstream, client: 3.94.199.128, server: ayaclass.com, request: "GET /public/?dir=/var/softaculous/suitecrm7/php71 HTTP/1.1", upstream: "http://192.145.236.239:8080/public/?dir=/var/softaculous/suitecrm7/php71", host: "www.ayaclass.com"
2025/10/16 14:30:17 [error] 1785366#0: *524 connect() failed (111: Connection refused) while connecting to upstream, client: 127.0.0.1, server: 127.0.0.1, request: "GET /whm-server-status HTTP/1.0", upstream: "http://127.0.0.1:8080/whm-server-status", host: "localhost"
2025/10/16 14:30:20 [error] 1785366#0: *473 connect() failed (111: Connection refused) while connecting to upstream, client: 44.223.193.255, server: ayaclass.com, request: "GET /public/?dir=/opt/imh-python/lib/python3.9/site-packages/libcloud/test/compute/fixtures/gce&edit=/opt/imh-python/lib/python3.9/site-packages/libcloud/test/compute/fixtures/gce/zones_us-central1-a_instances_sn-node-name.json HTTP/1.1", upstream: "http://192.145.236.239:8080/public/?dir=/opt/imh-python/lib/python3.9/site-packages/libcloud/test/compute/fixtures/gce&edit=/opt/imh-python/lib/python3.9/site-packages/libcloud/test/compute/fixtures/gce/zones_us-central1-a_instances_sn-node-name.json", host: "www.ayaclass.com"
2025/10/16 14:30:21 [error] 1785366#0: *530 connect() failed (111: Connection refused) while connecting to upstream, client: 114.119.133.98, server: pouted.com, request: "GET /dog-bed-designs-surprise-you/?amp=1/ HTTP/2.0", upstream: "https://192.145.236.239:8443/dog-bed-designs-surprise-you/?amp=1/", host: "www.pouted.com", referrer: "https://www.pouted.com/dog-bed-designs-surprise-you/?amp=1/"
2025/10/16 14:30:22 [error] 1785366#0: *533 open() "/home/pouted/public_html/wp-content/uploads/2013/10/birds-decorative-candle-block_LRG.jpg" failed (2: No such file or directory), client: 192.222.53.132, server: pouted.com, request: "GET /wp-content/uploads/2013/10/birds-decorative-candle-block_LRG.jpg?x45357 HTTP/2.0", host: "www.pouted.com"
2025/10/16 14:30:22 [error] 1785366#0: *478 connect() failed (111: Connection refused) while connecting to upstream, client: 20.171.207.30, server: pouted.com, request: "GET /wp-content/plugins/wp-smushit/core/external/plugin-notice/assets/images/?C=D;O=A HTTP/2.0", upstream: "https://192.145.236.239:8443/wp-content/plugins/wp-smushit/core/external/plugin-notice/assets/images/?C=D;O=A", host: "www.pouted.com"
2025/10/16 14:30:22 [error] 1785366#0: *535 connect() failed (111: Connection refused) while connecting to upstream, client: 172.213.11.157, server: pouted.com, request: "GET /popular-gel-nail-colors/ HTTP/2.0", upstream: "https://192.145.236.239:8443/popular-gel-nail-colors/", host: "www.pouted.com"
2025/10/16 14:30:23 [error] 1785366#0: *537 connect() failed (111: Connection refused) while connecting to upstream, client: 20.171.207.6, server: ayaclass.com, request: "GET /?dir=%2Fproc&dl=%2Fproc%2F1782060 HTTP/2.0", upstream: "https://192.145.236.239:8443/?dir=%2Fproc&dl=%2Fproc%2F1782060", host: "mail.ayaclass.com"
2025/10/16 14:30:23 [error] 1785366#0: *539 connect() failed (111: Connection refused) while connecting to upstream, client: 172.213.11.146, server: pouted.com, request: "GET /popular-gel-nail-colors/ HTTP/2.0", upstream: "https://192.145.236.239:8443/popular-gel-nail-colors/", host: "www.pouted.com"
2025/10/16 14:30:24 [error] 1785366#0: *542 connect() failed (111: Connection refused) while connecting to upstream, client: 3.94.40.182, server: ayaclass.com, request: "GET /public/?dir=/home/ayaclass/.trash/AAA/vendor/psr&edit=/home/ayaclass/.trash/AAA/vendor/psr/event-dispatcher HTTP/1.1", upstream: "http://192.145.236.239:8080/public/?dir=/home/ayaclass/.trash/AAA/vendor/psr&edit=/home/ayaclass/.trash/AAA/vendor/psr/event-dispatcher", host: "www.ayaclass.com"
2025/10/16 14:30:24 [error] 1785366#0: *544 connect() failed (111: Connection refused) while connecting to upstream, client: 172.213.11.158, server: pouted.com, request: "GET /popular-gel-nail-colors/ HTTP/2.0", upstream: "https://192.145.236.239:8443/popular-gel-nail-colors/", host: "www.pouted.com"
2025/10/16 14:30:25 [error] 1785366#0: *546 connect() failed (111: Connection refused) while connecting to upstream, client: 172.213.11.150, server: pouted.com, request: "GET /popular-gel-nail-colors/ HTTP/2.0", upstream: "https://192.145.236.239:8443/popular-gel-nail-colors/", host: "www.pouted.com"
2025/10/16 14:30:26 [error] 1785366#0: *548 connect() failed (111: Connection refused) while connecting to upstream, client: 2.189.5.121, server: pouted.com, request: "GET / HTTP/2.0", upstream: "https://192.145.236.239:8443/", host: "www.pouted.com"
2025/10/16 14:30:27 [error] 1785366#0: *550 connect() failed (111: Connection refused) while connecting to upstream, client: 2.189.5.218, server: pouted.com, request: "GET / HTTP/2.0", upstream: "https://192.145.236.239:8443/", host: "www.pouted.com"
2025/10/16 14:30:27 [error] 1785366#0: *551 connect() failed (111: Connection refused) while connecting to upstream, client: 2.189.5.142, server: pouted.com, request: "GET / HTTP/2.0", upstream: "https://192.145.236.239:8443/", host: "www.pouted.com"
2025/10/16 14:30:27 [error] 1785366#0: *556 connect() failed (111: Connection refused) while connecting to upstream, client: 74.125.215.167, server: intensed.com, request: "HEAD /feed/ HTTP/2.0", upstream: "https://192.249.127.250:8443/feed/", host: "www.intensed.com"
2025/10/16 14:30:28 [error] 1785366#0: *555 connect() failed (111: Connection refused) while connecting to upstream, client: 2.189.5.162, server: pouted.com, request: "GET / HTTP/2.0", upstream: "https://192.145.236.239:8443/", host: "www.pouted.com"
2025/10/16 14:30:28 [error] 1785366#0: *559 connect() failed (111: Connection refused) while connecting to upstream, client: 52.6.232.201, server: ayaclass.com, request: "GET /?dir=/opt/imh-python/lib/python3.9/site-packages&dl=/opt/imh-python/lib/python3.9/site-packages/chardet HTTP/1.1", upstream: "http://192.145.236.239:8080/?dir=/opt/imh-python/lib/python3.9/site-packages&dl=/opt/imh-python/lib/python3.9/site-packages/chardet", host: "www.ayaclass.com"
2025/10/16 14:30:28 [error] 1785366#0: *561 connect() failed (111: Connection refused) while connecting to upstream, client: 74.125.215.165, server: intensed.com, request: "GET /feed/ HTTP/2.0", upstream: "https://192.249.127.250:8443/feed/", host: "www.intensed.com"
2025/10/16 14:30:30 [error] 1785366#0: *564 connect() failed (111: Connection refused) while connecting to upstream, client: 136.243.94.152, server: pouted.com, request: "GET /magazine/fashion-designs/women-fashion/feed/ HTTP/2.0", upstream: "https://192.145.236.239:8443/magazine/fashion-designs/women-fashion/feed/", host: "www.pouted.com"
2025/10/16 14:30:31 [error] 1785366#0: *566 connect() failed (111: Connection refused) while connecting to upstream, client: 114.119.144.200, server: pouted.com, request: "GET /creative-designs-living-rooms/amp HTTP/2.0", upstream: "https://192.145.236.239:8443/creative-designs-living-rooms/amp", host: "www.pouted.com", referrer: "https://www.pouted.com/creative-designs-living-rooms/amp/"
