2025/10/16 14:40:46 [error] 1785366#0: *1953 connect() failed (111: Connection refused) while connecting to upstream, client: 216.244.66.248, server: pouted.com, request: "GET /tag/best-eye-makeup-application-for-over-50/ HTTP/2.0", upstream: "https://192.145.236.239:8443/tag/best-eye-makeup-application-for-over-50/", host: "www.pouted.com"
2025/10/16 14:40:48 [error] 1785366#0: *1955 connect() failed (111: Connection refused) while connecting to upstream, client: 52.167.144.167, server: ayaclass.com, request: "GET /products/14899654/ HTTP/1.1", upstream: "http://192.145.236.239:8080/products/14899654/", host: "www.ayaclass.com"
2025/10/16 14:40:48 [error] 1785366#0: *1957 connect() failed (111: Connection refused) while connecting to upstream, client: 18.204.152.114, server: ayaclass.com, request: "GET /?dir=/sys/devices/system/cpu/cpu0&edit=/sys/devices/system/cpu/cpu0/.. HTTP/1.1", upstream: "http://192.145.236.239:8080/?dir=/sys/devices/system/cpu/cpu0&edit=/sys/devices/system/cpu/cpu0/..", host: "www.ayaclass.com"
2025/10/16 14:40:49 [error] 1785366#0: *1955 connect() failed (111: Connection refused) while connecting to upstream, client: 52.167.144.167, server: ayaclass.com, request: "GET /products/21817676/ HTTP/1.1", upstream: "http://192.145.236.239:8080/products/21817676/", host: "www.ayaclass.com"
2025/10/16 14:40:51 [error] 1785366#0: *1961 open() "/home/pouted/public_html/wp-content/uploads/2013/08/modern-kids-bathroom.jpg" failed (2: No such file or directory), client: 43.156.229.182, server: pouted.com, request: "GET /wp-content/uploads/2013/08/modern-kids-bathroom.jpg?x44527 HTTP/2.0", host: "www.pouted.com"
2025/10/16 14:40:51 [error] 1785366#0: *1962 connect() failed (111: Connection refused) while connecting to upstream, client: 66.249.64.168, server: pouted.com, request: "GET /tag/traveling-on-a-budget/ HTTP/2.0", upstream: "https://192.145.236.239:8443/tag/traveling-on-a-budget/", host: "www.pouted.com"
2025/10/16 14:40:52 [error] 1785366#0: *1964 connect() failed (111: Connection refused) while connecting to upstream, client: 8.217.168.144, server: pouted.com, request: "GET /tag/watch-brands/ HTTP/2.0", upstream: "https://192.145.236.239:8443/tag/watch-brands/", host: "www.pouted.com"
2025/10/16 14:40:53 [error] 1785366#0: *1967 connect() failed (111: Connection refused) while connecting to upstream, client: 18.204.152.114, server: ayaclass.com, request: "GET /public/?dir=/usr/lib/python3.6/site-packages/dnf/cli/commands/__pycache__&edit=/usr/lib/python3.6/site-packages/dnf/cli/commands/__pycache__/mark.cpython-36.opt-1.pyc HTTP/1.1", upstream: "http://192.145.236.239:8080/public/?dir=/usr/lib/python3.6/site-packages/dnf/cli/commands/__pycache__&edit=/usr/lib/python3.6/site-packages/dnf/cli/commands/__pycache__/mark.cpython-36.opt-1.pyc", host: "www.ayaclass.com"
2025/10/16 14:40:55 [error] 1785366#0: *1972 connect() failed (111: Connection refused) while connecting to upstream, client: 2a03:2880:31ff:7::, server: pouted.com, request: "GET /top-mens-fashion-for-2025/ HTTP/2.0", upstream: "https://192.145.236.239:8443/top-mens-fashion-for-2025/", host: "www.pouted.com"
2025/10/16 14:40:56 [error] 1785366#0: *1976 connect() failed (111: Connection refused) while connecting to upstream, client: 52.204.71.8, server: ayaclass.com, request: "GET /?dir=/opt/imh-python/lib/python3.9/site-packages/astroid/brain/__pycache__&dl=/opt/imh-python/lib/python3.9/site-packages/astroid/brain/__pycache__/brain_hypothesis.cpython-39.pyc HTTP/1.1", upstream: "http://192.145.236.239:8080/?dir=/opt/imh-python/lib/python3.9/site-packages/astroid/brain/__pycache__&dl=/opt/imh-python/lib/python3.9/site-packages/astroid/brain/__pycache__/brain_hypothesis.cpython-39.pyc", host: "www.ayaclass.com"
2025/10/16 14:40:58 [error] 1785366#0: *1915 connect() failed (111: Connection refused) while connecting to upstream, client: 20.171.207.30, server: pouted.com, request: "GET /wp-content/plugins/wpforms-lite/vendor_prefixed/symfony/?C=M;O=A HTTP/2.0", upstream: "https://192.145.236.239:8443/wp-content/plugins/wpforms-lite/vendor_prefixed/symfony/?C=M;O=A", host: "www.pouted.com"
2025/10/16 14:40:58 [error] 1785366#0: *1978 connect() failed (111: Connection refused) while connecting to upstream, client: 166.108.233.218, server: pouted.com, request: "GET /best-annie-fensterstock-jewelry-designs-reviews/amp HTTP/2.0", upstream: "https://192.145.236.239:8443/best-annie-fensterstock-jewelry-designs-reviews/amp", host: "pouted.com", referrer: "https://pouted.com/best-annie-fensterstock-jewelry-designs-reviews/amp"
2025/10/16 14:40:59 [error] 1785366#0: *1967 connect() failed (111: Connection refused) while connecting to upstream, client: 185.191.171.12, server: ayaclass.com, request: "GET /?a=29597115 HTTP/1.1", upstream: "http://192.145.236.239:8080/?a=29597115", host: "www.ayaclass.com"
2025/10/16 14:40:59 [error] 1785366#0: *1915 connect() failed (111: Connection refused) while connecting to upstream, client: 2a03:2880:3ff:50::, server: pouted.com, request: "GET /kids-fashion-trends-2025/ HTTP/2.0", upstream: "https://192.145.236.239:8443/kids-fashion-trends-2025/", host: "www.pouted.com"
2025/10/16 14:41:00 [error] 1785366#0: *1901 connect() failed (111: Connection refused) while connecting to upstream, client: 44.215.210.112, server: ayaclass.com, request: "GET /public/?dir=/home/ayaclass/public_html/vendor/paypal/rest-api-sdk-php&edit=/home/ayaclass/public_html/vendor/paypal/rest-api-sdk-php/composer.json HTTP/1.1", upstream: "http://192.145.236.239:8080/public/?dir=/home/ayaclass/public_html/vendor/paypal/rest-api-sdk-php&edit=/home/ayaclass/public_html/vendor/paypal/rest-api-sdk-php/composer.json", host: "www.ayaclass.com"
2025/10/16 14:41:01 [error] 1785366#0: *1984 connect() failed (111: Connection refused) while connecting to upstream, client: 2.189.5.162, server: pouted.com, request: "GET / HTTP/2.0", upstream: "https://192.145.236.239:8443/", host: "www.pouted.com"
2025/10/16 14:41:03 [error] 1785366#0: *1986 open() "/home/pouted/public_html/wp-content/uploads/2013/07/cloud.png" failed (2: No such file or directory), client: 3.139.225.206, server: pouted.com, request: "GET /wp-content/uploads/2013/07/cloud.png?x44527 HTTP/2.0", host: "www.pouted.com"
2025/10/16 14:41:05 [error] 1785366#0: *1925 connect() failed (111: Connection refused) while connecting to upstream, client: 100.29.34.97, server: ayaclass.com, request: "GET /?dir=/opt/cpanel/ea-openssl11/share/doc/openssl/html/man3&dl=/opt/cpanel/ea-openssl11/share/doc/openssl/html/man3/EVP_aes_192_ctr.html HTTP/1.1", upstream: "http://192.145.236.239:8080/?dir=/opt/cpanel/ea-openssl11/share/doc/openssl/html/man3&dl=/opt/cpanel/ea-openssl11/share/doc/openssl/html/man3/EVP_aes_192_ctr.html", host: "www.ayaclass.com"
2025/10/16 14:41:06 [error] 1785366#0: *1990 connect() failed (111: Connection refused) while connecting to upstream, client: 20.171.207.135, server: ayaclass.com, request: "GET /?dir=%2Fproc&dl=%2Fproc%2F1453972 HTTP/1.1", upstream: "http://192.145.236.239:8080/?dir=%2Fproc&dl=%2Fproc%2F1453972", host: "www.ayaclass.com"
2025/10/16 14:41:06 [error] 1785366#0: *1988 connect() failed (111: Connection refused) while connecting to upstream, client: 2a03:2880:31ff:47::, server: pouted.com, request: "GET /best-actresses-in-2025/ HTTP/2.0", upstream: "https://192.145.236.239:8443/best-actresses-in-2025/", host: "www.pouted.com"
2025/10/16 14:41:06 [error] 1785366#0: *1989 connect() failed (111: Connection refused) while connecting to upstream, client: 8.217.212.39, server: pouted.com, request: "GET /wp-json/oembed/1.0/embed?url=https%3A%2F%2Fwww.pouted.com%2Fforex-bulletproof-2-0-patented-striker-technology%2F&format=xml HTTP/2.0", upstream: "https://192.145.236.239:8443/wp-json/oembed/1.0/embed?url=https%3A%2F%2Fwww.pouted.com%2Fforex-bulletproof-2-0-patented-striker-technology%2F&format=xml", host: "www.pouted.com"
2025/10/16 14:41:09 [error] 1785366#0: *1967 connect() failed (111: Connection refused) while connecting to upstream, client: 52.200.54.136, server: ayaclass.com, request: "GET /public/?dir=/opt/imh-python/lib/python3.9/site-packages/pyroute2/config&dl=/opt/imh-python/lib/python3.9/site-packages/pyroute2/config/test_platform.py HTTP/1.1", upstream: "http://192.145.236.239:8080/public/?dir=/opt/imh-python/lib/python3.9/site-packages/pyroute2/config&dl=/opt/imh-python/lib/python3.9/site-packages/pyroute2/config/test_platform.py", host: "www.ayaclass.com"
2025/10/16 14:41:13 [error] 1785366#0: *1955 connect() failed (111: Connection refused) while connecting to upstream, client: 44.210.213.220, server: ayaclass.com, request: "GET /?dir=/home/ayaclass/.trash/AAA/vendor/google/apiclient-services/src/YouTubeReporting&dl=/home/ayaclass/.trash/AAA/vendor/google/apiclient-services/src/YouTubeReporting/GdataDiffChecksumsResponse.php HTTP/1.1", upstream: "http://192.145.236.239:8080/?dir=/home/ayaclass/.trash/AAA/vendor/google/apiclient-services/src/YouTubeReporting&dl=/home/ayaclass/.trash/AAA/vendor/google/apiclient-services/src/YouTubeReporting/GdataDiffChecksumsResponse.php", host: "www.ayaclass.com"
2025/10/16 14:41:14 [error] 1785366#0: *2001 connect() failed (111: Connection refused) while connecting to upstream, client: 8.217.209.113, server: pouted.com, request: "GET /personalized-jewelry-the-meaningful-gift-for-anyone/embed/ HTTP/2.0", upstream: "https://192.145.236.239:8443/personalized-jewelry-the-meaningful-gift-for-anyone/embed/", host: "www.pouted.com"
2025/10/16 14:41:16 [error] 1785366#0: *1915 connect() failed (111: Connection refused) while connecting to upstream, client: 116.179.32.17, server: pouted.com, request: "GET /tag/puffer-coats/ HTTP/2.0", upstream: "https://192.145.236.239:8443/tag/puffer-coats/", host: "www.pouted.com"
2025/10/16 14:41:18 [error] 1785366#0: *2006 connect() failed (111: Connection refused) while connecting to upstream, client: 2a03:2880:f800:48::, server: ayaclass.com, request: "GET /products/754009/ HTTP/1.1", upstream: "http://192.145.236.239:8080/products/754009/", host: "www.ayaclass.com"
2025/10/16 14:41:19 [error] 1785366#0: *2008 connect() failed (111: Connection refused) while connecting to upstream, client: 23.21.179.120, server: ayaclass.com, request: "GET /public/?dir=/opt/imh-python/lib/python3.9/site-packages/openstack/load_balancer/v2/__pycache__&edit=/opt/imh-python/lib/python3.9/site-packages/openstack/load_balancer/v2/__pycache__/provider.cpython-39.pyc HTTP/1.1", upstream: "http://192.145.236.239:8080/public/?dir=/opt/imh-python/lib/python3.9/site-packages/openstack/load_balancer/v2/__pycache__&edit=/opt/imh-python/lib/python3.9/site-packages/openstack/load_balancer/v2/__pycache__/provider.cpython-39.pyc", host: "www.ayaclass.com"
2025/10/16 14:41:20 [error] 1785366#0: *1955 connect() failed (111: Connection refused) while connecting to upstream, client: 3.218.35.239, server: ayaclass.com, request: "GET /?dir=/home/ayaclass/.trash/AAA/vendor/aws/aws-sdk-php/src/data/kendra-ranking/2022-10-19 HTTP/1.1", upstream: "http://192.145.236.239:8080/?dir=/home/ayaclass/.trash/AAA/vendor/aws/aws-sdk-php/src/data/kendra-ranking/2022-10-19", host: "www.ayaclass.com"
2025/10/16 14:41:20 [error] 1785366#0: *2010 connect() failed (111: Connection refused) while connecting to upstream, client: 2a03:2880:22ff:42::, server: pouted.com, request: "GET /best-white-mens-hairstyles/ HTTP/2.0", upstream: "https://192.145.236.239:8443/best-white-mens-hairstyles/", host: "www.pouted.com"
2025/10/16 14:41:21 [error] 1785366#0: *2013 connect() failed (111: Connection refused) while connecting to upstream, client: 8.217.190.205, server: pouted.com, request: "GET /tag/stop-jealousy/feed/ HTTP/2.0", upstream: "https://192.145.236.239:8443/tag/stop-jealousy/feed/", host: "www.pouted.com"
2025/10/16 14:41:22 [error] 1785366#0: *2015 connect() failed (111: Connection refused) while connecting to upstream, client: 52.230.164.184, server: pouted.com, request: "GET /top-10-famous-wrestlers-wwe/ HTTP/2.0", upstream: "https://192.145.236.239:8443/top-10-famous-wrestlers-wwe/", host: "www.pouted.com"
2025/10/16 14:41:22 [error] 1785366#0: *2017 connect() failed (111: Connection refused) while connecting to upstream, client: 52.230.164.181, server: pouted.com, request: "GET /top-10-famous-wrestlers-wwe/ HTTP/2.0", upstream: "https://192.145.236.239:8443/top-10-famous-wrestlers-wwe/", host: "www.pouted.com"
2025/10/16 14:41:23 [error] 1785366#0: *2019 connect() failed (111: Connection refused) while connecting to upstream, client: 52.230.164.186, server: pouted.com, request: "GET /top-10-famous-wrestlers-wwe/ HTTP/2.0", upstream: "https://192.145.236.239:8443/top-10-famous-wrestlers-wwe/", host: "www.pouted.com"
2025/10/16 14:41:23 [error] 1785366#0: *2021 connect() failed (111: Connection refused) while connecting to upstream, client: 52.230.164.188, server: pouted.com, request: "GET /top-10-famous-wrestlers-wwe/ HTTP/2.0", upstream: "https://192.145.236.239:8443/top-10-famous-wrestlers-wwe/", host: "www.pouted.com"
2025/10/16 14:41:24 [error] 1785366#0: *2023 open() "/home/pouted/public_html/wp-content/uploads/2013/11/e9dbd7a6-1581-48bc-8d47-843c262b94ad.jpg.500_0.jpg" failed (2: No such file or directory), client: 94.74.82.169, server: pouted.com, request: "GET /wp-content/uploads/2013/11/e9dbd7a6-1581-48bc-8d47-843c262b94ad.jpg.500_0.jpg?x44527 HTTP/2.0", host: "www.pouted.com"
2025/10/16 14:41:24 [error] 1785366#0: *1967 connect() failed (111: Connection refused) while connecting to upstream, client: 3.232.39.98, server: ayaclass.com, request: "GET /public/?dir=/usr/share/locale&dl=/usr/share/locale/kum HTTP/1.1", upstream: "http://192.145.236.239:8080/public/?dir=/usr/share/locale&dl=/usr/share/locale/kum", host: "www.ayaclass.com"
2025/10/16 14:41:26 [error] 1785366#0: *2028 connect() failed (111: Connection refused) while connecting to upstream, client: 24.45.140.158, server: pouted.com, request: "GET /haircuts-for-women-over-50/ HTTP/2.0", upstream: "https://192.145.236.239:8443/haircuts-for-women-over-50/", host: "www.pouted.com", referrer: "https://www.google.com/"
2025/10/16 14:41:28 [error] 1785366#0: *2030 connect() failed (111: Connection refused) while connecting to upstream, client: 47.128.23.101, server: pouted.com, request: "GET /interview-with-pacifichost-company/ HTTP/2.0", upstream: "https://192.145.236.239:8443/interview-with-pacifichost-company/", host: "www.pouted.com"
2025/10/16 14:41:29 [error] 1785366#0: *2034 connect() failed (111: Connection refused) while connecting to upstream, client: 98.84.200.43, server: ayaclass.com, request: "GET /?dir=/usr/share/zoneinfo/right/America&dl=/usr/share/zoneinfo/right/America/Maceio HTTP/1.1", upstream: "http://192.145.236.239:8080/?dir=/usr/share/zoneinfo/right/America&dl=/usr/share/zoneinfo/right/America/Maceio", host: "www.ayaclass.com"
2025/10/16 14:41:29 [error] 1785366#0: *2033 connect() failed (111: Connection refused) while connecting to upstream, client: 8.217.211.252, server: pouted.com, request: "GET /easy-summer-party-food-ideas-dishes/embed/ HTTP/2.0", upstream: "https://192.145.236.239:8443/easy-summer-party-food-ideas-dishes/embed/", host: "www.pouted.com"
2025/10/16 14:41:32 [error] 1785366#0: *2013 connect() failed (111: Connection refused) while connecting to upstream, client: 8.217.211.252, server: pouted.com, request: "GET /wp-json/wp/v2/tags/13535 HTTP/2.0", upstream: "https://192.145.236.239:8443/wp-json/wp/v2/tags/13535", host: "www.pouted.com"
2025/10/16 14:41:33 [error] 1785366#0: *1925 connect() failed (111: Connection refused) while connecting to upstream, client: 52.73.6.26, server: ayaclass.com, request: "GET /public/?dir=/usr/lib64/python3.6/site-packages/cryptography/hazmat/primitives/asymmetric/__pycache__&dl=/usr/lib64/python3.6/site-packages/cryptography/hazmat/primitives/asymmetric/__pycache__/x25519.cpython-36.pyc HTTP/1.1", upstream: "http://192.145.236.239:8080/public/?dir=/usr/lib64/python3.6/site-packages/cryptography/hazmat/primitives/asymmetric/__pycache__&dl=/usr/lib64/python3.6/site-packages/cryptography/hazmat/primitives/asymmetric/__pycache__/x25519.cpython-36.pyc", host: "www.ayaclass.com"
2025/10/16 14:41:35 [error] 1785366#0: *2040 open() "/home/pouted/public_html/wp-content/uploads/2014/06/15099858broochbouquet6.jpg" failed (2: No such file or directory), client: 131.111.184.51, server: pouted.com, request: "GET /wp-content/uploads/2014/06/15099858broochbouquet6.jpg?x44527 HTTP/2.0", host: "www.pouted.com"
2025/10/16 14:41:37 [error] 1785366#0: *2043 open() "/home/pouted/public_html/wp-content/uploads/2013/02/11101.jpg" failed (2: No such file or directory), client: 192.0.101.216, server: pouted.com, request: "GET /wp-content/uploads/2013/02/11101.jpg HTTP/2.0", host: "www.pouted.com"
2025/10/16 14:41:37 [error] 1785366#0: *2001 connect() failed (111: Connection refused) while connecting to upstream, client: 8.217.209.88, server: pouted.com, request: "GET /tag/hunting-dogs/feed/ HTTP/2.0", upstream: "https://192.145.236.239:8443/tag/hunting-dogs/feed/", host: "www.pouted.com"
2025/10/16 14:41:37 [error] 1785366#0: *2045 connect() failed (111: Connection refused) while connecting to upstream, client: 50.19.221.48, server: ayaclass.com, request: "GET /public/?dir=/home/ayaclass/public_html/vendor/league/commonmark/src&edit=/home/ayaclass/public_html/vendor/league/commonmark/src/Util HTTP/1.1", upstream: "http://192.145.236.239:8080/public/?dir=/home/ayaclass/public_html/vendor/league/commonmark/src&edit=/home/ayaclass/public_html/vendor/league/commonmark/src/Util", host: "www.ayaclass.com"
2025/10/16 14:41:38 [error] 1785366#0: *2047 open() "/home/pouted/public_html/wp-content/uploads/2018/12/3CT-Super-Pure-18K-White-Gold-Diamond-Engagement-Ring-18K-Gold-Jewelry-Ring-AU750-Gold-Women-675x675.jpg" failed (2: No such file or directory), client: 43.156.229.182, server: pouted.com, request: "GET /wp-content/uploads/2018/12/3CT-Super-Pure-18K-White-Gold-Diamond-Engagement-Ring-18K-Gold-Jewelry-Ring-AU750-Gold-Women-675x675.jpg?x45357 HTTP/2.0", host: "www.pouted.com"
2025/10/16 14:41:39 [error] 1785366#0: *2049 connect() failed (111: Connection refused) while connecting to upstream, client: 52.167.144.167, server: ayaclass.com, request: "GET /products/20619543/ HTTP/1.1", upstream: "http://192.145.236.239:8080/products/20619543/", host: "www.ayaclass.com"
2025/10/16 14:41:39 [error] 1785366#0: *2051 connect() failed (111: Connection refused) while connecting to upstream, client: 2a03:2880:f800:2f::, server: pouted.com, request: "GET /ceiling-design-ideas-for-living-room/?amp=1 HTTP/2.0", upstream: "https://192.145.236.239:8443/ceiling-design-ideas-for-living-room/?amp=1", host: "www.pouted.com"
2025/10/16 14:41:40 [error] 1785366#0: *2049 connect() failed (111: Connection refused) while connecting to upstream, client: 52.167.144.167, server: ayaclass.com, request: "GET /products/29101021/ HTTP/1.1", upstream: "http://192.145.236.239:8080/products/29101021/", host: "www.ayaclass.com"
2025/10/16 14:41:40 [error] 1785366#0: *1925 connect() failed (111: Connection refused) while connecting to upstream, client: 54.145.82.217, server: ayaclass.com, request: "GET /?dir=/home/ayaclass/public_html/vendor/google/apiclient-services/src/CloudSecurityToken&edit=/home/ayaclass/public_html/vendor/google/apiclient-services/src/CloudSecurityToken/GoogleIdentityStsV1betaOptions.php HTTP/1.1", upstream: "http://192.145.236.239:8080/?dir=/home/ayaclass/public_html/vendor/google/apiclient-services/src/CloudSecurityToken&edit=/home/ayaclass/public_html/vendor/google/apiclient-services/src/CloudSecurityToken/GoogleIdentityStsV1betaOptions.php", host: "www.ayaclass.com"
2025/10/16 14:41:41 [error] 1785366#0: *2055 connect() failed (111: Connection refused) while connecting to upstream, client: 2.189.5.118, server: pouted.com, request: "GET / HTTP/2.0", upstream: "https://192.145.236.239:8443/", host: "www.pouted.com"
2025/10/16 14:41:44 [error] 1785366#0: *2058 connect() failed (111: Connection refused) while connecting to upstream, client: 8.217.209.113, server: pouted.com, request: "GET /tag/2025-makeup-trends/ HTTP/2.0", upstream: "https://192.145.236.239:8443/tag/2025-makeup-trends/", host: "www.pouted.com"
2025/10/16 14:41:45 [error] 1785366#0: *2060 connect() failed (111: Connection refused) while connecting to upstream, client: 98.82.39.241, server: ayaclass.com, request: "GET /?dir=/home/ayaclass/.trash/AAA/vendor/google/apiclient-services/src/Cloudchannel&dl=/home/ayaclass/.trash/AAA/vendor/google/apiclient-services/src/Cloudchannel/GoogleLongrunningListOperationsResponse.php HTTP/1.1", upstream: "http://192.145.236.239:8080/?dir=/home/ayaclass/.trash/AAA/vendor/google/apiclient-services/src/Cloudchannel&dl=/home/ayaclass/.trash/AAA/vendor/google/apiclient-services/src/Cloudchannel/GoogleLongrunningListOperationsResponse.php", host: "www.ayaclass.com"
2025/10/16 14:41:46 [error] 1785366#0: *2063 connect() failed (111: Connection refused) while connecting to upstream, client: 20.171.207.6, server: ayaclass.com, request: "GET /?dir=%2Fproc&dl=%2Fproc%2F1782031 HTTP/2.0", upstream: "https://192.145.236.239:8443/?dir=%2Fproc&dl=%2Fproc%2F1782031", host: "mail.ayaclass.com"
2025/10/16 14:41:48 [error] 1785366#0: *2065 connect() failed (111: Connection refused) while connecting to upstream, client: 127.0.0.1, server: 127.0.0.1, request: "GET /whm-server-status HTTP/1.0", upstream: "http://127.0.0.1:8080/whm-server-status", host: "localhost"
2025/10/16 14:41:48 [error] 1785366#0: *2067 connect() failed (111: Connection refused) while connecting to upstream, client: 2605:b100:100:9999:0:19:b327:2501, server: pouted.com, request: "GET /best-actresses-in-2025/ HTTP/2.0", upstream: "https://192.145.236.239:8443/best-actresses-in-2025/", host: "www.pouted.com", referrer: "https://duckduckgo.com/"
2025/10/16 14:41:48 [error] 1785366#0: *2058 connect() failed (111: Connection refused) while connecting to upstream, client: 8.217.151.41, server: pouted.com, request: "GET /wp-json/wp/v2/tags/5951 HTTP/2.0", upstream: "https://192.145.236.239:8443/wp-json/wp/v2/tags/5951", host: "www.pouted.com"
2025/10/16 14:41:49 [error] 1785366#0: *2070 connect() failed (111: Connection refused) while connecting to upstream, client: 66.249.64.170, server: pouted.com, request: "GET /46-fabulous-wedding-dresses-for-muslim-brides-2016/amp/ HTTP/2.0", upstream: "https://192.145.236.239:8443/46-fabulous-wedding-dresses-for-muslim-brides-2016/amp/", host: "www.pouted.com"
2025/10/16 14:41:50 [error] 1785366#0: *1955 connect() failed (111: Connection refused) while connecting to upstream, client: 100.27.153.9, server: ayaclass.com, request: "GET /public/?dir=/opt/imh/python3.13/lib/python3.13/asyncio&dl=/opt/imh/python3.13/lib/python3.13/asyncio/runners.py HTTP/1.1", upstream: "http://192.145.236.239:8080/public/?dir=/opt/imh/python3.13/lib/python3.13/asyncio&dl=/opt/imh/python3.13/lib/python3.13/asyncio/runners.py", host: "www.ayaclass.com"
2025/10/16 14:41:50 [error] 1785366#0: *2033 connect() failed (111: Connection refused) while connecting to upstream, client: 8.217.209.88, server: pouted.com, request: "GET /tag/upcoming-jewelry-trends/feed/ HTTP/2.0", upstream: "https://192.145.236.239:8443/tag/upcoming-jewelry-trends/feed/", host: "www.pouted.com"
2025/10/16 14:41:52 [error] 1785366#0: *2075 connect() failed (111: Connection refused) while connecting to upstream, client: 47.128.96.140, server: pouted.com, request: "GET /jvs-establish-successful-profitable-relationships-top-partners/amp/ HTTP/2.0", upstream: "https://192.145.236.239:8443/jvs-establish-successful-profitable-relationships-top-partners/amp/", host: "www.pouted.com"
2025/10/16 14:41:54 [error] 1785366#0: *1925 connect() failed (111: Connection refused) while connecting to upstream, client: 18.205.127.11, server: ayaclass.com, request: "GET /public/?dir=/opt/imh-python/lib/python3.9/site-packages/tzdata/zoneinfo/Etc&dl=/opt/imh-python/lib/python3.9/site-packages/tzdata/zoneinfo/Etc/Greenwich HTTP/1.1", upstream: "http://192.145.236.239:8080/public/?dir=/opt/imh-python/lib/python3.9/site-packages/tzdata/zoneinfo/Etc&dl=/opt/imh-python/lib/python3.9/site-packages/tzdata/zoneinfo/Etc/Greenwich", host: "www.ayaclass.com"
2025/10/16 14:41:55 [error] 1785366#0: *2001 connect() failed (111: Connection refused) while connecting to upstream, client: 8.210.50.177, server: pouted.com, request: "GET /tag/living-room-stickers/feed/ HTTP/2.0", upstream: "https://192.145.236.239:8443/tag/living-room-stickers/feed/", host: "www.pouted.com"
2025/10/16 14:41:57 [error] 1785366#0: *2058 connect() failed (111: Connection refused) while connecting to upstream, client: 8.217.212.62, server: pouted.com, request: "GET /wp-json/oembed/1.0/embed?url=https%3A%2F%2Fwww.pouted.com%2Fbest-winter-perfumes%2F HTTP/2.0", upstream: "https://192.145.236.239:8443/wp-json/oembed/1.0/embed?url=https%3A%2F%2Fwww.pouted.com%2Fbest-winter-perfumes%2F", host: "www.pouted.com"
2025/10/16 14:41:57 [error] 1785366#0: *2086 connect() failed (111: Connection refused) while connecting to upstream, client: 2a03:2880:3ff:42::, server: pouted.com, request: "GET /top-mens-fashion-for-2025/ HTTP/2.0", upstream: "https://192.145.236.239:8443/top-mens-fashion-for-2025/", host: "www.pouted.com"
2025/10/16 14:41:57 [error] 1785366#0: *2088 connect() failed (111: Connection refused) while connecting to upstream, client: 107.20.255.194, server: ayaclass.com, request: "GET /?dir=/etc/fonts/conf.d&dl=/etc/fonts/conf.d/61-urw-p052.conf HTTP/1.1", upstream: "http://192.145.236.239:8080/?dir=/etc/fonts/conf.d&dl=/etc/fonts/conf.d/61-urw-p052.conf", host: "www.ayaclass.com"
2025/10/16 14:41:58 [error] 1785366#0: *2091 connect() failed (111: Connection refused) while connecting to upstream, client: 116.179.32.207, server: pouted.com, request: "GET /rustic-style-bedroom/ HTTP/2.0", upstream: "https://192.145.236.239:8443/rustic-style-bedroom/", host: "www.pouted.com"
2025/10/16 14:41:59 [error] 1785366#0: *2097 connect() failed (111: Connection refused) while connecting to upstream, client: 8.217.174.156, server: pouted.com, request: "GET /?p=283 HTTP/2.0", upstream: "https://192.145.236.239:8443/?p=283", host: "www.pouted.com"
2025/10/16 14:42:00 [error] 1785366#0: *2045 connect() failed (111: Connection refused) while connecting to upstream, client: 52.54.15.103, server: ayaclass.com, request: "GET /?dir=/usr/lib64/python3.6/lib2to3/fixes/__pycache__&edit=/usr/lib64/python3.6/lib2to3/fixes/__pycache__/fix_intern.cpython-36.opt-1.pyc HTTP/1.1", upstream: "http://192.145.236.239:8080/?dir=/usr/lib64/python3.6/lib2to3/fixes/__pycache__&edit=/usr/lib64/python3.6/lib2to3/fixes/__pycache__/fix_intern.cpython-36.opt-1.pyc", host: "www.ayaclass.com"
2025/10/16 14:42:00 [error] 1785366#0: *2100 connect() failed (111: Connection refused) while connecting to upstream, client: 20.171.207.30, server: pouted.com, request: "GET /wp-content/plugins/wpforms-lite/assets/js/admin/builder/themes/modules/?C=S;O=A HTTP/2.0", upstream: "https://192.145.236.239:8443/wp-content/plugins/wpforms-lite/assets/js/admin/builder/themes/modules/?C=S;O=A", host: "www.pouted.com"
2025/10/16 14:42:01 [error] 1785366#0: *2033 connect() failed (111: Connection refused) while connecting to upstream, client: 8.217.210.85, server: pouted.com, request: "GET /smart-cities-of-the-future/embed/ HTTP/2.0", upstream: "https://192.145.236.239:8443/smart-cities-of-the-future/embed/", host: "www.pouted.com"
2025/10/16 14:42:01 [error] 1785366#0: *2104 connect() failed (111: Connection refused) while connecting to upstream, client: 185.191.171.11, server: ayaclass.com, request: "GET /?a=16112515 HTTP/1.1", upstream: "http://192.145.236.239:8080/?a=16112515", host: "www.ayaclass.com"
2025/10/16 14:42:04 [error] 1785366#0: *2107 connect() failed (111: Connection refused) while connecting to upstream, client: 3.85.77.181, server: pouted.com, request: "GET /best-pure-titanium-cutting-board/ HTTP/2.0", upstream: "https://192.145.236.239:8443/best-pure-titanium-cutting-board/", host: "www.pouted.com"
2025/10/16 14:42:04 [error] 1785366#0: *2109 connect() failed (111: Connection refused) while connecting to upstream, client: 184.73.167.217, server: ayaclass.com, request: "GET /public/?dir=/home/ayaclass/.trash/AAA/vendor/google/apiclient-services/src/Vault&dl=/home/ayaclass/.trash/AAA/vendor/google/apiclient-services/src/Vault/ListSavedQueriesResponse.php HTTP/1.1", upstream: "http://192.145.236.239:8080/public/?dir=/home/ayaclass/.trash/AAA/vendor/google/apiclient-services/src/Vault&dl=/home/ayaclass/.trash/AAA/vendor/google/apiclient-services/src/Vault/ListSavedQueriesResponse.php", host: "www.ayaclass.com"
2025/10/16 14:42:05 [error] 1785366#0: *2111 open() "/home/pouted/public_html/wp-content/uploads/2018/06/Pandora-Jewelry-and-Its-Top-Stores.jpg" failed (2: No such file or directory), client: 8.217.212.139, server: pouted.com, request: "GET /wp-content/uploads/2018/06/Pandora-Jewelry-and-Its-Top-Stores.jpg HTTP/2.0", host: "www.pouted.com"
2025/10/16 14:42:08 [error] 1785366#0: *2114 connect() failed (111: Connection refused) while connecting to upstream, client: 54.225.199.17, server: ayaclass.com, request: "GET /?dir=/var/cache/dnf/wp-toolkit-cpanel-e2f126fc4d32abab&dl=/var/cache/dnf/wp-toolkit-cpanel-e2f126fc4d32abab/packages HTTP/1.1", upstream: "http://192.145.236.239:8080/?dir=/var/cache/dnf/wp-toolkit-cpanel-e2f126fc4d32abab&dl=/var/cache/dnf/wp-toolkit-cpanel-e2f126fc4d32abab/packages", host: "www.ayaclass.com"
2025/10/16 14:42:08 [error] 1785366#0: *2114 connect() failed (111: Connection refused) while connecting to upstream, client: 52.167.144.167, server: ayaclass.com, request: "GET /products/29142109/ HTTP/1.1", upstream: "http://192.145.236.239:8080/products/29142109/", host: "www.ayaclass.com"
2025/10/16 14:42:09 [error] 1785366#0: *2117 open() "/home/pouted/public_html/wp-content/uploads/2014/05/bespoken-spring-summer-2014-collection-002.jpg" failed (2: No such file or directory), client: 3.139.225.206, server: pouted.com, request: "GET /wp-content/uploads/2014/05/bespoken-spring-summer-2014-collection-002.jpg HTTP/2.0", host: "www.pouted.com"
2025/10/16 14:42:10 [error] 1785366#0: *2118 connect() failed (111: Connection refused) while connecting to upstream, client: 8.217.211.134, server: pouted.com, request: "GET /wp-json/wp/v2/tags/12473 HTTP/2.0", upstream: "https://192.145.236.239:8443/wp-json/wp/v2/tags/12473", host: "www.pouted.com"
2025/10/16 14:42:10 [error] 1785366#0: *2120 connect() failed (111: Connection refused) while connecting to upstream, client: 20.171.207.135, server: ayaclass.com, request: "GET /?dir=%2Fproc&dl=%2Fproc%2F1463258 HTTP/1.1", upstream: "http://192.145.236.239:8080/?dir=%2Fproc&dl=%2Fproc%2F1463258", host: "www.ayaclass.com"
2025/10/16 14:42:11 [error] 1785366#0: *2122 connect() failed (111: Connection refused) while connecting to upstream, client: 2a03:2880:31ff:4::, server: pouted.com, request: "GET /the-flexitarian-diet/ HTTP/2.0", upstream: "https://192.145.236.239:8443/the-flexitarian-diet/", host: "www.pouted.com"
2025/10/16 14:42:11 [error] 1785366#0: *2058 connect() failed (111: Connection refused) while connecting to upstream, client: 8.217.213.125, server: pouted.com, request: "GET /tag/waves/feed/ HTTP/2.0", upstream: "https://192.145.236.239:8443/tag/waves/feed/", host: "www.pouted.com"
2025/10/16 14:42:12 [error] 1785366#0: *2088 connect() failed (111: Connection refused) while connecting to upstream, client: 52.167.144.206, server: ayaclass.com, request: "GET /products/11209909/ HTTP/1.1", upstream: "http://192.145.236.239:8080/products/11209909/", host: "www.ayaclass.com"
2025/10/16 14:42:12 [error] 1785366#0: *2126 connect() failed (111: Connection refused) while connecting to upstream, client: 52.167.144.206, server: ayaclass.com, request: "GET /products/1062421/ HTTP/1.1", upstream: "http://192.145.236.239:8080/products/1062421/", host: "www.ayaclass.com"
2025/10/16 14:42:13 [error] 1785366#0: *2129 connect() failed (111: Connection refused) while connecting to upstream, client: 18.205.91.101, server: ayaclass.com, request: "GET /?dir=/home/ayaclass/public_html/vendor/aws/aws-sdk-php/src/DataPipeline&edit=/home/ayaclass/public_html/vendor/aws/aws-sdk-php/src/DataPipeline/Exception HTTP/1.1", upstream: "http://192.145.236.239:8080/?dir=/home/ayaclass/public_html/vendor/aws/aws-sdk-php/src/DataPipeline&edit=/home/ayaclass/public_html/vendor/aws/aws-sdk-php/src/DataPipeline/Exception", host: "www.ayaclass.com"
2025/10/16 14:42:15 [error] 1785366#0: *2132 connect() failed (111: Connection refused) while connecting to upstream, client: 8.217.208.23, server: pouted.com, request: "GET /wp-json/wp/v2/tags/18822 HTTP/2.0", upstream: "https://192.145.236.239:8443/wp-json/wp/v2/tags/18822", host: "www.pouted.com"
2025/10/16 14:42:15 [error] 1785366#0: *2135 open() "/home/pouted/public_html/wp-content/uploads/2013/02/samsung1.jpg" failed (2: No such file or directory), client: 213.217.236.219, server: pouted.com, request: "GET /wp-content/uploads/2013/02/samsung1.jpg?x71148 HTTP/2.0", host: "www.pouted.com", referrer: "https://www.pouted.com/"
2025/10/16 14:42:16 [error] 1785366#0: *2136 connect() failed (111: Connection refused) while connecting to upstream, client: 46.250.168.225, server: pouted.com, request: "GET /become-a-travel-influencer HTTP/2.0", upstream: "https://192.145.236.239:8443/become-a-travel-influencer", host: "pouted.com", referrer: "https://pouted.com/become-a-travel-influencer"
2025/10/16 14:42:16 [error] 1785366#0: *1925 connect() failed (111: Connection refused) while connecting to upstream, client: 34.236.41.241, server: ayaclass.com, request: "GET /public/?dir=/usr/lib64/python3.6/site-packages/samba/netcmd/domain/__pycache__&dl=/usr/lib64/python3.6/site-packages/samba/netcmd/domain/__pycache__/backup.cpython-36.opt-1.pyc HTTP/1.1", upstream: "http://192.145.236.239:8080/public/?dir=/usr/lib64/python3.6/site-packages/samba/netcmd/domain/__pycache__&dl=/usr/lib64/python3.6/site-packages/samba/netcmd/domain/__pycache__/backup.cpython-36.opt-1.pyc", host: "www.ayaclass.com"
2025/10/16 14:42:16 [error] 1785366#0: *2001 connect() failed (111: Connection refused) while connecting to upstream, client: 8.217.191.210, server: pouted.com, request: "GET /startlogic-review/amp/ HTTP/2.0", upstream: "https://192.145.236.239:8443/startlogic-review/amp/", host: "www.pouted.com"
2025/10/16 14:42:17 [error] 1785366#0: *2135 open() "/home/pouted/public_html/wp-content/uploads/2013/06/boss-argued-poll.jpg" failed (2: No such file or directory), client: 43.134.27.196, server: pouted.com, request: "GET /wp-content/uploads/2013/06/boss-argued-poll.jpg?x33143 HTTP/2.0", host: "www.pouted.com"
2025/10/16 14:42:18 [error] 1785366#0: *2001 connect() failed (111: Connection refused) while connecting to upstream, client: 8.217.211.3, server: pouted.com, request: "GET /tag/mike-judge/feed/ HTTP/2.0", upstream: "https://192.145.236.239:8443/tag/mike-judge/feed/", host: "www.pouted.com"
2025/10/16 14:42:20 [error] 1785366#0: *2058 connect() failed (111: Connection refused) while connecting to upstream, client: 8.217.211.31, server: pouted.com, request: "GET /wp-json/wp/v2/tags/17457 HTTP/2.0", upstream: "https://192.145.236.239:8443/wp-json/wp/v2/tags/17457", host: "www.pouted.com"
2025/10/16 14:42:20 [error] 1785366#0: *2142 connect() failed (111: Connection refused) while connecting to upstream, client: 47.128.20.60, server: pouted.com, request: "GET /top-10-most-luxurious-hair-salons-in-the-usa/amp/ HTTP/2.0", upstream: "https://192.145.236.239:8443/top-10-most-luxurious-hair-salons-in-the-usa/amp/", host: "www.pouted.com"
2025/10/16 14:42:21 [error] 1785366#0: *2146 connect() failed (111: Connection refused) while connecting to upstream, client: 52.3.104.214, server: ayaclass.com, request: "GET /public/?dir=/opt/imh-python/lib/python3.9/site-packages/libcloud/test/compute/fixtures/cloudstack&dl=/opt/imh-python/lib/python3.9/site-packages/libcloud/test/compute/fixtures/cloudstack/listServiceOfferings_stoppedvm.json HTTP/1.1", upstream: "http://192.145.236.239:8080/public/?dir=/opt/imh-python/lib/python3.9/site-packages/libcloud/test/compute/fixtures/cloudstack&dl=/opt/imh-python/lib/python3.9/site-packages/libcloud/test/compute/fixtures/cloudstack/listServiceOfferings_stoppedvm.json", host: "www.ayaclass.com"
2025/10/16 14:42:21 [error] 1785366#0: *2148 connect() failed (111: Connection refused) while connecting to upstream, client: 35.188.231.161, server: pouted.com, request: "GET /magazine/interior-designs/feed HTTP/2.0", upstream: "https://192.145.236.239:8443/magazine/interior-designs/feed", host: "www.pouted.com"
2025/10/16 14:42:21 [error] 1785366#0: *2097 connect() failed (111: Connection refused) while connecting to upstream, client: 8.217.211.96, server: pouted.com, request: "GET /wp-json/wp/v2/tags/1050 HTTP/2.0", upstream: "https://192.145.236.239:8443/wp-json/wp/v2/tags/1050", host: "www.pouted.com"
2025/10/16 14:42:22 [error] 1785366#0: *2152 connect() failed (111: Connection refused) while connecting to upstream, client: 40.77.167.52, server: pouted.com, request: "GET /car-hammocks-safe-for-dogs/ HTTP/2.0", upstream: "https://192.145.236.239:8443/car-hammocks-safe-for-dogs/", host: "www.pouted.com"
2025/10/16 14:42:23 [error] 1785366#0: *2058 connect() failed (111: Connection refused) while connecting to upstream, client: 8.217.208.238, server: pouted.com, request: "GET /tag/simple-gifts/feed/ HTTP/2.0", upstream: "https://192.145.236.239:8443/tag/simple-gifts/feed/", host: "www.pouted.com"
2025/10/16 14:42:24 [error] 1785366#0: *2156 connect() failed (111: Connection refused) while connecting to upstream, client: 18.204.89.56, server: ayaclass.com, request: "GET /public/?dir=/home/ayaclass/public_html/vendor/mpdf/mpdf&edit=/home/ayaclass/public_html/vendor/mpdf/mpdf/CREDITS.txt HTTP/1.1", upstream: "http://192.145.236.239:8080/public/?dir=/home/ayaclass/public_html/vendor/mpdf/mpdf&edit=/home/ayaclass/public_html/vendor/mpdf/mpdf/CREDITS.txt", host: "www.ayaclass.com"
2025/10/16 14:42:26 [error] 1785366#0: *2107 connect() failed (111: Connection refused) while connecting to upstream, client: 40.77.167.6, server: pouted.com, request: "GET /tag/gifts-for-her/ HTTP/2.0", upstream: "https://192.145.236.239:8443/tag/gifts-for-her/", host: "www.pouted.com"
2025/10/16 14:42:28 [error] 1785366#0: *2165 connect() failed (111: Connection refused) while connecting to upstream, client: 66.249.72.70, server: ayaclass.com, request: "GET /products/26702443/ HTTP/1.1", upstream: "http://192.145.236.239:8080/products/26702443/", host: "www.ayaclass.com"
2025/10/16 14:42:29 [error] 1785366#0: *2168 connect() failed (111: Connection refused) while connecting to upstream, client: 3.90.73.206, server: ayaclass.com, request: "GET /?dir=/opt/cpanel/ea-php80/root/usr/share/man/man7&dl=/opt/cpanel/ea-php80/root/usr/share/man/man7/.. HTTP/1.1", upstream: "http://192.145.236.239:8080/?dir=/opt/cpanel/ea-php80/root/usr/share/man/man7&dl=/opt/cpanel/ea-php80/root/usr/share/man/man7/..", host: "www.ayaclass.com"
2025/10/16 14:42:31 [error] 1785366#0: *2170 open() "/home/pouted/public_html/wp-content/uploads/2013/06/2013-Audi-Q7-rear-side-view-1500x996.jpg" failed (2: No such file or directory), client: 175.106.108.246, server: pouted.com, request: "GET /wp-content/uploads/2013/06/2013-Audi-Q7-rear-side-view-1500x996.jpg?x45357 HTTP/2.0", host: "www.pouted.com"
2025/10/16 14:42:34 [error] 1785366#0: *2172 connect() failed (111: Connection refused) while connecting to upstream, client: 54.156.124.2, server: ayaclass.com, request: "GET /?dir=/opt/cpanel/ea-php81/root/usr/share&edit=/opt/cpanel/ea-php81/root/usr/share/applications HTTP/1.1", upstream: "http://192.145.236.239:8080/?dir=/opt/cpanel/ea-php81/root/usr/share&edit=/opt/cpanel/ea-php81/root/usr/share/applications", host: "www.ayaclass.com"
2025/10/16 14:42:34 [error] 1785366#0: *2174 connect() failed (111: Connection refused) while connecting to upstream, client: 2a03:2880:f800:46::, server: ayaclass.com, request: "GET /products/19159976/ HTTP/1.1", upstream: "http://192.145.236.239:8080/products/19159976/", host: "www.ayaclass.com"
2025/10/16 14:42:34 [error] 1785366#0: *2176 connect() failed (111: Connection refused) while connecting to upstream, client: 2a03:2880:25ff:4d::, server: pouted.com, request: "GET /13-shocking-secrets-you-dont-know-about-elvis-presley/ HTTP/2.0", upstream: "https://192.145.236.239:8443/13-shocking-secrets-you-dont-know-about-elvis-presley/", host: "www.pouted.com"
2025/10/16 14:42:34 [error] 1785366#0: *2178 connect() failed (111: Connection refused) while connecting to upstream, client: 34.186.45.219, server: pouted.com, request: "GET /magazine/technology/feed HTTP/2.0", upstream: "https://192.145.236.239:8443/magazine/technology/feed", host: "www.pouted.com"
2025/10/16 14:42:37 [error] 1785366#0: *2168 connect() failed (111: Connection refused) while connecting to upstream, client: 98.82.39.241, server: ayaclass.com, request: "GET /public/?dir=/home/ayaclass/public_html/vendor/aws/aws-sdk-php/src&edit=/home/ayaclass/public_html/vendor/aws/aws-sdk-php/src/PinpointEmail HTTP/1.1", upstream: "http://192.145.236.239:8080/public/?dir=/home/ayaclass/public_html/vendor/aws/aws-sdk-php/src&edit=/home/ayaclass/public_html/vendor/aws/aws-sdk-php/src/PinpointEmail", host: "www.ayaclass.com"
2025/10/16 14:42:37 [error] 1785366#0: *2183 open() "/home/pouted/public_html/wp-content/uploads/2013/05/66991922-475x579.jpg" failed (2: No such file or directory), client: 43.156.34.215, server: pouted.com, request: "GET /wp-content/uploads/2013/05/66991922-475x579.jpg HTTP/2.0", host: "www.pouted.com"
2025/10/16 14:42:38 [error] 1785366#0: *2185 connect() failed (111: Connection refused) while connecting to upstream, client: 18.206.181.32, server: pouted.com, request: "GET /holistic-ways-to-fight-stress-and-find-peace/ HTTP/2.0", upstream: "https://192.145.236.239:8443/holistic-ways-to-fight-stress-and-find-peace/", host: "www.pouted.com"
2025/10/16 14:42:40 [error] 1785366#0: *2188 connect() failed (111: Connection refused) while connecting to upstream, client: 44.207.252.58, server: ayaclass.com, request: "GET /?dir=/home/ayaclass/public_html/vendor/google/apiclient-services/src/Datastream&dl=/home/ayaclass/public_html/vendor/google/apiclient-services/src/Datastream/PostgresqlColumn.php HTTP/1.1", upstream: "http://192.145.236.239:8080/?dir=/home/ayaclass/public_html/vendor/google/apiclient-services/src/Datastream&dl=/home/ayaclass/public_html/vendor/google/apiclient-services/src/Datastream/PostgresqlColumn.php", host: "www.ayaclass.com"
2025/10/16 14:42:41 [error] 1785366#0: *2190 connect() failed (111: Connection refused) while connecting to upstream, client: 116.179.32.162, server: pouted.com, request: "GET /tag/washing-cars/ HTTP/2.0", upstream: "https://192.145.236.239:8443/tag/washing-cars/", host: "www.pouted.com"
2025/10/16 14:42:42 [error] 1785366#0: *2132 connect() failed (111: Connection refused) while connecting to upstream, client: 8.217.213.0, server: pouted.com, request: "GET /most-popular-perfumes-for-celebrity-men/amp/ HTTP/2.0", upstream: "https://192.145.236.239:8443/most-popular-perfumes-for-celebrity-men/amp/", host: "www.pouted.com"
2025/10/16 14:42:44 [error] 1785366#0: *2195 connect() failed (111: Connection refused) while connecting to upstream, client: 52.44.174.136, server: ayaclass.com, request: "GET /public/?dir=/opt/imh-python/lib/python3.9/site-packages/cherrypy/__pycache__&dl=/opt/imh-python/lib/python3.9/site-packages/cherrypy/__pycache__/_cpwsgi_server.cpython-39.pyc HTTP/1.1", upstream: "http://192.145.236.239:8080/public/?dir=/opt/imh-python/lib/python3.9/site-packages/cherrypy/__pycache__&dl=/opt/imh-python/lib/python3.9/site-packages/cherrypy/__pycache__/_cpwsgi_server.cpython-39.pyc", host: "www.ayaclass.com"
2025/10/16 14:42:45 [error] 1785366#0: *2178 connect() failed (111: Connection refused) while connecting to upstream, client: 2a03:2880:f800:22::, server: pouted.com, request: "GET /tag/gold-wedding-dresses/ HTTP/2.0", upstream: "https://192.145.236.239:8443/tag/gold-wedding-dresses/", host: "www.pouted.com"
2025/10/16 14:42:45 [error] 1785366#0: *2197 connect() failed (111: Connection refused) while connecting to upstream, client: 40.77.167.6, server: pouted.com, request: "GET /top-25-most-luxurious-rooms-in-world/ HTTP/2.0", upstream: "https://192.145.236.239:8443/top-25-most-luxurious-rooms-in-world/", host: "www.pouted.com"
2025/10/16 14:42:47 [error] 1785366#0: *2201 open() "/home/pouted/public_html/wp-content/uploads/2014/06/25849S-L-GS_Sapphire-Black-Hills-Pendant.jpg" failed (2: No such file or directory), client: 132.195.94.137, server: pouted.com, request: "GET /wp-content/uploads/2014/06/25849S-L-GS_Sapphire-Black-Hills-Pendant.jpg?x45357 HTTP/2.0", host: "www.pouted.com"
2025/10/16 14:42:48 [error] 1785366#0: *2202 connect() failed (111: Connection refused) while connecting to upstream, client: 20.171.207.6, server: ayaclass.com, request: "GET /?dir=%2Fproc&dl=%2Fproc%2F1771530 HTTP/2.0", upstream: "https://192.145.236.239:8443/?dir=%2Fproc&dl=%2Fproc%2F1771530", host: "mail.ayaclass.com"
2025/10/16 14:42:49 [error] 1785366#0: *2172 connect() failed (111: Connection refused) while connecting to upstream, client: 52.167.144.167, server: ayaclass.com, request: "GET /products/23609254/ HTTP/1.1", upstream: "http://192.145.236.239:8080/products/23609254/", host: "www.ayaclass.com"
2025/10/16 14:42:50 [error] 1785366#0: *2206 connect() failed (111: Connection refused) while connecting to upstream, client: 54.84.161.62, server: ayaclass.com, request: "GET /public/?dir=/opt/imh-python/lib/python3.9/site-packages/numpy/distutils&edit=/opt/imh-python/lib/python3.9/site-packages/numpy/distutils/msvccompiler.py HTTP/1.1", upstream: "http://192.145.236.239:8080/public/?dir=/opt/imh-python/lib/python3.9/site-packages/numpy/distutils&edit=/opt/imh-python/lib/python3.9/site-packages/numpy/distutils/msvccompiler.py", host: "www.ayaclass.com"
2025/10/16 14:42:50 [error] 1785366#0: *2208 open() "/home/pouted/public_html/wp-content/uploads/2013/05/Elegant-Alloy-Platinum-plating-Pearl-Swarovski-Crystal-Diamond-Earrings-4332-7519-475x633.jpg" failed (2: No such file or directory), client: 216.86.162.153, server: pouted.com, request: "GET /wp-content/uploads/2013/05/Elegant-Alloy-Platinum-plating-Pearl-Swarovski-Crystal-Diamond-Earrings-4332-7519-475x633.jpg?x71148 HTTP/2.0", host: "www.pouted.com"
2025/10/16 14:42:51 [error] 1785366#0: *2210 open() "/home/pouted/public_html/wp-content/uploads/2015/02/Hummus-Crusted-Chicken.jpg" failed (2: No such file or directory), client: 34.46.209.250, server: pouted.com, request: "GET /wp-content/uploads/2015/02/Hummus-Crusted-Chicken.jpg?x45357 HTTP/2.0", host: "www.pouted.com"
2025/10/16 14:42:53 [error] 1785366#0: *2212 connect() failed (111: Connection refused) while connecting to upstream, client: 40.77.167.52, server: pouted.com, request: "GET /must-have-moments-couple-should-experience/ HTTP/2.0", upstream: "https://192.145.236.239:8443/must-have-moments-couple-should-experience/", host: "www.pouted.com"
2025/10/16 14:42:53 [error] 1785366#0: *2214 connect() failed (111: Connection refused) while connecting to upstream, client: 52.71.216.196, server: ayaclass.com, request: "GET /public/?dir=/opt/imh-python/lib/python3.9/site-packages/IPython/core/magics&dl=/opt/imh-python/lib/python3.9/site-packages/IPython/core/magics/packaging.py HTTP/1.1", upstream: "http://192.145.236.239:8080/public/?dir=/opt/imh-python/lib/python3.9/site-packages/IPython/core/magics&dl=/opt/imh-python/lib/python3.9/site-packages/IPython/core/magics/packaging.py", host: "www.ayaclass.com"
2025/10/16 14:42:54 [error] 1785366#0: *2218 connect() failed (111: Connection refused) while connecting to upstream, client: 8.217.211.252, server: pouted.com, request: "GET /best-indian-recipes/embed/ HTTP/2.0", upstream: "https://192.145.236.239:8443/best-indian-recipes/embed/", host: "www.pouted.com"
2025/10/16 14:42:57 [error] 1785366#0: *2221 connect() failed (111: Connection refused) while connecting to upstream, client: 127.0.0.1, server: 127.0.0.1, request: "GET /whm-server-status HTTP/1.0", upstream: "http://127.0.0.1:8080/whm-server-status", host: "localhost"
2025/10/16 14:42:57 [error] 1785366#0: *2223 connect() failed (111: Connection refused) while connecting to upstream, client: 52.6.97.88, server: ayaclass.com, request: "GET /?dir=/home/ayaclass/public_html/vendor/google/apiclient-services/src/Aiplatform&edit=/home/ayaclass/public_html/vendor/google/apiclient-services/src/Aiplatform/LearningServingLlmLanguageFilterResult.php HTTP/1.1", upstream: "http://192.145.236.239:8080/?dir=/home/ayaclass/public_html/vendor/google/apiclient-services/src/Aiplatform&edit=/home/ayaclass/public_html/vendor/google/apiclient-services/src/Aiplatform/LearningServingLlmLanguageFilterResult.php", host: "www.ayaclass.com"
2025/10/16 14:42:57 [error] 1785366#0: *2197 connect() failed (111: Connection refused) while connecting to upstream, client: 40.77.167.6, server: pouted.com, request: "GET /tag/red-pandas-fur/ HTTP/2.0", upstream: "https://192.145.236.239:8443/tag/red-pandas-fur/", host: "www.pouted.com"
2025/10/16 14:42:59 [error] 1785366#0: *2227 connect() failed (111: Connection refused) while connecting to upstream, client: 66.249.64.169, server: pouted.com, request: "GET /46-fabulous-wedding-dresses-for-muslim-brides-2016/amp/ HTTP/2.0", upstream: "https://192.145.236.239:8443/46-fabulous-wedding-dresses-for-muslim-brides-2016/amp/", host: "www.pouted.com"
