2025/10/16 14:52:36 [error] 1785366#0: *3862 connect() failed (111: Connection refused) while connecting to upstream, client: 179.232.217.41, server: pouted.com, request: "GET /top-comedy-actors/ HTTP/2.0", upstream: "https://192.145.236.239:8443/top-comedy-actors/", host: "www.pouted.com"
2025/10/16 14:52:36 [error] 1785366#0: *3863 connect() failed (111: Connection refused) while connecting to upstream, client: 220.181.108.145, server: pouted.com, request: "GET /unique-couch-designs/ HTTP/2.0", upstream: "https://192.145.236.239:8443/unique-couch-designs/", host: "www.pouted.com"
2025/10/16 14:52:37 [error] 1785366#0: *3866 connect() failed (111: Connection refused) while connecting to upstream, client: 124.243.173.234, server: pouted.com, request: "GET /9-best-hard-drive-recovery-services-in-the-usa HTTP/2.0", upstream: "https://192.145.236.239:8443/9-best-hard-drive-recovery-services-in-the-usa", host: "pouted.com", referrer: "https://pouted.com/9-best-hard-drive-recovery-services-in-the-usa"
2025/10/16 14:52:39 [error] 1785366#0: *3868 connect() failed (111: Connection refused) while connecting to upstream, client: 181.20.203.120, server: pouted.com, request: "GET /types-of-interior-design-styles/ HTTP/2.0", upstream: "https://192.145.236.239:8443/types-of-interior-design-styles/", host: "www.pouted.com"
2025/10/16 14:52:39 [error] 1785366#0: *3869 connect() failed (111: Connection refused) while connecting to upstream, client: 37.114.156.29, server: pouted.com, request: "GET /magazine/fashion-designs/ HTTP/2.0", upstream: "https://192.145.236.239:8443/magazine/fashion-designs/", host: "www.pouted.com"
2025/10/16 14:52:39 [error] 1785366#0: *3872 open() "/home/pouted/public_html/wp-content/uploads/2013/06/red-party-dress-summer.jpg" failed (2: No such file or directory), client: 131.111.184.51, server: pouted.com, request: "GET /wp-content/uploads/2013/06/red-party-dress-summer.jpg?x71148 HTTP/2.0", host: "www.pouted.com"
2025/10/16 14:52:40 [error] 1785366#0: *3787 connect() failed (111: Connection refused) while connecting to upstream, client: 98.82.66.172, server: ayaclass.com, request: "GET /?dir=/home/ayaclass/public_html/vendor/spatie/laravel-ignition/src&dl=/home/ayaclass/public_html/vendor/spatie/laravel-ignition/src/ignition-routes.php HTTP/1.1", upstream: "http://192.145.236.239:8080/?dir=/home/ayaclass/public_html/vendor/spatie/laravel-ignition/src&dl=/home/ayaclass/public_html/vendor/spatie/laravel-ignition/src/ignition-routes.php", host: "www.ayaclass.com"
2025/10/16 14:52:40 [error] 1785366#0: *3874 connect() failed (111: Connection refused) while connecting to upstream, client: 187.84.244.108, server: pouted.com, request: "GET /61-awesome-valentines-day-decoration-ideas/ HTTP/2.0", upstream: "https://192.145.236.239:8443/61-awesome-valentines-day-decoration-ideas/", host: "www.pouted.com"
2025/10/16 14:52:41 [error] 1785366#0: *3877 connect() failed (111: Connection refused) while connecting to upstream, client: 8.217.181.98, server: pouted.com, request: "GET /best-2025-fashion-trends-for-petite-women/ HTTP/2.0", upstream: "https://192.145.236.239:8443/best-2025-fashion-trends-for-petite-women/", host: "www.pouted.com"
2025/10/16 14:52:42 [error] 1785366#0: *3879 connect() failed (111: Connection refused) while connecting to upstream, client: 186.249.156.181, server: pouted.com, request: "GET /most-beautiful-waterfalls-in-world/ HTTP/2.0", upstream: "https://192.145.236.239:8443/most-beautiful-waterfalls-in-world/", host: "www.pouted.com"
2025/10/16 14:52:42 [error] 1785366#0: *3880 connect() failed (111: Connection refused) while connecting to upstream, client: 8.217.166.191, server: pouted.com, request: "GET /tag/top-summer-sports-to-try/feed/ HTTP/2.0", upstream: "https://192.145.236.239:8443/tag/top-summer-sports-to-try/feed/", host: "www.pouted.com"
2025/10/16 14:52:42 [error] 1785366#0: *3883 connect() failed (111: Connection refused) while connecting to upstream, client: 2a09:bac5:3a5b:15f::23:47a, server: pouted.com, request: "GET /wp-login.php HTTP/2.0", upstream: "https://192.145.236.239:8443/wp-login.php", host: "www.pouted.com"
2025/10/16 14:52:43 [error] 1785366#0: *3886 connect() failed (111: Connection refused) while connecting to upstream, client: 20.171.207.135, server: ayaclass.com, request: "GET /?dir=%2Fproc&dl=%2Fproc%2F1769842 HTTP/1.1", upstream: "http://192.145.236.239:8080/?dir=%2Fproc&dl=%2Fproc%2F1769842", host: "www.ayaclass.com"
2025/10/16 14:52:44 [error] 1785366#0: *3888 connect() failed (111: Connection refused) while connecting to upstream, client: 89.146.167.5, server: pouted.com, request: "GET /discover-digit-360/ HTTP/2.0", upstream: "https://192.145.236.239:8443/discover-digit-360/", host: "www.pouted.com"
2025/10/16 14:52:45 [error] 1785366#0: *3890 connect() failed (111: Connection refused) while connecting to upstream, client: 34.225.87.80, server: ayaclass.com, request: "GET /?dir=/usr/lib/dracut/modules.d&dl=/usr/lib/dracut/modules.d/10i18n HTTP/1.1", upstream: "http://192.145.236.239:8080/?dir=/usr/lib/dracut/modules.d&dl=/usr/lib/dracut/modules.d/10i18n", host: "www.ayaclass.com"
2025/10/16 14:52:45 [error] 1785366#0: *3892 connect() failed (111: Connection refused) while connecting to upstream, client: 170.246.211.105, server: pouted.com, request: "GET /best-mothers-day-gifts-2025/ HTTP/2.0", upstream: "https://192.145.236.239:8443/best-mothers-day-gifts-2025/", host: "www.pouted.com"
2025/10/16 14:52:46 [error] 1785366#0: *3894 connect() failed (111: Connection refused) while connecting to upstream, client: 2a03:2880:f800:10::, server: pouted.com, request: "GET /silver-dollar-city/ HTTP/2.0", upstream: "https://192.145.236.239:8443/silver-dollar-city/", host: "www.pouted.com"
2025/10/16 14:52:46 [error] 1785366#0: *3810 connect() failed (111: Connection refused) while connecting to upstream, client: 177.54.206.214, server: pouted.com, request: "GET /magazine/food-nutrition/ HTTP/2.0", upstream: "https://192.145.236.239:8443/magazine/food-nutrition/", host: "www.pouted.com"
2025/10/16 14:52:47 [error] 1785366#0: *3897 connect() failed (111: Connection refused) while connecting to upstream, client: 204.15.208.37, server: pouted.com, request: "GET /best-skincare-routine-for-40s HTTP/2.0", upstream: "https://192.145.236.239:8443/best-skincare-routine-for-40s", host: "www.pouted.com"
2025/10/16 14:52:48 [error] 1785366#0: *3899 connect() failed (111: Connection refused) while connecting to upstream, client: 18.215.112.101, server: ayaclass.com, request: "GET /?dir=/opt/imh-python/lib/python3.9/site-packages/jedi/inference/__pycache__&dl=/opt/imh-python/lib/python3.9/site-packages/jedi/inference/__pycache__/names.cpython-39.pyc HTTP/1.1", upstream: "http://192.145.236.239:8080/?dir=/opt/imh-python/lib/python3.9/site-packages/jedi/inference/__pycache__&dl=/opt/imh-python/lib/python3.9/site-packages/jedi/inference/__pycache__/names.cpython-39.pyc", host: "www.ayaclass.com"
2025/10/16 14:52:49 [error] 1785366#0: *3818 connect() failed (111: Connection refused) while connecting to upstream, client: 186.193.48.132, server: pouted.com, request: "GET /magazine/design/ HTTP/2.0", upstream: "https://192.145.236.239:8443/magazine/design/", host: "www.pouted.com"
2025/10/16 14:52:49 [error] 1785366#0: *3901 connect() failed (111: Connection refused) while connecting to upstream, client: 213.180.203.55, server: pouted.com, request: "GET /netfirms-review HTTP/2.0", upstream: "https://192.145.236.239:8443/netfirms-review", host: "www.pouted.com"
2025/10/16 14:52:50 [error] 1785366#0: *3904 connect() failed (111: Connection refused) while connecting to upstream, client: 52.230.164.183, server: pouted.com, request: "GET /2025-tiktok-makeup-trends/ HTTP/2.0", upstream: "https://192.145.236.239:8443/2025-tiktok-makeup-trends/", host: "www.pouted.com"
2025/10/16 14:52:50 [error] 1785366#0: *3907 connect() failed (111: Connection refused) while connecting to upstream, client: 52.230.164.185, server: pouted.com, request: "GET /2025-tiktok-makeup-trends/ HTTP/2.0", upstream: "https://192.145.236.239:8443/2025-tiktok-makeup-trends/", host: "www.pouted.com"
2025/10/16 14:52:51 [error] 1785366#0: *3910 connect() failed (111: Connection refused) while connecting to upstream, client: 52.230.164.181, server: pouted.com, request: "GET /2025-tiktok-makeup-trends/ HTTP/2.0", upstream: "https://192.145.236.239:8443/2025-tiktok-makeup-trends/", host: "www.pouted.com"
2025/10/16 14:52:51 [error] 1785366#0: *3909 connect() failed (111: Connection refused) while connecting to upstream, client: 8.217.179.180, server: pouted.com, request: "GET /wp-json/wp/v2/tags/18986 HTTP/2.0", upstream: "https://192.145.236.239:8443/wp-json/wp/v2/tags/18986", host: "www.pouted.com"
2025/10/16 14:52:51 [error] 1785366#0: *3913 connect() failed (111: Connection refused) while connecting to upstream, client: 52.230.164.186, server: pouted.com, request: "GET /2025-tiktok-makeup-trends/ HTTP/2.0", upstream: "https://192.145.236.239:8443/2025-tiktok-makeup-trends/", host: "www.pouted.com"
2025/10/16 14:52:51 [error] 1785363#0: *3914 connect() failed (111: Connection refused) while connecting to upstream, client: 157.100.199.131, server: pouted.com, request: "GET /ai-design-programs-for-interior-design/ HTTP/2.0", upstream: "https://192.145.236.239:8443/ai-design-programs-for-interior-design/", host: "www.pouted.com"
2025/10/16 14:52:52 [error] 1785366#0: *3917 connect() failed (111: Connection refused) while connecting to upstream, client: 98.83.178.66, server: ayaclass.com, request: "GET /public/?dir=/usr/lib64&dl=/usr/lib64/libsamdb.so.0 HTTP/1.1", upstream: "http://192.145.236.239:8080/public/?dir=/usr/lib64&dl=/usr/lib64/libsamdb.so.0", host: "www.ayaclass.com"
2025/10/16 14:52:52 [error] 1785366#0: *3892 connect() failed (111: Connection refused) while connecting to upstream, client: 177.86.30.42, server: pouted.com, request: "GET /innovative-ceiling-design-ideas-2025/ HTTP/2.0", upstream: "https://192.145.236.239:8443/innovative-ceiling-design-ideas-2025/", host: "www.pouted.com"
2025/10/16 14:52:52 [error] 1785366#0: *3921 connect() failed (111: Connection refused) while connecting to upstream, client: 8.217.166.29, server: pouted.com, request: "GET /tag/the-best-fragrances-for-teens/feed/ HTTP/2.0", upstream: "https://192.145.236.239:8443/tag/the-best-fragrances-for-teens/feed/", host: "www.pouted.com"
2025/10/16 14:52:53 [error] 1785366#0: *3787 connect() failed (111: Connection refused) while connecting to upstream, client: 52.167.144.159, server: ayaclass.com, request: "GET /products/25876298/ HTTP/1.1", upstream: "http://192.145.236.239:8080/products/25876298/", host: "www.ayaclass.com"
2025/10/16 14:52:53 [error] 1785366#0: *3880 connect() failed (111: Connection refused) while connecting to upstream, client: 8.218.220.87, server: pouted.com, request: "GET /tag/styling-tips/feed/ HTTP/2.0", upstream: "https://192.145.236.239:8443/tag/styling-tips/feed/", host: "www.pouted.com"
2025/10/16 14:52:54 [error] 1785366#0: *3790 connect() failed (111: Connection refused) while connecting to upstream, client: 170.83.2.96, server: pouted.com, request: "GET /the-body-boosting-spices-you-could-add-to-your-diet/ HTTP/2.0", upstream: "https://192.145.236.239:8443/the-body-boosting-spices-you-could-add-to-your-diet/", host: "www.pouted.com"
2025/10/16 14:52:55 [error] 1785366#0: *3926 connect() failed (111: Connection refused) while connecting to upstream, client: 45.6.30.20, server: pouted.com, request: "GET /magazine/automotive/ HTTP/2.0", upstream: "https://192.145.236.239:8443/magazine/automotive/", host: "www.pouted.com"
2025/10/16 14:52:55 [error] 1785366#0: *3928 open() "/home/pouted/public_html/wp-content/uploads/2016/11/Christmas-greeting-cards-2017-74.jpg" failed (2: No such file or directory), client: 3.139.225.206, server: pouted.com, request: "GET /wp-content/uploads/2016/11/Christmas-greeting-cards-2017-74.jpg?x45357 HTTP/2.0", host: "www.pouted.com"
2025/10/16 14:52:56 [error] 1785366#0: *3929 connect() failed (111: Connection refused) while connecting to upstream, client: 184.73.68.20, server: ayaclass.com, request: "GET /?dir=/usr/lib/dracut&edit=/usr/lib/dracut/skipcpio HTTP/1.1", upstream: "http://192.145.236.239:8080/?dir=/usr/lib/dracut&edit=/usr/lib/dracut/skipcpio", host: "www.ayaclass.com"
2025/10/16 14:52:56 [error] 1785366#0: *3926 connect() failed (111: Connection refused) while connecting to upstream, client: 143.202.228.37, server: pouted.com, request: "GET /top-10-christmas-gifts-for-family/ HTTP/2.0", upstream: "https://192.145.236.239:8443/top-10-christmas-gifts-for-family/", host: "www.pouted.com"
2025/10/16 14:52:57 [error] 1785366#0: *3812 connect() failed (111: Connection refused) while connecting to upstream, client: 190.108.77.129, server: pouted.com, request: "GET /magazine/lifestyle/ HTTP/2.0", upstream: "https://192.145.236.239:8443/magazine/lifestyle/", host: "www.pouted.com"
2025/10/16 14:52:58 [error] 1785366#0: *3818 connect() failed (111: Connection refused) while connecting to upstream, client: 201.33.165.104, server: pouted.com, request: "GET /magazine/interior-designs/furniture/ HTTP/2.0", upstream: "https://192.145.236.239:8443/magazine/interior-designs/furniture/", host: "www.pouted.com"
2025/10/16 14:52:58 [error] 1785366#0: *3934 connect() failed (111: Connection refused) while connecting to upstream, client: 2a03:2880:f800:39::, server: ayaclass.com, request: "GET /products/15296109/ HTTP/1.1", upstream: "http://192.145.236.239:8080/products/15296109/", host: "www.ayaclass.com"
2025/10/16 14:53:00 [error] 1785366#0: *3787 connect() failed (111: Connection refused) while connecting to upstream, client: 50.16.216.166, server: ayaclass.com, request: "GET /public/?dir=/usr/lib64/perl5/vendor_perl&dl=/usr/lib64/perl5/vendor_perl/common HTTP/1.1", upstream: "http://192.145.236.239:8080/public/?dir=/usr/lib64/perl5/vendor_perl&dl=/usr/lib64/perl5/vendor_perl/common", host: "www.ayaclass.com"
2025/10/16 14:53:00 [error] 1785366#0: *3939 connect() failed (111: Connection refused) while connecting to upstream, client: 8.217.209.236, server: pouted.com, request: "GET /tag/seasonal-lip-shades/ HTTP/2.0", upstream: "https://192.145.236.239:8443/tag/seasonal-lip-shades/", host: "www.pouted.com"
2025/10/16 14:53:02 [error] 1785366#0: *3942 open() "/home/pouted/public_html/wp-content/uploads/2013/10/Children-s-day-gifts-Children-s-favorite-wholesale-Children-watches-waterproof-lovely-wristwatches-for-children-20pcs.jpg" failed (2: No such file or directory), client: 175.106.108.246, server: pouted.com, request: "GET /wp-content/uploads/2013/10/Children-s-day-gifts-Children-s-favorite-wholesale-Children-watches-waterproof-lovely-wristwatches-for-children-20pcs.jpg?x85627 HTTP/2.0", host: "www.pouted.com"
2025/10/16 14:53:02 [error] 1785366#0: *3939 connect() failed (111: Connection refused) while connecting to upstream, client: 8.217.209.101, server: pouted.com, request: "GET /wp-json/wp/v2/tags/18994 HTTP/2.0", upstream: "https://192.145.236.239:8443/wp-json/wp/v2/tags/18994", host: "www.pouted.com"
2025/10/16 14:53:03 [error] 1785366#0: *3907 connect() failed (111: Connection refused) while connecting to upstream, client: 40.116.73.211, server: pouted.com, request: "GET /benefits-of-housekeeping-software-for-hotel-businesses/ HTTP/2.0", upstream: "https://192.145.236.239:8443/benefits-of-housekeeping-software-for-hotel-businesses/", host: "www.pouted.com"
2025/10/16 14:53:03 [error] 1785366#0: *3945 connect() failed (111: Connection refused) while connecting to upstream, client: 40.116.73.222, server: pouted.com, request: "GET /benefits-of-housekeeping-software-for-hotel-businesses/ HTTP/2.0", upstream: "https://192.145.236.239:8443/benefits-of-housekeeping-software-for-hotel-businesses/", host: "www.pouted.com"
2025/10/16 14:53:04 [error] 1785366#0: *3890 connect() failed (111: Connection refused) while connecting to upstream, client: 54.84.147.79, server: ayaclass.com, request: "GET /?dir=/opt/imh/python3.13/lib/python3.13/sqlite3/__pycache__&edit=/opt/imh/python3.13/lib/python3.13/sqlite3/__pycache__/dump.cpython-313.pyc HTTP/1.1", upstream: "http://192.145.236.239:8080/?dir=/opt/imh/python3.13/lib/python3.13/sqlite3/__pycache__&edit=/opt/imh/python3.13/lib/python3.13/sqlite3/__pycache__/dump.cpython-313.pyc", host: "www.ayaclass.com"
2025/10/16 14:53:04 [error] 1785366#0: *3947 connect() failed (111: Connection refused) while connecting to upstream, client: 40.116.73.213, server: pouted.com, request: "GET /benefits-of-housekeeping-software-for-hotel-businesses/ HTTP/2.0", upstream: "https://192.145.236.239:8443/benefits-of-housekeeping-software-for-hotel-businesses/", host: "www.pouted.com"
2025/10/16 14:53:04 [error] 1785366#0: *3945 connect() failed (111: Connection refused) while connecting to upstream, client: 40.116.73.211, server: pouted.com, request: "GET /benefits-of-housekeeping-software-for-hotel-businesses/ HTTP/2.0", upstream: "https://192.145.236.239:8443/benefits-of-housekeeping-software-for-hotel-businesses/", host: "www.pouted.com"
2025/10/16 14:53:05 [error] 1785366#0: *3951 connect() failed (111: Connection refused) while connecting to upstream, client: 172.182.195.59, server: pouted.com, request: "GET /post-sitemap12.xml HTTP/2.0", upstream: "https://192.145.236.239:8443/post-sitemap12.xml", host: "www.pouted.com"
2025/10/16 14:53:08 [error] 1785366#0: *3954 connect() failed (111: Connection refused) while connecting to upstream, client: 44.208.193.63, server: ayaclass.com, request: "GET /public/?dir=/home/ayaclass/.trash/AAA/vendor/stripe/stripe-php/lib/Service/Treasury/.. HTTP/1.1", upstream: "http://192.145.236.239:8080/public/?dir=/home/ayaclass/.trash/AAA/vendor/stripe/stripe-php/lib/Service/Treasury/..", host: "www.ayaclass.com"
2025/10/16 14:53:10 [error] 1785366#0: *3921 connect() failed (111: Connection refused) while connecting to upstream, client: 8.217.211.142, server: pouted.com, request: "GET /tag/tiktok-beauty/ HTTP/2.0", upstream: "https://192.145.236.239:8443/tag/tiktok-beauty/", host: "www.pouted.com"
2025/10/16 14:53:10 [error] 1785366#0: *3957 connect() failed (111: Connection refused) while connecting to upstream, client: 40.77.167.57, server: pouted.com, request: "GET /wp-content/plugins/link-whisper-premium/js/graphology.min.js HTTP/2.0", upstream: "https://192.145.236.239:8443/wp-content/plugins/link-whisper-premium/js/graphology.min.js", host: "www.pouted.com"
2025/10/16 14:53:11 [error] 1785366#0: *3959 connect() failed (111: Connection refused) while connecting to upstream, client: 38.9.6.43, server: pouted.com, request: "GET /submit-guest-post/ HTTP/2.0", upstream: "https://192.145.236.239:8443/submit-guest-post/", host: "www.pouted.com"
2025/10/16 14:53:12 [error] 1785366#0: *3954 connect() failed (111: Connection refused) while connecting to upstream, client: 23.23.180.225, server: ayaclass.com, request: "GET /public/?dir=/usr/share/zoneinfo/America&dl=/usr/share/zoneinfo/America/Jujuy HTTP/1.1", upstream: "http://192.145.236.239:8080/public/?dir=/usr/share/zoneinfo/America&dl=/usr/share/zoneinfo/America/Jujuy", host: "www.ayaclass.com"
2025/10/16 14:53:12 [error] 1785366#0: *3963 connect() failed (111: Connection refused) while connecting to upstream, client: 34.248.73.249, server: pouted.com, request: "GET /15-killer-garden-bench-decoration-ideas/ HTTP/2.0", upstream: "https://192.145.236.239:8443/15-killer-garden-bench-decoration-ideas/", host: "www.pouted.com"
2025/10/16 14:53:12 [error] 1785366#0: *3966 connect() failed (111: Connection refused) while connecting to upstream, client: 185.191.171.8, server: ayaclass.com, request: "GET /?a=39111015 HTTP/1.1", upstream: "http://192.145.236.239:8080/?a=39111015", host: "www.ayaclass.com"
2025/10/16 14:53:13 [error] 1785366#0: *3969 connect() failed (111: Connection refused) while connecting to upstream, client: 52.167.144.159, server: ayaclass.com, request: "GET /products/3996310/ HTTP/1.1", upstream: "http://192.145.236.239:8080/products/3996310/", host: "www.ayaclass.com"
2025/10/16 14:53:14 [error] 1785366#0: *3971 connect() failed (111: Connection refused) while connecting to upstream, client: 181.66.150.197, server: pouted.com, request: "GET /top-leaf-blowers/ HTTP/2.0", upstream: "https://192.145.236.239:8443/top-leaf-blowers/", host: "www.pouted.com"
2025/10/16 14:53:15 [error] 1785366#0: *3973 open() "/home/pouted/public_html/wp-content/uploads/2014/06/pink-brooch-bouquet-780x405.jpg" failed (2: No such file or directory), client: 3.139.225.206, server: pouted.com, request: "GET /wp-content/uploads/2014/06/pink-brooch-bouquet-780x405.jpg HTTP/2.0", host: "www.pouted.com"
2025/10/16 14:53:16 [error] 1785366#0: *3929 connect() failed (111: Connection refused) while connecting to upstream, client: 3.208.156.9, server: ayaclass.com, request: "GET /?dir=/home/ayaclass/public_html/vendor/twilio/sdk/src/Twilio/Rest/Verify/V2/Service&edit=/home/ayaclass/public_html/vendor/twilio/sdk/src/Twilio/Rest/Verify/V2/Service/WebhookList.php HTTP/1.1", upstream: "http://192.145.236.239:8080/?dir=/home/ayaclass/public_html/vendor/twilio/sdk/src/Twilio/Rest/Verify/V2/Service&edit=/home/ayaclass/public_html/vendor/twilio/sdk/src/Twilio/Rest/Verify/V2/Service/WebhookList.php", host: "www.ayaclass.com"
2025/10/16 14:53:16 [error] 1785366#0: *3975 connect() failed (111: Connection refused) while connecting to upstream, client: 54.87.208.128, server: pouted.com, request: "GET /cat-furniture-pieces-lovers/ HTTP/2.0", upstream: "https://192.145.236.239:8443/cat-furniture-pieces-lovers/", host: "www.pouted.com"
2025/10/16 14:53:18 [error] 1785366#0: *3892 connect() failed (111: Connection refused) while connecting to upstream, client: 177.75.91.11, server: pouted.com, request: "GET /magazine/interior-designs/home-decorations/ HTTP/2.0", upstream: "https://192.145.236.239:8443/magazine/interior-designs/home-decorations/", host: "www.pouted.com"
2025/10/16 14:53:18 [error] 1785366#0: *3979 connect() failed (111: Connection refused) while connecting to upstream, client: 127.0.0.1, server: 127.0.0.1, request: "GET /whm-server-status HTTP/1.0", upstream: "http://127.0.0.1:8080/whm-server-status", host: "localhost"
2025/10/16 14:53:19 [error] 1785366#0: *3981 connect() failed (111: Connection refused) while connecting to upstream, client: 220.181.108.94, server: pouted.com, request: "GET /top-scenic-train-rides-in-japan/ HTTP/2.0", upstream: "https://192.145.236.239:8443/top-scenic-train-rides-in-japan/", host: "www.pouted.com"
2025/10/16 14:53:19 [error] 1785366#0: *3790 connect() failed (111: Connection refused) while connecting to upstream, client: 177.188.43.69, server: pouted.com, request: "GET /magazine/fashion-designs/beauty/ HTTP/2.0", upstream: "https://192.145.236.239:8443/magazine/fashion-designs/beauty/", host: "www.pouted.com"
2025/10/16 14:53:20 [error] 1785366#0: *3917 connect() failed (111: Connection refused) while connecting to upstream, client: 34.239.85.139, server: ayaclass.com, request: "GET /?dir=/usr/lib/rads/venv/lib/python3.13/site-packages/pip/_vendor/urllib3/contrib HTTP/1.1", upstream: "http://192.145.236.239:8080/?dir=/usr/lib/rads/venv/lib/python3.13/site-packages/pip/_vendor/urllib3/contrib", host: "www.ayaclass.com"
2025/10/16 14:53:20 [error] 1785366#0: *3984 connect() failed (111: Connection refused) while connecting to upstream, client: 103.159.255.34, server: pouted.com, request: "GET /magazine/fashion-designs/trendy-jewelry-fashion/ HTTP/2.0", upstream: "https://192.145.236.239:8443/magazine/fashion-designs/trendy-jewelry-fashion/", host: "www.pouted.com"
2025/10/16 14:53:20 [error] 1785366#0: *3987 connect() failed (111: Connection refused) while connecting to upstream, client: 172.213.11.150, server: pouted.com, request: "GET /top-mens-fashion-for-2025/ HTTP/2.0", upstream: "https://192.145.236.239:8443/top-mens-fashion-for-2025/", host: "www.pouted.com"
2025/10/16 14:53:20 [error] 1785366#0: *3989 connect() failed (111: Connection refused) while connecting to upstream, client: 157.55.39.53, server: ayaclass.com, request: "GET /products/29329009/ HTTP/1.1", upstream: "http://192.145.236.239:8080/products/29329009/", host: "www.ayaclass.com"
2025/10/16 14:53:21 [error] 1785366#0: *3991 connect() failed (111: Connection refused) while connecting to upstream, client: 172.213.11.153, server: pouted.com, request: "GET /top-mens-fashion-for-2025/ HTTP/2.0", upstream: "https://192.145.236.239:8443/top-mens-fashion-for-2025/", host: "www.pouted.com"
2025/10/16 14:53:21 [error] 1785366#0: *3992 connect() failed (111: Connection refused) while connecting to upstream, client: 85.208.98.20, server: pouted.com, request: "GET /most-expensive-wedding-party-celebrations/ HTTP/2.0", upstream: "https://192.145.236.239:8443/most-expensive-wedding-party-celebrations/", host: "www.pouted.com"
2025/10/16 14:53:21 [error] 1785366#0: *3991 connect() failed (111: Connection refused) while connecting to upstream, client: 172.213.11.146, server: pouted.com, request: "GET /top-mens-fashion-for-2025/ HTTP/2.0", upstream: "https://192.145.236.239:8443/top-mens-fashion-for-2025/", host: "www.pouted.com"
2025/10/16 14:53:21 [error] 1785366#0: *3996 connect() failed (111: Connection refused) while connecting to upstream, client: 181.43.217.183, server: pouted.com, request: "GET /top-10-best-countries-visit-europe-2014/ HTTP/2.0", upstream: "https://192.145.236.239:8443/top-10-best-countries-visit-europe-2014/", host: "www.pouted.com"
2025/10/16 14:53:22 [error] 1785366#0: *3987 connect() failed (111: Connection refused) while connecting to upstream, client: 172.213.11.148, server: pouted.com, request: "GET /top-mens-fashion-for-2025/ HTTP/2.0", upstream: "https://192.145.236.239:8443/top-mens-fashion-for-2025/", host: "www.pouted.com"
2025/10/16 14:53:22 [error] 1785366#0: *3999 connect() failed (111: Connection refused) while connecting to upstream, client: 190.57.171.0, server: pouted.com, request: "GET /magazine/medical/ HTTP/2.0", upstream: "https://192.145.236.239:8443/magazine/medical/", host: "www.pouted.com"
2025/10/16 14:53:23 [error] 1785366#0: *4001 connect() failed (111: Connection refused) while connecting to upstream, client: 52.154.22.58, server: intensed.com, request: "GET /best-youtube-to-mp3-converters/ HTTP/2.0", upstream: "https://192.249.127.250:8443/best-youtube-to-mp3-converters/", host: "www.intensed.com"
2025/10/16 14:53:24 [error] 1785366#0: *4003 connect() failed (111: Connection refused) while connecting to upstream, client: 20.171.207.6, server: ayaclass.com, request: "GET /?dir=%2Fproc&dl=%2Fproc%2F1748479 HTTP/2.0", upstream: "https://192.145.236.239:8443/?dir=%2Fproc&dl=%2Fproc%2F1748479", host: "mail.ayaclass.com"
2025/10/16 14:53:24 [error] 1785366#0: *3890 connect() failed (111: Connection refused) while connecting to upstream, client: 3.213.46.222, server: ayaclass.com, request: "GET /public/?dir=/home/ayaclass/public_html/vendor/mpdf/mpdf/data/collations&dl=/home/ayaclass/public_html/vendor/mpdf/mpdf/data/collations/Frisian_Netherlands.php HTTP/1.1", upstream: "http://192.145.236.239:8080/public/?dir=/home/ayaclass/public_html/vendor/mpdf/mpdf/data/collations&dl=/home/ayaclass/public_html/vendor/mpdf/mpdf/data/collations/Frisian_Netherlands.php", host: "www.ayaclass.com"
2025/10/16 14:53:24 [error] 1785363#0: *4004 connect() failed (111: Connection refused) while connecting to upstream, client: 52.154.22.52, server: intensed.com, request: "GET /best-youtube-to-mp3-converters/ HTTP/2.0", upstream: "https://192.249.127.250:8443/best-youtube-to-mp3-converters/", host: "www.intensed.com"
2025/10/16 14:53:24 [error] 1785363#0: *4004 connect() failed (111: Connection refused) while connecting to upstream, client: 52.154.22.50, server: intensed.com, request: "GET /best-youtube-to-mp3-converters/ HTTP/2.0", upstream: "https://192.249.127.250:8443/best-youtube-to-mp3-converters/", host: "www.intensed.com"
2025/10/16 14:53:24 [error] 1785366#0: *4010 connect() failed (111: Connection refused) while connecting to upstream, client: 52.154.22.48, server: intensed.com, request: "GET /best-youtube-to-mp3-converters/ HTTP/2.0", upstream: "https://192.249.127.250:8443/best-youtube-to-mp3-converters/", host: "www.intensed.com"
2025/10/16 14:53:25 [error] 1785366#0: *4009 connect() failed (111: Connection refused) while connecting to upstream, client: 164.163.142.245, server: pouted.com, request: "GET /tesla-cybercab-unveiled-2027/ HTTP/2.0", upstream: "https://192.145.236.239:8443/tesla-cybercab-unveiled-2027/", host: "www.pouted.com"
2025/10/16 14:53:25 [error] 1785366#0: *3926 connect() failed (111: Connection refused) while connecting to upstream, client: 143.255.133.86, server: pouted.com, request: "GET /best-hair-brushes/ HTTP/2.0", upstream: "https://192.145.236.239:8443/best-hair-brushes/", host: "www.pouted.com"
2025/10/16 14:53:25 [error] 1785366#0: *4014 connect() failed (111: Connection refused) while connecting to upstream, client: 5.255.231.79, server: pouted.com, request: "GET /1755-professional-hairstyles-for-long-hair-men/ HTTP/2.0", upstream: "https://192.145.236.239:8443/1755-professional-hairstyles-for-long-hair-men/", host: "www.pouted.com"
2025/10/16 14:53:25 [error] 1785366#0: *3892 connect() failed (111: Connection refused) while connecting to upstream, client: 186.123.136.162, server: pouted.com, request: "GET /valentines-day-accessories-gifts/ HTTP/2.0", upstream: "https://192.145.236.239:8443/valentines-day-accessories-gifts/", host: "www.pouted.com"
2025/10/16 14:53:27 [error] 1785366#0: *3996 connect() failed (111: Connection refused) while connecting to upstream, client: 181.24.17.117, server: pouted.com, request: "GET /top-countries-with-highest-plastic-surgery-rates/ HTTP/2.0", upstream: "https://192.145.236.239:8443/top-countries-with-highest-plastic-surgery-rates/", host: "www.pouted.com"
2025/10/16 14:53:27 [error] 1785366#0: *4021 connect() failed (111: Connection refused) while connecting to upstream, client: 46.29.239.227, server: pouted.com, request: "GET /magazine/lifestyle/garden/ HTTP/2.0", upstream: "https://192.145.236.239:8443/magazine/lifestyle/garden/", host: "www.pouted.com"
2025/10/16 14:53:28 [error] 1785366#0: *4023 connect() failed (111: Connection refused) while connecting to upstream, client: 23.23.99.55, server: ayaclass.com, request: "GET /?dir=/opt/imh-python/lib/python3.9/site-packages/Cryptodome/Signature/__pycache__&dl=/opt/imh-python/lib/python3.9/site-packages/Cryptodome/Signature/__pycache__/pkcs1_15.cpython-39.pyc HTTP/1.1", upstream: "http://192.145.236.239:8080/?dir=/opt/imh-python/lib/python3.9/site-packages/Cryptodome/Signature/__pycache__&dl=/opt/imh-python/lib/python3.9/site-packages/Cryptodome/Signature/__pycache__/pkcs1_15.cpython-39.pyc", host: "www.ayaclass.com"
2025/10/16 14:53:28 [error] 1785366#0: *3790 connect() failed (111: Connection refused) while connecting to upstream, client: 170.247.80.51, server: pouted.com, request: "GET /best-winter-fragrances/ HTTP/2.0", upstream: "https://192.145.236.239:8443/best-winter-fragrances/", host: "www.pouted.com"
2025/10/16 14:53:28 [error] 1785366#0: *4026 connect() failed (111: Connection refused) while connecting to upstream, client: 138.94.174.187, server: pouted.com, request: "GET /magazine/technology/ HTTP/2.0", upstream: "https://192.145.236.239:8443/magazine/technology/", host: "www.pouted.com"
2025/10/16 14:53:29 [error] 1785366#0: *4029 open() "/home/pouted/public_html/wp-content/uploads/2014/01/2014-Ford-Focus-Sedan-S-4dr-Sedan-Photo-4-780x405.jpg" failed (2: No such file or directory), client: 216.86.162.153, server: pouted.com, request: "GET /wp-content/uploads/2014/01/2014-Ford-Focus-Sedan-S-4dr-Sedan-Photo-4-780x405.jpg?x85627 HTTP/2.0", host: "www.pouted.com"
2025/10/16 14:53:30 [error] 1785366#0: *4030 connect() failed (111: Connection refused) while connecting to upstream, client: 41.140.221.169, server: pouted.com, request: "GET /magazine/arts/ HTTP/2.0", upstream: "https://192.145.236.239:8443/magazine/arts/", host: "www.pouted.com"
2025/10/16 14:53:30 [error] 1785366#0: *4031 connect() failed (111: Connection refused) while connecting to upstream, client: 8.217.214.104, server: pouted.com, request: "GET /tag/robots-singing/feed/ HTTP/2.0", upstream: "https://192.145.236.239:8443/tag/robots-singing/feed/", host: "www.pouted.com"
2025/10/16 14:53:30 [error] 1785366#0: *3996 connect() failed (111: Connection refused) while connecting to upstream, client: 200.189.23.54, server: pouted.com, request: "GET /ebay-searches-tools/ HTTP/2.0", upstream: "https://192.145.236.239:8443/ebay-searches-tools/", host: "www.pouted.com"
2025/10/16 14:53:31 [error] 1785366#0: *4037 open() "/home/pouted/public_html/wp-content/uploads/2013/11/dcuo-ps4.jpg" failed (2: No such file or directory), client: 3.139.225.206, server: pouted.com, request: "GET /wp-content/uploads/2013/11/dcuo-ps4.jpg?x33143 HTTP/2.0", host: "www.pouted.com"
2025/10/16 14:53:32 [error] 1785366#0: *3917 connect() failed (111: Connection refused) while connecting to upstream, client: 23.21.119.232, server: ayaclass.com, request: "GET /public/?dir=/home/ayaclass/public_html/vendor/aws/aws-sdk-php/src/data&edit=/home/ayaclass/public_html/vendor/aws/aws-sdk-php/src/data/transfer HTTP/1.1", upstream: "http://192.145.236.239:8080/public/?dir=/home/ayaclass/public_html/vendor/aws/aws-sdk-php/src/data&edit=/home/ayaclass/public_html/vendor/aws/aws-sdk-php/src/data/transfer", host: "www.ayaclass.com"
2025/10/16 14:53:32 [error] 1785366#0: *4038 connect() failed (111: Connection refused) while connecting to upstream, client: 181.191.85.205, server: pouted.com, request: "GET /android-or-ios/ HTTP/2.0", upstream: "https://192.145.236.239:8443/android-or-ios/", host: "www.pouted.com"
2025/10/16 14:53:36 [error] 1785366#0: *4044 connect() failed (111: Connection refused) while connecting to upstream, client: 34.233.219.155, server: ayaclass.com, request: "GET /?dir=/opt/imh-python/lib/python3.9/site-packages/openstack/workflow&dl=/opt/imh-python/lib/python3.9/site-packages/openstack/workflow/workflow_service.py HTTP/1.1", upstream: "http://192.145.236.239:8080/?dir=/opt/imh-python/lib/python3.9/site-packages/openstack/workflow&dl=/opt/imh-python/lib/python3.9/site-packages/openstack/workflow/workflow_service.py", host: "www.ayaclass.com"
2025/10/16 14:53:38 [error] 1785366#0: *4047 open() "/home/pouted/public_html/wp-content/uploads/2019/04/floral-top-summer-outfit-675x874.jpg" failed (2: No such file or directory), client: 216.86.162.153, server: pouted.com, request: "GET /wp-content/uploads/2019/04/floral-top-summer-outfit-675x874.jpg?x85627 HTTP/2.0", host: "www.pouted.com"
2025/10/16 14:53:40 [error] 1785366#0: *4050 connect() failed (111: Connection refused) while connecting to upstream, client: 23.21.148.226, server: ayaclass.com, request: "GET /public/?dir=/usr/share/doc/git&dl=/usr/share/doc/git/git-submodule.txt HTTP/1.1", upstream: "http://192.145.236.239:8080/public/?dir=/usr/share/doc/git&dl=/usr/share/doc/git/git-submodule.txt", host: "www.ayaclass.com"
2025/10/16 14:53:40 [error] 1785366#0: *4052 connect() failed (111: Connection refused) while connecting to upstream, client: 47.128.121.181, server: pouted.com, request: "GET /frugal-and-stunning-kitchen-decoration-ideas-2013/ HTTP/2.0", upstream: "https://192.145.236.239:8443/frugal-and-stunning-kitchen-decoration-ideas-2013/", host: "www.pouted.com"
2025/10/16 14:53:43 [error] 1785366#0: *4055 open() "/home/pouted/public_html/wp-content/uploads/2017/08/sunless-tanning-products-675x633.jpg" failed (2: No such file or directory), client: 128.118.7.55, server: pouted.com, request: "GET /wp-content/uploads/2017/08/sunless-tanning-products-675x633.jpg HTTP/2.0", host: "www.pouted.com"
2025/10/16 14:53:44 [error] 1785366#0: *4056 connect() failed (111: Connection refused) while connecting to upstream, client: 3.227.180.70, server: ayaclass.com, request: "GET /?dir=/opt/cpanel/ea-openssl11/share/doc/openssl/html/man7&edit=/opt/cpanel/ea-openssl11/share/doc/openssl/html/man7/scrypt.html HTTP/1.1", upstream: "http://192.145.236.239:8080/?dir=/opt/cpanel/ea-openssl11/share/doc/openssl/html/man7&edit=/opt/cpanel/ea-openssl11/share/doc/openssl/html/man7/scrypt.html", host: "www.ayaclass.com"
2025/10/16 14:53:45 [error] 1785366#0: *4058 connect() failed (111: Connection refused) while connecting to upstream, client: 95.217.144.202, server: pouted.com, request: "GET /top-10-flowers-that-bloom-all-year/ HTTP/2.0", upstream: "https://192.145.236.239:8443/top-10-flowers-that-bloom-all-year/", host: "www.pouted.com"
2025/10/16 14:53:45 [error] 1785366#0: *4059 connect() failed (111: Connection refused) while connecting to upstream, client: 52.215.186.214, server: pouted.com, request: "GET /maxi-dress/ HTTP/2.0", upstream: "https://192.145.236.239:8443/maxi-dress/", host: "www.pouted.com"
2025/10/16 14:53:45 [error] 1785366#0: *4060 connect() failed (111: Connection refused) while connecting to upstream, client: 8.217.214.173, server: pouted.com, request: "GET /wp-json/wp/v2/tags/11206 HTTP/2.0", upstream: "https://192.145.236.239:8443/wp-json/wp/v2/tags/11206", host: "www.pouted.com"
2025/10/16 14:53:45 [error] 1785366#0: *4064 connect() failed (111: Connection refused) while connecting to upstream, client: 20.171.207.135, server: ayaclass.com, request: "GET /?dir=%2Fproc&dl=%2Fproc%2F1765600 HTTP/1.1", upstream: "http://192.145.236.239:8080/?dir=%2Fproc&dl=%2Fproc%2F1765600", host: "www.ayaclass.com"
2025/10/16 14:53:46 [error] 1785366#0: *4067 open() "/home/pouted/public_html/wp-content/uploads/2013/08/317700_261179840592883_980285781_n.jpg" failed (2: No such file or directory), client: 14.6.1.149, server: pouted.com, request: "GET /wp-content/uploads/2013/08/317700_261179840592883_980285781_n.jpg?x85627 HTTP/2.0", host: "www.pouted.com"
2025/10/16 14:53:46 [error] 1785366#0: *4066 connect() failed (111: Connection refused) while connecting to upstream, client: 8.217.210.223, server: pouted.com, request: "GET /wp-json/wp/v2/tags/2081 HTTP/2.0", upstream: "https://192.145.236.239:8443/wp-json/wp/v2/tags/2081", host: "www.pouted.com"
2025/10/16 14:53:46 [error] 1785366#0: *4060 connect() failed (111: Connection refused) while connecting to upstream, client: 8.217.212.67, server: pouted.com, request: "GET /tag/building-family-connections/ HTTP/2.0", upstream: "https://192.145.236.239:8443/tag/building-family-connections/", host: "www.pouted.com"
2025/10/16 14:53:46 [error] 1785366#0: *4070 open() "/home/pouted/public_html/wp-content/uploads/2017/12/Berry-and-flower-spice-tea-675x675.jpg" failed (2: No such file or directory), client: 131.227.80.154, server: pouted.com, request: "GET /wp-content/uploads/2017/12/Berry-and-flower-spice-tea-675x675.jpg HTTP/2.0", host: "www.pouted.com"
2025/10/16 14:53:48 [error] 1785366#0: *4044 connect() failed (111: Connection refused) while connecting to upstream, client: 52.205.113.104, server: ayaclass.com, request: "GET /?dir=/opt/cpanel/ea-php82/root/usr/share/doc/ea-php82-runtime&edit=/opt/cpanel/ea-php82/root/usr/share/doc/ea-php82-runtime/.. HTTP/1.1", upstream: "http://192.145.236.239:8080/?dir=/opt/cpanel/ea-php82/root/usr/share/doc/ea-php82-runtime&edit=/opt/cpanel/ea-php82/root/usr/share/doc/ea-php82-runtime/..", host: "www.ayaclass.com"
2025/10/16 14:53:48 [error] 1785366#0: *4072 connect() failed (111: Connection refused) while connecting to upstream, client: 8.217.181.98, server: pouted.com, request: "GET /collections/sophia-feather-modular-sofa-collection HTTP/2.0", upstream: "https://192.145.236.239:8443/collections/sophia-feather-modular-sofa-collection", host: "www.pouted.com"
2025/10/16 14:53:49 [error] 1785366#0: *4075 open() "/home/pouted/public_html/wp-content/uploads/2017/07/Chocolate-mousse-675x451.jpg" failed (2: No such file or directory), client: 103.232.241.147, server: pouted.com, request: "GET /wp-content/uploads/2017/07/Chocolate-mousse-675x451.jpg HTTP/2.0", host: "www.pouted.com"
2025/10/16 14:53:51 [error] 1785366#0: *4078 connect() failed (111: Connection refused) while connecting to upstream, client: 8.217.208.238, server: pouted.com, request: "GET /tag/plain-tees/feed/ HTTP/2.0", upstream: "https://192.145.236.239:8443/tag/plain-tees/feed/", host: "www.pouted.com"
2025/10/16 14:53:51 [error] 1785366#0: *4081 connect() failed (111: Connection refused) while connecting to upstream, client: 8.217.166.191, server: pouted.com, request: "GET /tag/decorating-ideas/feed/ HTTP/2.0", upstream: "https://192.145.236.239:8443/tag/decorating-ideas/feed/", host: "www.pouted.com"
2025/10/16 14:53:52 [error] 1785366#0: *3917 connect() failed (111: Connection refused) while connecting to upstream, client: 52.4.229.9, server: ayaclass.com, request: "GET /public/?dir=/home/ayaclass/public_html/vendor/google/apiclient-services/src/Aiplatform&dl=/home/ayaclass/public_html/vendor/google/apiclient-services/src/Aiplatform/LanguageLabsAidaTrustRecitationProtoStreamRecitationResult.php HTTP/1.1", upstream: "http://192.145.236.239:8080/public/?dir=/home/ayaclass/public_html/vendor/google/apiclient-services/src/Aiplatform&dl=/home/ayaclass/public_html/vendor/google/apiclient-services/src/Aiplatform/LanguageLabsAidaTrustRecitationProtoStreamRecitationResult.php", host: "www.ayaclass.com"
2025/10/16 14:53:52 [error] 1785366#0: *4084 connect() failed (111: Connection refused) while connecting to upstream, client: 2a03:2880:f800:20::, server: pouted.com, request: "GET /15-stunning-fragrances-for-women/ HTTP/2.0", upstream: "https://192.145.236.239:8443/15-stunning-fragrances-for-women/", host: "www.pouted.com"
2025/10/16 14:53:53 [error] 1785366#0: *4088 connect() failed (111: Connection refused) while connecting to upstream, client: 52.167.144.159, server: ayaclass.com, request: "GET /products/8197521/ HTTP/1.1", upstream: "http://192.145.236.239:8080/products/8197521/", host: "www.ayaclass.com"
2025/10/16 14:53:53 [error] 1785366#0: *4090 connect() failed (111: Connection refused) while connecting to upstream, client: 111.119.216.125, server: pouted.com, request: "GET /practice-self-care-at-home-look-after-emotional-and-mental-well-being/amp HTTP/2.0", upstream: "https://192.145.236.239:8443/practice-self-care-at-home-look-after-emotional-and-mental-well-being/amp", host: "pouted.com", referrer: "https://pouted.com/practice-self-care-at-home-look-after-emotional-and-mental-well-being/amp"
2025/10/16 14:53:56 [error] 1785366#0: *4088 connect() failed (111: Connection refused) while connecting to upstream, client: 34.199.252.22, server: ayaclass.com, request: "GET /public/?dir=/opt/imh-python/lib/python3.9/site-packages/libcloud/test/compute/fixtures/gce&dl=/opt/imh-python/lib/python3.9/site-packages/libcloud/test/compute/fixtures/gce/zones_europe-west1-a_instances.json HTTP/1.1", upstream: "http://192.145.236.239:8080/public/?dir=/opt/imh-python/lib/python3.9/site-packages/libcloud/test/compute/fixtures/gce&dl=/opt/imh-python/lib/python3.9/site-packages/libcloud/test/compute/fixtures/gce/zones_europe-west1-a_instances.json", host: "www.ayaclass.com"
2025/10/16 14:53:56 [error] 1785366#0: *4093 open() "/home/pouted/public_html/wp-content/uploads/2013/02/seiko.jpg" failed (2: No such file or directory), client: 3.139.225.206, server: pouted.com, request: "GET /wp-content/uploads/2013/02/seiko.jpg HTTP/2.0", host: "www.pouted.com"
2025/10/16 14:53:59 [error] 1785366#0: *4094 connect() failed (111: Connection refused) while connecting to upstream, client: 66.249.72.71, server: ayaclass.com, request: "GET /products/13634887/ HTTP/1.1", upstream: "http://192.145.236.239:8080/products/13634887/", host: "www.ayaclass.com"
2025/10/16 14:54:00 [error] 1785366#0: *4096 connect() failed (111: Connection refused) while connecting to upstream, client: 44.218.6.93, server: ayaclass.com, request: "GET /public/?dir=/usr/lib/rads/venv/lib/python3.13/site-packages/pip-25.2.dist-info&dl=/usr/lib/rads/venv/lib/python3.13/site-packages/pip-25.2.dist-info/licenses HTTP/1.1", upstream: "http://192.145.236.239:8080/public/?dir=/usr/lib/rads/venv/lib/python3.13/site-packages/pip-25.2.dist-info&dl=/usr/lib/rads/venv/lib/python3.13/site-packages/pip-25.2.dist-info/licenses", host: "www.ayaclass.com"
2025/10/16 14:54:04 [error] 1785366#0: *4088 connect() failed (111: Connection refused) while connecting to upstream, client: 54.152.163.42, server: ayaclass.com, request: "GET /public/?dir=/usr/lib64/python3.6/multiprocessing/__pycache__&edit=/usr/lib64/python3.6/multiprocessing/__pycache__/pool.cpython-36.opt-1.pyc HTTP/1.1", upstream: "http://192.145.236.239:8080/public/?dir=/usr/lib64/python3.6/multiprocessing/__pycache__&edit=/usr/lib64/python3.6/multiprocessing/__pycache__/pool.cpython-36.opt-1.pyc", host: "www.ayaclass.com"
2025/10/16 14:54:08 [error] 1785366#0: *4102 connect() failed (111: Connection refused) while connecting to upstream, client: 52.200.58.199, server: ayaclass.com, request: "GET /?dir=/usr/lib/rads/venv/lib/python3.13/site-packages/urllib3/util/__pycache__&edit=/usr/lib/rads/venv/lib/python3.13/site-packages/urllib3/util/__pycache__/timeout.cpython-313.pyc HTTP/1.1", upstream: "http://192.145.236.239:8080/?dir=/usr/lib/rads/venv/lib/python3.13/site-packages/urllib3/util/__pycache__&edit=/usr/lib/rads/venv/lib/python3.13/site-packages/urllib3/util/__pycache__/timeout.cpython-313.pyc", host: "www.ayaclass.com"
2025/10/16 14:54:12 [error] 1785366#0: *4108 connect() failed (111: Connection refused) while connecting to upstream, client: 3.223.134.5, server: ayaclass.com, request: "GET /public/?dir=/home/ayaclass/public_html/vendor/aws/aws-sdk-php/src/data/lambda/2015-03-31&dl=/home/ayaclass/public_html/vendor/aws/aws-sdk-php/src/data/lambda/2015-03-31/waiters-2.json.php HTTP/1.1", upstream: "http://192.145.236.239:8080/public/?dir=/home/ayaclass/public_html/vendor/aws/aws-sdk-php/src/data/lambda/2015-03-31&dl=/home/ayaclass/public_html/vendor/aws/aws-sdk-php/src/data/lambda/2015-03-31/waiters-2.json.php", host: "www.ayaclass.com"
2025/10/16 14:54:12 [error] 1785366#0: *3917 connect() failed (111: Connection refused) while connecting to upstream, client: 85.208.96.199, server: ayaclass.com, request: "GET /?a=112264515 HTTP/1.1", upstream: "http://192.145.236.239:8080/?a=112264515", host: "www.ayaclass.com"
2025/10/16 14:54:16 [error] 1785366#0: *4111 connect() failed (111: Connection refused) while connecting to upstream, client: 66.249.75.132, server: mrmyst.com, request: "GET /adlg02/dcomm1846/soutirage/5684884284060.html HTTP/2.0", upstream: "https://192.145.236.239:8443/adlg02/dcomm1846/soutirage/5684884284060.html", host: "mrmyst.com"
2025/10/16 14:54:16 [error] 1785366#0: *4113 connect() failed (111: Connection refused) while connecting to upstream, client: 44.223.115.10, server: ayaclass.com, request: "GET /public/?dir=/home/ayaclass/public_html/vendor/twilio/sdk/src/Twilio/Rest/Studio/V1/Flow/Execution&dl=/home/ayaclass/public_html/vendor/twilio/sdk/src/Twilio/Rest/Studio/V1/Flow/Execution/.. HTTP/1.1", upstream: "http://192.145.236.239:8080/public/?dir=/home/ayaclass/public_html/vendor/twilio/sdk/src/Twilio/Rest/Studio/V1/Flow/Execution&dl=/home/ayaclass/public_html/vendor/twilio/sdk/src/Twilio/Rest/Studio/V1/Flow/Execution/..", host: "www.ayaclass.com"
2025/10/16 14:54:17 [error] 1785366#0: *4081 connect() failed (111: Connection refused) while connecting to upstream, client: 8.217.210.98, server: pouted.com, request: "GET /wp-json/wp/v2/tags/6700 HTTP/2.0", upstream: "https://192.145.236.239:8443/wp-json/wp/v2/tags/6700", host: "www.pouted.com"
2025/10/16 14:54:17 [error] 1785366#0: *4116 connect() failed (111: Connection refused) while connecting to upstream, client: 2a03:2880:25ff:53::, server: pouted.com, request: "GET /top-2025-teen-fashion-trends/ HTTP/2.0", upstream: "https://192.145.236.239:8443/top-2025-teen-fashion-trends/", host: "www.pouted.com"
2025/10/16 14:54:20 [error] 1785366#0: *4119 connect() failed (111: Connection refused) while connecting to upstream, client: 52.2.83.227, server: ayaclass.com, request: "GET /?dir=/home/ayaclass/.trash/AAA/vendor/symfony/http-kernel/Controller/ArgumentResolver&edit=/home/ayaclass/.trash/AAA/vendor/symfony/http-kernel/Controller/ArgumentResolver/BackedEnumValueResolver.php HTTP/1.1", upstream: "http://192.145.236.239:8080/?dir=/home/ayaclass/.trash/AAA/vendor/symfony/http-kernel/Controller/ArgumentResolver&edit=/home/ayaclass/.trash/AAA/vendor/symfony/http-kernel/Controller/ArgumentResolver/BackedEnumValueResolver.php", host: "www.ayaclass.com"
2025/10/16 14:54:23 [error] 1785366#0: *4122 connect() failed (111: Connection refused) while connecting to upstream, client: 52.173.235.92, server: pouted.com, request: "GET /83-fall-winter-office-outfit-ideas-for-business-ladies-2018/ HTTP/2.0", upstream: "https://192.145.236.239:8443/83-fall-winter-office-outfit-ideas-for-business-ladies-2018/", host: "www.pouted.com"
2025/10/16 14:54:23 [error] 1785366#0: *4125 connect() failed (111: Connection refused) while connecting to upstream, client: 52.173.235.85, server: pouted.com, request: "GET /83-fall-winter-office-outfit-ideas-for-business-ladies-2018/ HTTP/2.0", upstream: "https://192.145.236.239:8443/83-fall-winter-office-outfit-ideas-for-business-ladies-2018/", host: "www.pouted.com"
2025/10/16 14:54:23 [error] 1785366#0: *4126 connect() failed (111: Connection refused) while connecting to upstream, client: 52.173.235.83, server: pouted.com, request: "GET / HTTP/2.0", upstream: "https://192.145.236.239:8443/", host: "pouted.com"
2025/10/16 14:54:24 [error] 1785366#0: *4130 connect() failed (111: Connection refused) while connecting to upstream, client: 172.178.140.159, server: pouted.com, request: "GET / HTTP/2.0", upstream: "https://192.145.236.239:8443/", host: "pouted.com"
