2025/10/16 15:06:49 [error] 1785366#0: *5807 connect() failed (111: Connection refused) while connecting to upstream, client: 34.195.248.30, server: ayaclass.com, request: "GET /public/?dir=/usr/share/doc&dl=/usr/share/doc/libssh HTTP/1.1", upstream: "http://192.145.236.239:8080/public/?dir=/usr/share/doc&dl=/usr/share/doc/libssh", host: "www.ayaclass.com"
2025/10/16 15:06:49 [error] 1785366#0: *5909 connect() failed (111: Connection refused) while connecting to upstream, client: 4.196.118.124, server: pouted.com, request: "GET /types-of-fashion-aesthetics/ HTTP/2.0", upstream: "https://192.145.236.239:8443/types-of-fashion-aesthetics/", host: "www.pouted.com"
2025/10/16 15:06:50 [error] 1785366#0: *5911 open() "/home/pouted/public_html/wp-content/uploads/2013/11/saola-0909.jpg" failed (2: No such file or directory), client: 3.139.225.206, server: pouted.com, request: "GET /wp-content/uploads/2013/11/saola-0909.jpg?x33143 HTTP/2.0", host: "www.pouted.com"
2025/10/16 15:06:50 [error] 1785366#0: *5912 connect() failed (111: Connection refused) while connecting to upstream, client: 4.196.118.122, server: pouted.com, request: "GET /types-of-fashion-aesthetics/ HTTP/2.0", upstream: "https://192.145.236.239:8443/types-of-fashion-aesthetics/", host: "www.pouted.com"
2025/10/16 15:06:51 [error] 1785366#0: *5914 open() "/home/pouted/public_html/wp-content/uploads/jewels/Gemma-Redux-Rainbow-Adelasia-Bangle-Bracelet.jpg" failed (2: No such file or directory), client: 40.77.167.43, server: pouted.com, request: "GET /wp-content/uploads/jewels/Gemma-Redux-Rainbow-Adelasia-Bangle-Bracelet.jpg?x72261 HTTP/2.0", host: "www.pouted.com"
2025/10/16 15:06:51 [error] 1785366#0: *5915 connect() failed (111: Connection refused) while connecting to upstream, client: 4.196.118.127, server: pouted.com, request: "GET /types-of-fashion-aesthetics/ HTTP/2.0", upstream: "https://192.145.236.239:8443/types-of-fashion-aesthetics/", host: "www.pouted.com"
2025/10/16 15:06:52 [error] 1785366#0: *5915 connect() failed (111: Connection refused) while connecting to upstream, client: 4.196.118.126, server: pouted.com, request: "GET /types-of-fashion-aesthetics/ HTTP/2.0", upstream: "https://192.145.236.239:8443/types-of-fashion-aesthetics/", host: "www.pouted.com"
2025/10/16 15:06:52 [error] 1785366#0: *5919 connect() failed (111: Connection refused) while connecting to upstream, client: 44.197.76.210, server: ayaclass.com, request: "GET /public/?dir=/opt/imh-python/lib/python3.9/site-packages/numpy/linalg/tests&dl=/opt/imh-python/lib/python3.9/site-packages/numpy/linalg/tests/test_regression.py HTTP/1.1", upstream: "http://192.145.236.239:8080/public/?dir=/opt/imh-python/lib/python3.9/site-packages/numpy/linalg/tests&dl=/opt/imh-python/lib/python3.9/site-packages/numpy/linalg/tests/test_regression.py", host: "www.ayaclass.com"
2025/10/16 15:06:53 [error] 1785366#0: *5921 open() "/home/pouted/public_html/wp-content/uploads/2015/02/10-Facts-You-Don’t-Know-about-Puppy-Bowl-26.jpg" failed (2: No such file or directory), client: 35.225.70.158, server: pouted.com, request: "GET /wp-content/uploads/2015/02/10-Facts-You-Don%E2%80%99t-Know-about-Puppy-Bowl-26.jpg HTTP/2.0", host: "www.pouted.com"
2025/10/16 15:06:54 [error] 1785366#0: *5922 connect() failed (111: Connection refused) while connecting to upstream, client: 189.1.216.57, server: pouted.com, request: "GET /2025-list-of-best-companies/amp HTTP/2.0", upstream: "https://192.145.236.239:8443/2025-list-of-best-companies/amp", host: "pouted.com", referrer: "https://pouted.com/2025-list-of-best-companies/amp"
2025/10/16 15:06:56 [error] 1785366#0: *5925 connect() failed (111: Connection refused) while connecting to upstream, client: 54.147.238.89, server: ayaclass.com, request: "GET /?dir=/home/ayaclass/public_html/vendor/google/apiclient-services/src/Aiplatform&edit=/home/ayaclass/public_html/vendor/google/apiclient-services/src/Aiplatform/GoogleCloudAiplatformV1SummarizationVerbosityResult.php HTTP/1.1", upstream: "http://192.145.236.239:8080/?dir=/home/ayaclass/public_html/vendor/google/apiclient-services/src/Aiplatform&edit=/home/ayaclass/public_html/vendor/google/apiclient-services/src/Aiplatform/GoogleCloudAiplatformV1SummarizationVerbosityResult.php", host: "www.ayaclass.com"
2025/10/16 15:06:59 [error] 1785366#0: *5930 connect() failed (111: Connection refused) while connecting to upstream, client: 8.217.212.116, server: pouted.com, request: "GET /tag/wrestler/feed/ HTTP/2.0", upstream: "https://192.145.236.239:8443/tag/wrestler/feed/", host: "www.pouted.com"
2025/10/16 15:07:00 [error] 1785366#0: *5858 connect() failed (111: Connection refused) while connecting to upstream, client: 8.217.214.104, server: pouted.com, request: "GET /tag/date-of-death/feed/ HTTP/2.0", upstream: "https://192.145.236.239:8443/tag/date-of-death/feed/", host: "www.pouted.com"
2025/10/16 15:07:01 [error] 1785366#0: *5933 connect() failed (111: Connection refused) while connecting to upstream, client: 34.194.226.74, server: ayaclass.com, request: "GET /?dir=/opt/imh-python/lib/python3.9/site-packages/pygments/lexers/__pycache__&dl=/opt/imh-python/lib/python3.9/site-packages/pygments/lexers/__pycache__/dns.cpython-39.pyc HTTP/1.1", upstream: "http://192.145.236.239:8080/?dir=/opt/imh-python/lib/python3.9/site-packages/pygments/lexers/__pycache__&dl=/opt/imh-python/lib/python3.9/site-packages/pygments/lexers/__pycache__/dns.cpython-39.pyc", host: "www.ayaclass.com"
2025/10/16 15:07:04 [error] 1785366#0: *5936 open() "/home/pouted/public_html/wp-content/uploads/2013/04/ht2510-fedrico-shot-of-2-rings1.jpg" failed (2: No such file or directory), client: 35.225.70.158, server: pouted.com, request: "GET /wp-content/uploads/2013/04/ht2510-fedrico-shot-of-2-rings1.jpg?x44527 HTTP/2.0", host: "www.pouted.com"
2025/10/16 15:07:04 [error] 1785366#0: *5807 connect() failed (111: Connection refused) while connecting to upstream, client: 52.70.209.13, server: ayaclass.com, request: "GET /?dir=/home/ayaclass/.trash/AAA/vendor/google/apiclient-services/src/CloudDeploy&dl=/home/ayaclass/.trash/AAA/vendor/google/apiclient-services/src/CloudDeploy/ListOperationsResponse.php HTTP/1.1", upstream: "http://192.145.236.239:8080/?dir=/home/ayaclass/.trash/AAA/vendor/google/apiclient-services/src/CloudDeploy&dl=/home/ayaclass/.trash/AAA/vendor/google/apiclient-services/src/CloudDeploy/ListOperationsResponse.php", host: "www.ayaclass.com"
2025/10/16 15:07:05 [error] 1785366#0: *5939 connect() failed (111: Connection refused) while connecting to upstream, client: 2a03:2880:3ff:3::, server: pouted.com, request: "GET /types-of-fashion-aesthetics/ HTTP/2.0", upstream: "https://192.145.236.239:8443/types-of-fashion-aesthetics/", host: "www.pouted.com"
2025/10/16 15:07:05 [error] 1785366#0: *5941 connect() failed (111: Connection refused) while connecting to upstream, client: 20.171.207.6, server: ayaclass.com, request: "GET /?dir=%2Fproc%2F1454483 HTTP/2.0", upstream: "https://192.145.236.239:8443/?dir=%2Fproc%2F1454483", host: "mail.ayaclass.com"
2025/10/16 15:07:05 [error] 1785366#0: *5937 connect() failed (111: Connection refused) while connecting to upstream, client: 8.217.184.77, server: pouted.com, request: "GET /wp-json/wp/v2/tags/11819 HTTP/2.0", upstream: "https://192.145.236.239:8443/wp-json/wp/v2/tags/11819", host: "www.pouted.com"
2025/10/16 15:07:06 [error] 1785366#0: *5945 open() "/home/pouted/public_html/wp-content/uploads/2014/01/the_benefits_of_running.jpg" failed (2: No such file or directory), client: 34.122.155.238, server: pouted.com, request: "GET /wp-content/uploads/2014/01/the_benefits_of_running.jpg?x71148 HTTP/2.0", host: "www.pouted.com"
2025/10/16 15:07:07 [error] 1785366#0: *5947 connect() failed (111: Connection refused) while connecting to upstream, client: 2a03:2880:27ff:3::, server: pouted.com, request: "GET /kids-fashion-trends-2025/ HTTP/2.0", upstream: "https://192.145.236.239:8443/kids-fashion-trends-2025/", host: "www.pouted.com"
2025/10/16 15:07:08 [error] 1785366#0: *5949 connect() failed (111: Connection refused) while connecting to upstream, client: 3.227.180.70, server: ayaclass.com, request: "GET /public/?dir=/home/ayaclass/public_html/vendor/google/apiclient-services/src/PolicyTroubleshooter&dl=/home/ayaclass/public_html/vendor/google/apiclient-services/src/PolicyTroubleshooter/GoogleCloudPolicytroubleshooterV1TroubleshootIamPolicyResponse.php HTTP/1.1", upstream: "http://192.145.236.239:8080/public/?dir=/home/ayaclass/public_html/vendor/google/apiclient-services/src/PolicyTroubleshooter&dl=/home/ayaclass/public_html/vendor/google/apiclient-services/src/PolicyTroubleshooter/GoogleCloudPolicytroubleshooterV1TroubleshootIamPolicyResponse.php", host: "www.ayaclass.com"
2025/10/16 15:07:08 [error] 1785366#0: *5951 connect() failed (111: Connection refused) while connecting to upstream, client: 127.0.0.1, server: 127.0.0.1, request: "GET /whm-server-status HTTP/1.0", upstream: "http://127.0.0.1:8080/whm-server-status", host: "localhost"
2025/10/16 15:07:08 [error] 1785366#0: *5953 connect() failed (111: Connection refused) while connecting to upstream, client: 20.171.207.135, server: ayaclass.com, request: "GET /?dir=%2Fproc&dl=%2Fproc%2F1768988 HTTP/1.1", upstream: "http://192.145.236.239:8080/?dir=%2Fproc&dl=%2Fproc%2F1768988", host: "www.ayaclass.com"
2025/10/16 15:07:12 [error] 1785366#0: *5957 connect() failed (111: Connection refused) while connecting to upstream, client: 2a03:2880:f800:18::, server: pouted.com, request: "GET /how-to-organize-wardrobe-like-pro/ HTTP/2.0", upstream: "https://192.145.236.239:8443/how-to-organize-wardrobe-like-pro/", host: "www.pouted.com"
2025/10/16 15:07:13 [error] 1785366#0: *5960 connect() failed (111: Connection refused) while connecting to upstream, client: 98.82.40.168, server: ayaclass.com, request: "GET /public/?dir=/home/ayaclass/public_html/vendor/google/apiclient-services/src/CloudSearch&edit=/home/ayaclass/public_html/vendor/google/apiclient-services/src/CloudSearch/UploadItemRef.php HTTP/1.1", upstream: "http://192.145.236.239:8080/public/?dir=/home/ayaclass/public_html/vendor/google/apiclient-services/src/CloudSearch&edit=/home/ayaclass/public_html/vendor/google/apiclient-services/src/CloudSearch/UploadItemRef.php", host: "www.ayaclass.com"
2025/10/16 15:07:14 [error] 1785366#0: *5963 connect() failed (111: Connection refused) while connecting to upstream, client: 40.77.167.121, server: ayaclass.com, request: "GET /products/3340587/ HTTP/1.1", upstream: "http://192.145.236.239:8080/products/3340587/", host: "www.ayaclass.com"
2025/10/16 15:07:15 [error] 1785366#0: *5963 connect() failed (111: Connection refused) while connecting to upstream, client: 40.77.167.121, server: ayaclass.com, request: "GET /products/19163065/ HTTP/1.1", upstream: "http://192.145.236.239:8080/products/19163065/", host: "www.ayaclass.com"
2025/10/16 15:07:17 [error] 1785366#0: *5967 connect() failed (111: Connection refused) while connecting to upstream, client: 3.94.199.128, server: ayaclass.com, request: "GET /public/?dir=/home/ayaclass/public_html/vendor/aws/aws-sdk-php/src/data/snowball/2016-06-30&dl=/home/ayaclass/public_html/vendor/aws/aws-sdk-php/src/data/snowball/2016-06-30/.. HTTP/1.1", upstream: "http://192.145.236.239:8080/public/?dir=/home/ayaclass/public_html/vendor/aws/aws-sdk-php/src/data/snowball/2016-06-30&dl=/home/ayaclass/public_html/vendor/aws/aws-sdk-php/src/data/snowball/2016-06-30/..", host: "www.ayaclass.com"
2025/10/16 15:07:17 [error] 1785366#0: *5969 connect() failed (111: Connection refused) while connecting to upstream, client: 178.232.51.151, server: pouted.com, request: "GET /most-played-sports/ HTTP/2.0", upstream: "https://192.145.236.239:8443/most-played-sports/", host: "www.pouted.com", referrer: "https://www.ecosia.org/"
2025/10/16 15:07:17 [error] 1785366#0: *5970 connect() failed (111: Connection refused) while connecting to upstream, client: 8.217.212.2, server: pouted.com, request: "GET /tag/personalized-family-gifts/ HTTP/2.0", upstream: "https://192.145.236.239:8443/tag/personalized-family-gifts/", host: "www.pouted.com"
2025/10/16 15:07:20 [error] 1785366#0: *5967 connect() failed (111: Connection refused) while connecting to upstream, client: 18.209.137.234, server: ayaclass.com, request: "GET /public/?dir=/opt/imh-python/lib/python3.9/email/__pycache__&edit=/opt/imh-python/lib/python3.9/email/__pycache__/charset.cpython-39.opt-2.pyc HTTP/1.1", upstream: "http://192.145.236.239:8080/public/?dir=/opt/imh-python/lib/python3.9/email/__pycache__&edit=/opt/imh-python/lib/python3.9/email/__pycache__/charset.cpython-39.opt-2.pyc", host: "www.ayaclass.com"
2025/10/16 15:07:22 [error] 1785366#0: *5976 open() "/home/pouted/public_html/wp-content/uploads/2014/07/cufflinks2.jpg" failed (2: No such file or directory), client: 3.139.225.206, server: pouted.com, request: "GET /wp-content/uploads/2014/07/cufflinks2.jpg HTTP/2.0", host: "www.pouted.com"
2025/10/16 15:07:23 [error] 1785366#0: *5977 connect() failed (111: Connection refused) while connecting to upstream, client: 185.191.171.7, server: ayaclass.com, request: "GET /?a=17603415 HTTP/1.1", upstream: "http://192.145.236.239:8080/?a=17603415", host: "www.ayaclass.com"
2025/10/16 15:07:24 [error] 1785366#0: *5979 connect() failed (111: Connection refused) while connecting to upstream, client: 34.206.249.188, server: ayaclass.com, request: "GET /public/?dir=/usr/share/zoneinfo/right/America&dl=/usr/share/zoneinfo/right/America/Paramaribo HTTP/1.1", upstream: "http://192.145.236.239:8080/public/?dir=/usr/share/zoneinfo/right/America&dl=/usr/share/zoneinfo/right/America/Paramaribo", host: "www.ayaclass.com"
2025/10/16 15:07:26 [error] 1785366#0: *5983 open() "/home/pouted/public_html/wp-content/uploads/2014/01/The-Chanel-Diamond-Forever-Classic-Handbag-261k.jpg" failed (2: No such file or directory), client: 192.165.134.28, server: pouted.com, request: "GET /wp-content/uploads/2014/01/The-Chanel-Diamond-Forever-Classic-Handbag-261k.jpg HTTP/2.0", host: "www.pouted.com"
2025/10/16 15:07:26 [error] 1785366#0: *5982 connect() failed (111: Connection refused) while connecting to upstream, client: 8.217.191.94, server: pouted.com, request: "GET /60-most-creative-3d-handmade-gift-boxes/embed/ HTTP/2.0", upstream: "https://192.145.236.239:8443/60-most-creative-3d-handmade-gift-boxes/embed/", host: "www.pouted.com"
2025/10/16 15:07:27 [error] 1785366#0: *5986 connect() failed (111: Connection refused) while connecting to upstream, client: 20.204.24.250, server: pouted.com, request: "GET /10-fashion-tips-for-plus-size-men-to-wear-in-office/ HTTP/2.0", upstream: "https://192.145.236.239:8443/10-fashion-tips-for-plus-size-men-to-wear-in-office/", host: "www.pouted.com"
2025/10/16 15:07:28 [error] 1785366#0: *5989 connect() failed (111: Connection refused) while connecting to upstream, client: 107.20.181.148, server: ayaclass.com, request: "GET /public/?dir=/usr/lib/python3.6/site-packages/dnf/__pycache__&edit=/usr/lib/python3.6/site-packages/dnf/__pycache__/match_counter.cpython-36.opt-1.pyc HTTP/1.1", upstream: "http://192.145.236.239:8080/public/?dir=/usr/lib/python3.6/site-packages/dnf/__pycache__&edit=/usr/lib/python3.6/site-packages/dnf/__pycache__/match_counter.cpython-36.opt-1.pyc", host: "www.ayaclass.com"
2025/10/16 15:07:28 [error] 1785366#0: *5991 open() "/home/pouted/public_html/wp-content/uploads/2013/05/633779179619919253-Wholesale-Wholesale-Sterling-Silver-Breast-Cancer-Awareness-Necklace.jpg" failed (2: No such file or directory), client: 8.217.167.220, server: pouted.com, request: "GET /wp-content/uploads/2013/05/633779179619919253-Wholesale-Wholesale-Sterling-Silver-Breast-Cancer-Awareness-Necklace.jpg?x45357 HTTP/2.0", host: "www.pouted.com"
2025/10/16 15:07:28 [error] 1785366#0: *5988 connect() failed (111: Connection refused) while connecting to upstream, client: 20.204.24.248, server: pouted.com, request: "GET /10-fashion-tips-for-plus-size-men-to-wear-in-office/ HTTP/2.0", upstream: "https://192.145.236.239:8443/10-fashion-tips-for-plus-size-men-to-wear-in-office/", host: "www.pouted.com"
2025/10/16 15:07:29 [error] 1785366#0: *5858 connect() failed (111: Connection refused) while connecting to upstream, client: 8.217.208.28, server: pouted.com, request: "GET /best-picnic-spots-globally/amp/ HTTP/2.0", upstream: "https://192.145.236.239:8443/best-picnic-spots-globally/amp/", host: "www.pouted.com"
2025/10/16 15:07:29 [error] 1785366#0: *5982 connect() failed (111: Connection refused) while connecting to upstream, client: 8.217.190.142, server: pouted.com, request: "GET /wp-json/wp/v2/tags/17865 HTTP/2.0", upstream: "https://192.145.236.239:8443/wp-json/wp/v2/tags/17865", host: "www.pouted.com"
2025/10/16 15:07:30 [error] 1785366#0: *5996 connect() failed (111: Connection refused) while connecting to upstream, client: 20.204.24.248, server: pouted.com, request: "GET /10-fashion-tips-for-plus-size-men-to-wear-in-office/ HTTP/2.0", upstream: "https://192.145.236.239:8443/10-fashion-tips-for-plus-size-men-to-wear-in-office/", host: "www.pouted.com"
2025/10/16 15:07:30 [error] 1785366#0: *6000 connect() failed (111: Connection refused) while connecting to upstream, client: 2a03:2880:f800:1d::, server: ayaclass.com, request: "GET /products/17200998/ HTTP/1.1", upstream: "http://192.145.236.239:8080/products/17200998/", host: "www.ayaclass.com"
2025/10/16 15:07:30 [error] 1785366#0: *5996 connect() failed (111: Connection refused) while connecting to upstream, client: 20.204.24.244, server: pouted.com, request: "GET /10-fashion-tips-for-plus-size-men-to-wear-in-office/ HTTP/2.0", upstream: "https://192.145.236.239:8443/10-fashion-tips-for-plus-size-men-to-wear-in-office/", host: "www.pouted.com"
2025/10/16 15:07:31 [error] 1785366#0: *5858 connect() failed (111: Connection refused) while connecting to upstream, client: 8.217.165.228, server: pouted.com, request: "GET /wp-json/wp/v2/tags/15518 HTTP/2.0", upstream: "https://192.145.236.239:8443/wp-json/wp/v2/tags/15518", host: "www.pouted.com"
2025/10/16 15:07:33 [error] 1785366#0: *5989 connect() failed (111: Connection refused) while connecting to upstream, client: 52.204.71.8, server: ayaclass.com, request: "GET /?dir=/usr/share/zoneinfo/posix/America&dl=/usr/share/zoneinfo/posix/America/Montevideo HTTP/1.1", upstream: "http://192.145.236.239:8080/?dir=/usr/share/zoneinfo/posix/America&dl=/usr/share/zoneinfo/posix/America/Montevideo", host: "www.ayaclass.com"
2025/10/16 15:07:34 [error] 1785366#0: *6006 connect() failed (111: Connection refused) while connecting to upstream, client: 220.181.51.116, server: pouted.com, request: "GET /tag/skin-tones/ HTTP/2.0", upstream: "https://192.145.236.239:8443/tag/skin-tones/", host: "www.pouted.com"
2025/10/16 15:07:35 [error] 1785366#0: *6008 connect() failed (111: Connection refused) while connecting to upstream, client: 4.196.118.121, server: pouted.com, request: "GET /7-bohemian-fashion-trends-for-fall-winter/ HTTP/2.0", upstream: "https://192.145.236.239:8443/7-bohemian-fashion-trends-for-fall-winter/", host: "www.pouted.com"
2025/10/16 15:07:35 [error] 1785366#0: *6010 connect() failed (111: Connection refused) while connecting to upstream, client: 2a03:2880:22ff:71::, server: pouted.com, request: "GET /2025-fashion-trends-for-men-over-50/ HTTP/2.0", upstream: "https://192.145.236.239:8443/2025-fashion-trends-for-men-over-50/", host: "www.pouted.com"
2025/10/16 15:07:36 [error] 1785366#0: *6012 connect() failed (111: Connection refused) while connecting to upstream, client: 4.196.118.117, server: pouted.com, request: "GET /7-bohemian-fashion-trends-for-fall-winter/ HTTP/2.0", upstream: "https://192.145.236.239:8443/7-bohemian-fashion-trends-for-fall-winter/", host: "www.pouted.com"
2025/10/16 15:07:36 [error] 1785366#0: *6013 connect() failed (111: Connection refused) while connecting to upstream, client: 66.249.64.173, server: pouted.com, request: "GET /stellar-european-fashions-for-spring-2017/amp/ HTTP/2.0", upstream: "https://192.145.236.239:8443/stellar-european-fashions-for-spring-2017/amp/", host: "www.pouted.com"
2025/10/16 15:07:36 [error] 1785366#0: *6012 connect() failed (111: Connection refused) while connecting to upstream, client: 4.196.118.127, server: pouted.com, request: "GET /7-bohemian-fashion-trends-for-fall-winter/ HTTP/2.0", upstream: "https://192.145.236.239:8443/7-bohemian-fashion-trends-for-fall-winter/", host: "www.pouted.com"
2025/10/16 15:07:37 [error] 1785366#0: *6017 connect() failed (111: Connection refused) while connecting to upstream, client: 52.204.81.148, server: ayaclass.com, request: "GET /public/?dir=/usr/lib/systemd/system&edit=/usr/lib/systemd/system/exit.target HTTP/1.1", upstream: "http://192.145.236.239:8080/public/?dir=/usr/lib/systemd/system&edit=/usr/lib/systemd/system/exit.target", host: "www.ayaclass.com"
2025/10/16 15:07:38 [error] 1785366#0: *6020 connect() failed (111: Connection refused) while connecting to upstream, client: 8.217.190.93, server: pouted.com, request: "GET /tag/picking-a-good-peo-company/ HTTP/2.0", upstream: "https://192.145.236.239:8443/tag/picking-a-good-peo-company/", host: "www.pouted.com"
2025/10/16 15:07:38 [error] 1785366#0: *6022 connect() failed (111: Connection refused) while connecting to upstream, client: 216.73.216.176, server: intensed.com, request: "GET /digital-marketing/seo/keyword-research/?filtered=oldest HTTP/2.0", upstream: "https://192.249.127.250:8443/digital-marketing/seo/keyword-research/?filtered=oldest", host: "www.intensed.com"
2025/10/16 15:07:38 [error] 1785366#0: *6024 open() "/home/pouted/public_html/wp-content/uploads/2014/04/1-123.jpg" failed (2: No such file or directory), client: 40.77.167.144, server: pouted.com, request: "GET /wp-content/uploads/2014/04/1-123.jpg HTTP/2.0", host: "www.pouted.com"
2025/10/16 15:07:41 [error] 1785366#0: *5977 connect() failed (111: Connection refused) while connecting to upstream, client: 52.2.4.213, server: ayaclass.com, request: "GET /?dir=/home/ayaclass/public_html/vendor/google/apiclient-services/src/MapsPlaces&dl=/home/ayaclass/public_html/vendor/google/apiclient-services/src/MapsPlaces/GoogleMapsPlacesV1SearchTextRequestSearchAlongRouteParameters.php HTTP/1.1", upstream: "http://192.145.236.239:8080/?dir=/home/ayaclass/public_html/vendor/google/apiclient-services/src/MapsPlaces&dl=/home/ayaclass/public_html/vendor/google/apiclient-services/src/MapsPlaces/GoogleMapsPlacesV1SearchTextRequestSearchAlongRouteParameters.php", host: "www.ayaclass.com"
2025/10/16 15:07:43 [error] 1785366#0: *5858 connect() failed (111: Connection refused) while connecting to upstream, client: 8.217.191.1, server: pouted.com, request: "GET /tag/morning-exercise-routine/ HTTP/2.0", upstream: "https://192.145.236.239:8443/tag/morning-exercise-routine/", host: "www.pouted.com"
2025/10/16 15:07:43 [error] 1785366#0: *6029 connect() failed (111: Connection refused) while connecting to upstream, client: 216.244.66.248, server: pouted.com, request: "GET /8-tips-cure-acne HTTP/2.0", upstream: "https://192.145.236.239:8443/8-tips-cure-acne", host: "www.pouted.com"
2025/10/16 15:07:44 [error] 1785366#0: *6031 connect() failed (111: Connection refused) while connecting to upstream, client: 40.77.167.78, server: ayaclass.com, request: "GET /products/27490032/ HTTP/1.1", upstream: "http://192.145.236.239:8080/products/27490032/", host: "www.ayaclass.com"
2025/10/16 15:07:44 [error] 1785366#0: *5967 connect() failed (111: Connection refused) while connecting to upstream, client: 23.21.148.226, server: ayaclass.com, request: "GET /?dir=/opt/imh-python/lib/python3.9/site-packages/numpy/linalg/__pycache__&edit=/opt/imh-python/lib/python3.9/site-packages/numpy/linalg/__pycache__/__init__.cpython-39.pyc HTTP/1.1", upstream: "http://192.145.236.239:8080/?dir=/opt/imh-python/lib/python3.9/site-packages/numpy/linalg/__pycache__&edit=/opt/imh-python/lib/python3.9/site-packages/numpy/linalg/__pycache__/__init__.cpython-39.pyc", host: "www.ayaclass.com"
2025/10/16 15:07:47 [error] 1785366#0: *5982 connect() failed (111: Connection refused) while connecting to upstream, client: 8.217.190.110, server: pouted.com, request: "GET /tag/place-of-birth/feed/ HTTP/2.0", upstream: "https://192.145.236.239:8443/tag/place-of-birth/feed/", host: "www.pouted.com"
2025/10/16 15:07:48 [error] 1785366#0: *6040 connect() failed (111: Connection refused) while connecting to upstream, client: 34.194.226.74, server: ayaclass.com, request: "GET /public/?dir=/opt/imh-python/lib/python3.9/site-packages&dl=/opt/imh-python/lib/python3.9/site-packages/cffi HTTP/1.1", upstream: "http://192.145.236.239:8080/public/?dir=/opt/imh-python/lib/python3.9/site-packages&dl=/opt/imh-python/lib/python3.9/site-packages/cffi", host: "www.ayaclass.com"
2025/10/16 15:07:48 [error] 1785366#0: *6039 connect() failed (111: Connection refused) while connecting to upstream, client: 8.217.191.74, server: pouted.com, request: "GET /tag/workspaces/feed/ HTTP/2.0", upstream: "https://192.145.236.239:8443/tag/workspaces/feed/", host: "www.pouted.com"
2025/10/16 15:07:49 [error] 1785366#0: *6043 connect() failed (111: Connection refused) while connecting to upstream, client: 40.77.167.121, server: ayaclass.com, request: "GET /products/27505698/ HTTP/1.1", upstream: "http://192.145.236.239:8080/products/27505698/", host: "www.ayaclass.com"
2025/10/16 15:07:51 [error] 1785366#0: *6046 connect() failed (111: Connection refused) while connecting to upstream, client: 101.24.110.118, server: pouted.com, request: "GET /tag/skin-tones/ HTTP/2.0", upstream: "https://192.145.236.239:8443/tag/skin-tones/", host: "www.pouted.com"
2025/10/16 15:07:51 [error] 1785366#0: *6047 connect() failed (111: Connection refused) while connecting to upstream, client: 34.251.233.90, server: pouted.com, request: "GET /magazine/technology/feed/ HTTP/2.0", upstream: "https://192.145.236.239:8443/magazine/technology/feed/", host: "www.pouted.com"
2025/10/16 15:07:52 [error] 1785366#0: *6039 connect() failed (111: Connection refused) while connecting to upstream, client: 8.217.213.2, server: pouted.com, request: "GET /wp-json/wp/v2/tags/6321 HTTP/2.0", upstream: "https://192.145.236.239:8443/wp-json/wp/v2/tags/6321", host: "www.pouted.com"
2025/10/16 15:07:52 [error] 1785366#0: *6050 connect() failed (111: Connection refused) while connecting to upstream, client: 8.217.208.23, server: pouted.com, request: "GET /wp-json/wp/v2/tags/6977 HTTP/2.0", upstream: "https://192.145.236.239:8443/wp-json/wp/v2/tags/6977", host: "www.pouted.com"
2025/10/16 15:07:52 [error] 1785366#0: *6039 connect() failed (111: Connection refused) while connecting to upstream, client: 8.217.210.248, server: pouted.com, request: "GET /wp-json/oembed/1.0/embed?url=https%3A%2F%2Fwww.pouted.com%2Fapartment-decorating-ideas%2F&format=xml HTTP/2.0", upstream: "https://192.145.236.239:8443/wp-json/oembed/1.0/embed?url=https%3A%2F%2Fwww.pouted.com%2Fapartment-decorating-ideas%2F&format=xml", host: "www.pouted.com"
2025/10/16 15:07:52 [error] 1785366#0: *6050 connect() failed (111: Connection refused) while connecting to upstream, client: 8.217.212.67, server: pouted.com, request: "GET /tag/online-brokers/feed/ HTTP/2.0", upstream: "https://192.145.236.239:8443/tag/online-brokers/feed/", host: "www.pouted.com"
2025/10/16 15:07:53 [error] 1785366#0: *6043 connect() failed (111: Connection refused) while connecting to upstream, client: 54.166.104.83, server: ayaclass.com, request: "GET /?dir=/home/ayaclass/public_html/vendor/fakerphp/faker/src/Faker/Provider/ka_GE&edit=/home/ayaclass/public_html/vendor/fakerphp/faker/src/Faker/Provider/ka_GE/Person.php HTTP/1.1", upstream: "http://192.145.236.239:8080/?dir=/home/ayaclass/public_html/vendor/fakerphp/faker/src/Faker/Provider/ka_GE&edit=/home/ayaclass/public_html/vendor/fakerphp/faker/src/Faker/Provider/ka_GE/Person.php", host: "www.ayaclass.com"
2025/10/16 15:07:53 [error] 1785366#0: *6057 connect() failed (111: Connection refused) while connecting to upstream, client: 157.55.39.205, server: ayaclass.com, request: "GET /products/5164554/ HTTP/1.1", upstream: "http://192.145.236.239:8080/products/5164554/", host: "www.ayaclass.com"
2025/10/16 15:07:53 [error] 1785366#0: *5982 connect() failed (111: Connection refused) while connecting to upstream, client: 8.217.190.34, server: pouted.com, request: "GET /?p=83875 HTTP/2.0", upstream: "https://192.145.236.239:8443/?p=83875", host: "www.pouted.com"
2025/10/16 15:07:54 [error] 1785366#0: *6060 open() "/home/pouted/public_html/wp-content/uploads/2015/01/ccda36d6c649531233edc3d2af64c4023.jpg" failed (2: No such file or directory), client: 3.139.225.206, server: pouted.com, request: "GET /wp-content/uploads/2015/01/ccda36d6c649531233edc3d2af64c4023.jpg HTTP/2.0", host: "www.pouted.com"
2025/10/16 15:07:57 [error] 1785366#0: *6040 connect() failed (111: Connection refused) while connecting to upstream, client: 184.73.167.217, server: ayaclass.com, request: "GET /?dir=/home/ayaclass/public_html/vendor/google/apiclient-services/src/CloudKMS&edit=/home/ayaclass/public_html/vendor/google/apiclient-services/src/CloudKMS/ImportCryptoKeyVersionRequest.php HTTP/1.1", upstream: "http://192.145.236.239:8080/?dir=/home/ayaclass/public_html/vendor/google/apiclient-services/src/CloudKMS&edit=/home/ayaclass/public_html/vendor/google/apiclient-services/src/CloudKMS/ImportCryptoKeyVersionRequest.php", host: "www.ayaclass.com"
2025/10/16 15:08:00 [error] 1785366#0: *6064 connect() failed (111: Connection refused) while connecting to upstream, client: 52.4.238.8, server: ayaclass.com, request: "GET /public/?dir=/usr/include/c%2B%2B/8/ext&edit=/usr/include/c%2B%2B/8/ext/slist HTTP/1.1", upstream: "http://192.145.236.239:8080/public/?dir=/usr/include/c%2B%2B/8/ext&edit=/usr/include/c%2B%2B/8/ext/slist", host: "www.ayaclass.com"
2025/10/16 15:08:02 [error] 1785366#0: *5982 connect() failed (111: Connection refused) while connecting to upstream, client: 8.217.142.247, server: pouted.com, request: "GET /9-face-mapping-acne-spots-and-what-every-acne-spot-means/embed/ HTTP/2.0", upstream: "https://192.145.236.239:8443/9-face-mapping-acne-spots-and-what-every-acne-spot-means/embed/", host: "www.pouted.com"
2025/10/16 15:08:02 [error] 1785366#0: *6066 connect() failed (111: Connection refused) while connecting to upstream, client: 191.239.245.19, server: pouted.com, request: "GET /trendy-wedding-dress-styles-for-2025/ HTTP/2.0", upstream: "https://192.145.236.239:8443/trendy-wedding-dress-styles-for-2025/", host: "www.pouted.com"
2025/10/16 15:08:04 [error] 1785366#0: *6069 connect() failed (111: Connection refused) while connecting to upstream, client: 191.239.245.23, server: pouted.com, request: "GET /trendy-wedding-dress-styles-for-2025/ HTTP/2.0", upstream: "https://192.145.236.239:8443/trendy-wedding-dress-styles-for-2025/", host: "www.pouted.com"
2025/10/16 15:08:04 [error] 1785366#0: *6017 connect() failed (111: Connection refused) while connecting to upstream, client: 34.194.165.45, server: ayaclass.com, request: "GET /?dir=/opt/imh/python3.13/lib/python3.13/encodings/__pycache__&edit=/opt/imh/python3.13/lib/python3.13/encodings/__pycache__/cp720.cpython-313.pyc HTTP/1.1", upstream: "http://192.145.236.239:8080/?dir=/opt/imh/python3.13/lib/python3.13/encodings/__pycache__&edit=/opt/imh/python3.13/lib/python3.13/encodings/__pycache__/cp720.cpython-313.pyc", host: "www.ayaclass.com"
2025/10/16 15:08:04 [error] 1785366#0: *6072 connect() failed (111: Connection refused) while connecting to upstream, client: 191.239.245.16, server: pouted.com, request: "GET /trendy-wedding-dress-styles-for-2025/ HTTP/2.0", upstream: "https://192.145.236.239:8443/trendy-wedding-dress-styles-for-2025/", host: "www.pouted.com"
2025/10/16 15:08:05 [error] 1785366#0: *6074 open() "/home/pouted/public_html/wp-content/uploads/2014/07/Silvertone-Blue-Crystal-Cuff-Link-and-Stud-Jewelry-Set-P15596826.jpg" failed (2: No such file or directory), client: 128.118.7.55, server: pouted.com, request: "GET /wp-content/uploads/2014/07/Silvertone-Blue-Crystal-Cuff-Link-and-Stud-Jewelry-Set-P15596826.jpg?x33143 HTTP/2.0", host: "www.pouted.com"
2025/10/16 15:08:05 [error] 1785366#0: *6069 connect() failed (111: Connection refused) while connecting to upstream, client: 191.239.245.16, server: pouted.com, request: "GET /trendy-wedding-dress-styles-for-2025/ HTTP/2.0", upstream: "https://192.145.236.239:8443/trendy-wedding-dress-styles-for-2025/", host: "www.pouted.com"
2025/10/16 15:08:08 [error] 1785366#0: *6077 connect() failed (111: Connection refused) while connecting to upstream, client: 190.92.202.187, server: pouted.com, request: "GET /can-cbd-gummies-help-you-sleep/amp HTTP/2.0", upstream: "https://192.145.236.239:8443/can-cbd-gummies-help-you-sleep/amp", host: "pouted.com", referrer: "https://pouted.com/can-cbd-gummies-help-you-sleep/amp"
2025/10/16 15:08:08 [error] 1785366#0: *6079 connect() failed (111: Connection refused) while connecting to upstream, client: 20.171.207.6, server: ayaclass.com, request: "GET /?dir=%2Fproc&dl=%2Fproc%2F1460362 HTTP/2.0", upstream: "https://192.145.236.239:8443/?dir=%2Fproc&dl=%2Fproc%2F1460362", host: "mail.ayaclass.com"
2025/10/16 15:08:08 [error] 1785366#0: *6017 connect() failed (111: Connection refused) while connecting to upstream, client: 54.235.191.179, server: ayaclass.com, request: "GET /public/?dir=/opt/cpanel/ea-openssl11/share/doc/openssl/html/man3&edit=/opt/cpanel/ea-openssl11/share/doc/openssl/html/man3/BIO_ADDR_path_string.html HTTP/1.1", upstream: "http://192.145.236.239:8080/public/?dir=/opt/cpanel/ea-openssl11/share/doc/openssl/html/man3&edit=/opt/cpanel/ea-openssl11/share/doc/openssl/html/man3/BIO_ADDR_path_string.html", host: "www.ayaclass.com"
2025/10/16 15:08:09 [error] 1785366#0: *6083 connect() failed (111: Connection refused) while connecting to upstream, client: 5.75.140.40, server: pouted.com, request: "GET /robots.txt HTTP/2.0", upstream: "https://192.145.236.239:8443/robots.txt", host: "pouted.com"
2025/10/16 15:08:09 [error] 1785366#0: *6085 connect() failed (111: Connection refused) while connecting to upstream, client: 20.171.207.135, server: ayaclass.com, request: "GET /?dir=%2Fproc&dl=%2Fproc%2F1471040 HTTP/1.1", upstream: "http://192.145.236.239:8080/?dir=%2Fproc&dl=%2Fproc%2F1471040", host: "www.ayaclass.com"
2025/10/16 15:08:10 [error] 1785366#0: *6088 connect() failed (111: Connection refused) while connecting to upstream, client: 5.75.140.40, server: pouted.com, request: "HEAD /sitemap.xml HTTP/2.0", upstream: "https://192.145.236.239:8443/sitemap.xml", host: "pouted.com"
2025/10/16 15:08:10 [error] 1785366#0: *6091 connect() failed (111: Connection refused) while connecting to upstream, client: 66.249.72.70, server: ayaclass.com, request: "GET /products/21660832/ HTTP/1.1", upstream: "http://192.145.236.239:8080/products/21660832/", host: "www.ayaclass.com"
2025/10/16 15:08:10 [error] 1785366#0: *6046 connect() failed (111: Connection refused) while connecting to upstream, client: 20.171.207.30, server: pouted.com, request: "GET /wp-content/plugins/wpforms-lite/templates/admin/forms/?C=M;O=A HTTP/2.0", upstream: "https://192.145.236.239:8443/wp-content/plugins/wpforms-lite/templates/admin/forms/?C=M;O=A", host: "www.pouted.com"
2025/10/16 15:08:11 [error] 1785366#0: *6094 connect() failed (111: Connection refused) while connecting to upstream, client: 5.75.140.40, server: pouted.com, request: "HEAD /sitemap_index.xml HTTP/2.0", upstream: "https://192.145.236.239:8443/sitemap_index.xml", host: "www.pouted.com"
2025/10/16 15:08:11 [error] 1785366#0: *6096 connect() failed (111: Connection refused) while connecting to upstream, client: 66.249.72.64, server: ayaclass.com, request: "GET /products/30659465/ HTTP/1.1", upstream: "http://192.145.236.239:8080/products/30659465/", host: "www.ayaclass.com"
2025/10/16 15:08:11 [error] 1785366#0: *6098 connect() failed (111: Connection refused) while connecting to upstream, client: 35.188.231.161, server: pouted.com, request: "GET /magazine/interior-designs/feed HTTP/2.0", upstream: "https://192.145.236.239:8443/magazine/interior-designs/feed", host: "www.pouted.com"
2025/10/16 15:08:13 [error] 1785366#0: *6101 connect() failed (111: Connection refused) while connecting to upstream, client: 5.75.140.40, server: pouted.com, request: "GET / HTTP/2.0", upstream: "https://192.145.236.239:8443/", host: "pouted.com"
2025/10/16 15:08:13 [error] 1785366#0: *6103 connect() failed (111: Connection refused) while connecting to upstream, client: 3.230.69.161, server: ayaclass.com, request: "GET /?dir=/home/ayaclass/.trash/AAA/vendor/google/apiclient-services/src/ContainerAnalysis&dl=/home/ayaclass/.trash/AAA/vendor/google/apiclient-services/src/ContainerAnalysis/ByProducts.php HTTP/1.1", upstream: "http://192.145.236.239:8080/?dir=/home/ayaclass/.trash/AAA/vendor/google/apiclient-services/src/ContainerAnalysis&dl=/home/ayaclass/.trash/AAA/vendor/google/apiclient-services/src/ContainerAnalysis/ByProducts.php", host: "www.ayaclass.com"
2025/10/16 15:08:14 [error] 1785366#0: *6108 connect() failed (111: Connection refused) while connecting to upstream, client: 66.249.64.174, server: pouted.com, request: "GET /wp-admin/admin-ajax.php?postviews_id=71541&action=tie_postviews&_=1759968000000 HTTP/2.0", upstream: "https://192.145.236.239:8443/wp-admin/admin-ajax.php?postviews_id=71541&action=tie_postviews&_=1759968000000", host: "www.pouted.com", referrer: "https://www.pouted.com/stellar-european-fashions-for-spring-2017/"
2025/10/16 15:08:14 [error] 1785366#0: *6101 connect() failed (111: Connection refused) while connecting to upstream, client: 5.75.140.40, server: pouted.com, request: "GET / HTTP/2.0", upstream: "https://192.145.236.239:8443/", host: "pouted.com"
2025/10/16 15:08:17 [error] 1785366#0: *6103 connect() failed (111: Connection refused) while connecting to upstream, client: 34.205.163.103, server: ayaclass.com, request: "GET /?dir=/home/ayaclass/.trash/AAA/vendor/google/apiclient-services/src/Books&dl=/home/ayaclass/.trash/AAA/vendor/google/apiclient-services/src/Books/CategoryItems.php HTTP/1.1", upstream: "http://192.145.236.239:8080/?dir=/home/ayaclass/.trash/AAA/vendor/google/apiclient-services/src/Books&dl=/home/ayaclass/.trash/AAA/vendor/google/apiclient-services/src/Books/CategoryItems.php", host: "www.ayaclass.com"
2025/10/16 15:08:17 [error] 1785366#0: *6101 connect() failed (111: Connection refused) while connecting to upstream, client: 5.75.140.40, server: pouted.com, request: "GET / HTTP/2.0", upstream: "https://192.145.236.239:8443/", host: "pouted.com"
2025/10/16 15:08:17 [error] 1785366#0: *6114 connect() failed (111: Connection refused) while connecting to upstream, client: 127.0.0.1, server: 127.0.0.1, request: "GET /whm-server-status HTTP/1.0", upstream: "http://127.0.0.1:8080/whm-server-status", host: "localhost"
2025/10/16 15:08:17 [error] 1785366#0: *6046 connect() failed (111: Connection refused) while connecting to upstream, client: 125.228.216.16, server: pouted.com, request: "GET /build-capsule-wardrobe/ HTTP/2.0", upstream: "https://192.145.236.239:8443/build-capsule-wardrobe/", host: "www.pouted.com", referrer: "https://www.pouted.com/"
2025/10/16 15:08:19 [error] 1785366#0: *6120 connect() failed (111: Connection refused) while connecting to upstream, client: 2a03:2880:f800:3::, server: pouted.com, request: "GET /best-gyms-in-america-2025/amp/ HTTP/2.0", upstream: "https://192.145.236.239:8443/best-gyms-in-america-2025/amp/", host: "www.pouted.com"
2025/10/16 15:08:20 [error] 1785366#0: *6123 open() "/home/pouted/public_html/wp-content/uploads/2014/08/8014.35966.jpg" failed (2: No such file or directory), client: 43.156.229.182, server: pouted.com, request: "GET /wp-content/uploads/2014/08/8014.35966.jpg HTTP/2.0", host: "www.pouted.com"
2025/10/16 15:08:21 [error] 1785366#0: *6101 connect() failed (111: Connection refused) while connecting to upstream, client: 5.75.140.40, server: pouted.com, request: "GET / HTTP/2.0", upstream: "https://192.145.236.239:8443/", host: "pouted.com"
2025/10/16 15:08:21 [error] 1785366#0: *6125 connect() failed (111: Connection refused) while connecting to upstream, client: 18.213.102.186, server: ayaclass.com, request: "GET /?dir=/usr/share/gettext/intl/.. HTTP/1.1", upstream: "http://192.145.236.239:8080/?dir=/usr/share/gettext/intl/..", host: "www.ayaclass.com"
2025/10/16 15:08:23 [error] 1785366#0: *6128 open() "/home/pouted/public_html/wp-content/uploads/2013/07/Ceiling-Color-For-A-Matching-Interior-Design-intshot_dalfacultyclub_feb1972_underconstruction_squareceilingfixtures_dalhousiefacultyclub101.jpg" failed (2: No such file or directory), client: 3.139.225.206, server: pouted.com, request: "GET /wp-content/uploads/2013/07/Ceiling-Color-For-A-Matching-Interior-Design-intshot_dalfacultyclub_feb1972_underconstruction_squareceilingfixtures_dalhousiefacultyclub101.jpg HTTP/2.0", host: "www.pouted.com"
2025/10/16 15:08:23 [error] 1785366#0: *6101 connect() failed (111: Connection refused) while connecting to upstream, client: 5.75.140.40, server: pouted.com, request: "GET / HTTP/2.0", upstream: "https://192.145.236.239:8443/", host: "pouted.com"
2025/10/16 15:08:24 [error] 1785366#0: *6132 connect() failed (111: Connection refused) while connecting to upstream, client: 185.191.171.11, server: ayaclass.com, request: "GET /?a=743940115 HTTP/1.1", upstream: "http://192.145.236.239:8080/?a=743940115", host: "www.ayaclass.com"
2025/10/16 15:08:26 [error] 1785366#0: *6134 connect() failed (111: Connection refused) while connecting to upstream, client: 54.87.95.7, server: ayaclass.com, request: "GET /public/?dir=/home/ayaclass/public_html/vendor/mpdf/mpdf/data/collations&dl=/home/ayaclass/public_html/vendor/mpdf/mpdf/data/collations/English_Trinidad_and_Tobago.php HTTP/1.1", upstream: "http://192.145.236.239:8080/public/?dir=/home/ayaclass/public_html/vendor/mpdf/mpdf/data/collations&dl=/home/ayaclass/public_html/vendor/mpdf/mpdf/data/collations/English_Trinidad_and_Tobago.php", host: "www.ayaclass.com"
2025/10/16 15:08:27 [error] 1785366#0: *6101 connect() failed (111: Connection refused) while connecting to upstream, client: 5.75.140.40, server: pouted.com, request: "GET / HTTP/2.0", upstream: "https://192.145.236.239:8443/", host: "pouted.com"
2025/10/16 15:08:29 [error] 1785366#0: *6125 connect() failed (111: Connection refused) while connecting to upstream, client: 2a03:2880:f800:35::, server: ayaclass.com, request: "GET /products/6555865/ HTTP/1.1", upstream: "http://192.145.236.239:8080/products/6555865/", host: "www.ayaclass.com"
2025/10/16 15:08:29 [error] 1785366#0: *6140 connect() failed (111: Connection refused) while connecting to upstream, client: 100.29.34.97, server: ayaclass.com, request: "GET /public/?dir=/home/ayaclass/.trash/AAA/vendor/mews/captcha/src&dl=/home/ayaclass/.trash/AAA/vendor/mews/captcha/src/LumenCaptchaController.php HTTP/1.1", upstream: "http://192.145.236.239:8080/public/?dir=/home/ayaclass/.trash/AAA/vendor/mews/captcha/src&dl=/home/ayaclass/.trash/AAA/vendor/mews/captcha/src/LumenCaptchaController.php", host: "www.ayaclass.com"
2025/10/16 15:08:30 [error] 1785366#0: *6101 connect() failed (111: Connection refused) while connecting to upstream, client: 5.75.140.40, server: pouted.com, request: "GET / HTTP/2.0", upstream: "https://192.145.236.239:8443/", host: "pouted.com"
2025/10/16 15:08:32 [error] 1785366#0: *6046 connect() failed (111: Connection refused) while connecting to upstream, client: 113.195.56.156, server: pouted.com, request: "GET /hot-sterling-silver-rings-women/ HTTP/2.0", upstream: "https://192.145.236.239:8443/hot-sterling-silver-rings-women/", host: "www.pouted.com"
2025/10/16 15:08:32 [error] 1785366#0: *6144 connect() failed (111: Connection refused) while connecting to upstream, client: 3.215.221.125, server: ayaclass.com, request: "GET /?dir=/opt/imh-python/lib/python3.9/site-packages/cherrypy/lib/__pycache__&dl=/opt/imh-python/lib/python3.9/site-packages/cherrypy/lib/__pycache__/cpstats.cpython-39.pyc HTTP/1.1", upstream: "http://192.145.236.239:8080/?dir=/opt/imh-python/lib/python3.9/site-packages/cherrypy/lib/__pycache__&dl=/opt/imh-python/lib/python3.9/site-packages/cherrypy/lib/__pycache__/cpstats.cpython-39.pyc", host: "www.ayaclass.com"
2025/10/16 15:08:32 [error] 1785366#0: *6091 connect() failed (111: Connection refused) while connecting to upstream, client: 66.249.72.71, server: ayaclass.com, request: "GET /products/16285987/ HTTP/1.1", upstream: "http://192.145.236.239:8080/products/16285987/", host: "www.ayaclass.com"
2025/10/16 15:08:32 [error] 1785366#0: *6101 connect() failed (111: Connection refused) while connecting to upstream, client: 5.75.140.40, server: pouted.com, request: "GET / HTTP/2.0", upstream: "https://192.145.236.239:8443/", host: "pouted.com"
2025/10/16 15:08:35 [error] 1785366#0: *6140 connect() failed (111: Connection refused) while connecting to upstream, client: 2a03:2880:f800:39::, server: ayaclass.com, request: "GET /products/22603898/ HTTP/1.1", upstream: "http://192.145.236.239:8080/products/22603898/", host: "www.ayaclass.com"
2025/10/16 15:08:35 [error] 1785366#0: *6151 open() "/home/pouted/public_html/wp-content/uploads/2013/01/post1rayas.jpg" failed (2: No such file or directory), client: 106.38.226.196, server: pouted.com, request: "GET /wp-content/uploads/2013/01/post1rayas.jpg HTTP/2.0", host: "www.pouted.com"
2025/10/16 15:08:35 [error] 1785366#0: *6101 connect() failed (111: Connection refused) while connecting to upstream, client: 5.75.140.40, server: pouted.com, request: "GET / HTTP/2.0", upstream: "https://192.145.236.239:8443/", host: "pouted.com"
2025/10/16 15:08:36 [error] 1785366#0: *6152 connect() failed (111: Connection refused) while connecting to upstream, client: 20.215.214.25, server: intensed.com, request: "GET / HTTP/2.0", upstream: "https://192.249.127.250:8443/", host: "intensed.com"
2025/10/16 15:08:36 [error] 1785366#0: *6155 connect() failed (111: Connection refused) while connecting to upstream, client: 20.215.214.16, server: intensed.com, request: "GET / HTTP/2.0", upstream: "https://192.249.127.250:8443/", host: "intensed.com"
2025/10/16 15:08:37 [error] 1785366#0: *6155 connect() failed (111: Connection refused) while connecting to upstream, client: 20.215.214.17, server: intensed.com, request: "GET / HTTP/2.0", upstream: "https://192.249.127.250:8443/", host: "intensed.com"
2025/10/16 15:08:37 [error] 1785366#0: *6158 connect() failed (111: Connection refused) while connecting to upstream, client: 2a03:2880:f800:41::, server: ayaclass.com, request: "GET /products/10483254/ HTTP/1.1", upstream: "http://192.145.236.239:8080/products/10483254/", host: "www.ayaclass.com"
2025/10/16 15:08:38 [error] 1785366#0: *6160 connect() failed (111: Connection refused) while connecting to upstream, client: 98.82.107.102, server: ayaclass.com, request: "GET /?dir=/usr/lib/python2.7/site-packages/pip/_vendor/distlib/_backport&dl=/usr/lib/python2.7/site-packages/pip/_vendor/distlib/_backport/shutil.pyc HTTP/1.1", upstream: "http://192.145.236.239:8080/?dir=/usr/lib/python2.7/site-packages/pip/_vendor/distlib/_backport&dl=/usr/lib/python2.7/site-packages/pip/_vendor/distlib/_backport/shutil.pyc", host: "www.ayaclass.com"
2025/10/16 15:08:39 [error] 1785366#0: *6101 connect() failed (111: Connection refused) while connecting to upstream, client: 5.75.140.40, server: pouted.com, request: "GET / HTTP/2.0", upstream: "https://192.145.236.239:8443/", host: "pouted.com"
2025/10/16 15:08:41 [error] 1785366#0: *6163 open() "/home/pouted/public_html/wp-content/uploads/2017/02/c-chaco-canyon-southwest-feather-copper-and-silver-bangle-d-20120613104604553181154-475x475.jpg" failed (2: No such file or directory), client: 132.195.94.137, server: pouted.com, request: "GET /wp-content/uploads/2017/02/c-chaco-canyon-southwest-feather-copper-and-silver-bangle-d-20120613104604553181154-475x475.jpg?x45357 HTTP/2.0", host: "www.pouted.com"
2025/10/16 15:08:41 [error] 1785366#0: *6125 connect() failed (111: Connection refused) while connecting to upstream, client: 44.212.232.231, server: ayaclass.com, request: "GET /public/?dir=/var/softaculous/clientexec&dl=/var/softaculous/clientexec/ioncube.php HTTP/1.1", upstream: "http://192.145.236.239:8080/public/?dir=/var/softaculous/clientexec&dl=/var/softaculous/clientexec/ioncube.php", host: "www.ayaclass.com"
2025/10/16 15:08:41 [error] 1785366#0: *6101 connect() failed (111: Connection refused) while connecting to upstream, client: 5.75.140.40, server: pouted.com, request: "GET / HTTP/2.0", upstream: "https://192.145.236.239:8443/", host: "pouted.com"
2025/10/16 15:08:44 [error] 1785366#0: *6167 connect() failed (111: Connection refused) while connecting to upstream, client: 2a09:bac5:3a5b:15f::23:47a, server: pouted.com, request: "GET /wp-login.php HTTP/2.0", upstream: "https://192.145.236.239:8443/wp-login.php", host: "www.pouted.com"
2025/10/16 15:08:45 [error] 1785366#0: *6140 connect() failed (111: Connection refused) while connecting to upstream, client: 34.204.150.196, server: ayaclass.com, request: "GET /public/?dir=/home/ayaclass/public_html/vendor/aws/aws-sdk-php/src/CloudWatch&edit=/home/ayaclass/public_html/vendor/aws/aws-sdk-php/src/CloudWatch/CloudWatchClient.php HTTP/1.1", upstream: "http://192.145.236.239:8080/public/?dir=/home/ayaclass/public_html/vendor/aws/aws-sdk-php/src/CloudWatch&edit=/home/ayaclass/public_html/vendor/aws/aws-sdk-php/src/CloudWatch/CloudWatchClient.php", host: "www.ayaclass.com"
2025/10/16 15:08:45 [error] 1785366#0: *6171 connect() failed (111: Connection refused) while connecting to upstream, client: 154.8.246.136, server: pouted.com, request: "GET /tag/fashion-trend-forecast-for-fall-and-winter/ HTTP/2.0", upstream: "https://192.145.236.239:8443/tag/fashion-trend-forecast-for-fall-and-winter/", host: "www.pouted.com"
