2025/10/16 15:27:02 [error] 1785366#0: *8541 connect() failed (111: Connection refused) while connecting to upstream, client: 66.249.64.168, server: pouted.com, request: "POST /wp-admin/admin-ajax.php HTTP/2.0", upstream: "https://192.145.236.239:8443/wp-admin/admin-ajax.php", host: "www.pouted.com", referrer: "https://www.pouted.com/top-10-smallest-persons-in-the-world/"
2025/10/16 15:27:02 [error] 1785366#0: *8394 connect() failed (111: Connection refused) while connecting to upstream, client: 52.167.144.161, server: pouted.com, request: "GET /tag/shape/ HTTP/2.0", upstream: "https://192.145.236.239:8443/tag/shape/", host: "www.pouted.com"
2025/10/16 15:27:03 [error] 1785366#0: *8547 connect() failed (111: Connection refused) while connecting to upstream, client: 66.249.75.134, server: mrmyst.com, request: "GET /AXIS/zonamo.html HTTP/2.0", upstream: "https://192.145.236.239:8443/AXIS/zonamo.html", host: "mrmyst.com"
2025/10/16 15:27:04 [error] 1785366#0: *8549 connect() failed (111: Connection refused) while connecting to upstream, client: 20.171.207.135, server: ayaclass.com, request: "GET /?dir=%2Fproc&dl=%2Fproc%2F1779545 HTTP/1.1", upstream: "http://192.145.236.239:8080/?dir=%2Fproc&dl=%2Fproc%2F1779545", host: "www.ayaclass.com"
2025/10/16 15:27:05 [error] 1785366#0: *8551 connect() failed (111: Connection refused) while connecting to upstream, client: 3.216.86.144, server: pouted.com, request: "GET /ways-make-small-space-cleaner/amp/ HTTP/2.0", upstream: "https://192.145.236.239:8443/ways-make-small-space-cleaner/amp/", host: "www.pouted.com"
2025/10/16 15:27:05 [error] 1785366#0: *8553 connect() failed (111: Connection refused) while connecting to upstream, client: 52.1.157.90, server: ayaclass.com, request: "GET /public/?dir=/proc/1593240 HTTP/1.1", upstream: "http://192.145.236.239:8080/public/?dir=/proc/1593240", host: "www.ayaclass.com"
2025/10/16 15:27:06 [error] 1785366#0: *8526 connect() failed (111: Connection refused) while connecting to upstream, client: 185.191.171.17, server: pouted.com, request: "GET /monochrome-outfits/ HTTP/2.0", upstream: "https://192.145.236.239:8443/monochrome-outfits/", host: "www.pouted.com"
2025/10/16 15:27:08 [error] 1785366#0: *8506 connect() failed (111: Connection refused) while connecting to upstream, client: 17.22.237.26, server: pouted.com, request: "GET /tag/utility-vehicles/ HTTP/2.0", upstream: "https://192.145.236.239:8443/tag/utility-vehicles/", host: "www.pouted.com"
2025/10/16 15:27:08 [error] 1785366#0: *8537 connect() failed (111: Connection refused) while connecting to upstream, client: 52.5.242.243, server: ayaclass.com, request: "GET /public/?dir=/var/softaculous/magento24/.. HTTP/1.1", upstream: "http://192.145.236.239:8080/public/?dir=/var/softaculous/magento24/..", host: "www.ayaclass.com"
2025/10/16 15:27:09 [error] 1785366#0: *8561 connect() failed (111: Connection refused) while connecting to upstream, client: 185.191.171.2, server: pouted.com, request: "GET /magazine/design/page/11/ HTTP/2.0", upstream: "https://192.145.236.239:8443/magazine/design/page/11/", host: "www.pouted.com"
2025/10/16 15:27:11 [error] 1785366#0: *8526 connect() failed (111: Connection refused) while connecting to upstream, client: 54.89.90.224, server: pouted.com, request: "GET /remove-highlight-from-pdf-easily-and-fast/amp/ HTTP/2.0", upstream: "https://192.145.236.239:8443/remove-highlight-from-pdf-easily-and-fast/amp/", host: "www.pouted.com"
2025/10/16 15:27:12 [error] 1785366#0: *8553 connect() failed (111: Connection refused) while connecting to upstream, client: 54.152.163.42, server: ayaclass.com, request: "GET /?dir=/home/ayaclass/public_html/vendor/twilio/sdk/src/Twilio/Rest/FlexApi/V1&dl=/home/ayaclass/public_html/vendor/twilio/sdk/src/Twilio/Rest/FlexApi/V1/InsightsSegmentsOptions.php HTTP/1.1", upstream: "http://192.145.236.239:8080/?dir=/home/ayaclass/public_html/vendor/twilio/sdk/src/Twilio/Rest/FlexApi/V1&dl=/home/ayaclass/public_html/vendor/twilio/sdk/src/Twilio/Rest/FlexApi/V1/InsightsSegmentsOptions.php", host: "www.ayaclass.com"
2025/10/16 15:27:13 [error] 1785366#0: *8568 connect() failed (111: Connection refused) while connecting to upstream, client: 2a03:2880:f800:d::, server: pouted.com, request: "GET /tag/celebrations/ HTTP/2.0", upstream: "https://192.145.236.239:8443/tag/celebrations/", host: "www.pouted.com"
2025/10/16 15:27:13 [error] 1785366#0: *8570 connect() failed (111: Connection refused) while connecting to upstream, client: 100.27.153.9, server: pouted.com, request: "GET /microsoft-web-hosting/amp/ HTTP/2.0", upstream: "https://192.145.236.239:8443/microsoft-web-hosting/amp/", host: "www.pouted.com"
2025/10/16 15:27:14 [error] 1785366#0: *8573 connect() failed (111: Connection refused) while connecting to upstream, client: 20.171.207.6, server: ayaclass.com, request: "GET /?dir=%2Fproc&dl=%2Fproc%2F1470247 HTTP/2.0", upstream: "https://192.145.236.239:8443/?dir=%2Fproc&dl=%2Fproc%2F1470247", host: "mail.ayaclass.com"
2025/10/16 15:27:15 [error] 1785366#0: *8575 open() "/home/pouted/public_html/wp-content/uploads/2013/07/Interior-House-Ceiling-Designs1.jpg" failed (2: No such file or directory), client: 131.227.80.154, server: pouted.com, request: "GET /wp-content/uploads/2013/07/Interior-House-Ceiling-Designs1.jpg?x44527 HTTP/2.0", host: "www.pouted.com"
2025/10/16 15:27:16 [error] 1785366#0: *8537 connect() failed (111: Connection refused) while connecting to upstream, client: 34.194.165.45, server: ayaclass.com, request: "GET /public/?dir=/home/ayaclass/public_html/vendor/sebastian/code-unit/src&edit=/home/ayaclass/public_html/vendor/sebastian/code-unit/src/InterfaceMethodUnit.php HTTP/1.1", upstream: "http://192.145.236.239:8080/public/?dir=/home/ayaclass/public_html/vendor/sebastian/code-unit/src&edit=/home/ayaclass/public_html/vendor/sebastian/code-unit/src/InterfaceMethodUnit.php", host: "www.ayaclass.com"
2025/10/16 15:27:19 [error] 1785366#0: *8577 connect() failed (111: Connection refused) while connecting to upstream, client: 3.225.45.252, server: pouted.com, request: "GET /family-photoshoot-outfit-ideas/ HTTP/2.0", upstream: "https://192.145.236.239:8443/family-photoshoot-outfit-ideas/", host: "www.pouted.com"
2025/10/16 15:27:19 [error] 1785366#0: *8579 connect() failed (111: Connection refused) while connecting to upstream, client: 54.80.153.104, server: pouted.com, request: "GET /9-planets-solar-system-characteristics/ HTTP/2.0", upstream: "https://192.145.236.239:8443/9-planets-solar-system-characteristics/", host: "www.pouted.com"
2025/10/16 15:27:20 [error] 1785366#0: *8581 connect() failed (111: Connection refused) while connecting to upstream, client: 119.249.100.176, server: pouted.com, request: "GET /top-scenic-train-rides-in-japan/ HTTP/2.0", upstream: "https://192.145.236.239:8443/top-scenic-train-rides-in-japan/", host: "www.pouted.com"
2025/10/16 15:27:21 [error] 1785366#0: *8537 connect() failed (111: Connection refused) while connecting to upstream, client: 34.192.67.98, server: ayaclass.com, request: "GET /public/?dir=/usr/share/X11/locale&dl=/usr/share/X11/locale/locale.alias HTTP/1.1", upstream: "http://192.145.236.239:8080/public/?dir=/usr/share/X11/locale&dl=/usr/share/X11/locale/locale.alias", host: "www.ayaclass.com"
2025/10/16 15:27:22 [error] 1785366#0: *8394 connect() failed (111: Connection refused) while connecting to upstream, client: 23.21.119.232, server: pouted.com, request: "GET /personalizing-customer-communication-with-customer-io/ HTTP/2.0", upstream: "https://192.145.236.239:8443/personalizing-customer-communication-with-customer-io/", host: "www.pouted.com"
2025/10/16 15:27:22 [error] 1785366#0: *8585 open() "/home/pouted/public_html/wp-content/uploads/2013/07/Maltese-Dogs-wallpaper-dogs-13937292-1024-768.jpg" failed (2: No such file or directory), client: 128.118.7.56, server: pouted.com, request: "GET /wp-content/uploads/2013/07/Maltese-Dogs-wallpaper-dogs-13937292-1024-768.jpg HTTP/2.0", host: "www.pouted.com"
2025/10/16 15:27:24 [error] 1785366#0: *8539 connect() failed (111: Connection refused) while connecting to upstream, client: 52.204.71.8, server: ayaclass.com, request: "GET /?dir=/opt/imh-python/lib/python3.9/site-packages/netmiko/ericsson/__pycache__&dl=/opt/imh-python/lib/python3.9/site-packages/netmiko/ericsson/__pycache__/.. HTTP/1.1", upstream: "http://192.145.236.239:8080/?dir=/opt/imh-python/lib/python3.9/site-packages/netmiko/ericsson/__pycache__&dl=/opt/imh-python/lib/python3.9/site-packages/netmiko/ericsson/__pycache__/..", host: "www.ayaclass.com"
2025/10/16 15:27:25 [error] 1785366#0: *8587 connect() failed (111: Connection refused) while connecting to upstream, client: 34.206.212.24, server: pouted.com, request: "GET /magazine/tools-services/web-hosting-reviews/page/9/ HTTP/2.0", upstream: "https://192.145.236.239:8443/magazine/tools-services/web-hosting-reviews/page/9/", host: "www.pouted.com"
2025/10/16 15:27:28 [error] 1785366#0: *8590 connect() failed (111: Connection refused) while connecting to upstream, client: 52.3.26.180, server: ayaclass.com, request: "GET /public/?dir=/opt/cpanel&edit=/opt/cpanel/libtidy HTTP/1.1", upstream: "http://192.145.236.239:8080/public/?dir=/opt/cpanel&edit=/opt/cpanel/libtidy", host: "www.ayaclass.com"
2025/10/16 15:27:29 [error] 1785366#0: *8577 connect() failed (111: Connection refused) while connecting to upstream, client: 3.229.2.217, server: pouted.com, request: "GET /server-colocation-services/amp/ HTTP/2.0", upstream: "https://192.145.236.239:8443/server-colocation-services/amp/", host: "www.pouted.com"
2025/10/16 15:27:30 [error] 1785366#0: *8593 connect() failed (111: Connection refused) while connecting to upstream, client: 185.191.171.18, server: ayaclass.com, request: "GET /?a=58531315 HTTP/1.1", upstream: "http://192.145.236.239:8080/?a=58531315", host: "www.ayaclass.com"
2025/10/16 15:27:31 [error] 1785366#0: *8595 connect() failed (111: Connection refused) while connecting to upstream, client: 66.249.64.168, server: pouted.com, request: "GET /top-10-smallest-persons-in-the-world/amp/ HTTP/2.0", upstream: "https://192.145.236.239:8443/top-10-smallest-persons-in-the-world/amp/", host: "www.pouted.com"
2025/10/16 15:27:32 [error] 1785366#0: *8597 connect() failed (111: Connection refused) while connecting to upstream, client: 54.147.182.90, server: ayaclass.com, request: "GET /?dir=/opt/imh-python/lib/python3.9/site-packages/dogpile/cache/backends/__pycache__&edit=/opt/imh-python/lib/python3.9/site-packages/dogpile/cache/backends/__pycache__/valkey.cpython-39.pyc HTTP/1.1", upstream: "http://192.145.236.239:8080/?dir=/opt/imh-python/lib/python3.9/site-packages/dogpile/cache/backends/__pycache__&edit=/opt/imh-python/lib/python3.9/site-packages/dogpile/cache/backends/__pycache__/valkey.cpython-39.pyc", host: "www.ayaclass.com"
2025/10/16 15:27:33 [error] 1785366#0: *8561 connect() failed (111: Connection refused) while connecting to upstream, client: 3.208.156.9, server: pouted.com, request: "GET /fabulous-and-stunning-colorful-bathrooms-to-renew-yours/open-bathroom-with-bed-in-it/ HTTP/2.0", upstream: "https://192.145.236.239:8443/fabulous-and-stunning-colorful-bathrooms-to-renew-yours/open-bathroom-with-bed-in-it/", host: "www.pouted.com"
2025/10/16 15:27:33 [error] 1785366#0: *8599 open() "/home/pouted/public_html/wp-content/uploads/2013/08/52.jpg" failed (2: No such file or directory), client: 3.139.225.206, server: pouted.com, request: "GET /wp-content/uploads/2013/08/52.jpg?x33143 HTTP/2.0", host: "www.pouted.com"
2025/10/16 15:27:34 [error] 1785366#0: *8601 connect() failed (111: Connection refused) while connecting to upstream, client: 101.46.15.43, server: pouted.com, request: "GET /rise-of-superapps HTTP/2.0", upstream: "https://192.145.236.239:8443/rise-of-superapps", host: "pouted.com", referrer: "https://pouted.com/rise-of-superapps"
2025/10/16 15:27:36 [error] 1785366#0: *8605 connect() failed (111: Connection refused) while connecting to upstream, client: 54.164.106.236, server: ayaclass.com, request: "GET /public/?dir=/usr/lib64/python3.6/site-packages/samba/samba3/__pycache__&dl=/usr/lib64/python3.6/site-packages/samba/samba3/__pycache__/__init__.cpython-36.pyc HTTP/1.1", upstream: "http://192.145.236.239:8080/public/?dir=/usr/lib64/python3.6/site-packages/samba/samba3/__pycache__&dl=/usr/lib64/python3.6/site-packages/samba/samba3/__pycache__/__init__.cpython-36.pyc", host: "www.ayaclass.com"
2025/10/16 15:27:37 [error] 1785366#0: *8568 connect() failed (111: Connection refused) while connecting to upstream, client: 54.84.169.196, server: pouted.com, request: "GET /cyber-security-issues-of-internet-with-electric-vehicles/ HTTP/2.0", upstream: "https://192.145.236.239:8443/cyber-security-issues-of-internet-with-electric-vehicles/", host: "www.pouted.com"
2025/10/16 15:27:39 [error] 1785366#0: *8610 open() "/home/pouted/public_html/wp-content/uploads/jewels/Gold-Gemstone-Jewellery.jpg" failed (2: No such file or directory), client: 131.227.80.133, server: pouted.com, request: "GET /wp-content/uploads/jewels/Gold-Gemstone-Jewellery.jpg HTTP/2.0", host: "www.pouted.com"
2025/10/16 15:27:40 [error] 1785366#0: *8611 connect() failed (111: Connection refused) while connecting to upstream, client: 44.220.2.97, server: ayaclass.com, request: "GET /?dir=/usr/lib&edit=/usr/lib/rads HTTP/1.1", upstream: "http://192.145.236.239:8080/?dir=/usr/lib&edit=/usr/lib/rads", host: "www.ayaclass.com"
2025/10/16 15:27:41 [error] 1785366#0: *8613 directory index of "/home/pouted/public_html/wp-content/uploads/2015/12/" is forbidden, client: 213.180.203.64, server: pouted.com, request: "GET /wp-content/uploads/2015/12/ HTTP/2.0", host: "www.pouted.com"
2025/10/16 15:27:41 [error] 1785366#0: *8579 connect() failed (111: Connection refused) while connecting to upstream, client: 52.167.144.19, server: pouted.com, request: "GET / HTTP/2.0", upstream: "https://192.145.236.239:8443/", host: "www.pouted.com"
2025/10/16 15:27:42 [error] 1785366#0: *8616 connect() failed (111: Connection refused) while connecting to upstream, client: 54.91.122.193, server: pouted.com, request: "GET /can-help-environment/ HTTP/2.0", upstream: "https://192.145.236.239:8443/can-help-environment/", host: "www.pouted.com"
2025/10/16 15:27:44 [error] 1785366#0: *8619 connect() failed (111: Connection refused) while connecting to upstream, client: 3.220.148.166, server: ayaclass.com, request: "GET /public/?dir=/opt/imh-python/lib/python3.9/asyncio&edit=/opt/imh-python/lib/python3.9/asyncio/runners.py HTTP/1.1", upstream: "http://192.145.236.239:8080/public/?dir=/opt/imh-python/lib/python3.9/asyncio&edit=/opt/imh-python/lib/python3.9/asyncio/runners.py", host: "www.ayaclass.com"
2025/10/16 15:27:44 [error] 1785366#0: *8621 connect() failed (111: Connection refused) while connecting to upstream, client: 74.7.35.48, server: pouted.com, request: "GET /12-of-the-most-attractive-actors-over-60-2/ HTTP/2.0", upstream: "https://192.145.236.239:8443/12-of-the-most-attractive-actors-over-60-2/", host: "www.pouted.com"
2025/10/16 15:27:45 [error] 1785366#0: *8624 connect() failed (111: Connection refused) while connecting to upstream, client: 74.7.35.61, server: pouted.com, request: "GET /12-of-the-most-attractive-actors-over-60-2/ HTTP/2.0", upstream: "https://192.145.236.239:8443/12-of-the-most-attractive-actors-over-60-2/", host: "www.pouted.com"
2025/10/16 15:27:45 [error] 1785366#0: *8626 connect() failed (111: Connection refused) while connecting to upstream, client: 54.210.155.69, server: pouted.com, request: "GET /top-10-health-benefits-honey/ HTTP/2.0", upstream: "https://192.145.236.239:8443/top-10-health-benefits-honey/", host: "www.pouted.com"
2025/10/16 15:27:45 [error] 1785366#0: *8627 connect() failed (111: Connection refused) while connecting to upstream, client: 74.7.35.56, server: pouted.com, request: "GET /12-of-the-most-attractive-actors-over-60-2/ HTTP/2.0", upstream: "https://192.145.236.239:8443/12-of-the-most-attractive-actors-over-60-2/", host: "www.pouted.com"
2025/10/16 15:27:46 [error] 1785366#0: *8568 connect() failed (111: Connection refused) while connecting to upstream, client: 74.7.35.60, server: pouted.com, request: "GET /12-of-the-most-attractive-actors-over-60-2/ HTTP/2.0", upstream: "https://192.145.236.239:8443/12-of-the-most-attractive-actors-over-60-2/", host: "www.pouted.com"
2025/10/16 15:27:48 [error] 1785366#0: *8619 connect() failed (111: Connection refused) while connecting to upstream, client: 44.193.115.232, server: ayaclass.com, request: "GET /public/?dir=/opt/cpanel/ea-php82/root/usr/include/php/ext/spl&edit=/opt/cpanel/ea-php82/root/usr/include/php/ext/spl/spl_engine.h HTTP/1.1", upstream: "http://192.145.236.239:8080/public/?dir=/opt/cpanel/ea-php82/root/usr/include/php/ext/spl&edit=/opt/cpanel/ea-php82/root/usr/include/php/ext/spl/spl_engine.h", host: "www.ayaclass.com"
2025/10/16 15:27:48 [error] 1785366#0: *8636 connect() failed (111: Connection refused) while connecting to upstream, client: 20.171.207.30, server: pouted.com, request: "GET /wp-content/plugins/link-whisper-premium/vendor/rahul900day/gpt-3-encoder/src/Support/?C=D;O=A HTTP/2.0", upstream: "https://192.145.236.239:8443/wp-content/plugins/link-whisper-premium/vendor/rahul900day/gpt-3-encoder/src/Support/?C=D;O=A", host: "www.pouted.com"
2025/10/16 15:27:48 [error] 1785366#0: *8639 connect() failed (111: Connection refused) while connecting to upstream, client: 74.7.35.54, server: pouted.com, request: "GET / HTTP/2.0", upstream: "https://192.145.236.239:8443/", host: "pouted.com"
2025/10/16 15:27:49 [error] 1785366#0: *8642 connect() failed (111: Connection refused) while connecting to upstream, client: 74.7.35.49, server: pouted.com, request: "GET / HTTP/2.0", upstream: "https://192.145.236.239:8443/", host: "pouted.com"
2025/10/16 15:27:49 [error] 1785366#0: *8645 connect() failed (111: Connection refused) while connecting to upstream, client: 74.7.35.62, server: pouted.com, request: "GET / HTTP/2.0", upstream: "https://192.145.236.239:8443/", host: "pouted.com"
2025/10/16 15:27:49 [error] 1785366#0: *8644 connect() failed (111: Connection refused) while connecting to upstream, client: 240e:951:2c10:481b:38::, server: pouted.com, request: "GET /tag/bridesmaids-jewelry/ HTTP/2.0", upstream: "https://192.145.236.239:8443/tag/bridesmaids-jewelry/", host: "www.pouted.com"
2025/10/16 15:27:50 [error] 1785366#0: *8648 connect() failed (111: Connection refused) while connecting to upstream, client: 74.7.35.60, server: pouted.com, request: "GET / HTTP/2.0", upstream: "https://192.145.236.239:8443/", host: "pouted.com"
2025/10/16 15:27:51 [error] 1785366#0: *8624 connect() failed (111: Connection refused) while connecting to upstream, client: 52.54.249.218, server: pouted.com, request: "GET /how-to-fix-dry-hair-fast/amp/ HTTP/2.0", upstream: "https://192.145.236.239:8443/how-to-fix-dry-hair-fast/amp/", host: "www.pouted.com"
2025/10/16 15:27:51 [error] 1785366#0: *8651 open() "/home/pouted/public_html/wp-content/uploads/jewels/Gold-Plated-Money-Clip.jpg" failed (2: No such file or directory), client: 128.118.7.56, server: pouted.com, request: "GET /wp-content/uploads/jewels/Gold-Plated-Money-Clip.jpg HTTP/2.0", host: "www.pouted.com"
2025/10/16 15:27:52 [error] 1785366#0: *8619 connect() failed (111: Connection refused) while connecting to upstream, client: 54.197.82.195, server: ayaclass.com, request: "GET /?dir=/usr/lib64&dl=/usr/lib64/gtk-2.0 HTTP/1.1", upstream: "http://192.145.236.239:8080/?dir=/usr/lib64&dl=/usr/lib64/gtk-2.0", host: "www.ayaclass.com"
2025/10/16 15:27:52 [error] 1785366#0: *8654 connect() failed (111: Connection refused) while connecting to upstream, client: 127.0.0.1, server: 127.0.0.1, request: "GET /whm-server-status HTTP/1.0", upstream: "http://127.0.0.1:8080/whm-server-status", host: "localhost"
2025/10/16 15:27:54 [error] 1785366#0: *8577 connect() failed (111: Connection refused) while connecting to upstream, client: 34.194.14.255, server: pouted.com, request: "GET /learn-speak-understand-italian-like-native-half-time/amp/ HTTP/2.0", upstream: "https://192.145.236.239:8443/learn-speak-understand-italian-like-native-half-time/amp/", host: "www.pouted.com"
2025/10/16 15:27:56 [error] 1785366#0: *8605 connect() failed (111: Connection refused) while connecting to upstream, client: 54.147.182.90, server: ayaclass.com, request: "GET /public/?dir=/home/ayaclass/public_html/vendor/twilio/sdk/src/Twilio/Rest/Api/V2010/Account&dl=/home/ayaclass/public_html/vendor/twilio/sdk/src/Twilio/Rest/Api/V2010/Account/MessageList.php HTTP/1.1", upstream: "http://192.145.236.239:8080/public/?dir=/home/ayaclass/public_html/vendor/twilio/sdk/src/Twilio/Rest/Api/V2010/Account&dl=/home/ayaclass/public_html/vendor/twilio/sdk/src/Twilio/Rest/Api/V2010/Account/MessageList.php", host: "www.ayaclass.com"
2025/10/16 15:27:57 [error] 1785366#0: *8660 connect() failed (111: Connection refused) while connecting to upstream, client: 157.55.39.8, server: ayaclass.com, request: "GET /products/5832798/ HTTP/1.1", upstream: "http://192.145.236.239:8080/products/5832798/", host: "www.ayaclass.com"
2025/10/16 15:27:57 [error] 1785366#0: *8662 connect() failed (111: Connection refused) while connecting to upstream, client: 216.244.66.248, server: pouted.com, request: "GET /tag/honorable-lie/ HTTP/2.0", upstream: "https://192.145.236.239:8443/tag/honorable-lie/", host: "www.pouted.com"
2025/10/16 15:27:59 [error] 1785366#0: *8627 connect() failed (111: Connection refused) while connecting to upstream, client: 18.214.124.6, server: pouted.com, request: "GET /things-to-check-before-buying-a-new-condo/amp/ HTTP/2.0", upstream: "https://192.145.236.239:8443/things-to-check-before-buying-a-new-condo/amp/", host: "www.pouted.com"
2025/10/16 15:28:00 [error] 1785366#0: *8666 connect() failed (111: Connection refused) while connecting to upstream, client: 3.210.29.96, server: ayaclass.com, request: "GET /public/?dir=/usr/lib/fixperms/venv/lib/python3.13/site-packages/urllib3/contrib/emscripten/__pycache__&edit=/usr/lib/fixperms/venv/lib/python3.13/site-packages/urllib3/contrib/emscripten/__pycache__/__init__.cpython-313.pyc HTTP/1.1", upstream: "http://192.145.236.239:8080/public/?dir=/usr/lib/fixperms/venv/lib/python3.13/site-packages/urllib3/contrib/emscripten/__pycache__&edit=/usr/lib/fixperms/venv/lib/python3.13/site-packages/urllib3/contrib/emscripten/__pycache__/__init__.cpython-313.pyc", host: "www.ayaclass.com"
2025/10/16 15:28:01 [error] 1785366#0: *8668 connect() failed (111: Connection refused) while connecting to upstream, client: 104.153.92.6, server: pouted.com, request: "GET /robots.txt HTTP/2.0", upstream: "https://192.145.236.239:8443/robots.txt", host: "www.pouted.com"
2025/10/16 15:28:01 [error] 1785366#0: *8568 connect() failed (111: Connection refused) while connecting to upstream, client: 44.193.115.232, server: pouted.com, request: "GET /kids-fashion-trends-in-winter-2013/ HTTP/2.0", upstream: "https://192.145.236.239:8443/kids-fashion-trends-in-winter-2013/", host: "www.pouted.com"
2025/10/16 15:28:01 [error] 1785366#0: *8671 connect() failed (111: Connection refused) while connecting to upstream, client: 104.153.92.6, server: pouted.com, request: "GET /traveling-from-paris-to-amsterdam-by-train HTTP/2.0", upstream: "https://192.145.236.239:8443/traveling-from-paris-to-amsterdam-by-train", host: "www.pouted.com"
2025/10/16 15:28:02 [error] 1785366#0: *8674 open() "/home/pouted/public_html/wp-content/uploads/2014/07/Jewelry-carved-from-old-coins-18-634x634.jpg" failed (2: No such file or directory), client: 128.118.7.56, server: pouted.com, request: "GET /wp-content/uploads/2014/07/Jewelry-carved-from-old-coins-18-634x634.jpg?x44527 HTTP/2.0", host: "www.pouted.com"
2025/10/16 15:28:03 [error] 1785366#0: *8577 connect() failed (111: Connection refused) while connecting to upstream, client: 52.167.144.19, server: pouted.com, request: "GET /tag/complex-skin/ HTTP/2.0", upstream: "https://192.145.236.239:8443/tag/complex-skin/", host: "www.pouted.com"
2025/10/16 15:28:04 [error] 1785366#0: *8679 connect() failed (111: Connection refused) while connecting to upstream, client: 35.169.119.108, server: ayaclass.com, request: "GET /?dir=/home/ayaclass/public_html/vendor/spatie/laravel-ignition/src&dl=/home/ayaclass/public_html/vendor/spatie/laravel-ignition/src/.. HTTP/1.1", upstream: "http://192.145.236.239:8080/?dir=/home/ayaclass/public_html/vendor/spatie/laravel-ignition/src&dl=/home/ayaclass/public_html/vendor/spatie/laravel-ignition/src/..", host: "www.ayaclass.com"
2025/10/16 15:28:05 [error] 1785366#0: *8681 connect() failed (111: Connection refused) while connecting to upstream, client: 20.171.207.135, server: ayaclass.com, request: "GET /?dir=%2Fproc&dl=%2Fproc%2F1773018 HTTP/1.1", upstream: "http://192.145.236.239:8080/?dir=%2Fproc&dl=%2Fproc%2F1773018", host: "www.ayaclass.com"
2025/10/16 15:28:06 [error] 1785366#0: *8684 connect() failed (111: Connection refused) while connecting to upstream, client: 100.27.153.9, server: pouted.com, request: "GET /guide-to-creating-brand-name/amp/ HTTP/2.0", upstream: "https://192.145.236.239:8443/guide-to-creating-brand-name/amp/", host: "www.pouted.com"
2025/10/16 15:28:07 [error] 1785366#0: *8687 connect() failed (111: Connection refused) while connecting to upstream, client: 2a03:2880:f800:3e::, server: ayaclass.com, request: "GET /products/19879676/ HTTP/1.1", upstream: "http://192.145.236.239:8080/products/19879676/", host: "www.ayaclass.com"
2025/10/16 15:28:08 [error] 1785366#0: *8686 connect() failed (111: Connection refused) while connecting to upstream, client: 2600:3c0b::2000:b4ff:fe28:2891, server: pouted.com, request: "GET /11-catchiest-spring-summer-shoe-trends-for-women-2017/ HTTP/2.0", upstream: "https://192.145.236.239:8443/11-catchiest-spring-summer-shoe-trends-for-women-2017/", host: "www.pouted.com"
2025/10/16 15:28:08 [error] 1785366#0: *8690 connect() failed (111: Connection refused) while connecting to upstream, client: 34.194.233.48, server: ayaclass.com, request: "GET /public/?dir=/home/ayaclass/public_html/vendor/symfony/yaml&dl=/home/ayaclass/public_html/vendor/symfony/yaml/.. HTTP/1.1", upstream: "http://192.145.236.239:8080/public/?dir=/home/ayaclass/public_html/vendor/symfony/yaml&dl=/home/ayaclass/public_html/vendor/symfony/yaml/..", host: "www.ayaclass.com"
2025/10/16 15:28:08 [error] 1785366#0: *8692 connect() failed (111: Connection refused) while connecting to upstream, client: 216.244.66.248, server: pouted.com, request: "GET /tag/melatonin/ HTTP/2.0", upstream: "https://192.145.236.239:8443/tag/melatonin/", host: "www.pouted.com"
2025/10/16 15:28:10 [error] 1785366#0: *8694 connect() failed (111: Connection refused) while connecting to upstream, client: 40.77.167.57, server: pouted.com, request: "GET /tag/mobile-phone-charms/ HTTP/2.0", upstream: "https://192.145.236.239:8443/tag/mobile-phone-charms/", host: "www.pouted.com"
2025/10/16 15:28:11 [error] 1785366#0: *8577 connect() failed (111: Connection refused) while connecting to upstream, client: 54.225.181.161, server: pouted.com, request: "GET /how-to-start-a-hosting-company-at-home/ HTTP/2.0", upstream: "https://192.145.236.239:8443/how-to-start-a-hosting-company-at-home/", host: "www.pouted.com"
2025/10/16 15:28:12 [error] 1785366#0: *8698 connect() failed (111: Connection refused) while connecting to upstream, client: 54.87.62.248, server: ayaclass.com, request: "GET /?dir=/usr/lib64/python2.7/distutils&edit=/usr/lib64/python2.7/distutils/versionpredicate.pyc HTTP/1.1", upstream: "http://192.145.236.239:8080/?dir=/usr/lib64/python2.7/distutils&edit=/usr/lib64/python2.7/distutils/versionpredicate.pyc", host: "www.ayaclass.com"
2025/10/16 15:28:14 [error] 1785366#0: *8627 connect() failed (111: Connection refused) while connecting to upstream, client: 184.73.47.24, server: pouted.com, request: "GET /5-tips-taking-good-care-lungs/ HTTP/2.0", upstream: "https://192.145.236.239:8443/5-tips-taking-good-care-lungs/", host: "www.pouted.com"
2025/10/16 15:28:15 [error] 1785366#0: *8702 connect() failed (111: Connection refused) while connecting to upstream, client: 173.224.127.70, server: pouted.com, request: "GET /6-fashionable-hairstyles-every-man-in-his-30s-should-nail HTTP/2.0", upstream: "https://192.145.236.239:8443/6-fashionable-hairstyles-every-man-in-his-30s-should-nail", host: "www.pouted.com"
2025/10/16 15:28:15 [error] 1785366#0: *8704 open() "/home/pouted/public_html/wp-content/uploads/2013/01/art_nouveau_papyrus_greeting_card-p137966409499555163b21fb_400.jpg" failed (2: No such file or directory), client: 216.86.162.153, server: pouted.com, request: "GET /wp-content/uploads/2013/01/art_nouveau_papyrus_greeting_card-p137966409499555163b21fb_400.jpg?x85627 HTTP/2.0", host: "www.pouted.com"
2025/10/16 15:28:16 [error] 1785366#0: *8668 connect() failed (111: Connection refused) while connecting to upstream, client: 2a03:2880:11ff:59::, server: pouted.com, request: "GET /robots.txt HTTP/2.0", upstream: "https://192.145.236.239:8443/robots.txt", host: "www.pouted.com"
2025/10/16 15:28:16 [error] 1785366#0: *8605 connect() failed (111: Connection refused) while connecting to upstream, client: 23.21.204.95, server: ayaclass.com, request: "GET /?dir=/usr/lib64&dl=/usr/lib64/libusb-1.0.so.0 HTTP/1.1", upstream: "http://192.145.236.239:8080/?dir=/usr/lib64&dl=/usr/lib64/libusb-1.0.so.0", host: "www.ayaclass.com"
2025/10/16 15:28:16 [error] 1785366#0: *8707 connect() failed (111: Connection refused) while connecting to upstream, client: 66.249.72.71, server: ayaclass.com, request: "GET /?dir=%2Fproc%2F3275275&dl=%2Fproc%2F3275275%2Fpagemap HTTP/1.1", upstream: "http://192.145.236.239:8080/?dir=%2Fproc%2F3275275&dl=%2Fproc%2F3275275%2Fpagemap", host: "www.ayaclass.com"
2025/10/16 15:28:17 [error] 1785366#0: *8710 connect() failed (111: Connection refused) while connecting to upstream, client: 52.0.63.151, server: pouted.com, request: "GET /what-are-t-bone-accidents/amp/ HTTP/2.0", upstream: "https://192.145.236.239:8443/what-are-t-bone-accidents/amp/", host: "www.pouted.com"
2025/10/16 15:28:19 [error] 1785366#0: *8712 connect() failed (111: Connection refused) while connecting to upstream, client: 2a03:2880:f800:45::, server: pouted.com, request: "GET /top-10-fitness-trainers-in-the-usa/ HTTP/2.0", upstream: "https://192.145.236.239:8443/top-10-fitness-trainers-in-the-usa/", host: "www.pouted.com"
2025/10/16 15:28:20 [error] 1785366#0: *8698 connect() failed (111: Connection refused) while connecting to upstream, client: 3.232.39.98, server: ayaclass.com, request: "GET /?dir=/opt/imh-python/lib/python3.9/site-packages/Cryptodome/SelfTest/Hash/test_vectors&dl=/opt/imh-python/lib/python3.9/site-packages/Cryptodome/SelfTest/Hash/test_vectors/wycheproof HTTP/1.1", upstream: "http://192.145.236.239:8080/?dir=/opt/imh-python/lib/python3.9/site-packages/Cryptodome/SelfTest/Hash/test_vectors&dl=/opt/imh-python/lib/python3.9/site-packages/Cryptodome/SelfTest/Hash/test_vectors/wycheproof", host: "www.ayaclass.com"
2025/10/16 15:28:22 [error] 1785366#0: *8717 connect() failed (111: Connection refused) while connecting to upstream, client: 100.29.34.97, server: pouted.com, request: "GET /unique-luxury-gifts-for-dogs/amp/ HTTP/2.0", upstream: "https://192.145.236.239:8443/unique-luxury-gifts-for-dogs/amp/", host: "www.pouted.com"
2025/10/16 15:28:23 [error] 1785366#0: *8692 connect() failed (111: Connection refused) while connecting to upstream, client: 216.244.66.248, server: pouted.com, request: "GET /tag/celebrating-wedding/ HTTP/2.0", upstream: "https://192.145.236.239:8443/tag/celebrating-wedding/", host: "www.pouted.com"
2025/10/16 15:28:23 [error] 1785366#0: *8710 connect() failed (111: Connection refused) while connecting to upstream, client: 54.175.74.27, server: pouted.com, request: "GET /6-fashionable-hairstyles-every-man-in-his-30s-should-nail/ HTTP/2.0", upstream: "https://192.145.236.239:8443/6-fashionable-hairstyles-every-man-in-his-30s-should-nail/", host: "www.pouted.com"
2025/10/16 15:28:24 [error] 1785366#0: *8687 connect() failed (111: Connection refused) while connecting to upstream, client: 52.21.62.139, server: ayaclass.com, request: "GET /public/?dir=/opt/imh-python/lib/python3.9/site-packages/libcloud/storage&dl=/opt/imh-python/lib/python3.9/site-packages/libcloud/storage/__init__.py HTTP/1.1", upstream: "http://192.145.236.239:8080/public/?dir=/opt/imh-python/lib/python3.9/site-packages/libcloud/storage&dl=/opt/imh-python/lib/python3.9/site-packages/libcloud/storage/__init__.py", host: "www.ayaclass.com"
2025/10/16 15:28:28 [error] 1785366#0: *8717 connect() failed (111: Connection refused) while connecting to upstream, client: 40.77.167.78, server: pouted.com, request: "GET /modern-ideas-room-designs-teenage-girls/ HTTP/2.0", upstream: "https://192.145.236.239:8443/modern-ideas-room-designs-teenage-girls/", host: "www.pouted.com"
2025/10/16 15:28:28 [error] 1785366#0: *8726 open() "/home/pouted/public_html/wp-content/uploads/2013/07/greatwall.png" failed (2: No such file or directory), client: 3.139.225.206, server: pouted.com, request: "GET /wp-content/uploads/2013/07/greatwall.png HTTP/2.0", host: "www.pouted.com"
2025/10/16 15:28:29 [error] 1785366#0: *8666 connect() failed (111: Connection refused) while connecting to upstream, client: 100.27.153.9, server: ayaclass.com, request: "GET /?dir=/opt/cpanel/ea-openssl11/share/doc/openssl/html/man3&edit=/opt/cpanel/ea-openssl11/share/doc/openssl/html/man3/ERR_pop_to_mark.html HTTP/1.1", upstream: "http://192.145.236.239:8080/?dir=/opt/cpanel/ea-openssl11/share/doc/openssl/html/man3&edit=/opt/cpanel/ea-openssl11/share/doc/openssl/html/man3/ERR_pop_to_mark.html", host: "www.ayaclass.com"
2025/10/16 15:28:30 [error] 1785366#0: *8568 connect() failed (111: Connection refused) while connecting to upstream, client: 18.214.124.6, server: pouted.com, request: "GET /step-by-step-boat-plans-for-building-your-own-boat/ HTTP/2.0", upstream: "https://192.145.236.239:8443/step-by-step-boat-plans-for-building-your-own-boat/", host: "www.pouted.com"
2025/10/16 15:28:30 [error] 1785366#0: *8605 connect() failed (111: Connection refused) while connecting to upstream, client: 185.191.171.6, server: ayaclass.com, request: "GET /?a=27189215 HTTP/1.1", upstream: "http://192.145.236.239:8080/?a=27189215", host: "www.ayaclass.com"
2025/10/16 15:28:30 [error] 1785366#0: *8733 connect() failed (111: Connection refused) while connecting to upstream, client: 44.218.6.93, server: pouted.com, request: "GET /top-10-funniest-laws-in-the-world/amp/ HTTP/2.0", upstream: "https://192.145.236.239:8443/top-10-funniest-laws-in-the-world/amp/", host: "www.pouted.com"
2025/10/16 15:28:32 [error] 1785366#0: *8666 connect() failed (111: Connection refused) while connecting to upstream, client: 3.226.34.98, server: ayaclass.com, request: "GET /public/?dir=/opt/imh-python/lib/python3.9/site-packages/pip/_internal/commands&dl=/opt/imh-python/lib/python3.9/site-packages/pip/_internal/commands/hash.py HTTP/1.1", upstream: "http://192.145.236.239:8080/public/?dir=/opt/imh-python/lib/python3.9/site-packages/pip/_internal/commands&dl=/opt/imh-python/lib/python3.9/site-packages/pip/_internal/commands/hash.py", host: "www.ayaclass.com"
2025/10/16 15:28:33 [error] 1785366#0: *8712 connect() failed (111: Connection refused) while connecting to upstream, client: 54.88.84.219, server: pouted.com, request: "GET /windows-architectural-statements/ HTTP/2.0", upstream: "https://192.145.236.239:8443/windows-architectural-statements/", host: "www.pouted.com"
2025/10/16 15:28:33 [error] 1785366#0: *8740 connect() failed (111: Connection refused) while connecting to upstream, client: 44.249.68.3, server: pouted.com, request: "GET /top-10-oil-gas-companies-qatar/ HTTP/2.0", upstream: "https://192.145.236.239:8443/top-10-oil-gas-companies-qatar/", host: "www.pouted.com"
2025/10/16 15:28:36 [error] 1785366#0: *8744 connect() failed (111: Connection refused) while connecting to upstream, client: 3.216.227.216, server: ayaclass.com, request: "GET /public/?dir=/opt/imh-python/lib/python3.9&dl=/opt/imh-python/lib/python3.9/wsgiref HTTP/1.1", upstream: "http://192.145.236.239:8080/public/?dir=/opt/imh-python/lib/python3.9&dl=/opt/imh-python/lib/python3.9/wsgiref", host: "www.ayaclass.com"
2025/10/16 15:28:38 [error] 1785366#0: *8746 connect() failed (111: Connection refused) while connecting to upstream, client: 220.181.108.167, server: pouted.com, request: "GET /tag/achieving-progress/ HTTP/2.0", upstream: "https://192.145.236.239:8443/tag/achieving-progress/", host: "www.pouted.com"
2025/10/16 15:28:39 [error] 1785366#0: *8748 connect() failed (111: Connection refused) while connecting to upstream, client: 44.207.207.36, server: pouted.com, request: "GET /tag/chopin-concerts-in-krakow/ HTTP/2.0", upstream: "https://192.145.236.239:8443/tag/chopin-concerts-in-krakow/", host: "www.pouted.com"
2025/10/16 15:28:40 [error] 1785366#0: *8750 connect() failed (111: Connection refused) while connecting to upstream, client: 107.23.62.75, server: ayaclass.com, request: "GET /?dir=/usr/share/locale&edit=/usr/share/locale/gd HTTP/1.1", upstream: "http://192.145.236.239:8080/?dir=/usr/share/locale&edit=/usr/share/locale/gd", host: "www.ayaclass.com"
2025/10/16 15:28:42 [error] 1785366#0: *8752 connect() failed (111: Connection refused) while connecting to upstream, client: 66.249.64.168, server: pouted.com, request: "GET /12-most-unusual-sunglasses-ever/amp/ HTTP/2.0", upstream: "https://192.145.236.239:8443/12-most-unusual-sunglasses-ever/amp/", host: "www.pouted.com"
2025/10/16 15:28:42 [error] 1785366#0: *8754 connect() failed (111: Connection refused) while connecting to upstream, client: 52.204.253.129, server: pouted.com, request: "GET /weird-peacocks-wear-wedding-dresses/amp/ HTTP/2.0", upstream: "https://192.145.236.239:8443/weird-peacocks-wear-wedding-dresses/amp/", host: "www.pouted.com"
2025/10/16 15:28:44 [error] 1785366#0: *8757 connect() failed (111: Connection refused) while connecting to upstream, client: 100.24.167.60, server: ayaclass.com, request: "GET /public/?dir=/opt/imh-python/lib/python3.9/site-packages/pip-25.1.1.dist-info&edit=/opt/imh-python/lib/python3.9/site-packages/pip-25.1.1.dist-info/entry_points.txt HTTP/1.1", upstream: "http://192.145.236.239:8080/public/?dir=/opt/imh-python/lib/python3.9/site-packages/pip-25.1.1.dist-info&edit=/opt/imh-python/lib/python3.9/site-packages/pip-25.1.1.dist-info/entry_points.txt", host: "www.ayaclass.com"
2025/10/16 15:28:46 [error] 1785366#0: *8759 connect() failed (111: Connection refused) while connecting to upstream, client: 23.23.180.225, server: pouted.com, request: "GET /magazine/fashion-designs/baby-fashion/ HTTP/2.0", upstream: "https://192.145.236.239:8443/magazine/fashion-designs/baby-fashion/", host: "www.pouted.com"
2025/10/16 15:28:48 [error] 1785366#0: *8687 connect() failed (111: Connection refused) while connecting to upstream, client: 52.205.222.214, server: ayaclass.com, request: "GET /public/?dir=/usr/share/doc/git&dl=/usr/share/doc/git/git.txt HTTP/1.1", upstream: "http://192.145.236.239:8080/public/?dir=/usr/share/doc/git&dl=/usr/share/doc/git/git.txt", host: "www.ayaclass.com"
2025/10/16 15:28:50 [error] 1785366#0: *8754 connect() failed (111: Connection refused) while connecting to upstream, client: 52.71.203.206, server: pouted.com, request: "GET /fortunately-new-solution-stop-snoring/amp/ HTTP/2.0", upstream: "https://192.145.236.239:8443/fortunately-new-solution-stop-snoring/amp/", host: "www.pouted.com"
2025/10/16 15:28:51 [error] 1785366#0: *8766 connect() failed (111: Connection refused) while connecting to upstream, client: 159.138.106.234, server: pouted.com, request: "GET /newest-home-color-trends-interior-design-2017 HTTP/2.0", upstream: "https://192.145.236.239:8443/newest-home-color-trends-interior-design-2017", host: "pouted.com", referrer: "https://pouted.com/newest-home-color-trends-interior-design-2017"
2025/10/16 15:28:52 [error] 1785366#0: *8768 connect() failed (111: Connection refused) while connecting to upstream, client: 44.208.223.68, server: ayaclass.com, request: "GET /public/?dir=/opt/imh-python/lib/python3.9/site-packages/libcloud/test/compute/fixtures/openstack_identity&dl=/opt/imh-python/lib/python3.9/site-packages/libcloud/test/compute/fixtures/openstack_identity/.. HTTP/1.1", upstream: "http://192.145.236.239:8080/public/?dir=/opt/imh-python/lib/python3.9/site-packages/libcloud/test/compute/fixtures/openstack_identity&dl=/opt/imh-python/lib/python3.9/site-packages/libcloud/test/compute/fixtures/openstack_identity/..", host: "www.ayaclass.com"
2025/10/16 15:28:53 [error] 1785366#0: *8770 connect() failed (111: Connection refused) while connecting to upstream, client: 20.171.207.30, server: pouted.com, request: "GET /wp-json/oembed/1.0/embed?format=xml&url=https%3A%2F%2Fwww.pouted.com%2F3-tips-of-how-to-choose-an-outdoor-rug-to-your-patio%2F HTTP/2.0", upstream: "https://192.145.236.239:8443/wp-json/oembed/1.0/embed?format=xml&url=https%3A%2F%2Fwww.pouted.com%2F3-tips-of-how-to-choose-an-outdoor-rug-to-your-patio%2F", host: "www.pouted.com"
2025/10/16 15:28:53 [error] 1785366#0: *8754 connect() failed (111: Connection refused) while connecting to upstream, client: 98.82.214.73, server: pouted.com, request: "GET /how-to-choose-the-perfect-watch-for-your-groom/amp/ HTTP/2.0", upstream: "https://192.145.236.239:8443/how-to-choose-the-perfect-watch-for-your-groom/amp/", host: "www.pouted.com"
2025/10/16 15:28:53 [error] 1785366#0: *8773 open() "/home/pouted/public_html/wp-content/uploads/2014/01/Brooch-humming-bird-ruby-diamond-780x405.jpg" failed (2: No such file or directory), client: 124.220.154.62, server: pouted.com, request: "GET /wp-content/uploads/2014/01/Brooch-humming-bird-ruby-diamond-780x405.jpg?x85627 HTTP/2.0", host: "www.pouted.com"
2025/10/16 15:28:56 [error] 1785366#0: *8774 connect() failed (111: Connection refused) while connecting to upstream, client: 216.244.66.248, server: pouted.com, request: "GET /tag/government-of-countries/ HTTP/2.0", upstream: "https://192.145.236.239:8443/tag/government-of-countries/", host: "www.pouted.com"
2025/10/16 15:28:57 [error] 1785366#0: *8776 connect() failed (111: Connection refused) while connecting to upstream, client: 40.77.167.136, server: ayaclass.com, request: "GET /products/26634065/ HTTP/1.1", upstream: "http://192.145.236.239:8080/products/26634065/", host: "www.ayaclass.com"
2025/10/16 15:28:57 [error] 1785366#0: *8748 connect() failed (111: Connection refused) while connecting to upstream, client: 107.20.25.33, server: pouted.com, request: "GET /7-top-upcoming-christmas-decoration-ideas-2018/ HTTP/2.0", upstream: "https://192.145.236.239:8443/7-top-upcoming-christmas-decoration-ideas-2018/", host: "www.pouted.com"
2025/10/16 15:28:58 [error] 1785366#0: *8666 connect() failed (111: Connection refused) while connecting to upstream, client: 52.44.174.136, server: ayaclass.com, request: "GET /?dir=/opt/imh-python/lib/python3.9/site-packages/IPython/core&edit=/opt/imh-python/lib/python3.9/site-packages/IPython/core/payloadpage.py HTTP/1.1", upstream: "http://192.145.236.239:8080/?dir=/opt/imh-python/lib/python3.9/site-packages/IPython/core&edit=/opt/imh-python/lib/python3.9/site-packages/IPython/core/payloadpage.py", host: "www.ayaclass.com"
2025/10/16 15:29:00 [error] 1785366#0: *8757 connect() failed (111: Connection refused) while connecting to upstream, client: 18.211.148.239, server: ayaclass.com, request: "GET /?dir=/opt/imh-python/lib/python3.9/site-packages/libcloud/test/dns/fixtures&dl=/opt/imh-python/lib/python3.9/site-packages/libcloud/test/dns/fixtures/buddyns HTTP/1.1", upstream: "http://192.145.236.239:8080/?dir=/opt/imh-python/lib/python3.9/site-packages/libcloud/test/dns/fixtures&dl=/opt/imh-python/lib/python3.9/site-packages/libcloud/test/dns/fixtures/buddyns", host: "www.ayaclass.com"
2025/10/16 15:29:01 [error] 1785366#0: *8783 connect() failed (111: Connection refused) while connecting to upstream, client: 3.216.13.10, server: pouted.com, request: "GET /45-magnificent-dazzling-bathtub-designs-2015/ HTTP/2.0", upstream: "https://192.145.236.239:8443/45-magnificent-dazzling-bathtub-designs-2015/", host: "www.pouted.com"
2025/10/16 15:29:01 [error] 1785366#0: *8785 connect() failed (111: Connection refused) while connecting to upstream, client: 127.0.0.1, server: 127.0.0.1, request: "GET /whm-server-status HTTP/1.0", upstream: "http://127.0.0.1:8080/whm-server-status", host: "localhost"
2025/10/16 15:29:03 [error] 1785366#0: *8788 open() "/home/pouted/public_html/wp-content/uploads/jewels/Lovely-in-colour-this-pear-shaped-Peridot-gemstone.jpg" failed (2: No such file or directory), client: 128.118.7.55, server: pouted.com, request: "GET /wp-content/uploads/jewels/Lovely-in-colour-this-pear-shaped-Peridot-gemstone.jpg HTTP/2.0", host: "www.pouted.com"
2025/10/16 15:29:03 [error] 1785366#0: *8789 connect() failed (111: Connection refused) while connecting to upstream, client: 40.77.167.78, server: pouted.com, request: "GET /tag/it-is-calorie-free/ HTTP/2.0", upstream: "https://192.145.236.239:8443/tag/it-is-calorie-free/", host: "www.pouted.com"
2025/10/16 15:29:04 [error] 1785366#0: *8791 connect() failed (111: Connection refused) while connecting to upstream, client: 3.216.13.10, server: ayaclass.com, request: "GET /public/?dir=/var/softaculous/doku&dl=/var/softaculous/doku/fileindex.php HTTP/1.1", upstream: "http://192.145.236.239:8080/public/?dir=/var/softaculous/doku&dl=/var/softaculous/doku/fileindex.php", host: "www.ayaclass.com"
2025/10/16 15:29:08 [error] 1785366#0: *8794 connect() failed (111: Connection refused) while connecting to upstream, client: 18.233.24.238, server: pouted.com, request: "GET /fashion-guide-for-christmas-events/amp/ HTTP/2.0", upstream: "https://192.145.236.239:8443/fashion-guide-for-christmas-events/amp/", host: "www.pouted.com"
2025/10/16 15:29:08 [error] 1785366#0: *8796 connect() failed (111: Connection refused) while connecting to upstream, client: 44.205.192.249, server: ayaclass.com, request: "GET /?dir=/usr/include/asm-generic&edit=/usr/include/asm-generic/termios.h HTTP/1.1", upstream: "http://192.145.236.239:8080/?dir=/usr/include/asm-generic&edit=/usr/include/asm-generic/termios.h", host: "www.ayaclass.com"
2025/10/16 15:29:09 [error] 1785366#0: *8799 connect() failed (111: Connection refused) while connecting to upstream, client: 20.171.207.135, server: ayaclass.com, request: "GET /?dir=%2Fproc&dl=%2Fproc%2F1513080 HTTP/1.1", upstream: "http://192.145.236.239:8080/?dir=%2Fproc&dl=%2Fproc%2F1513080", host: "www.ayaclass.com"
2025/10/16 15:29:09 [error] 1785366#0: *8798 connect() failed (111: Connection refused) while connecting to upstream, client: 18.213.70.100, server: pouted.com, request: "GET /donating-to-charity/amp/ HTTP/2.0", upstream: "https://192.145.236.239:8443/donating-to-charity/amp/", host: "www.pouted.com"
2025/10/16 15:29:13 [error] 1785366#0: *8803 connect() failed (111: Connection refused) while connecting to upstream, client: 98.86.109.172, server: pouted.com, request: "GET /most-inspiring-restaurant-interior-designs-in-the-world/ HTTP/2.0", upstream: "https://192.145.236.239:8443/most-inspiring-restaurant-interior-designs-in-the-world/", host: "www.pouted.com"
2025/10/16 15:29:14 [error] 1785366#0: *8806 connect() failed (111: Connection refused) while connecting to upstream, client: 107.20.25.33, server: ayaclass.com, request: "GET /?dir=/proc/sys/kernel&dl=/proc/sys/kernel/hung_task_warnings HTTP/1.1", upstream: "http://192.145.236.239:8080/?dir=/proc/sys/kernel&dl=/proc/sys/kernel/hung_task_warnings", host: "www.ayaclass.com"
2025/10/16 15:29:14 [error] 1785366#0: *8808 connect() failed (111: Connection refused) while connecting to upstream, client: 20.171.207.6, server: ayaclass.com, request: "GET /?dir=%2Fproc&dl=%2Fproc%2F1472261 HTTP/2.0", upstream: "https://192.145.236.239:8443/?dir=%2Fproc&dl=%2Fproc%2F1472261", host: "mail.ayaclass.com"
2025/10/16 15:29:14 [error] 1785366#0: *8798 connect() failed (111: Connection refused) while connecting to upstream, client: 98.84.131.195, server: pouted.com, request: "GET /sherwebreview/amp/ HTTP/2.0", upstream: "https://192.145.236.239:8443/sherwebreview/amp/", host: "www.pouted.com"
2025/10/16 15:29:16 [error] 1785366#0: *8757 connect() failed (111: Connection refused) while connecting to upstream, client: 18.211.148.239, server: ayaclass.com, request: "GET /?dir=/var/lib/initramfs&edit=/var/lib/initramfs/.. HTTP/1.1", upstream: "http://192.145.236.239:8080/?dir=/var/lib/initramfs&edit=/var/lib/initramfs/..", host: "www.ayaclass.com"
2025/10/16 15:29:19 [error] 1785366#0: *8783 connect() failed (111: Connection refused) while connecting to upstream, client: 3.217.82.254, server: pouted.com, request: "GET /factors-for-choosing-best-airline-for-travel/amp/ HTTP/2.0", upstream: "https://192.145.236.239:8443/factors-for-choosing-best-airline-for-travel/amp/", host: "www.pouted.com"
2025/10/16 15:29:19 [error] 1785366#0: *8813 connect() failed (111: Connection refused) while connecting to upstream, client: 17.246.19.72, server: pouted.com, request: "GET /tag/eye-drops/ HTTP/2.0", upstream: "https://192.145.236.239:8443/tag/eye-drops/", host: "www.pouted.com"
2025/10/16 15:29:20 [error] 1785366#0: *8815 connect() failed (111: Connection refused) while connecting to upstream, client: 17.246.23.175, server: pouted.com, request: "GET /tag/gifts-for-brothers/ HTTP/2.0", upstream: "https://192.145.236.239:8443/tag/gifts-for-brothers/", host: "www.pouted.com"
