2025/10/16 14:47:41 [error] 1785366#0: *2767 connect() failed (111: Connection refused) while connecting to upstream, client: 3.220.70.171, server: ayaclass.com, request: "GET /public/?dir=/opt/imh-python/lib/python3.9/site-packages/kombu&dl=/opt/imh-python/lib/python3.9/site-packages/kombu/mixins.py HTTP/1.1", upstream: "http://192.145.236.239:8080/public/?dir=/opt/imh-python/lib/python3.9/site-packages/kombu&dl=/opt/imh-python/lib/python3.9/site-packages/kombu/mixins.py", host: "www.ayaclass.com"
2025/10/16 14:47:42 [error] 1785366#0: *3012 connect() failed (111: Connection refused) while connecting to upstream, client: 43.173.177.215, server: pouted.com, request: "GET /best-selling-video-games-of-2024/ HTTP/2.0", upstream: "https://192.145.236.239:8443/best-selling-video-games-of-2024/", host: "www.pouted.com"
2025/10/16 14:47:42 [error] 1785366#0: *3040 connect() failed (111: Connection refused) while connecting to upstream, client: 43.173.177.8, server: pouted.com, request: "GET /magazine/interior-designs/kitchen/ HTTP/2.0", upstream: "https://192.145.236.239:8443/magazine/interior-designs/kitchen/", host: "www.pouted.com"
2025/10/16 14:47:42 [error] 1785366#0: *3047 open() "/home/pouted/public_html/wp-content/uploads/2015/06/Does-Your-Pet-Have-Some-Kind-of-Allergy-1.jpg" failed (2: No such file or directory), client: 114.119.133.237, server: pouted.com, request: "GET /wp-content/uploads/2015/06/Does-Your-Pet-Have-Some-Kind-of-Allergy-1.jpg?x45357 HTTP/2.0", host: "www.pouted.com"
2025/10/16 14:47:43 [error] 1785366#0: *3048 connect() failed (111: Connection refused) while connecting to upstream, client: 43.173.176.19, server: pouted.com, request: "GET /magazine/fashion-designs/women-fashion/ HTTP/2.0", upstream: "https://192.145.236.239:8443/magazine/fashion-designs/women-fashion/", host: "www.pouted.com"
2025/10/16 14:47:44 [error] 1785366#0: *3012 connect() failed (111: Connection refused) while connecting to upstream, client: 43.173.181.175, server: pouted.com, request: "GET /elon-musks-tesla-optimus-robots-2025/ HTTP/2.0", upstream: "https://192.145.236.239:8443/elon-musks-tesla-optimus-robots-2025/", host: "www.pouted.com"
2025/10/16 14:47:44 [error] 1785366#0: *2833 connect() failed (111: Connection refused) while connecting to upstream, client: 43.173.181.65, server: pouted.com, request: "GET /signs-sewer-line-repair/ HTTP/2.0", upstream: "https://192.145.236.239:8443/signs-sewer-line-repair/", host: "www.pouted.com"
2025/10/16 14:47:45 [error] 1785366#0: *3053 connect() failed (111: Connection refused) while connecting to upstream, client: 2601:280:5d00:4a80:dc90:953b:dafe:5c4, server: pouted.com, request: "GET /30-creative-ideas-food-presentation/ HTTP/2.0", upstream: "https://192.145.236.239:8443/30-creative-ideas-food-presentation/", host: "www.pouted.com", referrer: "https://www.google.com/"
2025/10/16 14:47:47 [error] 1785366#0: *3056 connect() failed (111: Connection refused) while connecting to upstream, client: 40.77.167.6, server: pouted.com, request: "GET /tag/the-best-software-companies-in-the-world/ HTTP/2.0", upstream: "https://192.145.236.239:8443/tag/the-best-software-companies-in-the-world/", host: "www.pouted.com"
2025/10/16 14:47:47 [error] 1785366#0: *3058 connect() failed (111: Connection refused) while connecting to upstream, client: 52.54.15.103, server: ayaclass.com, request: "GET /?dir=/usr/share/locale&edit=/usr/share/locale/ka_GE HTTP/1.1", upstream: "http://192.145.236.239:8080/?dir=/usr/share/locale&edit=/usr/share/locale/ka_GE", host: "www.ayaclass.com"
2025/10/16 14:47:49 [error] 1785366#0: *3060 connect() failed (111: Connection refused) while connecting to upstream, client: 131.108.78.134, server: pouted.com, request: "GET /how-to-optimize-your-trades/ HTTP/2.0", upstream: "https://192.145.236.239:8443/how-to-optimize-your-trades/", host: "www.pouted.com"
2025/10/16 14:47:49 [error] 1785366#0: *3063 connect() failed (111: Connection refused) while connecting to upstream, client: 52.71.203.206, server: ayaclass.com, request: "GET /public/?dir=/home/ayaclass/public_html/vendor/google/apiclient-services/src/CloudSearch&dl=/home/ayaclass/public_html/vendor/google/apiclient-services/src/CloudSearch/AppsDynamiteSharedEmoji.php HTTP/1.1", upstream: "http://192.145.236.239:8080/public/?dir=/home/ayaclass/public_html/vendor/google/apiclient-services/src/CloudSearch&dl=/home/ayaclass/public_html/vendor/google/apiclient-services/src/CloudSearch/AppsDynamiteSharedEmoji.php", host: "www.ayaclass.com"
2025/10/16 14:47:49 [error] 1785366#0: *3061 connect() failed (111: Connection refused) while connecting to upstream, client: 201.94.145.160, server: pouted.com, request: "GET /top-eco-friendly-luxury-hotels-and-resorts/ HTTP/2.0", upstream: "https://192.145.236.239:8443/top-eco-friendly-luxury-hotels-and-resorts/", host: "www.pouted.com"
2025/10/16 14:47:49 [error] 1785366#0: *3065 connect() failed (111: Connection refused) while connecting to upstream, client: 192.185.176.194, server: classing.ru, request: "GET /wp-login.php HTTP/2.0", upstream: "https://192.249.127.245:8443/wp-login.php", host: "www.classing.ru"
2025/10/16 14:47:50 [error] 1785366#0: *3065 connect() failed (111: Connection refused) while connecting to upstream, client: 192.185.176.194, server: classing.ru, request: "POST /wp-login.php HTTP/2.0", upstream: "https://192.249.127.245:8443/wp-login.php", host: "www.classing.ru", referrer: "https://www.classing.ru/wp-login.php"
2025/10/16 14:47:51 [error] 1785366#0: *3073 connect() failed (111: Connection refused) while connecting to upstream, client: 157.55.39.48, server: ayaclass.com, request: "GET /products/25658998/ HTTP/1.1", upstream: "http://192.145.236.239:8080/products/25658998/", host: "www.ayaclass.com"
2025/10/16 14:47:51 [error] 1785366#0: *3073 connect() failed (111: Connection refused) while connecting to upstream, client: 157.55.39.48, server: ayaclass.com, request: "GET /products/24122565/ HTTP/1.1", upstream: "http://192.145.236.239:8080/products/24122565/", host: "www.ayaclass.com"
2025/10/16 14:47:51 [error] 1785366#0: *3072 connect() failed (111: Connection refused) while connecting to upstream, client: 187.21.253.232, server: pouted.com, request: "GET /magazine/tools-services/web-tools-and-design/ HTTP/2.0", upstream: "https://192.145.236.239:8443/magazine/tools-services/web-tools-and-design/", host: "www.pouted.com"
2025/10/16 14:47:52 [error] 1785366#0: *3077 connect() failed (111: Connection refused) while connecting to upstream, client: 201.79.177.252, server: pouted.com, request: "GET /magazine/fashion-designs/ HTTP/2.0", upstream: "https://192.145.236.239:8443/magazine/fashion-designs/", host: "www.pouted.com"
2025/10/16 14:47:52 [error] 1785366#0: *3078 connect() failed (111: Connection refused) while connecting to upstream, client: 170.231.141.224, server: pouted.com, request: "GET /61-awesome-valentines-day-decoration-ideas/ HTTP/2.0", upstream: "https://192.145.236.239:8443/61-awesome-valentines-day-decoration-ideas/", host: "www.pouted.com"
2025/10/16 14:47:53 [error] 1785366#0: *3081 open() "/home/pouted/public_html/wp-content/uploads/2013/05/Pearl-font-b-Knot-b-font-475x475.jpg" failed (2: No such file or directory), client: 216.86.162.153, server: pouted.com, request: "GET /wp-content/uploads/2013/05/Pearl-font-b-Knot-b-font-475x475.jpg HTTP/2.0", host: "www.pouted.com"
2025/10/16 14:47:53 [error] 1785366#0: *3083 connect() failed (111: Connection refused) while connecting to upstream, client: 3.89.170.186, server: ayaclass.com, request: "GET /?dir=/opt/imh-python/lib/python3.9/lib2to3/fixes/__pycache__&edit=/opt/imh-python/lib/python3.9/lib2to3/fixes/__pycache__/fix_imports2.cpython-39.pyc HTTP/1.1", upstream: "http://192.145.236.239:8080/?dir=/opt/imh-python/lib/python3.9/lib2to3/fixes/__pycache__&edit=/opt/imh-python/lib/python3.9/lib2to3/fixes/__pycache__/fix_imports2.cpython-39.pyc", host: "www.ayaclass.com"
2025/10/16 14:47:53 [error] 1785366#0: *3082 connect() failed (111: Connection refused) while connecting to upstream, client: 91.134.181.172, server: pouted.com, request: "GET /feed/ HTTP/2.0", upstream: "https://192.145.236.239:8443/feed/", host: "www.pouted.com"
2025/10/16 14:47:54 [error] 1785366#0: *3086 connect() failed (111: Connection refused) while connecting to upstream, client: 186.221.200.84, server: pouted.com, request: "GET /innovative-ceiling-design-ideas-2025/ HTTP/2.0", upstream: "https://192.145.236.239:8443/innovative-ceiling-design-ideas-2025/", host: "www.pouted.com"
2025/10/16 14:47:54 [error] 1785366#0: *3063 connect() failed (111: Connection refused) while connecting to upstream, client: 52.167.144.218, server: ayaclass.com, request: "GET /products/5147143/ HTTP/1.1", upstream: "http://192.145.236.239:8080/products/5147143/", host: "www.ayaclass.com"
2025/10/16 14:47:55 [error] 1785366#0: *3061 connect() failed (111: Connection refused) while connecting to upstream, client: 177.139.29.84, server: pouted.com, request: "GET /types-of-interior-design-styles/ HTTP/2.0", upstream: "https://192.145.236.239:8443/types-of-interior-design-styles/", host: "www.pouted.com"
2025/10/16 14:47:55 [error] 1785366#0: *3090 connect() failed (111: Connection refused) while connecting to upstream, client: 2a03:2880:22ff:6::, server: pouted.com, request: "GET /top-2025-teen-fashion-trends/ HTTP/2.0", upstream: "https://192.145.236.239:8443/top-2025-teen-fashion-trends/", host: "www.pouted.com"
2025/10/16 14:47:55 [error] 1785366#0: *3077 connect() failed (111: Connection refused) while connecting to upstream, client: 201.131.30.170, server: pouted.com, request: "GET /magazine/design/ HTTP/2.0", upstream: "https://192.145.236.239:8443/magazine/design/", host: "www.pouted.com"
2025/10/16 14:47:56 [error] 1785366#0: *3094 connect() failed (111: Connection refused) while connecting to upstream, client: 168.0.23.25, server: pouted.com, request: "GET /discover-digit-360/ HTTP/2.0", upstream: "https://192.145.236.239:8443/discover-digit-360/", host: "www.pouted.com"
2025/10/16 14:47:56 [error] 1785366#0: *3096 connect() failed (111: Connection refused) while connecting to upstream, client: 44.218.6.93, server: ayaclass.com, request: "GET /public/?dir=/home/ayaclass/public_html/vendor/google/apiclient-services/src/CloudDomains&dl=/home/ayaclass/public_html/vendor/google/apiclient-services/src/CloudDomains/ConfigureDnsSettingsRequest.php HTTP/1.1", upstream: "http://192.145.236.239:8080/public/?dir=/home/ayaclass/public_html/vendor/google/apiclient-services/src/CloudDomains&dl=/home/ayaclass/public_html/vendor/google/apiclient-services/src/CloudDomains/ConfigureDnsSettingsRequest.php", host: "www.ayaclass.com"
2025/10/16 14:47:57 [error] 1785366#0: *3100 connect() failed (111: Connection refused) while connecting to upstream, client: 2a03:2880:f800:20::, server: ayaclass.com, request: "GET /products/13264154/ HTTP/1.1", upstream: "http://192.145.236.239:8080/products/13264154/", host: "www.ayaclass.com"
2025/10/16 14:47:57 [error] 1785366#0: *3099 connect() failed (111: Connection refused) while connecting to upstream, client: 8.217.211.252, server: pouted.com, request: "GET /wp-json/wp/v2/tags/439 HTTP/2.0", upstream: "https://192.145.236.239:8443/wp-json/wp/v2/tags/439", host: "www.pouted.com"
2025/10/16 14:47:58 [error] 1785366#0: *3086 connect() failed (111: Connection refused) while connecting to upstream, client: 191.240.247.247, server: pouted.com, request: "GET /most-beautiful-waterfalls-in-world/ HTTP/2.0", upstream: "https://192.145.236.239:8443/most-beautiful-waterfalls-in-world/", host: "www.pouted.com"
2025/10/16 14:47:58 [error] 1785366#0: *3103 connect() failed (111: Connection refused) while connecting to upstream, client: 45.181.134.219, server: pouted.com, request: "GET /best-mothers-day-gifts-2025/ HTTP/2.0", upstream: "https://192.145.236.239:8443/best-mothers-day-gifts-2025/", host: "www.pouted.com"
2025/10/16 14:47:58 [error] 1785366#0: *3107 connect() failed (111: Connection refused) while connecting to upstream, client: 190.109.48.104, server: pouted.com, request: "GET /magazine/interior-designs/furniture/ HTTP/2.0", upstream: "https://192.145.236.239:8443/magazine/interior-designs/furniture/", host: "www.pouted.com"
2025/10/16 14:47:58 [error] 1785366#0: *3108 connect() failed (111: Connection refused) while connecting to upstream, client: 8.217.140.234, server: pouted.com, request: "GET /wp-json/wp/v2/tags/15252 HTTP/2.0", upstream: "https://192.145.236.239:8443/wp-json/wp/v2/tags/15252", host: "www.pouted.com"
2025/10/16 14:47:58 [error] 1785366#0: *3020 connect() failed (111: Connection refused) while connecting to upstream, client: 43.173.181.42, server: pouted.com, request: "GET /7-unique-wedding-traditions-around-world/ HTTP/2.0", upstream: "https://192.145.236.239:8443/7-unique-wedding-traditions-around-world/", host: "www.pouted.com"
2025/10/16 14:47:59 [error] 1785366#0: *3112 connect() failed (111: Connection refused) while connecting to upstream, client: 43.173.181.50, server: pouted.com, request: "GET /most-luxurious-first-class-airlines/ HTTP/2.0", upstream: "https://192.145.236.239:8443/most-luxurious-first-class-airlines/", host: "www.pouted.com"
2025/10/16 14:47:59 [error] 1785366#0: *3115 open() "/home/pouted/public_html/wp-content/uploads/2013/08/peacock-crystal-brooch-brooches-brooch-pin-brooch-rhinestone-brooches.jpg" failed (2: No such file or directory), client: 3.139.225.206, server: pouted.com, request: "GET /wp-content/uploads/2013/08/peacock-crystal-brooch-brooches-brooch-pin-brooch-rhinestone-brooches.jpg?x85627 HTTP/2.0", host: "www.pouted.com"
2025/10/16 14:48:00 [error] 1785366#0: *3113 connect() failed (111: Connection refused) while connecting to upstream, client: 45.170.230.230, server: pouted.com, request: "GET /magazine/food-nutrition/ HTTP/2.0", upstream: "https://192.145.236.239:8443/magazine/food-nutrition/", host: "www.pouted.com"
2025/10/16 14:48:00 [error] 1785366#0: *3118 connect() failed (111: Connection refused) while connecting to upstream, client: 20.171.207.6, server: ayaclass.com, request: "GET /?dir=%2Fproc&dl=%2Fproc%2F1701248 HTTP/2.0", upstream: "https://192.145.236.239:8443/?dir=%2Fproc&dl=%2Fproc%2F1701248", host: "mail.ayaclass.com"
2025/10/16 14:48:00 [error] 1785366#0: *3116 connect() failed (111: Connection refused) while connecting to upstream, client: 168.197.83.179, server: pouted.com, request: "GET /magazine/lifestyle/ HTTP/2.0", upstream: "https://192.145.236.239:8443/magazine/lifestyle/", host: "www.pouted.com"
2025/10/16 14:48:00 [error] 1785366#0: *3020 connect() failed (111: Connection refused) while connecting to upstream, client: 43.173.178.170, server: pouted.com, request: "GET /fashion-trends-for-men-spring-2025/ HTTP/2.0", upstream: "https://192.145.236.239:8443/fashion-trends-for-men-spring-2025/", host: "www.pouted.com"
2025/10/16 14:48:00 [error] 1785366#0: *3122 connect() failed (111: Connection refused) while connecting to upstream, client: 181.59.2.80, server: pouted.com, request: "GET /magazine/interior-designs/bathroom/ HTTP/2.0", upstream: "https://192.145.236.239:8443/magazine/interior-designs/bathroom/", host: "www.pouted.com"
2025/10/16 14:48:01 [error] 1785366#0: *3012 connect() failed (111: Connection refused) while connecting to upstream, client: 43.173.180.108, server: pouted.com, request: "GET /best-action-actors/ HTTP/2.0", upstream: "https://192.145.236.239:8443/best-action-actors/", host: "www.pouted.com"
2025/10/16 14:48:01 [error] 1785366#0: *3061 connect() failed (111: Connection refused) while connecting to upstream, client: 131.72.87.137, server: pouted.com, request: "GET /ai-design-programs-for-interior-design/ HTTP/2.0", upstream: "https://192.145.236.239:8443/ai-design-programs-for-interior-design/", host: "www.pouted.com"
2025/10/16 14:48:01 [error] 1785366#0: *3126 connect() failed (111: Connection refused) while connecting to upstream, client: 98.81.29.162, server: intensed.com, request: "GET /_profiler/empty/search/results?limit=10 HTTP/1.1", upstream: "https://192.249.127.250:8443/_profiler/empty/search/results?limit=10", host: "mail.intensed.com"
2025/10/16 14:48:01 [error] 1785366#0: *3130 open() "/home/pouted/public_html/wp-content/uploads/2013/07/tumblr_m54j5ePX3X1rpvp69o1_500.jpg" failed (2: No such file or directory), client: 114.119.129.237, server: pouted.com, request: "GET /wp-content/uploads/2013/07/tumblr_m54j5ePX3X1rpvp69o1_500.jpg HTTP/2.0", host: "www.pouted.com"
2025/10/16 14:48:01 [error] 1785366#0: *2877 connect() failed (111: Connection refused) while connecting to upstream, client: 43.173.177.55, server: pouted.com, request: "GET /high-antioxidant-foods-better-health/ HTTP/2.0", upstream: "https://192.145.236.239:8443/high-antioxidant-foods-better-health/", host: "www.pouted.com"
2025/10/16 14:48:02 [error] 1785366#0: *3132 connect() failed (111: Connection refused) while connecting to upstream, client: 191.179.10.239, server: pouted.com, request: "GET /the-body-boosting-spices-you-could-add-to-your-diet/ HTTP/2.0", upstream: "https://192.145.236.239:8443/the-body-boosting-spices-you-could-add-to-your-diet/", host: "www.pouted.com"
2025/10/16 14:48:02 [error] 1785366#0: *3134 connect() failed (111: Connection refused) while connecting to upstream, client: 44.195.50.71, server: ayaclass.com, request: "GET /public/?dir=/opt/imh-python/lib/python3.9/email/__pycache__&edit=/opt/imh-python/lib/python3.9/email/__pycache__/message.cpython-39.opt-1.pyc HTTP/1.1", upstream: "http://192.145.236.239:8080/public/?dir=/opt/imh-python/lib/python3.9/email/__pycache__&edit=/opt/imh-python/lib/python3.9/email/__pycache__/message.cpython-39.opt-1.pyc", host: "www.ayaclass.com"
2025/10/16 14:48:02 [error] 1785366#0: *3024 connect() failed (111: Connection refused) while connecting to upstream, client: 43.173.179.233, server: pouted.com, request: "GET /top-vitamin-c-serums-for-radiant-skin/ HTTP/2.0", upstream: "https://192.145.236.239:8443/top-vitamin-c-serums-for-radiant-skin/", host: "www.pouted.com"
2025/10/16 14:48:03 [error] 1785366#0: *3094 connect() failed (111: Connection refused) while connecting to upstream, client: 138.99.28.80, server: pouted.com, request: "GET /magazine/automotive/ HTTP/2.0", upstream: "https://192.145.236.239:8443/magazine/automotive/", host: "www.pouted.com"
2025/10/16 14:48:03 [error] 1785366#0: *3112 connect() failed (111: Connection refused) while connecting to upstream, client: 43.173.177.247, server: pouted.com, request: "GET /magazine/lifestyle/gift-ideas/ HTTP/2.0", upstream: "https://192.145.236.239:8443/magazine/lifestyle/gift-ideas/", host: "www.pouted.com"
2025/10/16 14:48:03 [error] 1785366#0: *3142 open() "/home/pouted/public_html/wp-content/uploads/2013/05/big-pink-umbrella-475x385.jpg" failed (2: No such file or directory), client: 114.119.149.203, server: pouted.com, request: "GET /wp-content/uploads/2013/05/big-pink-umbrella-475x385.jpg HTTP/2.0", host: "www.pouted.com"
2025/10/16 14:48:03 [error] 1785366#0: *3141 connect() failed (111: Connection refused) while connecting to upstream, client: 149.57.191.138, server: pouted.com, request: "GET /top-10-jobs-will-robots-take-2025 HTTP/2.0", upstream: "https://192.145.236.239:8443/top-10-jobs-will-robots-take-2025", host: "www.pouted.com"
2025/10/16 14:48:03 [error] 1785366#0: *3139 connect() failed (111: Connection refused) while connecting to upstream, client: 200.107.20.194, server: pouted.com, request: "GET /top-10-christmas-gifts-for-family/ HTTP/2.0", upstream: "https://192.145.236.239:8443/top-10-christmas-gifts-for-family/", host: "www.pouted.com"
2025/10/16 14:48:04 [error] 1785366#0: *3086 connect() failed (111: Connection refused) while connecting to upstream, client: 179.220.238.35, server: pouted.com, request: "GET /best-places-in-portugal/ HTTP/2.0", upstream: "https://192.145.236.239:8443/best-places-in-portugal/", host: "www.pouted.com"
2025/10/16 14:48:04 [error] 1785366#0: *3146 connect() failed (111: Connection refused) while connecting to upstream, client: 43.173.181.60, server: pouted.com, request: "GET /magazine/tools-services/web-hosting-reviews/web-hosting/ HTTP/2.0", upstream: "https://192.145.236.239:8443/magazine/tools-services/web-hosting-reviews/web-hosting/", host: "www.pouted.com"
2025/10/16 14:48:05 [error] 1785366#0: *3149 connect() failed (111: Connection refused) while connecting to upstream, client: 3.212.86.97, server: ayaclass.com, request: "GET /?dir=/opt/imh-python/lib/python3.9/site-packages/pygments/lexers/__pycache__&dl=/opt/imh-python/lib/python3.9/site-packages/pygments/lexers/__pycache__/eiffel.cpython-39.pyc HTTP/1.1", upstream: "http://192.145.236.239:8080/?dir=/opt/imh-python/lib/python3.9/site-packages/pygments/lexers/__pycache__&dl=/opt/imh-python/lib/python3.9/site-packages/pygments/lexers/__pycache__/eiffel.cpython-39.pyc", host: "www.ayaclass.com"
2025/10/16 14:48:05 [error] 1785366#0: *3029 connect() failed (111: Connection refused) while connecting to upstream, client: 43.173.177.144, server: pouted.com, request: "GET /comic-book-movies/ HTTP/2.0", upstream: "https://192.145.236.239:8443/comic-book-movies/", host: "www.pouted.com"
2025/10/16 14:48:05 [error] 1785366#0: *3060 connect() failed (111: Connection refused) while connecting to upstream, client: 186.237.157.202, server: pouted.com, request: "GET /terms-and-conditions/ HTTP/2.0", upstream: "https://192.145.236.239:8443/terms-and-conditions/", host: "www.pouted.com"
2025/10/16 14:48:05 [error] 1785366#0: *3061 connect() failed (111: Connection refused) while connecting to upstream, client: 189.34.145.59, server: pouted.com, request: "GET /contact-us/ HTTP/2.0", upstream: "https://192.145.236.239:8443/contact-us/", host: "www.pouted.com"
2025/10/16 14:48:06 [error] 1785366#0: *2833 connect() failed (111: Connection refused) while connecting to upstream, client: 103.167.17.219, server: pouted.com, request: "GET /90s-fashion-trends-comeback-in-2025/ HTTP/2.0", upstream: "https://192.145.236.239:8443/90s-fashion-trends-comeback-in-2025/", host: "www.pouted.com"
2025/10/16 14:48:06 [error] 1785366#0: *3155 connect() failed (111: Connection refused) while connecting to upstream, client: 3.95.247.108, server: pouted.com, request: "GET /tag/upcoming-nail-trends/ HTTP/2.0", upstream: "https://192.145.236.239:8443/tag/upcoming-nail-trends/", host: "www.pouted.com"
2025/10/16 14:48:07 [error] 1785366#0: *3157 open() "/home/pouted/public_html/wp-content/uploads/2014/01/NEC29_tourmaline_ruby_gemstone_necklace.jpg" failed (2: No such file or directory), client: 175.106.108.246, server: pouted.com, request: "GET /wp-content/uploads/2014/01/NEC29_tourmaline_ruby_gemstone_necklace.jpg?x71148 HTTP/2.0", host: "www.pouted.com"
2025/10/16 14:48:08 [error] 1785366#0: *3086 connect() failed (111: Connection refused) while connecting to upstream, client: 177.37.124.161, server: pouted.com, request: "GET /silver-dollar-city/ HTTP/2.0", upstream: "https://192.145.236.239:8443/silver-dollar-city/", host: "www.pouted.com"
2025/10/16 14:48:08 [error] 1785366#0: *3077 connect() failed (111: Connection refused) while connecting to upstream, client: 186.216.0.115, server: pouted.com, request: "GET /continued-rise-of-survival-holidays/ HTTP/2.0", upstream: "https://192.145.236.239:8443/continued-rise-of-survival-holidays/", host: "www.pouted.com"
2025/10/16 14:48:08 [error] 1785366#0: *3061 connect() failed (111: Connection refused) while connecting to upstream, client: 45.165.221.202, server: pouted.com, request: "GET /magazine/business-finance/ HTTP/2.0", upstream: "https://192.145.236.239:8443/magazine/business-finance/", host: "www.pouted.com"
2025/10/16 14:48:08 [error] 1785366#0: *2767 connect() failed (111: Connection refused) while connecting to upstream, client: 3.227.180.70, server: ayaclass.com, request: "GET /public/?dir=/home/ayaclass/public_html/vendor/aws/aws-sdk-php/src/ChimeSDKVoice&edit=/home/ayaclass/public_html/vendor/aws/aws-sdk-php/src/ChimeSDKVoice/Exception HTTP/1.1", upstream: "http://192.145.236.239:8080/public/?dir=/home/ayaclass/public_html/vendor/aws/aws-sdk-php/src/ChimeSDKVoice&edit=/home/ayaclass/public_html/vendor/aws/aws-sdk-php/src/ChimeSDKVoice/Exception", host: "www.ayaclass.com"
2025/10/16 14:48:10 [error] 1785366#0: *2767 connect() failed (111: Connection refused) while connecting to upstream, client: 185.191.171.9, server: ayaclass.com, request: "GET /?a=14265015 HTTP/1.1", upstream: "http://192.145.236.239:8080/?a=14265015", host: "www.ayaclass.com"
2025/10/16 14:48:10 [error] 1785366#0: *3060 connect() failed (111: Connection refused) while connecting to upstream, client: 186.250.201.79, server: pouted.com, request: "GET /open-source-home-automation-projects-we-love/ HTTP/2.0", upstream: "https://192.145.236.239:8443/open-source-home-automation-projects-we-love/", host: "www.pouted.com"
2025/10/16 14:48:11 [error] 1785366#0: *3164 connect() failed (111: Connection refused) while connecting to upstream, client: 181.91.84.26, server: pouted.com, request: "GET /magazine/fashion-designs/beauty/ HTTP/2.0", upstream: "https://192.145.236.239:8443/magazine/fashion-designs/beauty/", host: "www.pouted.com"
2025/10/16 14:48:11 [error] 1785366#0: *3166 connect() failed (111: Connection refused) while connecting to upstream, client: 66.249.64.170, server: pouted.com, request: "GET /hairstyles-for-women-over-60-to-look- HTTP/2.0", upstream: "https://192.145.236.239:8443/hairstyles-for-women-over-60-to-look-", host: "www.pouted.com"
2025/10/16 14:48:11 [error] 1785366#0: *3167 connect() failed (111: Connection refused) while connecting to upstream, client: 2a03:2880:f800:29::, server: pouted.com, request: "GET /9-planets-solar-system-characteristics/ HTTP/2.0", upstream: "https://192.145.236.239:8443/9-planets-solar-system-characteristics/", host: "www.pouted.com"
2025/10/16 14:48:12 [error] 1785366#0: *3113 connect() failed (111: Connection refused) while connecting to upstream, client: 132.255.136.219, server: pouted.com, request: "GET /top-leaf-blowers/ HTTP/2.0", upstream: "https://192.145.236.239:8443/top-leaf-blowers/", host: "www.pouted.com"
2025/10/16 14:48:12 [error] 1785366#0: *3171 connect() failed (111: Connection refused) while connecting to upstream, client: 18.208.11.93, server: ayaclass.com, request: "GET /public/?dir=/opt/imh-python/lib/python3.9/site-packages/openstack/tests/functional/identity/v3/__pycache__&edit=/opt/imh-python/lib/python3.9/site-packages/openstack/tests/functional/identity/v3/__pycache__/test_application_credential.cpython-39.pyc HTTP/1.1", upstream: "http://192.145.236.239:8080/public/?dir=/opt/imh-python/lib/python3.9/site-packages/openstack/tests/functional/identity/v3/__pycache__&edit=/opt/imh-python/lib/python3.9/site-packages/openstack/tests/functional/identity/v3/__pycache__/test_application_credential.cpython-39.pyc", host: "www.ayaclass.com"
2025/10/16 14:48:13 [error] 1785366#0: *3086 connect() failed (111: Connection refused) while connecting to upstream, client: 138.185.54.226, server: pouted.com, request: "GET /magazine/interior-designs/home-decorations/ HTTP/2.0", upstream: "https://192.145.236.239:8443/magazine/interior-designs/home-decorations/", host: "www.pouted.com"
2025/10/16 14:48:13 [error] 1785366#0: *3122 connect() failed (111: Connection refused) while connecting to upstream, client: 181.51.89.111, server: pouted.com, request: "GET /magazine/fashion-designs/trendy-jewelry-fashion/ HTTP/2.0", upstream: "https://192.145.236.239:8443/magazine/fashion-designs/trendy-jewelry-fashion/", host: "www.pouted.com"
2025/10/16 14:48:13 [error] 1785366#0: *3077 connect() failed (111: Connection refused) while connecting to upstream, client: 191.184.229.102, server: pouted.com, request: "GET /submit-guest-post/ HTTP/2.0", upstream: "https://192.145.236.239:8443/submit-guest-post/", host: "www.pouted.com"
2025/10/16 14:48:13 [error] 1785366#0: *3020 connect() failed (111: Connection refused) while connecting to upstream, client: 114.119.158.234, server: pouted.com, request: "GET /tag/malpractice-attorney/ HTTP/2.0", upstream: "https://192.145.236.239:8443/tag/malpractice-attorney/", host: "www.pouted.com"
2025/10/16 14:48:16 [error] 1785366#0: *3072 connect() failed (111: Connection refused) while connecting to upstream, client: 179.125.214.187, server: pouted.com, request: "GET /valentines-day-accessories-gifts/ HTTP/2.0", upstream: "https://192.145.236.239:8443/valentines-day-accessories-gifts/", host: "www.pouted.com"
2025/10/16 14:48:16 [error] 1785366#0: *3103 connect() failed (111: Connection refused) while connecting to upstream, client: 187.0.12.26, server: pouted.com, request: "GET /magazine/medical/ HTTP/2.0", upstream: "https://192.145.236.239:8443/magazine/medical/", host: "www.pouted.com"
2025/10/16 14:48:16 [error] 1785366#0: *3180 connect() failed (111: Connection refused) while connecting to upstream, client: 138.122.133.115, server: pouted.com, request: "GET /tesla-cybercab-unveiled-2027/ HTTP/2.0", upstream: "https://192.145.236.239:8443/tesla-cybercab-unveiled-2027/", host: "www.pouted.com"
2025/10/16 14:48:16 [error] 1785366#0: *3183 open() "/home/pouted/public_html/wp-content/uploads/2013/08/how-to-draw-a-horse.jpg" failed (2: No such file or directory), client: 128.118.7.56, server: pouted.com, request: "GET /wp-content/uploads/2013/08/how-to-draw-a-horse.jpg HTTP/2.0", host: "www.pouted.com"
2025/10/16 14:48:17 [error] 1785366#0: *3184 connect() failed (111: Connection refused) while connecting to upstream, client: 170.79.53.11, server: pouted.com, request: "GET /top-countries-with-highest-plastic-surgery-rates/ HTTP/2.0", upstream: "https://192.145.236.239:8443/top-countries-with-highest-plastic-surgery-rates/", host: "www.pouted.com"
2025/10/16 14:48:18 [error] 1785366#0: *3077 connect() failed (111: Connection refused) while connecting to upstream, client: 186.194.39.125, server: pouted.com, request: "GET /best-winter-fragrances/ HTTP/2.0", upstream: "https://192.145.236.239:8443/best-winter-fragrances/", host: "www.pouted.com"
2025/10/16 14:48:19 [error] 1785366#0: *3190 connect() failed (111: Connection refused) while connecting to upstream, client: 2a03:2880:f800:3a::, server: pouted.com, request: "GET /tag/the-world-of-car-hammocks-for-dogs/ HTTP/2.0", upstream: "https://192.145.236.239:8443/tag/the-world-of-car-hammocks-for-dogs/", host: "www.pouted.com"
2025/10/16 14:48:19 [error] 1785366#0: *3192 connect() failed (111: Connection refused) while connecting to upstream, client: 54.204.12.115, server: ayaclass.com, request: "GET /?dir=/opt/imh/python3.13/lib/python3.13/venv/__pycache__&dl=/opt/imh/python3.13/lib/python3.13/venv/__pycache__/.. HTTP/1.1", upstream: "http://192.145.236.239:8080/?dir=/opt/imh/python3.13/lib/python3.13/venv/__pycache__&dl=/opt/imh/python3.13/lib/python3.13/venv/__pycache__/..", host: "www.ayaclass.com"
2025/10/16 14:48:21 [error] 1785366#0: *3194 connect() failed (111: Connection refused) while connecting to upstream, client: 189.46.248.219, server: pouted.com, request: "GET /magazine/technology/ HTTP/2.0", upstream: "https://192.145.236.239:8443/magazine/technology/", host: "www.pouted.com"
2025/10/16 14:48:21 [error] 1785366#0: *3196 connect() failed (111: Connection refused) while connecting to upstream, client: 52.0.41.164, server: ayaclass.com, request: "GET /public/?dir=/proc/416160/net/netfilter/.. HTTP/1.1", upstream: "http://192.145.236.239:8080/public/?dir=/proc/416160/net/netfilter/..", host: "www.ayaclass.com"
2025/10/16 14:48:21 [error] 1785366#0: *3198 connect() failed (111: Connection refused) while connecting to upstream, client: 200.115.97.9, server: pouted.com, request: "GET /ebay-searches-tools/ HTTP/2.0", upstream: "https://192.145.236.239:8443/ebay-searches-tools/", host: "www.pouted.com"
2025/10/16 14:48:23 [error] 1785366#0: *3200 connect() failed (111: Connection refused) while connecting to upstream, client: 20.171.207.30, server: pouted.com, request: "GET /wp-content/plugins/link-whisper-premium/vendor/phpoffice/phpspreadsheet/src/PhpSpreadsheet/Shared/Escher/DggContainer/BstoreContainer/BSE/?C=S;O=A HTTP/2.0", upstream: "https://192.145.236.239:8443/wp-content/plugins/link-whisper-premium/vendor/phpoffice/phpspreadsheet/src/PhpSpreadsheet/Shared/Escher/DggContainer/BstoreContainer/BSE/?C=S;O=A", host: "www.pouted.com"
2025/10/16 14:48:25 [error] 1785366#0: *3202 connect() failed (111: Connection refused) while connecting to upstream, client: 46.159.29.114, server: pouted.com, request: "GET /magazine/arts/ HTTP/2.0", upstream: "https://192.145.236.239:8443/magazine/arts/", host: "www.pouted.com"
2025/10/16 14:48:25 [error] 1785366#0: *3029 connect() failed (111: Connection refused) while connecting to upstream, client: 114.119.133.222, server: pouted.com, request: "GET /tag/best-self-defence-knives/ HTTP/2.0", upstream: "https://192.145.236.239:8443/tag/best-self-defence-knives/", host: "www.pouted.com"
2025/10/16 14:48:26 [error] 1785366#0: *3192 connect() failed (111: Connection refused) while connecting to upstream, client: 18.215.49.176, server: ayaclass.com, request: "GET /?dir=/opt/imh/python3.13/lib/python3.13/asyncio/__pycache__&dl=/opt/imh/python3.13/lib/python3.13/asyncio/__pycache__/constants.cpython-313.pyc HTTP/1.1", upstream: "http://192.145.236.239:8080/?dir=/opt/imh/python3.13/lib/python3.13/asyncio/__pycache__&dl=/opt/imh/python3.13/lib/python3.13/asyncio/__pycache__/constants.cpython-313.pyc", host: "www.ayaclass.com"
2025/10/16 14:48:28 [error] 1785366#0: *3210 connect() failed (111: Connection refused) while connecting to upstream, client: 220.181.51.118, server: pouted.com, request: "GET /tag/short-hairstyles-for-over-50-with-glasses/ HTTP/2.0", upstream: "https://192.145.236.239:8443/tag/short-hairstyles-for-over-50-with-glasses/", host: "www.pouted.com"
2025/10/16 14:48:29 [error] 1785366#0: *3215 connect() failed (111: Connection refused) while connecting to upstream, client: 66.249.72.70, server: ayaclass.com, request: "GET /products/23902854/ HTTP/1.1", upstream: "http://192.145.236.239:8080/products/23902854/", host: "www.ayaclass.com"
2025/10/16 14:48:29 [error] 1785366#0: *3103 connect() failed (111: Connection refused) while connecting to upstream, client: 200.71.121.145, server: pouted.com, request: "GET /magazine/education/ HTTP/2.0", upstream: "https://192.145.236.239:8443/magazine/education/", host: "www.pouted.com"
2025/10/16 14:48:29 [error] 1785366#0: *3218 connect() failed (111: Connection refused) while connecting to upstream, client: 20.171.207.135, server: ayaclass.com, request: "GET /?dir=%2Fproc&dl=%2Fproc%2F1769196 HTTP/1.1", upstream: "http://192.145.236.239:8080/?dir=%2Fproc&dl=%2Fproc%2F1769196", host: "www.ayaclass.com"
2025/10/16 14:48:30 [error] 1785366#0: *2767 connect() failed (111: Connection refused) while connecting to upstream, client: 54.159.18.27, server: ayaclass.com, request: "GET /?dir=/proc/1675648 HTTP/1.1", upstream: "http://192.145.236.239:8080/?dir=/proc/1675648", host: "www.ayaclass.com"
2025/10/16 14:48:30 [error] 1785366#0: *3222 connect() failed (111: Connection refused) while connecting to upstream, client: 66.249.72.71, server: ayaclass.com, request: "GET /?dir=%2Fproc&dl=%2Fproc%2F1778110 HTTP/1.1", upstream: "http://192.145.236.239:8080/?dir=%2Fproc&dl=%2Fproc%2F1778110", host: "www.ayaclass.com"
2025/10/16 14:48:32 [error] 1785366#0: *3020 connect() failed (111: Connection refused) while connecting to upstream, client: 114.119.138.27, server: pouted.com, request: "GET /magazine/business-finance/forex/forex-trading-systems/ HTTP/2.0", upstream: "https://192.145.236.239:8443/magazine/business-finance/forex/forex-trading-systems/", host: "www.pouted.com"
2025/10/16 14:48:33 [error] 1785366#0: *3226 connect() failed (111: Connection refused) while connecting to upstream, client: 34.195.248.30, server: ayaclass.com, request: "GET /?dir=/usr/lib/python3.6/site-packages/urllib3/contrib/_securetransport/__pycache__&dl=/usr/lib/python3.6/site-packages/urllib3/contrib/_securetransport/__pycache__/.. HTTP/1.1", upstream: "http://192.145.236.239:8080/?dir=/usr/lib/python3.6/site-packages/urllib3/contrib/_securetransport/__pycache__&dl=/usr/lib/python3.6/site-packages/urllib3/contrib/_securetransport/__pycache__/..", host: "www.ayaclass.com"
2025/10/16 14:48:38 [error] 1785366#0: *2767 connect() failed (111: Connection refused) while connecting to upstream, client: 52.23.112.144, server: ayaclass.com, request: "GET /?dir=/opt/imh/python3.13/lib/python3.13/importlib/metadata/__pycache__ HTTP/1.1", upstream: "http://192.145.236.239:8080/?dir=/opt/imh/python3.13/lib/python3.13/importlib/metadata/__pycache__", host: "www.ayaclass.com"
2025/10/16 14:48:38 [error] 1785366#0: *3231 connect() failed (111: Connection refused) while connecting to upstream, client: 2a03:2880:30ff:9::, server: pouted.com, request: "GET /best-actresses-in-2025/ HTTP/2.0", upstream: "https://192.145.236.239:8443/best-actresses-in-2025/", host: "www.pouted.com"
2025/10/16 14:48:39 [error] 1785366#0: *3233 connect() failed (111: Connection refused) while connecting to upstream, client: 8.217.213.197, server: pouted.com, request: "GET /wp-json/wp/v2/tags/7335 HTTP/2.0", upstream: "https://192.145.236.239:8443/wp-json/wp/v2/tags/7335", host: "www.pouted.com"
2025/10/16 14:48:40 [error] 1785366#0: *3236 connect() failed (111: Connection refused) while connecting to upstream, client: 20.194.1.3, server: pouted.com, request: "GET /top-smartphones-2025/ HTTP/2.0", upstream: "https://192.145.236.239:8443/top-smartphones-2025/", host: "www.pouted.com"
2025/10/16 14:48:40 [error] 1785366#0: *3236 connect() failed (111: Connection refused) while connecting to upstream, client: 20.194.1.4, server: pouted.com, request: "GET /top-smartphones-2025/ HTTP/2.0", upstream: "https://192.145.236.239:8443/top-smartphones-2025/", host: "www.pouted.com"
2025/10/16 14:48:40 [error] 1785366#0: *3236 connect() failed (111: Connection refused) while connecting to upstream, client: 20.194.1.13, server: pouted.com, request: "GET /top-smartphones-2025/ HTTP/2.0", upstream: "https://192.145.236.239:8443/top-smartphones-2025/", host: "www.pouted.com"
2025/10/16 14:48:40 [error] 1785366#0: *3236 connect() failed (111: Connection refused) while connecting to upstream, client: 20.194.1.0, server: pouted.com, request: "GET /top-smartphones-2025/ HTTP/2.0", upstream: "https://192.145.236.239:8443/top-smartphones-2025/", host: "www.pouted.com"
2025/10/16 14:48:41 [error] 1785366#0: *3242 connect() failed (111: Connection refused) while connecting to upstream, client: 184.73.47.24, server: ayaclass.com, request: "GET /public/?dir=/proc/2280582/net/xt_recent/.. HTTP/1.1", upstream: "http://192.145.236.239:8080/public/?dir=/proc/2280582/net/xt_recent/..", host: "www.ayaclass.com"
2025/10/16 14:48:42 [error] 1785366#0: *3244 open() "/home/pouted/public_html/wp-content/uploads/2013/08/outdoor-bed-8.jpg" failed (2: No such file or directory), client: 35.225.70.158, server: pouted.com, request: "GET /wp-content/uploads/2013/08/outdoor-bed-8.jpg HTTP/2.0", host: "www.pouted.com"
2025/10/16 14:48:42 [error] 1785366#0: *3245 connect() failed (111: Connection refused) while connecting to upstream, client: 127.0.0.1, server: 127.0.0.1, request: "GET /whm-server-status HTTP/1.0", upstream: "http://127.0.0.1:8080/whm-server-status", host: "localhost"
2025/10/16 14:48:42 [error] 1785366#0: *3247 connect() failed (111: Connection refused) while connecting to upstream, client: 8.217.35.234, server: pouted.com, request: "GET /wp-json/wp/v2/tags/14230 HTTP/2.0", upstream: "https://192.145.236.239:8443/wp-json/wp/v2/tags/14230", host: "www.pouted.com"
2025/10/16 14:48:44 [error] 1785366#0: *3249 connect() failed (111: Connection refused) while connecting to upstream, client: 111.119.208.118, server: pouted.com, request: "GET /can-stop-snoring/amp HTTP/2.0", upstream: "https://192.145.236.239:8443/can-stop-snoring/amp", host: "pouted.com", referrer: "https://pouted.com/can-stop-snoring/amp"
2025/10/16 14:48:45 [error] 1785366#0: *3251 connect() failed (111: Connection refused) while connecting to upstream, client: 18.235.81.246, server: ayaclass.com, request: "GET /?dir=/home/ayaclass/.trash/AAA/vendor/twilio/sdk/src/Twilio/Rest/Api/V2010/Account/Sip/CredentialList HTTP/1.1", upstream: "http://192.145.236.239:8080/?dir=/home/ayaclass/.trash/AAA/vendor/twilio/sdk/src/Twilio/Rest/Api/V2010/Account/Sip/CredentialList", host: "www.ayaclass.com"
2025/10/16 14:48:46 [error] 1785366#0: *3255 open() "/home/pouted/public_html/wp-content/uploads/2015/05/glass-of-water1.jpg" failed (2: No such file or directory), client: 34.122.155.238, server: pouted.com, request: "GET /wp-content/uploads/2015/05/glass-of-water1.jpg?x71148 HTTP/2.0", host: "www.pouted.com"
2025/10/16 14:48:47 [error] 1785366#0: *3257 connect() failed (111: Connection refused) while connecting to upstream, client: 208.100.53.10, server: pouted.com, request: "HEAD /best-50-healthy-food-blogs-and-websites/ HTTP/2.0", upstream: "https://192.145.236.239:8443/best-50-healthy-food-blogs-and-websites/", host: "www.pouted.com", referrer: "https://healthyhappylife.com"
2025/10/16 14:48:48 [error] 1785366#0: *3256 connect() failed (111: Connection refused) while connecting to upstream, client: 2.189.5.218, server: pouted.com, request: "GET / HTTP/2.0", upstream: "https://192.145.236.239:8443/", host: "www.pouted.com"
2025/10/16 14:48:48 [error] 1785366#0: *3242 connect() failed (111: Connection refused) while connecting to upstream, client: 52.204.37.237, server: ayaclass.com, request: "GET /?dir=/opt/imh/python3.13/lib/python3.13/xmlrpc/__pycache__&dl=/opt/imh/python3.13/lib/python3.13/xmlrpc/__pycache__/.. HTTP/1.1", upstream: "http://192.145.236.239:8080/?dir=/opt/imh/python3.13/lib/python3.13/xmlrpc/__pycache__&dl=/opt/imh/python3.13/lib/python3.13/xmlrpc/__pycache__/..", host: "www.ayaclass.com"
2025/10/16 14:48:48 [error] 1785366#0: *3261 connect() failed (111: Connection refused) while connecting to upstream, client: 208.100.53.10, server: pouted.com, request: "GET /best-50-healthy-food-blogs-and-websites/ HTTP/2.0", upstream: "https://192.145.236.239:8443/best-50-healthy-food-blogs-and-websites/", host: "www.pouted.com", referrer: "https://healthyhappylife.com"
2025/10/16 14:48:50 [error] 1785366#0: *3265 connect() failed (111: Connection refused) while connecting to upstream, client: 2600:1f14:748:2300:b97b:676d:57b3:f066, server: pouted.com, request: "GET /40-unusual-creative-bookcases HTTP/2.0", upstream: "https://192.145.236.239:8443/40-unusual-creative-bookcases", host: "www.pouted.com"
2025/10/16 14:48:50 [error] 1785366#0: *3267 connect() failed (111: Connection refused) while connecting to upstream, client: 52.167.144.218, server: ayaclass.com, request: "GET /products/18572476/ HTTP/1.1", upstream: "http://192.145.236.239:8080/products/18572476/", host: "www.ayaclass.com"
2025/10/16 14:48:51 [error] 1785366#0: *3269 connect() failed (111: Connection refused) while connecting to upstream, client: 66.249.64.169, server: pouted.com, request: "GET /famous-pharaohs-gold-statues/amp/ HTTP/2.0", upstream: "https://192.145.236.239:8443/famous-pharaohs-gold-statues/amp/", host: "www.pouted.com"
2025/10/16 14:48:52 [error] 1785366#0: *3272 connect() failed (111: Connection refused) while connecting to upstream, client: 68.221.67.164, server: pouted.com, request: "GET /work-outfit-ideas-for-plus-size-ladies/11/ HTTP/2.0", upstream: "https://192.145.236.239:8443/work-outfit-ideas-for-plus-size-ladies/11/", host: "www.pouted.com"
2025/10/16 14:48:52 [error] 1785366#0: *3273 connect() failed (111: Connection refused) while connecting to upstream, client: 68.221.67.164, server: pouted.com, request: "GET /work-outfit-ideas-for-plus-size-ladies/11/ HTTP/2.0", upstream: "https://192.145.236.239:8443/work-outfit-ideas-for-plus-size-ladies/11/", host: "www.pouted.com"
2025/10/16 14:48:52 [error] 1785366#0: *3272 connect() failed (111: Connection refused) while connecting to upstream, client: 68.221.67.172, server: pouted.com, request: "GET /work-outfit-ideas-for-plus-size-ladies/11/ HTTP/2.0", upstream: "https://192.145.236.239:8443/work-outfit-ideas-for-plus-size-ladies/11/", host: "www.pouted.com"
2025/10/16 14:48:52 [error] 1785366#0: *3279 open() "/home/pouted/public_html/wp-content/uploads/2018/11/Aries--675x675.jpg" failed (2: No such file or directory), client: 3.139.225.206, server: pouted.com, request: "GET /wp-content/uploads/2018/11/Aries--675x675.jpg HTTP/2.0", host: "www.pouted.com"
2025/10/16 14:48:53 [error] 1785366#0: *3277 connect() failed (111: Connection refused) while connecting to upstream, client: 68.221.67.164, server: pouted.com, request: "GET /work-outfit-ideas-for-plus-size-ladies/11/ HTTP/2.0", upstream: "https://192.145.236.239:8443/work-outfit-ideas-for-plus-size-ladies/11/", host: "www.pouted.com"
2025/10/16 14:48:53 [error] 1785366#0: *3281 connect() failed (111: Connection refused) while connecting to upstream, client: 2a03:2880:2ff:2::, server: pouted.com, request: "GET /top-2025-teen-fashion-trends/ HTTP/2.0", upstream: "https://192.145.236.239:8443/top-2025-teen-fashion-trends/", host: "www.pouted.com"
2025/10/16 14:48:53 [error] 1785366#0: *3278 connect() failed (111: Connection refused) while connecting to upstream, client: 68.221.67.175, server: pouted.com, request: "GET /work-outfit-ideas-for-plus-size-ladies/11/ HTTP/2.0", upstream: "https://192.145.236.239:8443/work-outfit-ideas-for-plus-size-ladies/11/", host: "www.pouted.com"
2025/10/16 14:48:53 [error] 1785366#0: *3285 connect() failed (111: Connection refused) while connecting to upstream, client: 52.1.157.90, server: ayaclass.com, request: "GET /?dir=/usr/lib/python3.6/site-packages/pip/_vendor/requests/__pycache__&dl=/usr/lib/python3.6/site-packages/pip/_vendor/requests/__pycache__/certs.cpython-36.opt-1.pyc HTTP/1.1", upstream: "http://192.145.236.239:8080/?dir=/usr/lib/python3.6/site-packages/pip/_vendor/requests/__pycache__&dl=/usr/lib/python3.6/site-packages/pip/_vendor/requests/__pycache__/certs.cpython-36.opt-1.pyc", host: "www.ayaclass.com"
2025/10/16 14:48:53 [error] 1785366#0: *3273 connect() failed (111: Connection refused) while connecting to upstream, client: 68.221.67.174, server: pouted.com, request: "GET /work-outfit-ideas-for-plus-size-ladies/11/ HTTP/2.0", upstream: "https://192.145.236.239:8443/work-outfit-ideas-for-plus-size-ladies/11/", host: "www.pouted.com"
2025/10/16 14:48:53 [error] 1785366#0: *3272 connect() failed (111: Connection refused) while connecting to upstream, client: 68.221.67.161, server: pouted.com, request: "GET /work-outfit-ideas-for-plus-size-ladies/11/ HTTP/2.0", upstream: "https://192.145.236.239:8443/work-outfit-ideas-for-plus-size-ladies/11/", host: "www.pouted.com"
2025/10/16 14:48:53 [error] 1785366#0: *3277 connect() failed (111: Connection refused) while connecting to upstream, client: 68.221.67.168, server: pouted.com, request: "GET /work-outfit-ideas-for-plus-size-ladies/11/ HTTP/2.0", upstream: "https://192.145.236.239:8443/work-outfit-ideas-for-plus-size-ladies/11/", host: "www.pouted.com"
2025/10/16 14:48:56 [error] 1785366#0: *3290 connect() failed (111: Connection refused) while connecting to upstream, client: 52.204.89.12, server: ayaclass.com, request: "GET /?dir=/opt/imh/python3.13/lib/python3.13/encodings/__pycache__&dl=/opt/imh/python3.13/lib/python3.13/encodings/__pycache__/zlib_codec.cpython-313.pyc HTTP/1.1", upstream: "http://192.145.236.239:8080/?dir=/opt/imh/python3.13/lib/python3.13/encodings/__pycache__&dl=/opt/imh/python3.13/lib/python3.13/encodings/__pycache__/zlib_codec.cpython-313.pyc", host: "www.ayaclass.com"
2025/10/16 14:49:02 [error] 1785366#0: *3293 open() "/home/pouted/public_html/wp-content/uploads/2013/07/watercresschinese.jpg" failed (2: No such file or directory), client: 3.139.225.206, server: pouted.com, request: "GET /wp-content/uploads/2013/07/watercresschinese.jpg?x33143 HTTP/2.0", host: "www.pouted.com"
2025/10/16 14:49:02 [error] 1785366#0: *3294 connect() failed (111: Connection refused) while connecting to upstream, client: 35.169.102.85, server: ayaclass.com, request: "GET /?dir=/usr/lib/python3.6/site-packages/pip/_vendor/webencodings/__pycache__&dl=/usr/lib/python3.6/site-packages/pip/_vendor/webencodings/__pycache__/.. HTTP/1.1", upstream: "http://192.145.236.239:8080/?dir=/usr/lib/python3.6/site-packages/pip/_vendor/webencodings/__pycache__&dl=/usr/lib/python3.6/site-packages/pip/_vendor/webencodings/__pycache__/..", host: "www.ayaclass.com"
2025/10/16 14:49:03 [error] 1785366#0: *3231 connect() failed (111: Connection refused) while connecting to upstream, client: 220.181.108.165, server: pouted.com, request: "GET /tag/monster-house/ HTTP/2.0", upstream: "https://192.145.236.239:8443/tag/monster-house/", host: "www.pouted.com"
2025/10/16 14:49:04 [error] 1785366#0: *3297 connect() failed (111: Connection refused) while connecting to upstream, client: 34.231.181.240, server: ayaclass.com, request: "GET /?dir=/proc/2005456/net/bonding/.. HTTP/1.1", upstream: "http://192.145.236.239:8080/?dir=/proc/2005456/net/bonding/..", host: "www.ayaclass.com"
2025/10/16 14:49:05 [error] 1785366#0: *3299 connect() failed (111: Connection refused) while connecting to upstream, client: 20.171.207.6, server: ayaclass.com, request: "GET /?dir=%2Fproc&dl=%2Fproc%2F1761982 HTTP/2.0", upstream: "https://192.145.236.239:8443/?dir=%2Fproc&dl=%2Fproc%2F1761982", host: "mail.ayaclass.com"
2025/10/16 14:49:06 [error] 1785366#0: *3292 open() "/home/pouted/public_html/wp-content/uploads/2013/03/pizza_noms___polymer_clay_project_by_elvaneyl-.jpg" failed (2: No such file or directory), client: 3.139.225.206, server: pouted.com, request: "GET /wp-content/uploads/2013/03/pizza_noms___polymer_clay_project_by_elvaneyl-.jpg?x44527 HTTP/2.0", host: "www.pouted.com"
