2025/10/16 14:58:05 [error] 1785366#0: *4682 open() "/home/pouted/public_html/wp-content/uploads/2013/04/amazing-cover-letters1.jpg" failed (2: No such file or directory), client: 31.204.27.103, server: pouted.com, request: "GET /wp-content/uploads/2013/04/amazing-cover-letters1.jpg?x71148 HTTP/2.0", host: "www.pouted.com"
2025/10/16 14:58:07 [error] 1785366#0: *4684 connect() failed (111: Connection refused) while connecting to upstream, client: 74.7.36.99, server: pouted.com, request: "GET /most-beautiful-countries-in-the-world/ HTTP/2.0", upstream: "https://192.145.236.239:8443/most-beautiful-countries-in-the-world/", host: "www.pouted.com"
2025/10/16 14:58:07 [error] 1785366#0: *4686 connect() failed (111: Connection refused) while connecting to upstream, client: 66.249.75.131, server: mrmyst.com, request: "GET /fandm/linopc/views/cixojakipokixunezufu HTTP/2.0", upstream: "https://192.145.236.239:8443/fandm/linopc/views/cixojakipokixunezufu", host: "mrmyst.com"
2025/10/16 14:58:08 [error] 1785366#0: *4688 connect() failed (111: Connection refused) while connecting to upstream, client: 74.7.36.107, server: pouted.com, request: "GET /most-beautiful-countries-in-the-world/ HTTP/2.0", upstream: "https://192.145.236.239:8443/most-beautiful-countries-in-the-world/", host: "www.pouted.com"
2025/10/16 14:58:08 [error] 1785366#0: *4690 connect() failed (111: Connection refused) while connecting to upstream, client: 100.25.120.246, server: ayaclass.com, request: "GET /public/?dir=/home/ayaclass/public_html/vendor/google/apiclient-services/src/CloudFunctions&edit=/home/ayaclass/public_html/vendor/google/apiclient-services/src/CloudFunctions/Binding.php HTTP/1.1", upstream: "http://192.145.236.239:8080/public/?dir=/home/ayaclass/public_html/vendor/google/apiclient-services/src/CloudFunctions&edit=/home/ayaclass/public_html/vendor/google/apiclient-services/src/CloudFunctions/Binding.php", host: "www.ayaclass.com"
2025/10/16 14:58:08 [error] 1785366#0: *4676 connect() failed (111: Connection refused) while connecting to upstream, client: 74.7.36.108, server: pouted.com, request: "GET /most-beautiful-countries-in-the-world/ HTTP/2.0", upstream: "https://192.145.236.239:8443/most-beautiful-countries-in-the-world/", host: "www.pouted.com"
2025/10/16 14:58:08 [error] 1785366#0: *4694 connect() failed (111: Connection refused) while connecting to upstream, client: 74.7.36.106, server: pouted.com, request: "GET /most-beautiful-countries-in-the-world/ HTTP/2.0", upstream: "https://192.145.236.239:8443/most-beautiful-countries-in-the-world/", host: "www.pouted.com"
2025/10/16 14:58:09 [error] 1785366#0: *4697 connect() failed (111: Connection refused) while connecting to upstream, client: 20.97.189.100, server: pouted.com, request: "GET / HTTP/2.0", upstream: "https://192.145.236.239:8443/", host: "pouted.com"
2025/10/16 14:58:09 [error] 1785366#0: *4699 connect() failed (111: Connection refused) while connecting to upstream, client: 20.97.189.99, server: pouted.com, request: "GET / HTTP/2.0", upstream: "https://192.145.236.239:8443/", host: "pouted.com"
2025/10/16 14:58:09 [error] 1785366#0: *4701 connect() failed (111: Connection refused) while connecting to upstream, client: 20.97.189.109, server: pouted.com, request: "GET / HTTP/2.0", upstream: "https://192.145.236.239:8443/", host: "pouted.com"
2025/10/16 14:58:10 [error] 1785366#0: *4703 connect() failed (111: Connection refused) while connecting to upstream, client: 20.97.189.105, server: pouted.com, request: "GET / HTTP/2.0", upstream: "https://192.145.236.239:8443/", host: "pouted.com"
2025/10/16 14:58:12 [error] 1785366#0: *4661 connect() failed (111: Connection refused) while connecting to upstream, client: 100.29.107.38, server: ayaclass.com, request: "GET /public/?dir=/etc/pcp/pmieconf/cisco&edit=/etc/pcp/pmieconf/cisco/.. HTTP/1.1", upstream: "http://192.145.236.239:8080/public/?dir=/etc/pcp/pmieconf/cisco&edit=/etc/pcp/pmieconf/cisco/..", host: "www.ayaclass.com"
2025/10/16 14:58:13 [error] 1785366#0: *4634 connect() failed (111: Connection refused) while connecting to upstream, client: 8.217.208.35, server: pouted.com, request: "GET /wp-json/wp/v2/tags/13711 HTTP/2.0", upstream: "https://192.145.236.239:8443/wp-json/wp/v2/tags/13711", host: "www.pouted.com"
2025/10/16 14:58:13 [error] 1785366#0: *4708 connect() failed (111: Connection refused) while connecting to upstream, client: 66.249.64.168, server: pouted.com, request: "GET /christmas-with-new-home-themes-ideas/5/?amp=1 HTTP/2.0", upstream: "https://192.145.236.239:8443/christmas-with-new-home-themes-ideas/5/?amp=1", host: "www.pouted.com"
2025/10/16 14:58:14 [error] 1785366#0: *4710 connect() failed (111: Connection refused) while connecting to upstream, client: 220.181.108.81, server: pouted.com, request: "GET /tag/tips-on-safe-cruising/ HTTP/2.0", upstream: "https://192.145.236.239:8443/tag/tips-on-safe-cruising/", host: "www.pouted.com"
2025/10/16 14:58:15 [error] 1785366#0: *4712 connect() failed (111: Connection refused) while connecting to upstream, client: 40.77.167.48, server: ayaclass.com, request: "GET /products/26100387/ HTTP/1.1", upstream: "http://192.145.236.239:8080/products/26100387/", host: "www.ayaclass.com"
2025/10/16 14:58:16 [error] 1785366#0: *4648 connect() failed (111: Connection refused) while connecting to upstream, client: 85.208.96.204, server: ayaclass.com, request: "GET /?a=22992115 HTTP/1.1", upstream: "http://192.145.236.239:8080/?a=22992115", host: "www.ayaclass.com"
2025/10/16 14:58:16 [error] 1785366#0: *4715 connect() failed (111: Connection refused) while connecting to upstream, client: 52.1.157.90, server: ayaclass.com, request: "GET /public/?dir=/opt/cpanel/ea-openssl11/share/doc/openssl/html/man3&edit=/opt/cpanel/ea-openssl11/share/doc/openssl/html/man3/BIO_new_buffer_ssl_connect.html HTTP/1.1", upstream: "http://192.145.236.239:8080/public/?dir=/opt/cpanel/ea-openssl11/share/doc/openssl/html/man3&edit=/opt/cpanel/ea-openssl11/share/doc/openssl/html/man3/BIO_new_buffer_ssl_connect.html", host: "www.ayaclass.com"
2025/10/16 14:58:16 [error] 1785366#0: *4717 open() "/home/pouted/public_html/wp-content/uploads/2014/01/2014-Ford-Focus-Sedan-S-4dr-Sedan-Photo-4-780x405.jpg" failed (2: No such file or directory), client: 3.139.225.206, server: pouted.com, request: "GET /wp-content/uploads/2014/01/2014-Ford-Focus-Sedan-S-4dr-Sedan-Photo-4-780x405.jpg HTTP/2.0", host: "www.pouted.com"
2025/10/16 14:58:17 [error] 1785366#0: *4581 connect() failed (111: Connection refused) while connecting to upstream, client: 8.217.211.219, server: pouted.com, request: "GET /tag/how-to-design-3d-print-models/feed/ HTTP/2.0", upstream: "https://192.145.236.239:8443/tag/how-to-design-3d-print-models/feed/", host: "www.pouted.com"
2025/10/16 14:58:19 [error] 1785366#0: *4676 connect() failed (111: Connection refused) while connecting to upstream, client: 2a03:2880:f800:43::, server: pouted.com, request: "GET /tag/mother-animals/ HTTP/2.0", upstream: "https://192.145.236.239:8443/tag/mother-animals/", host: "www.pouted.com"
2025/10/16 14:58:20 [error] 1785366#0: *4673 connect() failed (111: Connection refused) while connecting to upstream, client: 54.225.181.161, server: ayaclass.com, request: "GET /?dir=/usr/lib/python3.6/site-packages/pip/_vendor/packaging HTTP/1.1", upstream: "http://192.145.236.239:8080/?dir=/usr/lib/python3.6/site-packages/pip/_vendor/packaging", host: "www.ayaclass.com"
2025/10/16 14:58:21 [error] 1785366#0: *4634 connect() failed (111: Connection refused) while connecting to upstream, client: 8.217.213.68, server: pouted.com, request: "GET /tag/sleep-better-while-traveling/ HTTP/2.0", upstream: "https://192.145.236.239:8443/tag/sleep-better-while-traveling/", host: "www.pouted.com"
2025/10/16 14:58:22 [error] 1785366#0: *4726 connect() failed (111: Connection refused) while connecting to upstream, client: 23.98.142.191, server: pouted.com, request: "GET /unique-tshirt-design-ideas/ HTTP/2.0", upstream: "https://192.145.236.239:8443/unique-tshirt-design-ideas/", host: "www.pouted.com"
2025/10/16 14:58:22 [error] 1785366#0: *4729 connect() failed (111: Connection refused) while connecting to upstream, client: 23.98.142.180, server: pouted.com, request: "GET /unique-tshirt-design-ideas/ HTTP/2.0", upstream: "https://192.145.236.239:8443/unique-tshirt-design-ideas/", host: "www.pouted.com"
2025/10/16 14:58:23 [error] 1785366#0: *4731 connect() failed (111: Connection refused) while connecting to upstream, client: 23.98.142.180, server: pouted.com, request: "GET /unique-tshirt-design-ideas/ HTTP/2.0", upstream: "https://192.145.236.239:8443/unique-tshirt-design-ideas/", host: "www.pouted.com"
2025/10/16 14:58:23 [error] 1785366#0: *4731 connect() failed (111: Connection refused) while connecting to upstream, client: 23.98.142.179, server: pouted.com, request: "GET /unique-tshirt-design-ideas/ HTTP/2.0", upstream: "https://192.145.236.239:8443/unique-tshirt-design-ideas/", host: "www.pouted.com"
2025/10/16 14:58:23 [error] 1785366#0: *4684 connect() failed (111: Connection refused) while connecting to upstream, client: 40.77.167.57, server: pouted.com, request: "GET /420-weed-day/ HTTP/2.0", upstream: "https://192.145.236.239:8443/420-weed-day/", host: "www.pouted.com"
2025/10/16 14:58:24 [error] 1785366#0: *4737 connect() failed (111: Connection refused) while connecting to upstream, client: 18.213.102.186, server: ayaclass.com, request: "GET /public/?dir=/opt/imh-python/lib/python3.9/site-packages&dl=/opt/imh-python/lib/python3.9/site-packages/pycparser HTTP/1.1", upstream: "http://192.145.236.239:8080/public/?dir=/opt/imh-python/lib/python3.9/site-packages&dl=/opt/imh-python/lib/python3.9/site-packages/pycparser", host: "www.ayaclass.com"
2025/10/16 14:58:24 [error] 1785366#0: *4736 connect() failed (111: Connection refused) while connecting to upstream, client: 45.146.207.125, server: pouted.com, request: "GET / HTTP/2.0", upstream: "https://192.145.236.239:8443/", host: "www.pouted.com"
2025/10/16 14:58:28 [error] 1785366#0: *4741 connect() failed (111: Connection refused) while connecting to upstream, client: 44.214.19.8, server: ayaclass.com, request: "GET /public/?dir=/opt/imh-python/lib/python3.9/site-packages/pygments/lexers/__pycache__&dl=/opt/imh-python/lib/python3.9/site-packages/pygments/lexers/__pycache__/smalltalk.cpython-39.pyc HTTP/1.1", upstream: "http://192.145.236.239:8080/public/?dir=/opt/imh-python/lib/python3.9/site-packages/pygments/lexers/__pycache__&dl=/opt/imh-python/lib/python3.9/site-packages/pygments/lexers/__pycache__/smalltalk.cpython-39.pyc", host: "www.ayaclass.com"
2025/10/16 14:58:28 [error] 1785366#0: *4743 connect() failed (111: Connection refused) while connecting to upstream, client: 40.77.167.136, server: pouted.com, request: "GET /want-lose-weight-eat-25-superfoods/ HTTP/2.0", upstream: "https://192.145.236.239:8443/want-lose-weight-eat-25-superfoods/", host: "www.pouted.com"
2025/10/16 14:58:32 [error] 1785366#0: *4712 connect() failed (111: Connection refused) while connecting to upstream, client: 44.205.74.196, server: ayaclass.com, request: "GET /?dir=/opt/imh-python/lib/python3.9/site-packages/twisted/web&dl=/opt/imh-python/lib/python3.9/site-packages/twisted/web/.. HTTP/1.1", upstream: "http://192.145.236.239:8080/?dir=/opt/imh-python/lib/python3.9/site-packages/twisted/web&dl=/opt/imh-python/lib/python3.9/site-packages/twisted/web/..", host: "www.ayaclass.com"
2025/10/16 14:58:33 [error] 1785366#0: *4743 connect() failed (111: Connection refused) while connecting to upstream, client: 40.77.167.136, server: pouted.com, request: "GET /work-outfit-ideas-for-plus-size-ladies/11/ HTTP/2.0", upstream: "https://192.145.236.239:8443/work-outfit-ideas-for-plus-size-ladies/11/", host: "www.pouted.com"
2025/10/16 14:58:36 [error] 1785363#0: *4752 connect() failed (111: Connection refused) while connecting to upstream, client: 20.171.207.6, server: ayaclass.com, request: "GET /?dir=%2Fproc%2F586 HTTP/2.0", upstream: "https://192.145.236.239:8443/?dir=%2Fproc%2F586", host: "mail.ayaclass.com"
2025/10/16 14:58:37 [error] 1785366#0: *4715 connect() failed (111: Connection refused) while connecting to upstream, client: 44.212.145.46, server: ayaclass.com, request: "GET /public/?dir=/opt/imh-python/lib/python3.9/site-packages/openstack/tests/unit/cloud/__pycache__&edit=/opt/imh-python/lib/python3.9/site-packages/openstack/tests/unit/cloud/__pycache__/test_zone.cpython-39.pyc HTTP/1.1", upstream: "http://192.145.236.239:8080/public/?dir=/opt/imh-python/lib/python3.9/site-packages/openstack/tests/unit/cloud/__pycache__&edit=/opt/imh-python/lib/python3.9/site-packages/openstack/tests/unit/cloud/__pycache__/test_zone.cpython-39.pyc", host: "www.ayaclass.com"
2025/10/16 14:58:39 [error] 1785366#0: *4758 connect() failed (111: Connection refused) while connecting to upstream, client: 40.77.167.57, server: pouted.com, request: "GET /gel-nail-designs-for-all-skin-tones/ HTTP/2.0", upstream: "https://192.145.236.239:8443/gel-nail-designs-for-all-skin-tones/", host: "www.pouted.com"
2025/10/16 14:58:39 [error] 1785366#0: *4760 connect() failed (111: Connection refused) while connecting to upstream, client: 34.222.5.20, server: pouted.com, request: "GET /top-10-oil-gas-companies-qatar/ HTTP/2.0", upstream: "https://192.145.236.239:8443/top-10-oil-gas-companies-qatar/", host: "www.pouted.com"
2025/10/16 14:58:40 [error] 1785366#0: *4712 connect() failed (111: Connection refused) while connecting to upstream, client: 35.168.238.50, server: ayaclass.com, request: "GET /?dir=/home/ayaclass/public_html/vendor/twilio/sdk/src/Twilio/Rest/Verify/V2&edit=/home/ayaclass/public_html/vendor/twilio/sdk/src/Twilio/Rest/Verify/V2/VerificationAttemptPage.php HTTP/1.1", upstream: "http://192.145.236.239:8080/?dir=/home/ayaclass/public_html/vendor/twilio/sdk/src/Twilio/Rest/Verify/V2&edit=/home/ayaclass/public_html/vendor/twilio/sdk/src/Twilio/Rest/Verify/V2/VerificationAttemptPage.php", host: "www.ayaclass.com"
2025/10/16 14:58:40 [error] 1785366#0: *4762 connect() failed (111: Connection refused) while connecting to upstream, client: 63.32.23.121, server: pouted.com, request: "GET /best-womens-perfumes-for-wedding-day/ HTTP/2.0", upstream: "https://192.145.236.239:8443/best-womens-perfumes-for-wedding-day/", host: "www.pouted.com"
2025/10/16 14:58:41 [error] 1785366#0: *4634 connect() failed (111: Connection refused) while connecting to upstream, client: 8.217.208.198, server: pouted.com, request: "GET /wp-json/wp/v2/tags/18505 HTTP/2.0", upstream: "https://192.145.236.239:8443/wp-json/wp/v2/tags/18505", host: "www.pouted.com"
2025/10/16 14:58:42 [error] 1785366#0: *4767 connect() failed (111: Connection refused) while connecting to upstream, client: 8.217.188.66, server: pouted.com, request: "GET /offer/hawaiian-airlines HTTP/2.0", upstream: "https://192.145.236.239:8443/offer/hawaiian-airlines", host: "www.pouted.com"
2025/10/16 14:58:42 [error] 1785366#0: *4770 connect() failed (111: Connection refused) while connecting to upstream, client: 52.167.144.190, server: classing.ru, request: "GET /product/edit/37773170 HTTP/2.0", upstream: "https://192.249.127.245:8443/product/edit/37773170", host: "www.classing.ru"
2025/10/16 14:58:44 [error] 1785366#0: *4772 connect() failed (111: Connection refused) while connecting to upstream, client: 44.223.193.255, server: ayaclass.com, request: "GET /public/?dir=/opt/imh-python/lib/python3.9/site-packages/keystoneauth1/identity&dl=/opt/imh-python/lib/python3.9/site-packages/keystoneauth1/identity/v3 HTTP/1.1", upstream: "http://192.145.236.239:8080/public/?dir=/opt/imh-python/lib/python3.9/site-packages/keystoneauth1/identity&dl=/opt/imh-python/lib/python3.9/site-packages/keystoneauth1/identity/v3", host: "www.ayaclass.com"
2025/10/16 14:58:44 [error] 1785366#0: *4774 connect() failed (111: Connection refused) while connecting to upstream, client: 51.161.65.70, server: pouted.com, request: "GET /most-trendy-mens-beard-styles/ HTTP/2.0", upstream: "https://192.145.236.239:8443/most-trendy-mens-beard-styles/", host: "www.pouted.com"
2025/10/16 14:58:45 [error] 1785366#0: *4777 connect() failed (111: Connection refused) while connecting to upstream, client: 52.167.144.221, server: ayaclass.com, request: "GET /products/17868132/ HTTP/1.1", upstream: "http://192.145.236.239:8080/products/17868132/", host: "www.ayaclass.com"
2025/10/16 14:58:47 [error] 1785366#0: *4780 connect() failed (111: Connection refused) while connecting to upstream, client: 20.171.207.30, server: pouted.com, request: "GET /wp-content/plugins/link-whisper-premium/vendor/phpoffice/phpspreadsheet/src/PhpSpreadsheet/Shared/?C=N;O=D HTTP/2.0", upstream: "https://192.145.236.239:8443/wp-content/plugins/link-whisper-premium/vendor/phpoffice/phpspreadsheet/src/PhpSpreadsheet/Shared/?C=N;O=D", host: "www.pouted.com"
2025/10/16 14:58:47 [error] 1785366#0: *4781 connect() failed (111: Connection refused) while connecting to upstream, client: 40.77.167.14, server: pouted.com, request: "GET /tag/blue/ HTTP/2.0", upstream: "https://192.145.236.239:8443/tag/blue/", host: "www.pouted.com"
2025/10/16 14:58:48 [error] 1785366#0: *4741 connect() failed (111: Connection refused) while connecting to upstream, client: 44.207.252.58, server: ayaclass.com, request: "GET /?dir=/usr/share/perl5&dl=/usr/share/perl5/filetest.pm HTTP/1.1", upstream: "http://192.145.236.239:8080/?dir=/usr/share/perl5&dl=/usr/share/perl5/filetest.pm", host: "www.ayaclass.com"
2025/10/16 14:58:48 [error] 1785366#0: *4785 open() "/home/pouted/public_html/wp-content/uploads/2016/12/TOMS-baby-girl-shoes-Pink-Metallic-675x473.jpg" failed (2: No such file or directory), client: 3.139.225.206, server: pouted.com, request: "GET /wp-content/uploads/2016/12/TOMS-baby-girl-shoes-Pink-Metallic-675x473.jpg?x45357 HTTP/2.0", host: "www.pouted.com"
2025/10/16 14:58:51 [error] 1785366#0: *4791 connect() failed (111: Connection refused) while connecting to upstream, client: 213.186.1.154, server: pouted.com, request: "GET / HTTP/2.0", upstream: "https://192.145.236.239:8443/", host: "www.pouted.com"
2025/10/16 14:58:52 [error] 1785366#0: *4712 connect() failed (111: Connection refused) while connecting to upstream, client: 44.223.193.255, server: ayaclass.com, request: "GET /?dir=/usr/share/doc/python3-docs/html/library&dl=/usr/share/doc/python3-docs/html/library/gc.html HTTP/1.1", upstream: "http://192.145.236.239:8080/?dir=/usr/share/doc/python3-docs/html/library&dl=/usr/share/doc/python3-docs/html/library/gc.html", host: "www.ayaclass.com"
2025/10/16 14:58:52 [error] 1785366#0: *4794 connect() failed (111: Connection refused) while connecting to upstream, client: 8.217.209.143, server: pouted.com, request: "GET /tag/adventure-travelling/feed/ HTTP/2.0", upstream: "https://192.145.236.239:8443/tag/adventure-travelling/feed/", host: "www.pouted.com"
2025/10/16 14:58:53 [error] 1785366#0: *4634 connect() failed (111: Connection refused) while connecting to upstream, client: 8.217.213.92, server: pouted.com, request: "GET /pink-women-shoes/bigstock_pink_high_heel_shoes_173641461/ HTTP/2.0", upstream: "https://192.145.236.239:8443/pink-women-shoes/bigstock_pink_high_heel_shoes_173641461/", host: "www.pouted.com"
2025/10/16 14:58:54 [error] 1785366#0: *4777 connect() failed (111: Connection refused) while connecting to upstream, client: 52.167.144.221, server: ayaclass.com, request: "GET /products/16822876/ HTTP/1.1", upstream: "http://192.145.236.239:8080/products/16822876/", host: "www.ayaclass.com"
2025/10/16 14:58:56 [error] 1785366#0: *4799 connect() failed (111: Connection refused) while connecting to upstream, client: 3.219.80.71, server: ayaclass.com, request: "GET /?dir=/usr/share/xml&dl=/usr/share/xml/.. HTTP/1.1", upstream: "http://192.145.236.239:8080/?dir=/usr/share/xml&dl=/usr/share/xml/..", host: "www.ayaclass.com"
2025/10/16 14:58:56 [error] 1785366#0: *4801 open() "/home/pouted/public_html/wp-content/uploads/2014/04/MPC_istock_Orchid.jpg" failed (2: No such file or directory), client: 136.114.85.85, server: pouted.com, request: "GET /wp-content/uploads/2014/04/MPC_istock_Orchid.jpg HTTP/2.0", host: "www.pouted.com"
2025/10/16 14:58:56 [error] 1785366#0: *4802 connect() failed (111: Connection refused) while connecting to upstream, client: 2a03:2880:f800:37::, server: ayaclass.com, request: "GET /products/24084409/ HTTP/1.1", upstream: "http://192.145.236.239:8080/products/24084409/", host: "www.ayaclass.com"
2025/10/16 14:58:58 [error] 1785366#0: *4806 connect() failed (111: Connection refused) while connecting to upstream, client: 20.171.207.135, server: ayaclass.com, request: "GET /?dir=%2Fproc&dl=%2Fproc%2F1191486 HTTP/1.1", upstream: "http://192.145.236.239:8080/?dir=%2Fproc&dl=%2Fproc%2F1191486", host: "www.ayaclass.com"
2025/10/16 14:58:58 [error] 1785366#0: *4805 connect() failed (111: Connection refused) while connecting to upstream, client: 152.32.214.43, server: intensed.com, request: "GET / HTTP/2.0", upstream: "https://192.249.127.250:8443/", host: "intensed.com", referrer: "http://intensed.com/"
2025/10/16 14:58:58 [error] 1785366#0: *4809 connect() failed (111: Connection refused) while connecting to upstream, client: 152.32.214.43, server: intensed.com, request: "GET /favicon.ico HTTP/2.0", upstream: "https://192.249.127.250:8443/favicon.ico", host: "intensed.com", referrer: "http://intensed.com/favicon.ico"
2025/10/16 14:58:59 [error] 1785366#0: *4810 connect() failed (111: Connection refused) while connecting to upstream, client: 192.34.62.6, server: classing.ru, request: "GET /wp-login.php HTTP/2.0", upstream: "https://192.249.127.245:8443/wp-login.php", host: "www.classing.ru"
2025/10/16 14:58:59 [error] 1785366#0: *4805 connect() failed (111: Connection refused) while connecting to upstream, client: 152.32.214.43, server: intensed.com, request: "GET / HTTP/2.0", upstream: "https://192.249.127.250:8443/", host: "intensed.com", referrer: "http://intensed.com/"
2025/10/16 14:58:59 [error] 1785366#0: *4813 connect() failed (111: Connection refused) while connecting to upstream, client: 8.217.212.39, server: pouted.com, request: "GET /tag/keto-recipes/feed/ HTTP/2.0", upstream: "https://192.145.236.239:8443/tag/keto-recipes/feed/", host: "www.pouted.com"
2025/10/16 14:58:59 [error] 1785366#0: *4805 connect() failed (111: Connection refused) while connecting to upstream, client: 152.32.214.43, server: intensed.com, request: "GET / HTTP/2.0", upstream: "https://192.249.127.250:8443/", host: "intensed.com", referrer: "http://intensed.com/"
2025/10/16 14:58:59 [error] 1785366#0: *4810 connect() failed (111: Connection refused) while connecting to upstream, client: 192.34.62.6, server: classing.ru, request: "POST /wp-login.php HTTP/2.0", upstream: "https://192.249.127.245:8443/wp-login.php", host: "www.classing.ru", referrer: "https://www.classing.ru/wp-login.php"
2025/10/16 14:58:59 [error] 1785366#0: *4805 connect() failed (111: Connection refused) while connecting to upstream, client: 152.32.214.43, server: intensed.com, request: "GET / HTTP/2.0", upstream: "https://192.249.127.250:8443/", host: "intensed.com", referrer: "http://intensed.com/"
2025/10/16 14:58:59 [error] 1785366#0: *4816 connect() failed (111: Connection refused) while connecting to upstream, client: 20.0.53.108, server: pouted.com, request: "GET /top-trendy-hairstyles-2025/ HTTP/2.0", upstream: "https://192.145.236.239:8443/top-trendy-hairstyles-2025/", host: "www.pouted.com"
2025/10/16 14:58:59 [error] 1785366#0: *4809 connect() failed (111: Connection refused) while connecting to upstream, client: 152.32.214.43, server: intensed.com, request: "GET /favicon.ico HTTP/2.0", upstream: "https://192.249.127.250:8443/favicon.ico", host: "intensed.com", referrer: "http://intensed.com/favicon.ico"
2025/10/16 14:59:00 [error] 1785366#0: *4823 connect() failed (111: Connection refused) while connecting to upstream, client: 34.238.45.183, server: ayaclass.com, request: "GET /public/?dir=/opt/imh-python/lib/python3.9/ctypes/test/__pycache__&edit=/opt/imh-python/lib/python3.9/ctypes/test/__pycache__/test_pointers.cpython-39.opt-2.pyc HTTP/1.1", upstream: "http://192.145.236.239:8080/public/?dir=/opt/imh-python/lib/python3.9/ctypes/test/__pycache__&edit=/opt/imh-python/lib/python3.9/ctypes/test/__pycache__/test_pointers.cpython-39.opt-2.pyc", host: "www.ayaclass.com"
2025/10/16 14:59:00 [error] 1785366#0: *4805 connect() failed (111: Connection refused) while connecting to upstream, client: 152.32.214.43, server: intensed.com, request: "GET / HTTP/2.0", upstream: "https://192.249.127.250:8443/", host: "intensed.com", referrer: "http://intensed.com/"
2025/10/16 14:59:00 [error] 1785366#0: *4805 connect() failed (111: Connection refused) while connecting to upstream, client: 152.32.214.43, server: intensed.com, request: "GET / HTTP/2.0", upstream: "https://192.249.127.250:8443/", host: "intensed.com", referrer: "https://intensed.com/"
2025/10/16 14:59:00 [error] 1785366#0: *4826 connect() failed (111: Connection refused) while connecting to upstream, client: 20.0.53.107, server: pouted.com, request: "GET /top-trendy-hairstyles-2025/ HTTP/2.0", upstream: "https://192.145.236.239:8443/top-trendy-hairstyles-2025/", host: "www.pouted.com"
2025/10/16 14:59:00 [error] 1785366#0: *4809 connect() failed (111: Connection refused) while connecting to upstream, client: 152.32.214.43, server: intensed.com, request: "GET /favicon.ico HTTP/2.0", upstream: "https://192.249.127.250:8443/favicon.ico", host: "intensed.com", referrer: "https://intensed.com/favicon.ico"
2025/10/16 14:59:00 [error] 1785366#0: *4805 connect() failed (111: Connection refused) while connecting to upstream, client: 152.32.214.43, server: intensed.com, request: "GET / HTTP/2.0", upstream: "https://192.249.127.250:8443/", host: "intensed.com", referrer: "https://intensed.com/"
2025/10/16 14:59:01 [error] 1785366#0: *4805 connect() failed (111: Connection refused) while connecting to upstream, client: 152.32.214.43, server: intensed.com, request: "GET / HTTP/2.0", upstream: "https://192.249.127.250:8443/", host: "intensed.com", referrer: "https://intensed.com/"
2025/10/16 14:59:01 [error] 1785366#0: *4833 connect() failed (111: Connection refused) while connecting to upstream, client: 157.55.39.53, server: ayaclass.com, request: "GET /products/5180998/ HTTP/1.1", upstream: "http://192.145.236.239:8080/products/5180998/", host: "www.ayaclass.com"
2025/10/16 14:59:01 [error] 1785366#0: *4805 connect() failed (111: Connection refused) while connecting to upstream, client: 152.32.214.43, server: intensed.com, request: "GET / HTTP/2.0", upstream: "https://192.249.127.250:8443/", host: "intensed.com", referrer: "https://intensed.com/"
2025/10/16 14:59:01 [error] 1785366#0: *4831 connect() failed (111: Connection refused) while connecting to upstream, client: 20.0.53.103, server: pouted.com, request: "GET /top-trendy-hairstyles-2025/ HTTP/2.0", upstream: "https://192.145.236.239:8443/top-trendy-hairstyles-2025/", host: "www.pouted.com"
2025/10/16 14:59:01 [error] 1785366#0: *4809 connect() failed (111: Connection refused) while connecting to upstream, client: 152.32.214.43, server: intensed.com, request: "GET /favicon.ico HTTP/2.0", upstream: "https://192.249.127.250:8443/favicon.ico", host: "intensed.com", referrer: "https://intensed.com/favicon.ico"
2025/10/16 14:59:01 [error] 1785366#0: *4805 connect() failed (111: Connection refused) while connecting to upstream, client: 152.32.214.43, server: intensed.com, request: "GET / HTTP/2.0", upstream: "https://192.249.127.250:8443/", host: "intensed.com", referrer: "https://intensed.com/"
2025/10/16 14:59:01 [error] 1785366#0: *4816 connect() failed (111: Connection refused) while connecting to upstream, client: 20.0.53.101, server: pouted.com, request: "GET /top-trendy-hairstyles-2025/ HTTP/2.0", upstream: "https://192.145.236.239:8443/top-trendy-hairstyles-2025/", host: "www.pouted.com"
2025/10/16 14:59:03 [error] 1785366#0: *4840 connect() failed (111: Connection refused) while connecting to upstream, client: 8.217.208.130, server: pouted.com, request: "GET /?p=111395 HTTP/2.0", upstream: "https://192.145.236.239:8443/?p=111395", host: "www.pouted.com"
2025/10/16 14:59:03 [error] 1785366#0: *4842 connect() failed (111: Connection refused) while connecting to upstream, client: 127.0.0.1, server: 127.0.0.1, request: "GET /whm-server-status HTTP/1.0", upstream: "http://127.0.0.1:8080/whm-server-status", host: "localhost"
2025/10/16 14:59:04 [error] 1785366#0: *4844 connect() failed (111: Connection refused) while connecting to upstream, client: 23.21.225.190, server: ayaclass.com, request: "GET /?dir=/usr/lib64/python2.7/distutils&edit=/usr/lib64/python2.7/distutils/extension.py HTTP/1.1", upstream: "http://192.145.236.239:8080/?dir=/usr/lib64/python2.7/distutils&edit=/usr/lib64/python2.7/distutils/extension.py", host: "www.ayaclass.com"
2025/10/16 14:59:04 [error] 1785366#0: *4847 open() "/home/pouted/public_html/wp-content/uploads/2013/06/zuck-crunch-disrupt-pop-728854745.jpg" failed (2: No such file or directory), client: 34.55.88.216, server: pouted.com, request: "GET /wp-content/uploads/2013/06/zuck-crunch-disrupt-pop-728854745.jpg HTTP/2.0", host: "www.pouted.com"
2025/10/16 14:59:04 [error] 1785366#0: *4767 connect() failed (111: Connection refused) while connecting to upstream, client: 8.217.208.130, server: pouted.com, request: "GET /wp-json/wp/v2/tags/7376 HTTP/2.0", upstream: "https://192.145.236.239:8443/wp-json/wp/v2/tags/7376", host: "www.pouted.com"
2025/10/16 14:59:04 [error] 1785366#0: *4846 connect() failed (111: Connection refused) while connecting to upstream, client: 119.13.106.238, server: pouted.com, request: "GET /top-nutrition-tips-for-toddlers HTTP/2.0", upstream: "https://192.145.236.239:8443/top-nutrition-tips-for-toddlers", host: "pouted.com", referrer: "https://pouted.com/top-nutrition-tips-for-toddlers"
2025/10/16 14:59:06 [error] 1785366#0: *4813 connect() failed (111: Connection refused) while connecting to upstream, client: 8.217.186.117, server: pouted.com, request: "GET /wp-json/wp/v2/tags/7861 HTTP/2.0", upstream: "https://192.145.236.239:8443/wp-json/wp/v2/tags/7861", host: "www.pouted.com"
2025/10/16 14:59:08 [error] 1785366#0: *4823 connect() failed (111: Connection refused) while connecting to upstream, client: 3.218.103.254, server: ayaclass.com, request: "GET /public/?dir=/home/ayaclass/.trash/AAA/vendor/google/apiclient-services/src/MapsPlaces&dl=/home/ayaclass/.trash/AAA/vendor/google/apiclient-services/src/MapsPlaces/GoogleMapsPlacesV1PlaceOpeningHoursSpecialDay.php HTTP/1.1", upstream: "http://192.145.236.239:8080/public/?dir=/home/ayaclass/.trash/AAA/vendor/google/apiclient-services/src/MapsPlaces&dl=/home/ayaclass/.trash/AAA/vendor/google/apiclient-services/src/MapsPlaces/GoogleMapsPlacesV1PlaceOpeningHoursSpecialDay.php", host: "www.ayaclass.com"
2025/10/16 14:59:10 [error] 1785366#0: *4857 open() "/home/pouted/public_html/wp-content/uploads/jewels/Sterling-Silver-Black-and-White-Diamond-Heart-Necklace.jpg" failed (2: No such file or directory), client: 39.170.58.206, server: pouted.com, request: "GET /wp-content/uploads/jewels/Sterling-Silver-Black-and-White-Diamond-Heart-Necklace.jpg?x71148 HTTP/2.0", host: "www.pouted.com"
2025/10/16 14:59:12 [error] 1785366#0: *4859 connect() failed (111: Connection refused) while connecting to upstream, client: 3.213.106.226, server: ayaclass.com, request: "GET /?dir=/opt/imh-python/lib/python3.9/lib2to3/fixes/__pycache__&edit=/opt/imh-python/lib/python3.9/lib2to3/fixes/__pycache__/fix_imports.cpython-39.opt-2.pyc HTTP/1.1", upstream: "http://192.145.236.239:8080/?dir=/opt/imh-python/lib/python3.9/lib2to3/fixes/__pycache__&edit=/opt/imh-python/lib/python3.9/lib2to3/fixes/__pycache__/fix_imports.cpython-39.opt-2.pyc", host: "www.ayaclass.com"
2025/10/16 14:59:12 [error] 1785366#0: *4840 connect() failed (111: Connection refused) while connecting to upstream, client: 8.217.186.13, server: pouted.com, request: "GET /wp-json/wp/v2/tags/5717 HTTP/2.0", upstream: "https://192.145.236.239:8443/wp-json/wp/v2/tags/5717", host: "www.pouted.com"
2025/10/16 14:59:14 [error] 1785366#0: *4840 connect() failed (111: Connection refused) while connecting to upstream, client: 8.217.168.224, server: pouted.com, request: "GET /wp-json/wp/v2/tags/4639 HTTP/2.0", upstream: "https://192.145.236.239:8443/wp-json/wp/v2/tags/4639", host: "www.pouted.com"
2025/10/16 14:59:16 [error] 1785366#0: *4802 connect() failed (111: Connection refused) while connecting to upstream, client: 18.233.24.238, server: ayaclass.com, request: "GET /public/?dir=/home/ayaclass/public_html/vendor/google/apiclient-services/src/RecaptchaEnterprise/Resource HTTP/1.1", upstream: "http://192.145.236.239:8080/public/?dir=/home/ayaclass/public_html/vendor/google/apiclient-services/src/RecaptchaEnterprise/Resource", host: "www.ayaclass.com"
2025/10/16 14:59:16 [error] 1785366#0: *4794 connect() failed (111: Connection refused) while connecting to upstream, client: 8.217.212.29, server: pouted.com, request: "GET /wp-json/wp/v2/tags/872 HTTP/2.0", upstream: "https://192.145.236.239:8443/wp-json/wp/v2/tags/872", host: "www.pouted.com"
2025/10/16 14:59:16 [error] 1785366#0: *4865 connect() failed (111: Connection refused) while connecting to upstream, client: 185.191.171.8, server: ayaclass.com, request: "GET /?a=36793515 HTTP/1.1", upstream: "http://192.145.236.239:8080/?a=36793515", host: "www.ayaclass.com"
2025/10/16 14:59:17 [error] 1785366#0: *4868 connect() failed (111: Connection refused) while connecting to upstream, client: 216.147.127.182, server: pouted.com, request: "GET /top-10-most-handsome-good-looking-hollywood-actors/ HTTP/2.0", upstream: "https://192.145.236.239:8443/top-10-most-handsome-good-looking-hollywood-actors/", host: "www.pouted.com", referrer: "https://www.bing.com/"
2025/10/16 14:59:19 [error] 1785366#0: *4634 connect() failed (111: Connection refused) while connecting to upstream, client: 8.217.211.127, server: pouted.com, request: "GET /windows-architectural-statements/amp/ HTTP/2.0", upstream: "https://192.145.236.239:8443/windows-architectural-statements/amp/", host: "www.pouted.com"
2025/10/16 14:59:20 [error] 1785366#0: *4871 connect() failed (111: Connection refused) while connecting to upstream, client: 34.234.197.175, server: ayaclass.com, request: "GET /public/?dir=/home/ayaclass/public_html/vendor/vonage/client-core/src&edit=/home/ayaclass/public_html/vendor/vonage/client-core/src/Conversation HTTP/1.1", upstream: "http://192.145.236.239:8080/public/?dir=/home/ayaclass/public_html/vendor/vonage/client-core/src&edit=/home/ayaclass/public_html/vendor/vonage/client-core/src/Conversation", host: "www.ayaclass.com"
2025/10/16 14:59:24 [error] 1785366#0: *4874 connect() failed (111: Connection refused) while connecting to upstream, client: 66.249.64.168, server: pouted.com, request: "GET /10-best-halloween-costumes-teenagers-2017/amp/ HTTP/2.0", upstream: "https://192.145.236.239:8443/10-best-halloween-costumes-teenagers-2017/amp/", host: "www.pouted.com"
2025/10/16 14:59:24 [error] 1785366#0: *4799 connect() failed (111: Connection refused) while connecting to upstream, client: 107.20.224.184, server: ayaclass.com, request: "GET /?dir=/proc/129&dl=/proc/129/personality HTTP/1.1", upstream: "http://192.145.236.239:8080/?dir=/proc/129&dl=/proc/129/personality", host: "www.ayaclass.com"
2025/10/16 14:59:24 [error] 1785366#0: *4876 connect() failed (111: Connection refused) while connecting to upstream, client: 52.167.144.172, server: pouted.com, request: "GET /tag/maintaining-your-sanity-and-satisfactory-job-performance/ HTTP/2.0", upstream: "https://192.145.236.239:8443/tag/maintaining-your-sanity-and-satisfactory-job-performance/", host: "pouted.com"
2025/10/16 14:59:26 [error] 1785366#0: *4879 connect() failed (111: Connection refused) while connecting to upstream, client: 2a03:2880:f800:15::, server: pouted.com, request: "GET /tag/natural-ways-of-taking-care-of-your-hair/ HTTP/2.0", upstream: "https://192.145.236.239:8443/tag/natural-ways-of-taking-care-of-your-hair/", host: "www.pouted.com"
2025/10/16 14:59:28 [error] 1785366#0: *4882 connect() failed (111: Connection refused) while connecting to upstream, client: 52.70.123.241, server: ayaclass.com, request: "GET /?dir=/home/ayaclass/public_html/vendor/google/apiclient-services/src/AdExchangeBuyer&dl=/home/ayaclass/public_html/vendor/google/apiclient-services/src/AdExchangeBuyer/PretargetingConfig.php HTTP/1.1", upstream: "http://192.145.236.239:8080/?dir=/home/ayaclass/public_html/vendor/google/apiclient-services/src/AdExchangeBuyer&dl=/home/ayaclass/public_html/vendor/google/apiclient-services/src/AdExchangeBuyer/PretargetingConfig.php", host: "www.ayaclass.com"
2025/10/16 14:59:29 [error] 1785366#0: *4884 connect() failed (111: Connection refused) while connecting to upstream, client: 2a03:2880:32ff:71::, server: pouted.com, request: "GET /best-surgeons-in-world-2025/ HTTP/2.0", upstream: "https://192.145.236.239:8443/best-surgeons-in-world-2025/", host: "www.pouted.com"
2025/10/16 14:59:32 [error] 1785366#0: *4889 connect() failed (111: Connection refused) while connecting to upstream, client: 184.73.68.20, server: ayaclass.com, request: "GET /public/?dir=/home/ayaclass/.trash/AAA/vendor/symfony/http-client/Messenger HTTP/1.1", upstream: "http://192.145.236.239:8080/public/?dir=/home/ayaclass/.trash/AAA/vendor/symfony/http-client/Messenger", host: "www.ayaclass.com"
2025/10/16 14:59:32 [error] 1785366#0: *4892 connect() failed (111: Connection refused) while connecting to upstream, client: 40.77.167.14, server: pouted.com, request: "GET /tag/argan-tree/ HTTP/2.0", upstream: "https://192.145.236.239:8443/tag/argan-tree/", host: "www.pouted.com"
2025/10/16 14:59:32 [error] 1785366#0: *4894 connect() failed (111: Connection refused) while connecting to upstream, client: 66.249.72.70, server: ayaclass.com, request: "GET /?dir=%2Fproc&edit=%2Fproc%2F1768736 HTTP/1.1", upstream: "http://192.145.236.239:8080/?dir=%2Fproc&edit=%2Fproc%2F1768736", host: "www.ayaclass.com"
2025/10/16 14:59:36 [error] 1785366#0: *4902 connect() failed (111: Connection refused) while connecting to upstream, client: 52.44.148.203, server: ayaclass.com, request: "GET /?dir=/opt/imh-python/lib/python3.9/site-packages/ipython-8.18.1.dist-info&edit=/opt/imh-python/lib/python3.9/site-packages/ipython-8.18.1.dist-info/METADATA HTTP/1.1", upstream: "http://192.145.236.239:8080/?dir=/opt/imh-python/lib/python3.9/site-packages/ipython-8.18.1.dist-info&edit=/opt/imh-python/lib/python3.9/site-packages/ipython-8.18.1.dist-info/METADATA", host: "www.ayaclass.com"
2025/10/16 14:59:40 [error] 1785366#0: *4906 connect() failed (111: Connection refused) while connecting to upstream, client: 52.70.138.176, server: ayaclass.com, request: "GET /?dir=/opt/imh/python3.13/lib/python3.13/turtledemo/__pycache__&edit=/opt/imh/python3.13/lib/python3.13/turtledemo/__pycache__/two_canvases.cpython-313.pyc HTTP/1.1", upstream: "http://192.145.236.239:8080/?dir=/opt/imh/python3.13/lib/python3.13/turtledemo/__pycache__&edit=/opt/imh/python3.13/lib/python3.13/turtledemo/__pycache__/two_canvases.cpython-313.pyc", host: "www.ayaclass.com"
2025/10/16 14:59:41 [error] 1785366#0: *4794 connect() failed (111: Connection refused) while connecting to upstream, client: 8.217.191.94, server: pouted.com, request: "GET /tag/healthy-meal-prep/feed/ HTTP/2.0", upstream: "https://192.145.236.239:8443/tag/healthy-meal-prep/feed/", host: "www.pouted.com"
2025/10/16 14:59:42 [error] 1785366#0: *4911 connect() failed (111: Connection refused) while connecting to upstream, client: 20.171.207.6, server: ayaclass.com, request: "GET /?dir=%2Fproc&dl=%2Fproc%2F1782504 HTTP/2.0", upstream: "https://192.145.236.239:8443/?dir=%2Fproc&dl=%2Fproc%2F1782504", host: "mail.ayaclass.com"
2025/10/16 14:59:42 [error] 1785366#0: *4910 connect() failed (111: Connection refused) while connecting to upstream, client: 17.241.219.245, server: pouted.com, request: "GET /tag/homemade-snacks/ HTTP/2.0", upstream: "https://192.145.236.239:8443/tag/homemade-snacks/", host: "www.pouted.com"
2025/10/16 14:59:44 [error] 1785366#0: *4871 connect() failed (111: Connection refused) while connecting to upstream, client: 44.210.204.255, server: ayaclass.com, request: "GET /?dir=/proc/1&dl=/proc/1/clear_refs HTTP/1.1", upstream: "http://192.145.236.239:8080/?dir=/proc/1&dl=/proc/1/clear_refs", host: "www.ayaclass.com"
2025/10/16 14:59:48 [error] 1785366#0: *4920 connect() failed (111: Connection refused) while connecting to upstream, client: 35.168.238.50, server: ayaclass.com, request: "GET /?dir=/home/ayaclass/public_html/vendor/aws/aws-sdk-php/src/data&edit=/home/ayaclass/public_html/vendor/aws/aws-sdk-php/src/data/finspace HTTP/1.1", upstream: "http://192.145.236.239:8080/?dir=/home/ayaclass/public_html/vendor/aws/aws-sdk-php/src/data&edit=/home/ayaclass/public_html/vendor/aws/aws-sdk-php/src/data/finspace", host: "www.ayaclass.com"
2025/10/16 14:59:48 [error] 1785366#0: *4922 connect() failed (111: Connection refused) while connecting to upstream, client: 216.244.66.248, server: pouted.com, request: "GET /tag/making-money-online/ HTTP/2.0", upstream: "https://192.145.236.239:8443/tag/making-money-online/", host: "www.pouted.com"
2025/10/16 14:59:48 [error] 1785366#0: *4924 connect() failed (111: Connection refused) while connecting to upstream, client: 2a03:2880:30ff:8::, server: pouted.com, request: "GET /smart-clothing-with-built-in-technology/ HTTP/2.0", upstream: "https://192.145.236.239:8443/smart-clothing-with-built-in-technology/", host: "www.pouted.com"
2025/10/16 14:59:50 [error] 1785366#0: *4927 connect() failed (111: Connection refused) while connecting to upstream, client: 2a03:2880:31ff:45::, server: pouted.com, request: "GET /ebooks/7-wod-performance-activators-box.pdf HTTP/2.0", upstream: "https://192.145.236.239:8443/ebooks/7-wod-performance-activators-box.pdf", host: "www.pouted.com"
2025/10/16 14:59:51 [error] 1785366#0: *4933 connect() failed (111: Connection refused) while connecting to upstream, client: 40.77.167.57, server: pouted.com, request: "GET /18-new-jewelry-trends-for-this-summer/ HTTP/2.0", upstream: "https://192.145.236.239:8443/18-new-jewelry-trends-for-this-summer/", host: "www.pouted.com"
2025/10/16 14:59:51 [error] 1785366#0: *4932 connect() failed (111: Connection refused) while connecting to upstream, client: 20.171.207.30, server: pouted.com, request: "GET /easy-feather-nail-art-designs HTTP/2.0", upstream: "https://192.145.236.239:8443/easy-feather-nail-art-designs", host: "www.pouted.com"
2025/10/16 14:59:52 [error] 1785366#0: *4930 connect() failed (111: Connection refused) while connecting to upstream, client: 135.234.64.47, server: pouted.com, request: "GET /post-sitemap5.xml HTTP/2.0", upstream: "https://192.145.236.239:8443/post-sitemap5.xml", host: "www.pouted.com"
2025/10/16 14:59:52 [error] 1785366#0: *4937 connect() failed (111: Connection refused) while connecting to upstream, client: 3.89.176.255, server: ayaclass.com, request: "GET /?dir=/opt/imh-python/lib/python3.9/site-packages/Crypto/Hash&edit=/opt/imh-python/lib/python3.9/site-packages/Crypto/Hash/SHA3_224.pyi HTTP/1.1", upstream: "http://192.145.236.239:8080/?dir=/opt/imh-python/lib/python3.9/site-packages/Crypto/Hash&edit=/opt/imh-python/lib/python3.9/site-packages/Crypto/Hash/SHA3_224.pyi", host: "www.ayaclass.com"
2025/10/16 14:59:54 [error] 1785366#0: *4941 connect() failed (111: Connection refused) while connecting to upstream, client: 8.217.209.143, server: pouted.com, request: "GET /wp-json/wp/v2/tags/7319 HTTP/2.0", upstream: "https://192.145.236.239:8443/wp-json/wp/v2/tags/7319", host: "www.pouted.com"
2025/10/16 14:59:56 [error] 1785366#0: *4906 connect() failed (111: Connection refused) while connecting to upstream, client: 34.238.45.183, server: ayaclass.com, request: "GET /public/?dir=/opt/cpanel/ea-openssl11/share/doc/openssl/html/man3&edit=/opt/cpanel/ea-openssl11/share/doc/openssl/html/man3/ERR_error_string_n.html HTTP/1.1", upstream: "http://192.145.236.239:8080/public/?dir=/opt/cpanel/ea-openssl11/share/doc/openssl/html/man3&edit=/opt/cpanel/ea-openssl11/share/doc/openssl/html/man3/ERR_error_string_n.html", host: "www.ayaclass.com"
2025/10/16 14:59:56 [error] 1785366#0: *4945 connect() failed (111: Connection refused) while connecting to upstream, client: 8.217.209.143, server: pouted.com, request: "GET /wp-json/wp/v2/tags/18800 HTTP/2.0", upstream: "https://192.145.236.239:8443/wp-json/wp/v2/tags/18800", host: "www.pouted.com"
2025/10/16 14:59:59 [error] 1785366#0: *4950 connect() failed (111: Connection refused) while connecting to upstream, client: 20.171.207.135, server: ayaclass.com, request: "GET /?dir=%2Fproc&dl=%2Fproc%2F1235659 HTTP/1.1", upstream: "http://192.145.236.239:8080/?dir=%2Fproc&dl=%2Fproc%2F1235659", host: "www.ayaclass.com"
2025/10/16 14:59:59 [error] 1785366#0: *4949 connect() failed (111: Connection refused) while connecting to upstream, client: 2600:4040:b33f:aa00:71a4:69cf:67bb:2334, server: pouted.com, request: "GET /2014-hot-wheels-cars-commercial/ HTTP/2.0", upstream: "https://192.145.236.239:8443/2014-hot-wheels-cars-commercial/", host: "www.pouted.com"
2025/10/16 15:00:00 [error] 1785363#0: *4953 connect() failed (111: Connection refused) while connecting to upstream, client: 40.77.167.136, server: pouted.com, request: "GET /post-sitemap15.xml HTTP/2.0", upstream: "https://192.145.236.239:8443/post-sitemap15.xml", host: "www.pouted.com"
2025/10/16 15:00:00 [error] 1785366#0: *4955 connect() failed (111: Connection refused) while connecting to upstream, client: 34.205.170.13, server: ayaclass.com, request: "GET /?dir=/home/ayaclass/public_html/vendor/google/apiclient-services/src/Aiplatform&edit=/home/ayaclass/public_html/vendor/google/apiclient-services/src/Aiplatform/GoogleCloudAiplatformV1ToolParameterKVMatchResults.php HTTP/1.1", upstream: "http://192.145.236.239:8080/?dir=/home/ayaclass/public_html/vendor/google/apiclient-services/src/Aiplatform&edit=/home/ayaclass/public_html/vendor/google/apiclient-services/src/Aiplatform/GoogleCloudAiplatformV1ToolParameterKVMatchResults.php", host: "www.ayaclass.com"
2025/10/16 15:00:02 [error] 1785366#0: *4959 open() "/home/pouted/public_html/wp-content/uploads/2019/10/diana-style-princess-diana.jpg" failed (2: No such file or directory), client: 202.91.68.167, server: pouted.com, request: "GET /wp-content/uploads/2019/10/diana-style-princess-diana.jpg HTTP/2.0", host: "www.pouted.com"
2025/10/16 15:00:03 [error] 1785366#0: *4960 open() "/home/pouted/public_html/wp-content/uploads/2013/05/Mechanical-Beetle.jpg" failed (2: No such file or directory), client: 3.139.225.206, server: pouted.com, request: "GET /wp-content/uploads/2013/05/Mechanical-Beetle.jpg?x44527 HTTP/2.0", host: "www.pouted.com"
2025/10/16 15:00:04 [error] 1785366#0: *4961 connect() failed (111: Connection refused) while connecting to upstream, client: 74.7.36.108, server: pouted.com, request: "GET / HTTP/2.0", upstream: "https://192.145.236.239:8443/", host: "pouted.com"
2025/10/16 15:00:04 [error] 1785366#0: *4964 connect() failed (111: Connection refused) while connecting to upstream, client: 2a03:2880:f800:2f::, server: ayaclass.com, request: "GET /products/2951121/ HTTP/1.1", upstream: "http://192.145.236.239:8080/products/2951121/", host: "www.ayaclass.com"
2025/10/16 15:00:04 [error] 1785366#0: *4966 connect() failed (111: Connection refused) while connecting to upstream, client: 34.206.193.60, server: ayaclass.com, request: "GET /?dir=/opt/imh/python3.13/lib/python3.13/turtledemo/__pycache__&edit=/opt/imh/python3.13/lib/python3.13/turtledemo/__pycache__/bytedesign.cpython-313.pyc HTTP/1.1", upstream: "http://192.145.236.239:8080/?dir=/opt/imh/python3.13/lib/python3.13/turtledemo/__pycache__&edit=/opt/imh/python3.13/lib/python3.13/turtledemo/__pycache__/bytedesign.cpython-313.pyc", host: "www.ayaclass.com"
2025/10/16 15:00:04 [error] 1785366#0: *4968 connect() failed (111: Connection refused) while connecting to upstream, client: 74.7.36.110, server: pouted.com, request: "GET / HTTP/2.0", upstream: "https://192.145.236.239:8443/", host: "pouted.com"
2025/10/16 15:00:04 [error] 1785366#0: *4971 open() "/home/pouted/public_html/wp-content/uploads/2013/02/lenovo-windows-8-tablets-us-0.jpg" failed (2: No such file or directory), client: 131.227.80.132, server: pouted.com, request: "GET /wp-content/uploads/2013/02/lenovo-windows-8-tablets-us-0.jpg?x85627 HTTP/2.0", host: "www.pouted.com"
2025/10/16 15:00:04 [error] 1785366#0: *4970 connect() failed (111: Connection refused) while connecting to upstream, client: 74.7.36.96, server: pouted.com, request: "GET / HTTP/2.0", upstream: "https://192.145.236.239:8443/", host: "pouted.com"
2025/10/16 15:00:05 [error] 1785366#0: *4964 connect() failed (111: Connection refused) while connecting to upstream, client: 52.167.144.159, server: ayaclass.com, request: "GET /products/18743432/ HTTP/1.1", upstream: "http://192.145.236.239:8080/products/18743432/", host: "www.ayaclass.com"
2025/10/16 15:00:05 [error] 1785366#0: *4975 connect() failed (111: Connection refused) while connecting to upstream, client: 74.7.36.104, server: pouted.com, request: "GET / HTTP/2.0", upstream: "https://192.145.236.239:8443/", host: "pouted.com"
