2025/10/16 14:43:00 [error] 1785366#0: *2231 open() "/home/pouted/public_html/wp-content/uploads/2019/05/Skyhours.jpg" failed (2: No such file or directory), client: 210.45.70.6, server: pouted.com, request: "GET /wp-content/uploads/2019/05/Skyhours.jpg?x71148 HTTP/2.0", host: "www.pouted.com"
2025/10/16 14:43:00 [error] 1785366#0: *2214 connect() failed (111: Connection refused) while connecting to upstream, client: 18.207.79.144, server: ayaclass.com, request: "GET /?dir=/opt/imh-python/lib/python3.9/site-packages&dl=/opt/imh-python/lib/python3.9/site-packages/itsdangerous HTTP/1.1", upstream: "http://192.145.236.239:8080/?dir=/opt/imh-python/lib/python3.9/site-packages&dl=/opt/imh-python/lib/python3.9/site-packages/itsdangerous", host: "www.ayaclass.com"
2025/10/16 14:43:01 [error] 1785366#0: *2190 connect() failed (111: Connection refused) while connecting to upstream, client: 198.23.128.103, server: pouted.com, request: "GET /build-capsule-wardrobe/ HTTP/2.0", upstream: "https://192.145.236.239:8443/build-capsule-wardrobe/", host: "www.pouted.com", referrer: "https://www.bing.com/"
2025/10/16 14:43:02 [error] 1785366#0: *2235 open() "/home/pouted/public_html/wp-content/uploads/2018/11/carrot.-675x448.jpg" failed (2: No such file or directory), client: 43.134.27.196, server: pouted.com, request: "GET /wp-content/uploads/2018/11/carrot.-675x448.jpg?x45357 HTTP/2.0", host: "www.pouted.com"
2025/10/16 14:43:02 [error] 1785366#0: *2236 connect() failed (111: Connection refused) while connecting to upstream, client: 2a03:2880:20ff:6::, server: pouted.com, request: "GET /the-miss-grand-international-competition/ HTTP/2.0", upstream: "https://192.145.236.239:8443/the-miss-grand-international-competition/", host: "www.pouted.com"
2025/10/16 14:43:02 [error] 1785366#0: *2238 connect() failed (111: Connection refused) while connecting to upstream, client: 52.167.144.206, server: ayaclass.com, request: "GET /products/15240043/ HTTP/1.1", upstream: "http://192.145.236.239:8080/products/15240043/", host: "www.ayaclass.com"
2025/10/16 14:43:02 [error] 1785366#0: *2214 connect() failed (111: Connection refused) while connecting to upstream, client: 85.208.96.207, server: ayaclass.com, request: "GET /?a=113040415 HTTP/1.1", upstream: "http://192.145.236.239:8080/?a=113040415", host: "www.ayaclass.com"
2025/10/16 14:43:04 [error] 1785366#0: *2190 connect() failed (111: Connection refused) while connecting to upstream, client: 20.171.207.30, server: pouted.com, request: "GET /wp-content/plugins/link-whisper-premium/vendor/phpoffice/phpspreadsheet/src/PhpSpreadsheet/Shared/Escher/DggContainer/BstoreContainer/BSE/?C=D;O=A HTTP/2.0", upstream: "https://192.145.236.239:8443/wp-content/plugins/link-whisper-premium/vendor/phpoffice/phpspreadsheet/src/PhpSpreadsheet/Shared/Escher/DggContainer/BstoreContainer/BSE/?C=D;O=A", host: "www.pouted.com"
2025/10/16 14:43:05 [error] 1785366#0: *2245 connect() failed (111: Connection refused) while connecting to upstream, client: 52.73.142.41, server: ayaclass.com, request: "GET /public/?dir=/usr/share/doc&dl=/usr/share/doc/perl-File-HomeDir HTTP/1.1", upstream: "http://192.145.236.239:8080/public/?dir=/usr/share/doc&dl=/usr/share/doc/perl-File-HomeDir", host: "www.ayaclass.com"
2025/10/16 14:43:05 [error] 1785366#0: *2243 connect() failed (111: Connection refused) while connecting to upstream, client: 52.187.246.133, server: pouted.com, request: "GET /celebrity-casual-fashion-trends-2014/ HTTP/2.0", upstream: "https://192.145.236.239:8443/celebrity-casual-fashion-trends-2014/", host: "www.pouted.com"
2025/10/16 14:43:05 [error] 1785366#0: *2244 connect() failed (111: Connection refused) while connecting to upstream, client: 52.187.246.133, server: pouted.com, request: "GET /celebrity-casual-fashion-trends-2014/ HTTP/2.0", upstream: "https://192.145.236.239:8443/celebrity-casual-fashion-trends-2014/", host: "www.pouted.com"
2025/10/16 14:43:06 [error] 1785366#0: *2197 connect() failed (111: Connection refused) while connecting to upstream, client: 40.77.167.6, server: pouted.com, request: "GET /tag/anxious/ HTTP/2.0", upstream: "https://192.145.236.239:8443/tag/anxious/", host: "www.pouted.com"
2025/10/16 14:43:06 [error] 1785366#0: *2251 connect() failed (111: Connection refused) while connecting to upstream, client: 52.187.246.130, server: pouted.com, request: "GET /celebrity-casual-fashion-trends-2014/ HTTP/2.0", upstream: "https://192.145.236.239:8443/celebrity-casual-fashion-trends-2014/", host: "www.pouted.com"
2025/10/16 14:43:06 [error] 1785366#0: *2252 connect() failed (111: Connection refused) while connecting to upstream, client: 52.187.246.130, server: pouted.com, request: "GET /celebrity-casual-fashion-trends-2014/ HTTP/2.0", upstream: "https://192.145.236.239:8443/celebrity-casual-fashion-trends-2014/", host: "www.pouted.com"
2025/10/16 14:43:08 [error] 1785366#0: *2261 open() "/home/pouted/public_html/wp-content/uploads/2013/08/bridesmaid-jewelry-sets5.jpg" failed (2: No such file or directory), client: 3.139.225.206, server: pouted.com, request: "GET /wp-content/uploads/2013/08/bridesmaid-jewelry-sets5.jpg?x71148 HTTP/2.0", host: "www.pouted.com"
2025/10/16 14:43:10 [error] 1785366#0: *2188 connect() failed (111: Connection refused) while connecting to upstream, client: 54.235.172.108, server: ayaclass.com, request: "GET /public/?dir=/opt/imh-python/lib/python3.9/site-packages/idna/__pycache__&dl=/opt/imh-python/lib/python3.9/site-packages/idna/__pycache__/idnadata.cpython-39.pyc HTTP/1.1", upstream: "http://192.145.236.239:8080/public/?dir=/opt/imh-python/lib/python3.9/site-packages/idna/__pycache__&dl=/opt/imh-python/lib/python3.9/site-packages/idna/__pycache__/idnadata.cpython-39.pyc", host: "www.ayaclass.com"
2025/10/16 14:43:10 [error] 1785366#0: *2264 connect() failed (111: Connection refused) while connecting to upstream, client: 197.35.8.91, server: pouted.com, request: "GET /wp-admin/post.php?post=162287&action=edit&classic-editor HTTP/2.0", upstream: "https://192.145.236.239:8443/wp-admin/post.php?post=162287&action=edit&classic-editor", host: "www.pouted.com", referrer: "https://www.pouted.com/wp-admin/post.php?post=162287&action=edit&classic-editor&classic-editor__forget"
2025/10/16 14:43:10 [error] 1785366#0: *2266 connect() failed (111: Connection refused) while connecting to upstream, client: 66.249.64.169, server: pouted.com, request: "GET /rare-white-giraffes-spotted-different-areas/ HTTP/2.0", upstream: "https://192.145.236.239:8443/rare-white-giraffes-spotted-different-areas/", host: "www.pouted.com"
2025/10/16 14:43:11 [error] 1785366#0: *2269 connect() failed (111: Connection refused) while connecting to upstream, client: 8.217.186.13, server: pouted.com, request: "GET /employees-need-ticker-software/amp/ HTTP/2.0", upstream: "https://192.145.236.239:8443/employees-need-ticker-software/amp/", host: "www.pouted.com"
2025/10/16 14:43:13 [error] 1785366#0: *2172 connect() failed (111: Connection refused) while connecting to upstream, client: 107.22.208.39, server: ayaclass.com, request: "GET /public/?dir=/opt/imh-python/lib/python3.9/site-packages/dill/__pycache__&edit=/opt/imh-python/lib/python3.9/site-packages/dill/__pycache__/__diff.cpython-39.pyc HTTP/1.1", upstream: "http://192.145.236.239:8080/public/?dir=/opt/imh-python/lib/python3.9/site-packages/dill/__pycache__&edit=/opt/imh-python/lib/python3.9/site-packages/dill/__pycache__/__diff.cpython-39.pyc", host: "www.ayaclass.com"
2025/10/16 14:43:15 [error] 1785366#0: *2278 connect() failed (111: Connection refused) while connecting to upstream, client: 20.171.207.135, server: ayaclass.com, request: "GET /?dir=%2Fproc&dl=%2Fproc%2F1276946 HTTP/1.1", upstream: "http://192.145.236.239:8080/?dir=%2Fproc&dl=%2Fproc%2F1276946", host: "www.ayaclass.com"
2025/10/16 14:43:15 [error] 1785366#0: *2277 connect() failed (111: Connection refused) while connecting to upstream, client: 52.210.223.80, server: pouted.com, request: "GET /feed/ HTTP/2.0", upstream: "https://192.145.236.239:8443/feed/", host: "www.pouted.com"
2025/10/16 14:43:15 [error] 1785366#0: *2281 open() "/home/pouted/public_html/wp-content/uploads/2017/05/nail-art-ideas-2017-54.jpg" failed (2: No such file or directory), client: 66.249.81.69, server: pouted.com, request: "GET /wp-content/uploads/2017/05/nail-art-ideas-2017-54.jpg HTTP/2.0", host: "www.pouted.com"
2025/10/16 14:43:17 [error] 1785366#0: *2264 connect() failed (111: Connection refused) while connecting to upstream, client: 197.35.8.91, server: pouted.com, request: "GET /wp-admin/ HTTP/2.0", upstream: "https://192.145.236.239:8443/wp-admin/", host: "www.pouted.com"
2025/10/16 14:43:18 [error] 1785366#0: *2285 connect() failed (111: Connection refused) while connecting to upstream, client: 66.249.72.64, server: ayaclass.com, request: "GET /products/13455221/ HTTP/1.1", upstream: "http://192.145.236.239:8080/products/13455221/", host: "www.ayaclass.com"
2025/10/16 14:43:18 [error] 1785366#0: *2287 open() "/home/pouted/public_html/wp-content/uploads/2013/02/hanging-planters.jpg" failed (2: No such file or directory), client: 8.217.211.163, server: pouted.com, request: "GET /wp-content/uploads/2013/02/hanging-planters.jpg HTTP/2.0", host: "www.pouted.com"
2025/10/16 14:43:18 [error] 1785366#0: *2264 connect() failed (111: Connection refused) while connecting to upstream, client: 197.35.8.91, server: pouted.com, request: "GET /wp-admin/ HTTP/2.0", upstream: "https://192.145.236.239:8443/wp-admin/", host: "www.pouted.com"
2025/10/16 14:43:18 [error] 1785366#0: *2289 connect() failed (111: Connection refused) while connecting to upstream, client: 157.55.39.48, server: ayaclass.com, request: "GET /products/18161176/ HTTP/1.1", upstream: "http://192.145.236.239:8080/products/18161176/", host: "www.ayaclass.com"
2025/10/16 14:43:19 [error] 1785366#0: *2291 connect() failed (111: Connection refused) while connecting to upstream, client: 3.210.223.61, server: ayaclass.com, request: "GET /public/?dir=/opt/imh-python/lib/python3.9/site-packages&edit=/opt/imh-python/lib/python3.9/site-packages/wcwidth HTTP/1.1", upstream: "http://192.145.236.239:8080/public/?dir=/opt/imh-python/lib/python3.9/site-packages&edit=/opt/imh-python/lib/python3.9/site-packages/wcwidth", host: "www.ayaclass.com"
2025/10/16 14:43:20 [error] 1785366#0: *2293 connect() failed (111: Connection refused) while connecting to upstream, client: 8.217.186.117, server: pouted.com, request: "GET /tag/expensive-wedding-rings/feed/ HTTP/2.0", upstream: "https://192.145.236.239:8443/tag/expensive-wedding-rings/feed/", host: "www.pouted.com"
2025/10/16 14:43:20 [error] 1785366#0: *2295 connect() failed (111: Connection refused) while connecting to upstream, client: 100.24.149.244, server: ayaclass.com, request: "GET /public/libxml2-debugXML.html HTTP/1.1", upstream: "http://192.145.236.239:8080/public/libxml2-debugXML.html", host: "www.ayaclass.com"
2025/10/16 14:43:20 [error] 1785366#0: *2297 directory index of "/home/pouted/public_html/wp-content/uploads/pep-vn/9a/" is forbidden, client: 52.167.144.16, server: pouted.com, request: "GET /wp-content/uploads/pep-vn/9a/ HTTP/2.0", host: "www.pouted.com"
2025/10/16 14:43:23 [error] 1785366#0: *2188 connect() failed (111: Connection refused) while connecting to upstream, client: 2a03:2880:f800:40::, server: ayaclass.com, request: "GET /products/22952065/ HTTP/1.1", upstream: "http://192.145.236.239:8080/products/22952065/", host: "www.ayaclass.com"
2025/10/16 14:43:25 [error] 1785366#0: *2301 connect() failed (111: Connection refused) while connecting to upstream, client: 3.227.180.70, server: ayaclass.com, request: "GET /?dir=/usr/lib/fixperms/venv/lib/python3.13/site-packages/charset_normalizer/__pycache__&dl=/usr/lib/fixperms/venv/lib/python3.13/site-packages/charset_normalizer/__pycache__/models.cpython-313.pyc HTTP/1.1", upstream: "http://192.145.236.239:8080/?dir=/usr/lib/fixperms/venv/lib/python3.13/site-packages/charset_normalizer/__pycache__&dl=/usr/lib/fixperms/venv/lib/python3.13/site-packages/charset_normalizer/__pycache__/models.cpython-313.pyc", host: "www.ayaclass.com"
2025/10/16 14:43:27 [error] 1785366#0: *2304 connect() failed (111: Connection refused) while connecting to upstream, client: 40.77.167.6, server: pouted.com, request: "GET /tag/flawless-beauty/ HTTP/2.0", upstream: "https://192.145.236.239:8443/tag/flawless-beauty/", host: "www.pouted.com"
2025/10/16 14:43:28 [error] 1785366#0: *2295 connect() failed (111: Connection refused) while connecting to upstream, client: 52.7.33.248, server: ayaclass.com, request: "GET /?dir=/sys/devices/virtual/block/ploop45007/pstate/.. HTTP/1.1", upstream: "http://192.145.236.239:8080/?dir=/sys/devices/virtual/block/ploop45007/pstate/..", host: "www.ayaclass.com"
2025/10/16 14:43:29 [error] 1785366#0: *2309 connect() failed (111: Connection refused) while connecting to upstream, client: 220.181.51.85, server: pouted.com, request: "GET /tag/avian-diversity/ HTTP/2.0", upstream: "https://192.145.236.239:8443/tag/avian-diversity/", host: "www.pouted.com"
2025/10/16 14:43:30 [error] 1785366#0: *2311 open() "/home/pouted/public_html/wp-content/uploads/2013/04/Machu-Picchu-Peru1.jpg" failed (2: No such file or directory), client: 3.139.225.206, server: pouted.com, request: "GET /wp-content/uploads/2013/04/Machu-Picchu-Peru1.jpg?x71148 HTTP/2.0", host: "www.pouted.com"
2025/10/16 14:43:32 [error] 1785366#0: *2301 connect() failed (111: Connection refused) while connecting to upstream, client: 54.166.104.83, server: ayaclass.com, request: "GET /?dir=/opt/imh/python3.13/lib/python3.13/importlib/__pycache__&dl=/opt/imh/python3.13/lib/python3.13/importlib/__pycache__/readers.cpython-313.pyc HTTP/1.1", upstream: "http://192.145.236.239:8080/?dir=/opt/imh/python3.13/lib/python3.13/importlib/__pycache__&dl=/opt/imh/python3.13/lib/python3.13/importlib/__pycache__/readers.cpython-313.pyc", host: "www.ayaclass.com"
2025/10/16 14:43:32 [error] 1785366#0: *2304 connect() failed (111: Connection refused) while connecting to upstream, client: 40.77.167.52, server: pouted.com, request: "GET /tag/drupal-hosting/ HTTP/2.0", upstream: "https://192.145.236.239:8443/tag/drupal-hosting/", host: "www.pouted.com"
2025/10/16 14:43:33 [error] 1785366#0: *2314 connect() failed (111: Connection refused) while connecting to upstream, client: 46.250.174.122, server: pouted.com, request: "GET /street-art-at-home-you-can-count-us-in/amp HTTP/2.0", upstream: "https://192.145.236.239:8443/street-art-at-home-you-can-count-us-in/amp", host: "pouted.com", referrer: "https://pouted.com/street-art-at-home-you-can-count-us-in/amp"
2025/10/16 14:43:36 [error] 1785366#0: *2319 connect() failed (111: Connection refused) while connecting to upstream, client: 18.214.238.178, server: ayaclass.com, request: "GET /public/?dir=/usr/lib/rads/venv/lib/python3.13/site-packages/pip/_internal/metadata/importlib/__pycache__&dl=/usr/lib/rads/venv/lib/python3.13/site-packages/pip/_internal/metadata/importlib/__pycache__/_envs.cpython-313.pyc HTTP/1.1", upstream: "http://192.145.236.239:8080/public/?dir=/usr/lib/rads/venv/lib/python3.13/site-packages/pip/_internal/metadata/importlib/__pycache__&dl=/usr/lib/rads/venv/lib/python3.13/site-packages/pip/_internal/metadata/importlib/__pycache__/_envs.cpython-313.pyc", host: "www.ayaclass.com"
2025/10/16 14:43:38 [error] 1785366#0: *2322 connect() failed (111: Connection refused) while connecting to upstream, client: 52.167.144.166, server: pouted.com, request: "GET /15123-frat-boy-clothing-brands/ HTTP/2.0", upstream: "https://192.145.236.239:8443/15123-frat-boy-clothing-brands/", host: "pouted.com"
2025/10/16 14:43:40 [error] 1785366#0: *2326 connect() failed (111: Connection refused) while connecting to upstream, client: 52.167.144.167, server: ayaclass.com, request: "GET /products/1897676/ HTTP/1.1", upstream: "http://192.145.236.239:8080/products/1897676/", host: "www.ayaclass.com"
2025/10/16 14:43:40 [error] 1785366#0: *2326 connect() failed (111: Connection refused) while connecting to upstream, client: 52.70.209.13, server: ayaclass.com, request: "GET /?dir=/opt/imh-python/lib/python3.9/site-packages/jedi/third_party/typeshed/third_party/2and3/markdown/.. HTTP/1.1", upstream: "http://192.145.236.239:8080/?dir=/opt/imh-python/lib/python3.9/site-packages/jedi/third_party/typeshed/third_party/2and3/markdown/..", host: "www.ayaclass.com"
2025/10/16 14:43:41 [error] 1785366#0: *2264 connect() failed (111: Connection refused) while connecting to upstream, client: 197.35.8.91, server: pouted.com, request: "GET /wp-admin/ HTTP/2.0", upstream: "https://192.145.236.239:8443/wp-admin/", host: "www.pouted.com"
2025/10/16 14:43:44 [error] 1785366#0: *2331 connect() failed (111: Connection refused) while connecting to upstream, client: 18.211.148.239, server: ayaclass.com, request: "GET /?dir=/usr/lib/rads/venv/lib/python3.13/site-packages/pip/_internal/models/__pycache__&dl=/usr/lib/rads/venv/lib/python3.13/site-packages/pip/_internal/models/__pycache__/format_control.cpython-313.pyc HTTP/1.1", upstream: "http://192.145.236.239:8080/?dir=/usr/lib/rads/venv/lib/python3.13/site-packages/pip/_internal/models/__pycache__&dl=/usr/lib/rads/venv/lib/python3.13/site-packages/pip/_internal/models/__pycache__/format_control.cpython-313.pyc", host: "www.ayaclass.com"
2025/10/16 14:43:45 [error] 1785366#0: *2333 connect() failed (111: Connection refused) while connecting to upstream, client: 95.217.144.202, server: pouted.com, request: "GET /magazine/medical/ HTTP/2.0", upstream: "https://192.145.236.239:8443/magazine/medical/", host: "www.pouted.com"
2025/10/16 14:43:46 [error] 1785366#0: *2337 open() "/home/pouted/public_html/wp-content/uploads/2016/02/mouth-watering-valentines-day-cake-7.jpg" failed (2: No such file or directory), client: 132.195.94.137, server: pouted.com, request: "GET /wp-content/uploads/2016/02/mouth-watering-valentines-day-cake-7.jpg?x44527 HTTP/2.0", host: "www.pouted.com"
2025/10/16 14:43:47 [error] 1785366#0: *2338 open() "/home/pouted/public_html/wp-content/uploads/2013/06/Bugatti-Veyron-Grand-Sport-Vitesse.jpg" failed (2: No such file or directory), client: 3.139.225.206, server: pouted.com, request: "GET /wp-content/uploads/2013/06/Bugatti-Veyron-Grand-Sport-Vitesse.jpg?x45357 HTTP/2.0", host: "www.pouted.com"
2025/10/16 14:43:48 [error] 1785366#0: *2339 connect() failed (111: Connection refused) while connecting to upstream, client: 52.167.144.16, server: pouted.com, request: "GET /23-breathtaking-jewelry-trends-2017/ HTTP/2.0", upstream: "https://192.145.236.239:8443/23-breathtaking-jewelry-trends-2017/", host: "www.pouted.com"
2025/10/16 14:43:48 [error] 1785366#0: *2341 connect() failed (111: Connection refused) while connecting to upstream, client: 8.217.213.114, server: pouted.com, request: "GET /tag/2025-wedding-themes/ HTTP/2.0", upstream: "https://192.145.236.239:8443/tag/2025-wedding-themes/", host: "www.pouted.com"
2025/10/16 14:43:48 [error] 1785366#0: *2343 open() "/home/pouted/public_html/wp-content/uploads/2013/01/cafe-stylea-chairs.jpg" failed (2: No such file or directory), client: 3.139.225.206, server: pouted.com, request: "GET /wp-content/uploads/2013/01/cafe-stylea-chairs.jpg?x71148 HTTP/2.0", host: "www.pouted.com"
2025/10/16 14:43:49 [error] 1785366#0: *2344 connect() failed (111: Connection refused) while connecting to upstream, client: 157.55.39.48, server: ayaclass.com, request: "GET /products/1680643/ HTTP/1.1", upstream: "http://192.145.236.239:8080/products/1680643/", host: "www.ayaclass.com"
2025/10/16 14:43:49 [error] 1785366#0: *2301 connect() failed (111: Connection refused) while connecting to upstream, client: 52.5.242.243, server: ayaclass.com, request: "GET /public/?dir=/opt/imh/python3.13/lib/python3.13/site-packages/pip/_internal/resolution/resolvelib HTTP/1.1", upstream: "http://192.145.236.239:8080/public/?dir=/opt/imh/python3.13/lib/python3.13/site-packages/pip/_internal/resolution/resolvelib", host: "www.ayaclass.com"
2025/10/16 14:43:50 [error] 1785366#0: *2347 connect() failed (111: Connection refused) while connecting to upstream, client: 8.217.191.109, server: pouted.com, request: "GET /znettindia-com-hosting-review/embed/ HTTP/2.0", upstream: "https://192.145.236.239:8443/znettindia-com-hosting-review/embed/", host: "www.pouted.com"
2025/10/16 14:43:51 [error] 1785366#0: *2349 connect() failed (111: Connection refused) while connecting to upstream, client: 8.217.213.185, server: pouted.com, request: "GET /tag/different-ticker-apps/ HTTP/2.0", upstream: "https://192.145.236.239:8443/tag/different-ticker-apps/", host: "www.pouted.com"
2025/10/16 14:43:52 [error] 1785366#0: *2347 connect() failed (111: Connection refused) while connecting to upstream, client: 8.217.181.98, server: pouted.com, request: "GET /wp-json/wp/v2/tags/9548 HTTP/2.0", upstream: "https://192.145.236.239:8443/wp-json/wp/v2/tags/9548", host: "www.pouted.com"
2025/10/16 14:43:52 [error] 1785366#0: *2358 connect() failed (111: Connection refused) while connecting to upstream, client: 20.171.207.6, server: ayaclass.com, request: "GET /?dir=%2Fproc&dl=%2Fproc%2F1782293 HTTP/2.0", upstream: "https://192.145.236.239:8443/?dir=%2Fproc&dl=%2Fproc%2F1782293", host: "mail.ayaclass.com"
2025/10/16 14:43:53 [error] 1785366#0: *2357 connect() failed (111: Connection refused) while connecting to upstream, client: 2a03:2880:f800:11::, server: pouted.com, request: "GET /tag/creative-home-decor-ideas/ HTTP/2.0", upstream: "https://192.145.236.239:8443/tag/creative-home-decor-ideas/", host: "www.pouted.com"
2025/10/16 14:43:55 [error] 1785366#0: *2361 connect() failed (111: Connection refused) while connecting to upstream, client: 184.73.167.217, server: ayaclass.com, request: "GET /?dir=/home/ayaclass/.trash/AAA/vendor/google/gax/metadata/Google/ApiCore/Tests/.. HTTP/1.1", upstream: "http://192.145.236.239:8080/?dir=/home/ayaclass/.trash/AAA/vendor/google/gax/metadata/Google/ApiCore/Tests/..", host: "www.ayaclass.com"
2025/10/16 14:43:58 [error] 1785366#0: *2319 connect() failed (111: Connection refused) while connecting to upstream, client: 34.239.197.197, server: ayaclass.com, request: "GET /?dir=/proc/1594182 HTTP/1.1", upstream: "http://192.145.236.239:8080/?dir=/proc/1594182", host: "www.ayaclass.com"
2025/10/16 14:43:59 [error] 1785366#0: *2369 connect() failed (111: Connection refused) while connecting to upstream, client: 2a03:2880:ff:5e::, server: pouted.com, request: "GET /the-miss-grand-international-competition/ HTTP/2.0", upstream: "https://192.145.236.239:8443/the-miss-grand-international-competition/", host: "www.pouted.com"
2025/10/16 14:44:01 [error] 1785366#0: *2349 connect() failed (111: Connection refused) while connecting to upstream, client: 8.217.213.68, server: pouted.com, request: "GET /collections/bulk-order HTTP/2.0", upstream: "https://192.145.236.239:8443/collections/bulk-order", host: "www.pouted.com"
2025/10/16 14:44:01 [error] 1785366#0: *2373 connect() failed (111: Connection refused) while connecting to upstream, client: 52.2.191.202, server: ayaclass.com, request: "GET /?dir=/home/ayaclass/.trash/AAA/vendor/twilio/sdk/src/Twilio/Rest/Api/V2010/Account/Message/.. HTTP/1.1", upstream: "http://192.145.236.239:8080/?dir=/home/ayaclass/.trash/AAA/vendor/twilio/sdk/src/Twilio/Rest/Api/V2010/Account/Message/..", host: "www.ayaclass.com"
2025/10/16 14:44:04 [error] 1785366#0: *2376 connect() failed (111: Connection refused) while connecting to upstream, client: 185.191.171.14, server: ayaclass.com, request: "GET /?a=34309415 HTTP/1.1", upstream: "http://192.145.236.239:8080/?a=34309415", host: "www.ayaclass.com"
2025/10/16 14:44:05 [error] 1785366#0: *2361 connect() failed (111: Connection refused) while connecting to upstream, client: 3.226.34.98, server: ayaclass.com, request: "GET /public/?dir=/home/ayaclass/.trash/AAA/vendor/twilio/sdk/src/Twilio/Rest/Api/V2010/Account/Conference/.. HTTP/1.1", upstream: "http://192.145.236.239:8080/public/?dir=/home/ayaclass/.trash/AAA/vendor/twilio/sdk/src/Twilio/Rest/Api/V2010/Account/Conference/..", host: "www.ayaclass.com"
2025/10/16 14:44:05 [error] 1785366#0: *2347 connect() failed (111: Connection refused) while connecting to upstream, client: 8.217.183.158, server: pouted.com, request: "GET /wp-json/wp/v2/tags/18802 HTTP/2.0", upstream: "https://192.145.236.239:8443/wp-json/wp/v2/tags/18802", host: "www.pouted.com"
2025/10/16 14:44:06 [error] 1785366#0: *2381 connect() failed (111: Connection refused) while connecting to upstream, client: 127.0.0.1, server: 127.0.0.1, request: "GET /whm-server-status HTTP/1.0", upstream: "http://127.0.0.1:8080/whm-server-status", host: "localhost"
2025/10/16 14:44:06 [error] 1785366#0: *2383 connect() failed (111: Connection refused) while connecting to upstream, client: 173.224.127.70, server: pouted.com, request: "GET /holistic-ways-to-fight-stress-and-find-peace HTTP/2.0", upstream: "https://192.145.236.239:8443/holistic-ways-to-fight-stress-and-find-peace", host: "www.pouted.com"
2025/10/16 14:44:08 [error] 1785366#0: *2387 open() "/home/pouted/public_html/wp-content/uploads/2017/04/GigaPros.com-Hosting-Review--390x220.jpg" failed (2: No such file or directory), client: 3.139.225.206, server: pouted.com, request: "GET /wp-content/uploads/2017/04/GigaPros.com-Hosting-Review--390x220.jpg HTTP/2.0", host: "www.pouted.com"
2025/10/16 14:44:09 [error] 1785366#0: *2388 connect() failed (111: Connection refused) while connecting to upstream, client: 20.171.207.30, server: pouted.com, request: "GET /wp-content/plugins/link-whisper-premium/vendor/phpoffice/phpspreadsheet/src/PhpSpreadsheet/Reader/?C=D;O=A HTTP/2.0", upstream: "https://192.145.236.239:8443/wp-content/plugins/link-whisper-premium/vendor/phpoffice/phpspreadsheet/src/PhpSpreadsheet/Reader/?C=D;O=A", host: "www.pouted.com"
2025/10/16 14:44:09 [error] 1785366#0: *2390 connect() failed (111: Connection refused) while connecting to upstream, client: 66.249.64.170, server: pouted.com, request: "GET /65-most-romantic-valentines-day-chocolate-treat-ideas/amp/ HTTP/2.0", upstream: "https://192.145.236.239:8443/65-most-romantic-valentines-day-chocolate-treat-ideas/amp/", host: "www.pouted.com"
2025/10/16 14:44:09 [error] 1785366#0: *2388 connect() failed (111: Connection refused) while connecting to upstream, client: 122.192.133.25, server: pouted.com, request: "GET /risks-sleeping-less-6-hours-night/ HTTP/2.0", upstream: "https://192.145.236.239:8443/risks-sleeping-less-6-hours-night/", host: "www.pouted.com"
2025/10/16 14:44:09 [error] 1785366#0: *2393 connect() failed (111: Connection refused) while connecting to upstream, client: 54.167.32.123, server: ayaclass.com, request: "GET /?dir=/home/ayaclass/public_html/vendor/jubaer/zoom-laravel/vendor/guzzlehttp/guzzle/src/Handler&dl=/home/ayaclass/public_html/vendor/jubaer/zoom-laravel/vendor/guzzlehttp/guzzle/src/Handler/CurlHandler.php HTTP/1.1", upstream: "http://192.145.236.239:8080/?dir=/home/ayaclass/public_html/vendor/jubaer/zoom-laravel/vendor/guzzlehttp/guzzle/src/Handler&dl=/home/ayaclass/public_html/vendor/jubaer/zoom-laravel/vendor/guzzlehttp/guzzle/src/Handler/CurlHandler.php", host: "www.ayaclass.com"
2025/10/16 14:44:13 [error] 1785366#0: *2396 connect() failed (111: Connection refused) while connecting to upstream, client: 196.251.81.190, server: intensed.com, request: "GET / HTTP/2.0", upstream: "https://192.249.127.250:8443/", host: "intensed.com"
2025/10/16 14:44:13 [error] 1785366#0: *2373 connect() failed (111: Connection refused) while connecting to upstream, client: 54.85.109.140, server: ayaclass.com, request: "GET /public/?dir=/home/ayaclass/.trash/AAA/vendor/aws/aws-sdk-php/src/data/sesv2/2019-09-27/.. HTTP/1.1", upstream: "http://192.145.236.239:8080/public/?dir=/home/ayaclass/.trash/AAA/vendor/aws/aws-sdk-php/src/data/sesv2/2019-09-27/..", host: "www.ayaclass.com"
2025/10/16 14:44:13 [error] 1785366#0: *2396 connect() failed (111: Connection refused) while connecting to upstream, client: 196.251.81.190, server: intensed.com, request: "GET //wp-includes/wlwmanifest.xml HTTP/2.0", upstream: "https://192.249.127.250:8443//wp-includes/wlwmanifest.xml", host: "intensed.com"
2025/10/16 14:44:13 [error] 1785366#0: *2396 connect() failed (111: Connection refused) while connecting to upstream, client: 196.251.81.190, server: intensed.com, request: "GET //xmlrpc.php?rsd HTTP/2.0", upstream: "https://192.249.127.250:8443//xmlrpc.php?rsd", host: "intensed.com"
2025/10/16 14:44:13 [error] 1785366#0: *2396 connect() failed (111: Connection refused) while connecting to upstream, client: 196.251.81.190, server: intensed.com, request: "GET / HTTP/2.0", upstream: "https://192.249.127.250:8443/", host: "intensed.com"
2025/10/16 14:44:13 [error] 1785366#0: *2396 connect() failed (111: Connection refused) while connecting to upstream, client: 196.251.81.190, server: intensed.com, request: "GET //blog/wp-includes/wlwmanifest.xml HTTP/2.0", upstream: "https://192.249.127.250:8443//blog/wp-includes/wlwmanifest.xml", host: "intensed.com"
2025/10/16 14:44:14 [error] 1785366#0: *2396 connect() failed (111: Connection refused) while connecting to upstream, client: 196.251.81.190, server: intensed.com, request: "GET //web/wp-includes/wlwmanifest.xml HTTP/2.0", upstream: "https://192.249.127.250:8443//web/wp-includes/wlwmanifest.xml", host: "intensed.com"
2025/10/16 14:44:14 [error] 1785366#0: *2396 connect() failed (111: Connection refused) while connecting to upstream, client: 196.251.81.190, server: intensed.com, request: "GET //wordpress/wp-includes/wlwmanifest.xml HTTP/2.0", upstream: "https://192.249.127.250:8443//wordpress/wp-includes/wlwmanifest.xml", host: "intensed.com"
2025/10/16 14:44:14 [error] 1785366#0: *2396 connect() failed (111: Connection refused) while connecting to upstream, client: 196.251.81.190, server: intensed.com, request: "GET //website/wp-includes/wlwmanifest.xml HTTP/2.0", upstream: "https://192.249.127.250:8443//website/wp-includes/wlwmanifest.xml", host: "intensed.com"
2025/10/16 14:44:14 [error] 1785366#0: *2396 connect() failed (111: Connection refused) while connecting to upstream, client: 196.251.81.190, server: intensed.com, request: "GET //wp/wp-includes/wlwmanifest.xml HTTP/2.0", upstream: "https://192.249.127.250:8443//wp/wp-includes/wlwmanifest.xml", host: "intensed.com"
2025/10/16 14:44:14 [error] 1785366#0: *2396 connect() failed (111: Connection refused) while connecting to upstream, client: 196.251.81.190, server: intensed.com, request: "GET //news/wp-includes/wlwmanifest.xml HTTP/2.0", upstream: "https://192.249.127.250:8443//news/wp-includes/wlwmanifest.xml", host: "intensed.com"
2025/10/16 14:44:15 [error] 1785366#0: *2396 connect() failed (111: Connection refused) while connecting to upstream, client: 196.251.81.190, server: intensed.com, request: "GET //2020/wp-includes/wlwmanifest.xml HTTP/2.0", upstream: "https://192.249.127.250:8443//2020/wp-includes/wlwmanifest.xml", host: "intensed.com"
2025/10/16 14:44:15 [error] 1785366#0: *2409 connect() failed (111: Connection refused) while connecting to upstream, client: 46.8.156.198, server: pouted.com, request: "GET /10-sports-that-should-not-be-in-the-olympics HTTP/2.0", upstream: "https://192.145.236.239:8443/10-sports-that-should-not-be-in-the-olympics", host: "pouted.com", referrer: "http://pouted.com/10-sports-that-should-not-be-in-the-olympics"
2025/10/16 14:44:15 [error] 1785366#0: *2396 connect() failed (111: Connection refused) while connecting to upstream, client: 196.251.81.190, server: intensed.com, request: "GET //2019/wp-includes/wlwmanifest.xml HTTP/2.0", upstream: "https://192.249.127.250:8443//2019/wp-includes/wlwmanifest.xml", host: "intensed.com"
2025/10/16 14:44:15 [error] 1785366#0: *2396 connect() failed (111: Connection refused) while connecting to upstream, client: 196.251.81.190, server: intensed.com, request: "GET //shop/wp-includes/wlwmanifest.xml HTTP/2.0", upstream: "https://192.249.127.250:8443//shop/wp-includes/wlwmanifest.xml", host: "intensed.com"
2025/10/16 14:44:15 [error] 1785366#0: *2396 connect() failed (111: Connection refused) while connecting to upstream, client: 196.251.81.190, server: intensed.com, request: "GET //wp1/wp-includes/wlwmanifest.xml HTTP/2.0", upstream: "https://192.249.127.250:8443//wp1/wp-includes/wlwmanifest.xml", host: "intensed.com"
2025/10/16 14:44:15 [error] 1785366#0: *2396 connect() failed (111: Connection refused) while connecting to upstream, client: 196.251.81.190, server: intensed.com, request: "GET //test/wp-includes/wlwmanifest.xml HTTP/2.0", upstream: "https://192.249.127.250:8443//test/wp-includes/wlwmanifest.xml", host: "intensed.com"
2025/10/16 14:44:15 [error] 1785366#0: *2396 connect() failed (111: Connection refused) while connecting to upstream, client: 196.251.81.190, server: intensed.com, request: "GET //wp2/wp-includes/wlwmanifest.xml HTTP/2.0", upstream: "https://192.249.127.250:8443//wp2/wp-includes/wlwmanifest.xml", host: "intensed.com"
2025/10/16 14:44:16 [error] 1785366#0: *2396 connect() failed (111: Connection refused) while connecting to upstream, client: 196.251.81.190, server: intensed.com, request: "GET //site/wp-includes/wlwmanifest.xml HTTP/2.0", upstream: "https://192.249.127.250:8443//site/wp-includes/wlwmanifest.xml", host: "intensed.com"
2025/10/16 14:44:16 [error] 1785366#0: *2396 connect() failed (111: Connection refused) while connecting to upstream, client: 196.251.81.190, server: intensed.com, request: "GET //cms/wp-includes/wlwmanifest.xml HTTP/2.0", upstream: "https://192.249.127.250:8443//cms/wp-includes/wlwmanifest.xml", host: "intensed.com"
2025/10/16 14:44:16 [error] 1785366#0: *2396 connect() failed (111: Connection refused) while connecting to upstream, client: 196.251.81.190, server: intensed.com, request: "GET //sito/wp-includes/wlwmanifest.xml HTTP/2.0", upstream: "https://192.249.127.250:8443//sito/wp-includes/wlwmanifest.xml", host: "intensed.com"
2025/10/16 14:44:17 [error] 1785366#0: *2341 connect() failed (111: Connection refused) while connecting to upstream, client: 8.217.151.65, server: pouted.com, request: "GET /tag/curing-errors/ HTTP/2.0", upstream: "https://192.145.236.239:8443/tag/curing-errors/", host: "www.pouted.com"
2025/10/16 14:44:17 [error] 1785366#0: *2423 connect() failed (111: Connection refused) while connecting to upstream, client: 52.4.213.199, server: ayaclass.com, request: "GET /?dir=/var/cache/dnf/wp-toolkit-cpanel-279ec2bb7e716180/packages HTTP/1.1", upstream: "http://192.145.236.239:8080/?dir=/var/cache/dnf/wp-toolkit-cpanel-279ec2bb7e716180/packages", host: "www.ayaclass.com"
2025/10/16 14:44:21 [error] 1785366#0: *2425 connect() failed (111: Connection refused) while connecting to upstream, client: 8.217.211.106, server: pouted.com, request: "GET /tag/stock-photos-websites/feed/ HTTP/2.0", upstream: "https://192.145.236.239:8443/tag/stock-photos-websites/feed/", host: "www.pouted.com"
2025/10/16 14:44:21 [error] 1785366#0: *2352 open() "/home/pouted/public_html/wp-content/uploads/2015/02/34-of-the-Best-Wedding-Dresses-in-2015-7.jpg" failed (2: No such file or directory), client: 34.55.88.216, server: pouted.com, request: "GET /wp-content/uploads/2015/02/34-of-the-Best-Wedding-Dresses-in-2015-7.jpg HTTP/2.0", host: "www.pouted.com"
2025/10/16 14:44:21 [error] 1785366#0: *2427 connect() failed (111: Connection refused) while connecting to upstream, client: 100.29.155.89, server: ayaclass.com, request: "GET /public/?dir=/home/ayaclass/.trash/AAA/vendor/kreait/firebase-tokens/src/JWT/Action/CreateCustomToken&dl=/home/ayaclass/.trash/AAA/vendor/kreait/firebase-tokens/src/JWT/Action/CreateCustomToken/Handler.php HTTP/1.1", upstream: "http://192.145.236.239:8080/public/?dir=/home/ayaclass/.trash/AAA/vendor/kreait/firebase-tokens/src/JWT/Action/CreateCustomToken&dl=/home/ayaclass/.trash/AAA/vendor/kreait/firebase-tokens/src/JWT/Action/CreateCustomToken/Handler.php", host: "www.ayaclass.com"
2025/10/16 14:44:23 [error] 1785366#0: *2429 open() "/home/pouted/public_html/wp-content/uploads/2013/01/Home-bedrooms-decoration-ideas..jpg" failed (2: No such file or directory), client: 34.122.155.238, server: pouted.com, request: "GET /wp-content/uploads/2013/01/Home-bedrooms-decoration-ideas..jpg?x71148 HTTP/2.0", host: "www.pouted.com"
2025/10/16 14:44:23 [error] 1785366#0: *2430 open() "/home/pouted/public_html/wp-content/uploads/2015/06/BMW-3-Series-4.jpg" failed (2: No such file or directory), client: 120.133.84.121, server: pouted.com, request: "GET /wp-content/uploads/2015/06/BMW-3-Series-4.jpg?x45357 HTTP/2.0", host: "www.pouted.com"
2025/10/16 14:44:25 [error] 1785366#0: *2393 connect() failed (111: Connection refused) while connecting to upstream, client: 34.193.2.57, server: ayaclass.com, request: "GET /public/?dir=/sys/fs/cgroup/pids/system.slice/home-virtfs-intensed-opt.mount HTTP/1.1", upstream: "http://192.145.236.239:8080/public/?dir=/sys/fs/cgroup/pids/system.slice/home-virtfs-intensed-opt.mount", host: "www.ayaclass.com"
2025/10/16 14:44:25 [error] 1785366#0: *2425 connect() failed (111: Connection refused) while connecting to upstream, client: 8.217.210.248, server: pouted.com, request: "GET /tag/military-watches-designs/feed/ HTTP/2.0", upstream: "https://192.145.236.239:8443/tag/military-watches-designs/feed/", host: "www.pouted.com"
2025/10/16 14:44:26 [error] 1785366#0: *2435 connect() failed (111: Connection refused) while connecting to upstream, client: 2a03:2880:32ff:6::, server: pouted.com, request: "GET /9-planets-solar-system-characteristics/ HTTP/2.0", upstream: "https://192.145.236.239:8443/9-planets-solar-system-characteristics/", host: "www.pouted.com"
2025/10/16 14:44:28 [error] 1785366#0: *2441 open() "/home/pouted/public_html/wp-content/uploads/2013/07/polite.png" failed (2: No such file or directory), client: 3.139.225.206, server: pouted.com, request: "GET /wp-content/uploads/2013/07/polite.png?x33143 HTTP/2.0", host: "www.pouted.com"
2025/10/16 14:44:28 [error] 1785366#0: *2442 connect() failed (111: Connection refused) while connecting to upstream, client: 66.249.72.70, server: ayaclass.com, request: "GET /products/1470176/ HTTP/1.1", upstream: "http://192.145.236.239:8080/products/1470176/", host: "www.ayaclass.com"
2025/10/16 14:44:28 [error] 1785366#0: *2361 connect() failed (111: Connection refused) while connecting to upstream, client: 44.213.202.136, server: ayaclass.com, request: "GET /?dir=/opt/imh-python/lib/python3.9/site-packages/jedi/third_party/typeshed/third_party/2/kazoo/.. HTTP/1.1", upstream: "http://192.145.236.239:8080/?dir=/opt/imh-python/lib/python3.9/site-packages/jedi/third_party/typeshed/third_party/2/kazoo/..", host: "www.ayaclass.com"
2025/10/16 14:44:29 [error] 1785366#0: *2446 connect() failed (111: Connection refused) while connecting to upstream, client: 52.167.144.218, server: ayaclass.com, request: "GET /products/5362343/ HTTP/1.1", upstream: "http://192.145.236.239:8080/products/5362343/", host: "www.ayaclass.com"
2025/10/16 14:44:32 [error] 1785366#0: *2449 connect() failed (111: Connection refused) while connecting to upstream, client: 34.203.194.70, server: pouted.com, request: "GET /tag/change-your-ip-address/ HTTP/2.0", upstream: "https://192.145.236.239:8443/tag/change-your-ip-address/", host: "www.pouted.com"
2025/10/16 14:44:32 [error] 1785366#0: *2451 open() "/home/pouted/public_html/wp-content/uploads/2017/05/two-glass-pieces-in-decorating-frames.jpg" failed (2: No such file or directory), client: 132.170.203.109, server: pouted.com, request: "GET /wp-content/uploads/2017/05/two-glass-pieces-in-decorating-frames.jpg HTTP/2.0", host: "www.pouted.com"
2025/10/16 14:44:32 [error] 1785366#0: *2453 connect() failed (111: Connection refused) while connecting to upstream, client: 2a03:2880:13ff::, server: pouted.com, request: "GET /hottest-hair-color-trends-for-dark-skinned-women/ HTTP/2.0", upstream: "https://192.145.236.239:8443/hottest-hair-color-trends-for-dark-skinned-women/", host: "www.pouted.com"
2025/10/16 14:44:32 [error] 1785366#0: *2393 connect() failed (111: Connection refused) while connecting to upstream, client: 100.29.63.24, server: ayaclass.com, request: "GET /?dir=/home/ayaclass/.trash/AAA/vendor/twilio/sdk/src/Twilio/Rest/Api/V2010/Account/AvailablePhoneNumberCountry/.. HTTP/1.1", upstream: "http://192.145.236.239:8080/?dir=/home/ayaclass/.trash/AAA/vendor/twilio/sdk/src/Twilio/Rest/Api/V2010/Account/AvailablePhoneNumberCountry/..", host: "www.ayaclass.com"
2025/10/16 14:44:38 [error] 1785366#0: *2458 connect() failed (111: Connection refused) while connecting to upstream, client: 2a03:2880:f800:7::, server: ayaclass.com, request: "GET /products/8032010/ HTTP/1.1", upstream: "http://192.145.236.239:8080/products/8032010/", host: "www.ayaclass.com"
2025/10/16 14:44:40 [error] 1785366#0: *2460 connect() failed (111: Connection refused) while connecting to upstream, client: 3.213.106.226, server: ayaclass.com, request: "GET /?dir=/usr/lib/systemd/system&dl=/usr/lib/systemd/system/rpcbind.socket HTTP/1.1", upstream: "http://192.145.236.239:8080/?dir=/usr/lib/systemd/system&dl=/usr/lib/systemd/system/rpcbind.socket", host: "www.ayaclass.com"
2025/10/16 14:44:40 [error] 1785366#0: *2373 connect() failed (111: Connection refused) while connecting to upstream, client: 54.152.163.42, server: ayaclass.com, request: "GET /public/?dir=/usr/share/licenses&dl=/usr/share/licenses/json-c HTTP/1.1", upstream: "http://192.145.236.239:8080/public/?dir=/usr/share/licenses&dl=/usr/share/licenses/json-c", host: "www.ayaclass.com"
2025/10/16 14:44:44 [error] 1785366#0: *2361 connect() failed (111: Connection refused) while connecting to upstream, client: 23.23.103.31, server: ayaclass.com, request: "GET /?dir=/usr/lib/fixperms/venv/lib/python3.13/site-packages/psutil/tests/__pycache__/.. HTTP/1.1", upstream: "http://192.145.236.239:8080/?dir=/usr/lib/fixperms/venv/lib/python3.13/site-packages/psutil/tests/__pycache__/..", host: "www.ayaclass.com"
2025/10/16 14:44:44 [error] 1785366#0: *2466 connect() failed (111: Connection refused) while connecting to upstream, client: 40.77.167.52, server: pouted.com, request: "GET /tag/mens-hairstyles/ HTTP/2.0", upstream: "https://192.145.236.239:8443/tag/mens-hairstyles/", host: "www.pouted.com"
2025/10/16 14:44:45 [error] 1785366#0: *2468 connect() failed (111: Connection refused) while connecting to upstream, client: 40.116.73.210, server: pouted.com, request: "GET /top-10-worlds-most-expensive-pokemon-cards-2015/ HTTP/2.0", upstream: "https://192.145.236.239:8443/top-10-worlds-most-expensive-pokemon-cards-2015/", host: "www.pouted.com"
2025/10/16 14:44:45 [error] 1785366#0: *2425 connect() failed (111: Connection refused) while connecting to upstream, client: 8.217.88.56, server: pouted.com, request: "GET /tag/wedding-nail-design/feed/ HTTP/2.0", upstream: "https://192.145.236.239:8443/tag/wedding-nail-design/feed/", host: "www.pouted.com"
2025/10/16 14:44:45 [error] 1785366#0: *2470 connect() failed (111: Connection refused) while connecting to upstream, client: 112.41.111.224, server: pouted.com, request: "GET /2019-checklist-what-to-consider-when-decorating-your-bedroom/ HTTP/2.0", upstream: "https://192.145.236.239:8443/2019-checklist-what-to-consider-when-decorating-your-bedroom/", host: "www.pouted.com"
2025/10/16 14:44:45 [error] 1785366#0: *2473 connect() failed (111: Connection refused) while connecting to upstream, client: 40.116.73.212, server: pouted.com, request: "GET /top-10-worlds-most-expensive-pokemon-cards-2015/ HTTP/2.0", upstream: "https://192.145.236.239:8443/top-10-worlds-most-expensive-pokemon-cards-2015/", host: "www.pouted.com"
2025/10/16 14:44:46 [error] 1785366#0: *2475 open() "/home/pouted/public_html/wp-content/uploads/2016/12/TOMS-baby-girl-shoes-Pink-Metallic-675x473.jpg" failed (2: No such file or directory), client: 43.134.27.196, server: pouted.com, request: "GET /wp-content/uploads/2016/12/TOMS-baby-girl-shoes-Pink-Metallic-675x473.jpg?x45357 HTTP/2.0", host: "www.pouted.com"
2025/10/16 14:44:46 [error] 1785366#0: *2476 connect() failed (111: Connection refused) while connecting to upstream, client: 40.116.73.218, server: pouted.com, request: "GET /top-10-worlds-most-expensive-pokemon-cards-2015/ HTTP/2.0", upstream: "https://192.145.236.239:8443/top-10-worlds-most-expensive-pokemon-cards-2015/", host: "www.pouted.com"
2025/10/16 14:44:46 [error] 1785366#0: *2478 connect() failed (111: Connection refused) while connecting to upstream, client: 40.116.73.211, server: pouted.com, request: "GET /top-10-worlds-most-expensive-pokemon-cards-2015/ HTTP/2.0", upstream: "https://192.145.236.239:8443/top-10-worlds-most-expensive-pokemon-cards-2015/", host: "www.pouted.com"
2025/10/16 14:44:47 [error] 1785366#0: *2480 connect() failed (111: Connection refused) while connecting to upstream, client: 112.24.115.242, server: pouted.com, request: "GET /2019-checklist-what-to-consider-when-decorating-your-bedroom/ HTTP/2.0", upstream: "https://192.145.236.239:8443/2019-checklist-what-to-consider-when-decorating-your-bedroom/", host: "www.pouted.com"
2025/10/16 14:44:48 [error] 1785366#0: *2449 connect() failed (111: Connection refused) while connecting to upstream, client: 40.77.167.6, server: pouted.com, request: "GET /tag/discrimination/ HTTP/2.0", upstream: "https://192.145.236.239:8443/tag/discrimination/", host: "www.pouted.com"
2025/10/16 14:44:48 [error] 1785366#0: *2483 connect() failed (111: Connection refused) while connecting to upstream, client: 8.217.211.163, server: pouted.com, request: "GET /wp-json/wp/v2/tags/13580 HTTP/2.0", upstream: "https://192.145.236.239:8443/wp-json/wp/v2/tags/13580", host: "www.pouted.com"
2025/10/16 14:44:48 [error] 1785366#0: *2485 connect() failed (111: Connection refused) while connecting to upstream, client: 85.208.98.31, server: intensed.com, request: "GET /best-ai-resume-builders/ HTTP/2.0", upstream: "https://192.249.127.250:8443/best-ai-resume-builders/", host: "www.intensed.com"
2025/10/16 14:44:49 [error] 1785366#0: *2489 connect() failed (111: Connection refused) while connecting to upstream, client: 8.217.213.149, server: pouted.com, request: "GET /wp-json/wp/v2/tags/2710 HTTP/2.0", upstream: "https://192.145.236.239:8443/wp-json/wp/v2/tags/2710", host: "www.pouted.com"
2025/10/16 14:44:49 [error] 1785366#0: *2493 connect() failed (111: Connection refused) while connecting to upstream, client: 52.167.144.218, server: ayaclass.com, request: "GET /products/1187943/ HTTP/1.1", upstream: "http://192.145.236.239:8080/products/1187943/", host: "www.ayaclass.com"
2025/10/16 14:44:49 [error] 1785366#0: *2490 connect() failed (111: Connection refused) while connecting to upstream, client: 220.181.108.102, server: pouted.com, request: "GET /tag/buttons/ HTTP/2.0", upstream: "https://192.145.236.239:8443/tag/buttons/", host: "www.pouted.com"
2025/10/16 14:44:49 [error] 1785366#0: *2492 connect() failed (111: Connection refused) while connecting to upstream, client: 182.38.255.202, server: pouted.com, request: "GET /2019-checklist-what-to-consider-when-decorating-your-bedroom/ HTTP/2.0", upstream: "https://192.145.236.239:8443/2019-checklist-what-to-consider-when-decorating-your-bedroom/", host: "www.pouted.com"
2025/10/16 14:44:50 [error] 1785366#0: *2498 connect() failed (111: Connection refused) while connecting to upstream, client: 46.250.169.52, server: pouted.com, request: "GET /celebrate-eid-al-fitr-traditions HTTP/2.0", upstream: "https://192.145.236.239:8443/celebrate-eid-al-fitr-traditions", host: "pouted.com", referrer: "https://pouted.com/celebrate-eid-al-fitr-traditions"
2025/10/16 14:44:52 [error] 1785366#0: *2460 connect() failed (111: Connection refused) while connecting to upstream, client: 50.19.102.70, server: ayaclass.com, request: "GET /public/?dir=/opt/imh-python/lib/python3.9/site-packages/numpy/distutils&edit=/opt/imh-python/lib/python3.9/site-packages/numpy/distutils/line_endings.py HTTP/1.1", upstream: "http://192.145.236.239:8080/public/?dir=/opt/imh-python/lib/python3.9/site-packages/numpy/distutils&edit=/opt/imh-python/lib/python3.9/site-packages/numpy/distutils/line_endings.py", host: "www.ayaclass.com"
2025/10/16 14:44:53 [error] 1785366#0: *2503 connect() failed (111: Connection refused) while connecting to upstream, client: 34.238.45.183, server: ayaclass.com, request: "GET /public/?dir=/usr/share/zoneinfo/America&dl=/usr/share/zoneinfo/America/Merida HTTP/1.1", upstream: "http://192.145.236.239:8080/public/?dir=/usr/share/zoneinfo/America&dl=/usr/share/zoneinfo/America/Merida", host: "www.ayaclass.com"
2025/10/16 14:44:54 [error] 1785366#0: *2507 connect() failed (111: Connection refused) while connecting to upstream, client: 52.167.144.206, server: ayaclass.com, request: "GET /products/28504387/ HTTP/1.1", upstream: "http://192.145.236.239:8080/products/28504387/", host: "www.ayaclass.com"
2025/10/16 14:44:54 [error] 1785366#0: *2509 connect() failed (111: Connection refused) while connecting to upstream, client: 20.171.207.6, server: ayaclass.com, request: "GET /?dir=%2Fproc&dl=%2Fproc%2F1781900 HTTP/2.0", upstream: "https://192.145.236.239:8443/?dir=%2Fproc&dl=%2Fproc%2F1781900", host: "mail.ayaclass.com"
2025/10/16 14:44:55 [error] 1785366#0: *2511 connect() failed (111: Connection refused) while connecting to upstream, client: 2a03:2880:f800:14::, server: ayaclass.com, request: "GET /products/15795709/ HTTP/1.1", upstream: "http://192.145.236.239:8080/products/15795709/", host: "www.ayaclass.com"
