2025/10/16 15:33:52 [error] 1785366#0: *9364 connect() failed (111: Connection refused) while connecting to upstream, client: 157.55.39.8, server: ayaclass.com, request: "GET /products/8016965/ HTTP/1.1", upstream: "http://192.145.236.239:8080/products/8016965/", host: "www.ayaclass.com"
2025/10/16 15:33:53 [error] 1785366#0: *9366 connect() failed (111: Connection refused) while connecting to upstream, client: 2a03:2880:f800:30::, server: pouted.com, request: "GET /tag/sexual-assault-lawyers/ HTTP/2.0", upstream: "https://192.145.236.239:8443/tag/sexual-assault-lawyers/", host: "www.pouted.com"
2025/10/16 15:33:53 [error] 1785366#0: *9240 connect() failed (111: Connection refused) while connecting to upstream, client: 50.17.193.48, server: ayaclass.com, request: "GET /public/?dir=/home/ayaclass/.trash/AAA/vendor/nikic/php-parser/lib/PhpParser/Node/Stmt&edit=/home/ayaclass/.trash/AAA/vendor/nikic/php-parser/lib/PhpParser/Node/Stmt/PropertyProperty.php HTTP/1.1", upstream: "http://192.145.236.239:8080/public/?dir=/home/ayaclass/.trash/AAA/vendor/nikic/php-parser/lib/PhpParser/Node/Stmt&edit=/home/ayaclass/.trash/AAA/vendor/nikic/php-parser/lib/PhpParser/Node/Stmt/PropertyProperty.php", host: "www.ayaclass.com"
2025/10/16 15:33:56 [error] 1785366#0: *9371 connect() failed (111: Connection refused) while connecting to upstream, client: 52.54.249.218, server: ayaclass.com, request: "GET /public/?dir=/opt/imh-python/lib/python3.9/site-packages/pygments/lexers/__pycache__&dl=/opt/imh-python/lib/python3.9/site-packages/pygments/lexers/__pycache__/nimrod.cpython-39.pyc HTTP/1.1", upstream: "http://192.145.236.239:8080/public/?dir=/opt/imh-python/lib/python3.9/site-packages/pygments/lexers/__pycache__&dl=/opt/imh-python/lib/python3.9/site-packages/pygments/lexers/__pycache__/nimrod.cpython-39.pyc", host: "www.ayaclass.com"
2025/10/16 15:33:58 [error] 1785366#0: *9374 connect() failed (111: Connection refused) while connecting to upstream, client: 47.128.57.135, server: pouted.com, request: "GET /most-common-shoe-buying-mistakes-that-should-be-avoided/amp/ HTTP/2.0", upstream: "https://192.145.236.239:8443/most-common-shoe-buying-mistakes-that-should-be-avoided/amp/", host: "www.pouted.com"
2025/10/16 15:34:01 [error] 1785366#0: *9376 connect() failed (111: Connection refused) while connecting to upstream, client: 119.12.161.108, server: pouted.com, request: "GET /people-inadvertently-diminish-their-sleep-quality/amp HTTP/2.0", upstream: "https://192.145.236.239:8443/people-inadvertently-diminish-their-sleep-quality/amp", host: "pouted.com", referrer: "https://pouted.com/people-inadvertently-diminish-their-sleep-quality/amp"
2025/10/16 15:34:01 [error] 1785366#0: *9378 connect() failed (111: Connection refused) while connecting to upstream, client: 194.164.126.55, server: classing.ru, request: "GET /wp-json/wp/v2/posts?per_page=50&_fields=author HTTP/2.0", upstream: "https://192.249.127.245:8443/wp-json/wp/v2/posts?per_page=50&_fields=author", host: "www.classing.ru"
2025/10/16 15:34:01 [error] 1785366#0: *9380 connect() failed (111: Connection refused) while connecting to upstream, client: 34.234.200.207, server: ayaclass.com, request: "GET /public/?dir=/opt/backups/cpanel_plugin&dl=/opt/backups/cpanel_plugin/file_browse.js HTTP/1.1", upstream: "http://192.145.236.239:8080/public/?dir=/opt/backups/cpanel_plugin&dl=/opt/backups/cpanel_plugin/file_browse.js", host: "www.ayaclass.com"
2025/10/16 15:34:02 [error] 1785366#0: *9382 connect() failed (111: Connection refused) while connecting to upstream, client: 23.98.142.188, server: pouted.com, request: "GET /best-hair-brushes/ HTTP/2.0", upstream: "https://192.145.236.239:8443/best-hair-brushes/", host: "www.pouted.com"
2025/10/16 15:34:02 [error] 1785366#0: *9384 connect() failed (111: Connection refused) while connecting to upstream, client: 23.98.142.186, server: pouted.com, request: "GET /best-hair-brushes/ HTTP/2.0", upstream: "https://192.145.236.239:8443/best-hair-brushes/", host: "www.pouted.com"
2025/10/16 15:34:02 [error] 1785366#0: *9387 connect() failed (111: Connection refused) while connecting to upstream, client: 23.98.142.182, server: pouted.com, request: "GET /best-hair-brushes/ HTTP/2.0", upstream: "https://192.145.236.239:8443/best-hair-brushes/", host: "www.pouted.com"
2025/10/16 15:34:03 [error] 1785366#0: *9382 connect() failed (111: Connection refused) while connecting to upstream, client: 23.98.142.177, server: pouted.com, request: "GET /best-hair-brushes/ HTTP/2.0", upstream: "https://192.145.236.239:8443/best-hair-brushes/", host: "www.pouted.com"
2025/10/16 15:34:03 [error] 1785366#0: *9390 connect() failed (111: Connection refused) while connecting to upstream, client: 52.167.144.19, server: pouted.com, request: "GET /top-10-super-bowl-commercials-for-2015/ HTTP/2.0", upstream: "https://192.145.236.239:8443/top-10-super-bowl-commercials-for-2015/", host: "www.pouted.com"
2025/10/16 15:34:03 [error] 1785366#0: *9392 open() "/home/pouted/public_html/wp-content/uploads/jewels/Gerald-Genta-Arena-Metasonic-Men-expensive-watch.jpg" failed (2: No such file or directory), client: 54.201.24.142, server: pouted.com, request: "GET /wp-content/uploads/jewels/Gerald-Genta-Arena-Metasonic-Men-expensive-watch.jpg?x43083 HTTP/2.0", host: "www.pouted.com"
2025/10/16 15:34:04 [error] 1785366#0: *9393 open() "/home/pouted/public_html/wp-content/uploads/jewels/most-expensive-mens-watches.jpg" failed (2: No such file or directory), client: 52.36.162.176, server: pouted.com, request: "GET /wp-content/uploads/jewels/most-expensive-mens-watches.jpg?x43083 HTTP/2.0", host: "www.pouted.com"
2025/10/16 15:34:04 [error] 1785366#0: *9395 connect() failed (111: Connection refused) while connecting to upstream, client: 69.194.143.140, server: pouted.com, request: "GET /ads.txt HTTP/2.0", upstream: "https://192.145.236.239:8443/ads.txt", host: "pouted.com"
2025/10/16 15:34:04 [error] 1785366#0: *9395 connect() failed (111: Connection refused) while connecting to upstream, client: 69.194.143.140, server: pouted.com, request: "GET /ads.txt HTTP/2.0", upstream: "https://192.145.236.239:8443/ads.txt", host: "pouted.com"
2025/10/16 15:34:04 [error] 1785363#0: *9398 open() "/home/pouted/public_html/wp-content/uploads/jewels/wristwatch-expensive-luxury.jpg" failed (2: No such file or directory), client: 34.222.70.30, server: pouted.com, request: "GET /wp-content/uploads/jewels/wristwatch-expensive-luxury.jpg?x43083 HTTP/2.0", host: "www.pouted.com"
2025/10/16 15:34:04 [error] 1785366#0: *9394 connect() failed (111: Connection refused) while connecting to upstream, client: 107.155.65.188, server: classing.ru, request: "GET /wp-json/wp/v2/posts?per_page=50&_fields=author HTTP/2.0", upstream: "https://192.249.127.245:8443/wp-json/wp/v2/posts?per_page=50&_fields=author", host: "www.classing.ru"
2025/10/16 15:34:04 [error] 1785366#0: *9400 open() "/home/pouted/public_html/wp-content/uploads/jewels/expensive-mens-watches.jpg" failed (2: No such file or directory), client: 34.217.10.155, server: pouted.com, request: "GET /wp-content/uploads/jewels/expensive-mens-watches.jpg?x43083 HTTP/2.0", host: "www.pouted.com"
2025/10/16 15:34:04 [error] 1785366#0: *9401 connect() failed (111: Connection refused) while connecting to upstream, client: 44.218.6.93, server: ayaclass.com, request: "GET /?dir=/run/systemd/units&edit=/run/systemd/units/invocation:nis-domainname.service HTTP/1.1", upstream: "http://192.145.236.239:8080/?dir=/run/systemd/units&edit=/run/systemd/units/invocation:nis-domainname.service", host: "www.ayaclass.com"
2025/10/16 15:34:06 [error] 1785366#0: *9371 connect() failed (111: Connection refused) while connecting to upstream, client: 52.167.144.238, server: ayaclass.com, request: "GET /products/28355810/ HTTP/1.1", upstream: "http://192.145.236.239:8080/products/28355810/", host: "www.ayaclass.com"
2025/10/16 15:34:07 [error] 1785366#0: *9407 connect() failed (111: Connection refused) while connecting to upstream, client: 164.90.154.67, server: classing.ru, request: "GET /index.php/wp-json/wp/v2/users HTTP/2.0", upstream: "https://192.249.127.245:8443/index.php/wp-json/wp/v2/users", host: "www.classing.ru"
2025/10/16 15:34:08 [error] 1785366#0: *9411 connect() failed (111: Connection refused) while connecting to upstream, client: 18.214.238.178, server: ayaclass.com, request: "GET /?dir=/opt/imh-python/lib/python3.9/site-packages/jedi/third_party/typeshed/stdlib/3/dbm HTTP/1.1", upstream: "http://192.145.236.239:8080/?dir=/opt/imh-python/lib/python3.9/site-packages/jedi/third_party/typeshed/stdlib/3/dbm", host: "www.ayaclass.com"
2025/10/16 15:34:09 [error] 1785366#0: *9413 connect() failed (111: Connection refused) while connecting to upstream, client: 2a03:2880:24ff:4f::, server: pouted.com, request: "GET /curtain-trends/ HTTP/2.0", upstream: "https://192.145.236.239:8443/curtain-trends/", host: "www.pouted.com"
2025/10/16 15:34:10 [error] 1785366#0: *9415 connect() failed (111: Connection refused) while connecting to upstream, client: 178.33.109.195, server: classing.ru, request: "GET /index.php/wp-json/wp/v2/users HTTP/2.0", upstream: "https://192.249.127.245:8443/index.php/wp-json/wp/v2/users", host: "www.classing.ru"
2025/10/16 15:34:11 [error] 1785366#0: *9417 connect() failed (111: Connection refused) while connecting to upstream, client: 20.171.207.30, server: pouted.com, request: "GET /wp-content/plugins/link-whisper-premium/vendor/composer/?C=N;O=D HTTP/2.0", upstream: "https://192.145.236.239:8443/wp-content/plugins/link-whisper-premium/vendor/composer/?C=N;O=D", host: "www.pouted.com"
2025/10/16 15:34:12 [error] 1785366#0: *9360 connect() failed (111: Connection refused) while connecting to upstream, client: 54.210.152.179, server: ayaclass.com, request: "GET /?dir=/opt/imh-python/lib/python3.9/site-packages/twisted/test&dl=/opt/imh-python/lib/python3.9/site-packages/twisted/test/test_adbapi.py HTTP/1.1", upstream: "http://192.145.236.239:8080/?dir=/opt/imh-python/lib/python3.9/site-packages/twisted/test&dl=/opt/imh-python/lib/python3.9/site-packages/twisted/test/test_adbapi.py", host: "www.ayaclass.com"
2025/10/16 15:34:14 [error] 1785366#0: *9421 connect() failed (111: Connection refused) while connecting to upstream, client: 132.148.78.150, server: classing.ru, request: "GET /index.php/wp-json/wp/v2/users HTTP/2.0", upstream: "https://192.249.127.245:8443/index.php/wp-json/wp/v2/users", host: "www.classing.ru"
2025/10/16 15:34:15 [error] 1785366#0: *9423 connect() failed (111: Connection refused) while connecting to upstream, client: 157.55.39.8, server: ayaclass.com, request: "GET /products/24256365/ HTTP/1.1", upstream: "http://192.145.236.239:8080/products/24256365/", host: "www.ayaclass.com"
2025/10/16 15:34:16 [error] 1785366#0: *9425 connect() failed (111: Connection refused) while connecting to upstream, client: 3.227.180.70, server: ayaclass.com, request: "GET /?dir=/opt/cpanel/ea-openssl11/share/doc/openssl&edit=/opt/cpanel/ea-openssl11/share/doc/openssl/.. HTTP/1.1", upstream: "http://192.145.236.239:8080/?dir=/opt/cpanel/ea-openssl11/share/doc/openssl&edit=/opt/cpanel/ea-openssl11/share/doc/openssl/..", host: "www.ayaclass.com"
2025/10/16 15:34:17 [error] 1785366#0: *9428 connect() failed (111: Connection refused) while connecting to upstream, client: 116.179.32.225, server: pouted.com, request: "GET /tag/natural-air-purifiers/ HTTP/2.0", upstream: "https://192.145.236.239:8443/tag/natural-air-purifiers/", host: "www.pouted.com"
2025/10/16 15:34:18 [error] 1785366#0: *9430 open() "/home/pouted/public_html/wp-content/uploads/2014/07/yhst-82905717459718_2247_5220545.jpg" failed (2: No such file or directory), client: 168.158.165.162, server: pouted.com, request: "GET /wp-content/uploads/2014/07/yhst-82905717459718_2247_5220545.jpg?x44527 HTTP/2.0", host: "www.pouted.com"
2025/10/16 15:34:20 [error] 1785366#0: *9432 connect() failed (111: Connection refused) while connecting to upstream, client: 54.159.18.27, server: ayaclass.com, request: "GET /public/?dir=/var/softaculous/openb&dl=/var/softaculous/openb/fileindex.php HTTP/1.1", upstream: "http://192.145.236.239:8080/public/?dir=/var/softaculous/openb&dl=/var/softaculous/openb/fileindex.php", host: "www.ayaclass.com"
2025/10/16 15:34:24 [error] 1785366#0: *9434 connect() failed (111: Connection refused) while connecting to upstream, client: 52.205.222.214, server: ayaclass.com, request: "GET /public/?dir=/home/ayaclass/public_html/vendor/twilio/sdk/src/Twilio/Rest/Api/V2010/Account&dl=/home/ayaclass/public_html/vendor/twilio/sdk/src/Twilio/Rest/Api/V2010/Account/ConnectAppPage.php HTTP/1.1", upstream: "http://192.145.236.239:8080/public/?dir=/home/ayaclass/public_html/vendor/twilio/sdk/src/Twilio/Rest/Api/V2010/Account&dl=/home/ayaclass/public_html/vendor/twilio/sdk/src/Twilio/Rest/Api/V2010/Account/ConnectAppPage.php", host: "www.ayaclass.com"
2025/10/16 15:34:27 [error] 1785366#0: *9437 open() "/home/pouted/public_html/wp-content/uploads/2013/11/8514658745_2da87876ce_b.jpg" failed (2: No such file or directory), client: 34.59.44.242, server: pouted.com, request: "GET /wp-content/uploads/2013/11/8514658745_2da87876ce_b.jpg HTTP/2.0", host: "www.pouted.com"
2025/10/16 15:34:28 [error] 1785366#0: *9438 connect() failed (111: Connection refused) while connecting to upstream, client: 40.84.221.220, server: pouted.com, request: "GET /top-10-viral-tiktok-beauty-products-worth-trying-in-2025/ HTTP/2.0", upstream: "https://192.145.236.239:8443/top-10-viral-tiktok-beauty-products-worth-trying-in-2025/", host: "www.pouted.com"
2025/10/16 15:34:28 [error] 1785366#0: *9441 connect() failed (111: Connection refused) while connecting to upstream, client: 40.84.221.217, server: pouted.com, request: "GET /top-10-viral-tiktok-beauty-products-worth-trying-in-2025/ HTTP/2.0", upstream: "https://192.145.236.239:8443/top-10-viral-tiktok-beauty-products-worth-trying-in-2025/", host: "www.pouted.com"
2025/10/16 15:34:28 [error] 1785366#0: *9443 connect() failed (111: Connection refused) while connecting to upstream, client: 40.84.221.215, server: pouted.com, request: "GET /top-10-viral-tiktok-beauty-products-worth-trying-in-2025/ HTTP/2.0", upstream: "https://192.145.236.239:8443/top-10-viral-tiktok-beauty-products-worth-trying-in-2025/", host: "www.pouted.com"
2025/10/16 15:34:28 [error] 1785366#0: *9432 connect() failed (111: Connection refused) while connecting to upstream, client: 3.213.46.222, server: ayaclass.com, request: "GET /public/?dir=/opt/imh-python/lib/python3.9/site-packages/netmiko/ciena/__pycache__&dl=/opt/imh-python/lib/python3.9/site-packages/netmiko/ciena/__pycache__/ciena_saos_ssh.cpython-39.pyc HTTP/1.1", upstream: "http://192.145.236.239:8080/public/?dir=/opt/imh-python/lib/python3.9/site-packages/netmiko/ciena/__pycache__&dl=/opt/imh-python/lib/python3.9/site-packages/netmiko/ciena/__pycache__/ciena_saos_ssh.cpython-39.pyc", host: "www.ayaclass.com"
2025/10/16 15:34:29 [error] 1785366#0: *9384 connect() failed (111: Connection refused) while connecting to upstream, client: 40.84.221.221, server: pouted.com, request: "GET /top-10-viral-tiktok-beauty-products-worth-trying-in-2025/ HTTP/2.0", upstream: "https://192.145.236.239:8443/top-10-viral-tiktok-beauty-products-worth-trying-in-2025/", host: "www.pouted.com"
2025/10/16 15:34:29 [error] 1785366#0: *9428 connect() failed (111: Connection refused) while connecting to upstream, client: 112.32.199.145, server: pouted.com, request: "GET /tag/natural-air-purifiers/ HTTP/2.0", upstream: "https://192.145.236.239:8443/tag/natural-air-purifiers/", host: "www.pouted.com"
2025/10/16 15:34:30 [error] 1785366#0: *9449 connect() failed (111: Connection refused) while connecting to upstream, client: 20.171.207.135, server: ayaclass.com, request: "GET /?dir=%2Fproc&dl=%2Fproc%2F1430814 HTTP/1.1", upstream: "http://192.145.236.239:8080/?dir=%2Fproc&dl=%2Fproc%2F1430814", host: "www.ayaclass.com"
2025/10/16 15:34:31 [error] 1785366#0: *9451 connect() failed (111: Connection refused) while connecting to upstream, client: 149.57.176.184, server: pouted.com, request: "GET /tag/interior-design-jobs HTTP/2.0", upstream: "https://192.145.236.239:8443/tag/interior-design-jobs", host: "www.pouted.com"
2025/10/16 15:34:32 [error] 1785366#0: *9454 connect() failed (111: Connection refused) while connecting to upstream, client: 216.73.216.121, server: ayaclass.com, request: "GET /sitemap847.xml HTTP/1.1", upstream: "http://192.145.236.239:8080/sitemap847.xml", host: "www.ayaclass.com"
2025/10/16 15:34:32 [error] 1785366#0: *9456 connect() failed (111: Connection refused) while connecting to upstream, client: 185.191.171.2, server: ayaclass.com, request: "GET /?a=114707915 HTTP/1.1", upstream: "http://192.145.236.239:8080/?a=114707915", host: "www.ayaclass.com"
2025/10/16 15:34:32 [error] 1785366#0: *9458 open() "/home/pouted/public_html/wp-content/uploads/2017/05/shells-and-beach-materials-design-decor-675x905.jpg" failed (2: No such file or directory), client: 216.86.162.153, server: pouted.com, request: "GET /wp-content/uploads/2017/05/shells-and-beach-materials-design-decor-675x905.jpg?x44527 HTTP/2.0", host: "www.pouted.com"
2025/10/16 15:34:33 [error] 1785366#0: *9459 connect() failed (111: Connection refused) while connecting to upstream, client: 98.83.8.142, server: ayaclass.com, request: "GET /public/?dir=/opt/imh-python/lib/python3.9/site-packages/toml&dl=/opt/imh-python/lib/python3.9/site-packages/toml/.. HTTP/1.1", upstream: "http://192.145.236.239:8080/public/?dir=/opt/imh-python/lib/python3.9/site-packages/toml&dl=/opt/imh-python/lib/python3.9/site-packages/toml/..", host: "www.ayaclass.com"
2025/10/16 15:34:33 [error] 1785366#0: *9463 open() "/home/pouted/public_html/wp-content/uploads/jewels/ROYAL-LONDON-POCKET-HALF-HUNTER-POCKET-WATCH-For-Men.jpg" failed (2: No such file or directory), client: 35.225.70.158, server: pouted.com, request: "GET /wp-content/uploads/jewels/ROYAL-LONDON-POCKET-HALF-HUNTER-POCKET-WATCH-For-Men.jpg HTTP/2.0", host: "www.pouted.com"
2025/10/16 15:34:33 [error] 1785366#0: *9462 connect() failed (111: Connection refused) while connecting to upstream, client: 66.249.64.174, server: pouted.com, request: "GET /yard-care-tips-you-dont-want-to-miss/amp/ HTTP/2.0", upstream: "https://192.145.236.239:8443/yard-care-tips-you-dont-want-to-miss/amp/", host: "www.pouted.com"
2025/10/16 15:34:34 [error] 1785366#0: *9438 connect() failed (111: Connection refused) while connecting to upstream, client: 40.84.221.220, server: pouted.com, request: "GET /top-10-viral-tiktok-beauty-products-worth-trying-in-2025/ HTTP/2.0", upstream: "https://192.145.236.239:8443/top-10-viral-tiktok-beauty-products-worth-trying-in-2025/", host: "www.pouted.com"
2025/10/16 15:34:34 [error] 1785366#0: *9443 connect() failed (111: Connection refused) while connecting to upstream, client: 40.84.221.215, server: pouted.com, request: "GET /top-10-viral-tiktok-beauty-products-worth-trying-in-2025/ HTTP/2.0", upstream: "https://192.145.236.239:8443/top-10-viral-tiktok-beauty-products-worth-trying-in-2025/", host: "www.pouted.com"
2025/10/16 15:34:34 [error] 1785366#0: *9467 connect() failed (111: Connection refused) while connecting to upstream, client: 20.171.207.6, server: ayaclass.com, request: "GET /?dir=%2Fproc&dl=%2Fproc%2F1472248 HTTP/2.0", upstream: "https://192.145.236.239:8443/?dir=%2Fproc&dl=%2Fproc%2F1472248", host: "mail.ayaclass.com"
2025/10/16 15:34:34 [error] 1785366#0: *9384 connect() failed (111: Connection refused) while connecting to upstream, client: 40.84.221.221, server: pouted.com, request: "GET /top-10-viral-tiktok-beauty-products-worth-trying-in-2025/ HTTP/2.0", upstream: "https://192.145.236.239:8443/top-10-viral-tiktok-beauty-products-worth-trying-in-2025/", host: "www.pouted.com"
2025/10/16 15:34:34 [error] 1785366#0: *9470 connect() failed (111: Connection refused) while connecting to upstream, client: 40.84.221.214, server: pouted.com, request: "GET /top-10-viral-tiktok-beauty-products-worth-trying-in-2025/ HTTP/2.0", upstream: "https://192.145.236.239:8443/top-10-viral-tiktok-beauty-products-worth-trying-in-2025/", host: "www.pouted.com"
2025/10/16 15:34:37 [error] 1785366#0: *9472 open() "/home/pouted/public_html/wp-content/uploads/2013/04/Secret-to-Interviewing.jpg" failed (2: No such file or directory), client: 34.55.88.216, server: pouted.com, request: "GET /wp-content/uploads/2013/04/Secret-to-Interviewing.jpg?x44527 HTTP/2.0", host: "www.pouted.com"
2025/10/16 15:34:38 [error] 1785366#0: *9473 connect() failed (111: Connection refused) while connecting to upstream, client: 34.231.77.232, server: ayaclass.com, request: "GET /public/?dir=/opt/imh-python/lib/python3.9/site-packages/numpy/distutils&edit=/opt/imh-python/lib/python3.9/site-packages/numpy/distutils/system_info.py HTTP/1.1", upstream: "http://192.145.236.239:8080/public/?dir=/opt/imh-python/lib/python3.9/site-packages/numpy/distutils&edit=/opt/imh-python/lib/python3.9/site-packages/numpy/distutils/system_info.py", host: "www.ayaclass.com"
2025/10/16 15:34:38 [error] 1785366#0: *9428 connect() failed (111: Connection refused) while connecting to upstream, client: 52.8.2.58, server: pouted.com, request: "GET /feed/ HTTP/2.0", upstream: "https://192.145.236.239:8443/feed/", host: "www.pouted.com"
2025/10/16 15:34:40 [error] 1785366#0: *9476 connect() failed (111: Connection refused) while connecting to upstream, client: 54.157.99.244, server: ayaclass.com, request: "GET /public/?dir=/opt/imh/python3.13/lib/python3.13/importlib/__pycache__&dl=/opt/imh/python3.13/lib/python3.13/importlib/__pycache__/_bootstrap.cpython-313.pyc HTTP/1.1", upstream: "http://192.145.236.239:8080/public/?dir=/opt/imh/python3.13/lib/python3.13/importlib/__pycache__&dl=/opt/imh/python3.13/lib/python3.13/importlib/__pycache__/_bootstrap.cpython-313.pyc", host: "www.ayaclass.com"
2025/10/16 15:34:41 [error] 1785366#0: *9438 connect() failed (111: Connection refused) while connecting to upstream, client: 40.84.221.220, server: pouted.com, request: "GET /2025-tiktok-makeup-trends/ HTTP/2.0", upstream: "https://192.145.236.239:8443/2025-tiktok-makeup-trends/", host: "www.pouted.com"
2025/10/16 15:34:42 [error] 1785366#0: *9384 connect() failed (111: Connection refused) while connecting to upstream, client: 40.84.221.218, server: pouted.com, request: "GET /2025-tiktok-makeup-trends/ HTTP/2.0", upstream: "https://192.145.236.239:8443/2025-tiktok-makeup-trends/", host: "www.pouted.com"
2025/10/16 15:34:42 [error] 1785366#0: *9470 connect() failed (111: Connection refused) while connecting to upstream, client: 40.84.221.213, server: pouted.com, request: "GET /2025-tiktok-makeup-trends/ HTTP/2.0", upstream: "https://192.145.236.239:8443/2025-tiktok-makeup-trends/", host: "www.pouted.com"
2025/10/16 15:34:42 [error] 1785366#0: *9470 connect() failed (111: Connection refused) while connecting to upstream, client: 40.84.221.214, server: pouted.com, request: "GET /2025-tiktok-makeup-trends/ HTTP/2.0", upstream: "https://192.145.236.239:8443/2025-tiktok-makeup-trends/", host: "www.pouted.com"
2025/10/16 15:34:44 [error] 1785366#0: *9428 connect() failed (111: Connection refused) while connecting to upstream, client: 138.226.30.172, server: pouted.com, request: "GET /wp-json/oembed/1.0/embed?url=https%3A%2F%2Fwww.pouted.com%2Ffamous-celebrities-clothing-brands%2F HTTP/2.0", upstream: "https://192.145.236.239:8443/wp-json/oembed/1.0/embed?url=https%3A%2F%2Fwww.pouted.com%2Ffamous-celebrities-clothing-brands%2F", host: "www.pouted.com"
2025/10/16 15:34:44 [error] 1785366#0: *9485 open() "/home/pouted/public_html/wp-content/uploads/jewels/YCONS-ENAMEL-CUFF-BRACELET-for-Women.jpg" failed (2: No such file or directory), client: 3.139.225.206, server: pouted.com, request: "GET /wp-content/uploads/jewels/YCONS-ENAMEL-CUFF-BRACELET-for-Women.jpg?x45357 HTTP/2.0", host: "www.pouted.com"
2025/10/16 15:34:45 [error] 1785366#0: *9473 connect() failed (111: Connection refused) while connecting to upstream, client: 40.77.167.136, server: ayaclass.com, request: "GET /products/22904621/ HTTP/1.1", upstream: "http://192.145.236.239:8080/products/22904621/", host: "www.ayaclass.com"
2025/10/16 15:34:45 [error] 1785366#0: *9425 connect() failed (111: Connection refused) while connecting to upstream, client: 3.93.211.16, server: ayaclass.com, request: "GET /?dir=/usr/lib64/dovecot&edit=/usr/lib64/dovecot/libdovecot.so.0.0.0 HTTP/1.1", upstream: "http://192.145.236.239:8080/?dir=/usr/lib64/dovecot&edit=/usr/lib64/dovecot/libdovecot.so.0.0.0", host: "www.ayaclass.com"
2025/10/16 15:34:46 [error] 1785366#0: *9488 open() "/home/pouted/public_html/wp-content/uploads/2014/05/Nuclear_destruction_of_Damascus_2016.jpg" failed (2: No such file or directory), client: 175.106.108.246, server: pouted.com, request: "GET /wp-content/uploads/2014/05/Nuclear_destruction_of_Damascus_2016.jpg?x71148 HTTP/2.0", host: "www.pouted.com"
2025/10/16 15:34:47 [error] 1785366#0: *9489 connect() failed (111: Connection refused) while connecting to upstream, client: 127.0.0.1, server: 127.0.0.1, request: "GET /whm-server-status HTTP/1.0", upstream: "http://127.0.0.1:8080/whm-server-status", host: "localhost"
2025/10/16 15:34:47 [error] 1785366#0: *9491 open() "/home/pouted/public_html/wp-content/uploads/2013/08/outdoor-bed-7.jpg" failed (2: No such file or directory), client: 120.133.84.187, server: pouted.com, request: "GET /wp-content/uploads/2013/08/outdoor-bed-7.jpg HTTP/2.0", host: "www.pouted.com"
2025/10/16 15:34:48 [error] 1785366#0: *9492 open() "/home/pouted/public_html/wp-content/uploads/2013/03/Brown-Statement-crystals-and-pearls-Necklace-Nature-Inspired-Jewelry-Fairy-Necklace-Art-Nouveau-Jewelry.jpg" failed (2: No such file or directory), client: 3.139.225.206, server: pouted.com, request: "GET /wp-content/uploads/2013/03/Brown-Statement-crystals-and-pearls-Necklace-Nature-Inspired-Jewelry-Fairy-Necklace-Art-Nouveau-Jewelry.jpg?x44527 HTTP/2.0", host: "www.pouted.com"
2025/10/16 15:34:49 [error] 1785366#0: *9493 connect() failed (111: Connection refused) while connecting to upstream, client: 54.159.18.27, server: ayaclass.com, request: "GET /?dir=/opt/cpanel/ea-openssl11/share/doc/openssl/html/man3&edit=/opt/cpanel/ea-openssl11/share/doc/openssl/html/man3/ASN1_add_oid_module.html HTTP/1.1", upstream: "http://192.145.236.239:8080/?dir=/opt/cpanel/ea-openssl11/share/doc/openssl/html/man3&edit=/opt/cpanel/ea-openssl11/share/doc/openssl/html/man3/ASN1_add_oid_module.html", host: "www.ayaclass.com"
2025/10/16 15:34:52 [error] 1785366#0: *9497 connect() failed (111: Connection refused) while connecting to upstream, client: 47.128.96.139, server: pouted.com, request: "GET /120-fashion-trends-and-looks-for-college-students/19/?amp=1 HTTP/2.0", upstream: "https://192.145.236.239:8443/120-fashion-trends-and-looks-for-college-students/19/?amp=1", host: "www.pouted.com"
2025/10/16 15:34:53 [error] 1785366#0: *9425 connect() failed (111: Connection refused) while connecting to upstream, client: 18.213.70.100, server: ayaclass.com, request: "GET /public/?dir=/opt/imh-python/lib/python3.9/site-packages/IPython/core/magics&dl=/opt/imh-python/lib/python3.9/site-packages/IPython/core/magics/.. HTTP/1.1", upstream: "http://192.145.236.239:8080/public/?dir=/opt/imh-python/lib/python3.9/site-packages/IPython/core/magics&dl=/opt/imh-python/lib/python3.9/site-packages/IPython/core/magics/..", host: "www.ayaclass.com"
2025/10/16 15:34:57 [error] 1785366#0: *9500 connect() failed (111: Connection refused) while connecting to upstream, client: 198.55.104.201, server: pouted.com, request: "GET /benefit-from-staying-at-home/ HTTP/2.0", upstream: "https://192.145.236.239:8443/benefit-from-staying-at-home/", host: "www.pouted.com"
2025/10/16 15:34:57 [error] 1785366#0: *9503 connect() failed (111: Connection refused) while connecting to upstream, client: 34.225.24.180, server: ayaclass.com, request: "GET /public/?dir=/usr/share/cmake/Help&dl=/usr/share/cmake/Help/release HTTP/1.1", upstream: "http://192.145.236.239:8080/public/?dir=/usr/share/cmake/Help&dl=/usr/share/cmake/Help/release", host: "www.ayaclass.com"
2025/10/16 15:34:59 [error] 1785366#0: *9505 connect() failed (111: Connection refused) while connecting to upstream, client: 2a03:2880:f800:2f::, server: pouted.com, request: "GET /top-10-unusual-handbags-fashion/amp/ HTTP/2.0", upstream: "https://192.145.236.239:8443/top-10-unusual-handbags-fashion/amp/", host: "www.pouted.com"
2025/10/16 15:34:59 [error] 1785366#0: *9509 connect() failed (111: Connection refused) while connecting to upstream, client: 207.46.13.17, server: classing.ru, request: "GET /shopdetail/152989871 HTTP/2.0", upstream: "https://192.249.127.245:8443/shopdetail/152989871", host: "www.classing.ru"
2025/10/16 15:35:02 [error] 1785366#0: *9514 connect() failed (111: Connection refused) while connecting to upstream, client: 34.233.114.237, server: ayaclass.com, request: "GET /public/?dir=/opt/imh-python/lib/python3.9/site-packages/netaddr-0.8.0.dist-info&edit=/opt/imh-python/lib/python3.9/site-packages/netaddr-0.8.0.dist-info/top_level.txt HTTP/1.1", upstream: "http://192.145.236.239:8080/public/?dir=/opt/imh-python/lib/python3.9/site-packages/netaddr-0.8.0.dist-info&edit=/opt/imh-python/lib/python3.9/site-packages/netaddr-0.8.0.dist-info/top_level.txt", host: "www.ayaclass.com"
2025/10/16 15:35:06 [error] 1785366#0: *9493 connect() failed (111: Connection refused) while connecting to upstream, client: 100.28.44.58, server: ayaclass.com, request: "GET /?dir=/opt/imh/python3.13/lib/python3.13/asyncio/__pycache__&dl=/opt/imh/python3.13/lib/python3.13/asyncio/__pycache__/streams.cpython-313.pyc HTTP/1.1", upstream: "http://192.145.236.239:8080/?dir=/opt/imh/python3.13/lib/python3.13/asyncio/__pycache__&dl=/opt/imh/python3.13/lib/python3.13/asyncio/__pycache__/streams.cpython-313.pyc", host: "www.ayaclass.com"
2025/10/16 15:35:06 [error] 1785366#0: *9519 connect() failed (111: Connection refused) while connecting to upstream, client: 172.213.11.144, server: pouted.com, request: "GET /formal-matching-outfits-couples/ HTTP/2.0", upstream: "https://192.145.236.239:8443/formal-matching-outfits-couples/", host: "www.pouted.com"
2025/10/16 15:35:06 [error] 1785366#0: *9520 connect() failed (111: Connection refused) while connecting to upstream, client: 52.159.249.100, server: intensed.com, request: "GET / HTTP/2.0", upstream: "https://192.249.127.250:8443/", host: "intensed.com"
2025/10/16 15:35:07 [error] 1785366#0: *9520 connect() failed (111: Connection refused) while connecting to upstream, client: 52.159.249.111, server: intensed.com, request: "GET / HTTP/2.0", upstream: "https://192.249.127.250:8443/", host: "intensed.com"
2025/10/16 15:35:07 [error] 1785366#0: *9524 connect() failed (111: Connection refused) while connecting to upstream, client: 52.159.249.102, server: intensed.com, request: "GET / HTTP/2.0", upstream: "https://192.249.127.250:8443/", host: "intensed.com"
2025/10/16 15:35:07 [error] 1785366#0: *9528 connect() failed (111: Connection refused) while connecting to upstream, client: 52.159.249.104, server: intensed.com, request: "GET / HTTP/2.0", upstream: "https://192.249.127.250:8443/", host: "intensed.com"
2025/10/16 15:35:07 [error] 1785366#0: *9527 connect() failed (111: Connection refused) while connecting to upstream, client: 172.213.11.145, server: pouted.com, request: "GET /formal-matching-outfits-couples/ HTTP/2.0", upstream: "https://192.145.236.239:8443/formal-matching-outfits-couples/", host: "www.pouted.com"
2025/10/16 15:35:08 [error] 1785366#0: *9531 connect() failed (111: Connection refused) while connecting to upstream, client: 172.213.11.145, server: pouted.com, request: "GET /formal-matching-outfits-couples/ HTTP/2.0", upstream: "https://192.145.236.239:8443/formal-matching-outfits-couples/", host: "www.pouted.com"
2025/10/16 15:35:09 [error] 1785366#0: *9533 connect() failed (111: Connection refused) while connecting to upstream, client: 44.212.106.171, server: ayaclass.com, request: "GET /?dir=/proc/416165/net/dev_snmp6 HTTP/1.1", upstream: "http://192.145.236.239:8080/?dir=/proc/416165/net/dev_snmp6", host: "www.ayaclass.com"
2025/10/16 15:35:09 [error] 1785366#0: *9531 connect() failed (111: Connection refused) while connecting to upstream, client: 172.213.11.154, server: pouted.com, request: "GET /formal-matching-outfits-couples/ HTTP/2.0", upstream: "https://192.145.236.239:8443/formal-matching-outfits-couples/", host: "www.pouted.com"
2025/10/16 15:35:10 [error] 1785366#0: *9536 open() "/home/pouted/public_html/wp-content/uploads/2013/10/sauna1-780x405.jpg" failed (2: No such file or directory), client: 89.149.52.110, server: pouted.com, request: "GET /wp-content/uploads/2013/10/sauna1-780x405.jpg?x85627 HTTP/2.0", host: "www.pouted.com"
2025/10/16 15:35:11 [error] 1785366#0: *9537 open() "/home/pouted/public_html/wp-content/uploads/2013/04/Europearlsearrings2-475x332.jpg" failed (2: No such file or directory), client: 34.46.209.250, server: pouted.com, request: "GET /wp-content/uploads/2013/04/Europearlsearrings2-475x332.jpg?x44527 HTTP/2.0", host: "www.pouted.com"
2025/10/16 15:35:12 [error] 1785366#0: *9533 connect() failed (111: Connection refused) while connecting to upstream, client: 54.235.158.162, server: ayaclass.com, request: "GET /?dir=/opt/cpanel/ea-php83/root/usr/share/pear/PEAR/Task/Postinstallscript HTTP/1.1", upstream: "http://192.145.236.239:8080/?dir=/opt/cpanel/ea-php83/root/usr/share/pear/PEAR/Task/Postinstallscript", host: "www.ayaclass.com"
2025/10/16 15:35:14 [error] 1785366#0: *9539 connect() failed (111: Connection refused) while connecting to upstream, client: 20.171.207.30, server: pouted.com, request: "GET /wp-content/plugins/wpforms-lite/vendor_prefixed/ezyang/htmlpurifier/library/HTMLPurifier/Lexer/?C=M;O=A HTTP/2.0", upstream: "https://192.145.236.239:8443/wp-content/plugins/wpforms-lite/vendor_prefixed/ezyang/htmlpurifier/library/HTMLPurifier/Lexer/?C=M;O=A", host: "www.pouted.com"
2025/10/16 15:35:16 [error] 1785366#0: *9493 connect() failed (111: Connection refused) while connecting to upstream, client: 52.70.209.13, server: ayaclass.com, request: "GET /public/?dir=/usr/lib64/python3.6/email/mime/__pycache__&dl=/usr/lib64/python3.6/email/mime/__pycache__/message.cpython-36.pyc HTTP/1.1", upstream: "http://192.145.236.239:8080/public/?dir=/usr/lib64/python3.6/email/mime/__pycache__&dl=/usr/lib64/python3.6/email/mime/__pycache__/message.cpython-36.pyc", host: "www.ayaclass.com"
2025/10/16 15:35:17 [error] 1785366#0: *9543 connect() failed (111: Connection refused) while connecting to upstream, client: 66.249.72.71, server: ayaclass.com, request: "GET /products/29892065/ HTTP/1.1", upstream: "http://192.145.236.239:8080/products/29892065/", host: "www.ayaclass.com"
2025/10/16 15:35:18 [error] 1785366#0: *9545 connect() failed (111: Connection refused) while connecting to upstream, client: 31.97.226.121, server: classing.ru, request: "GET /?rest_route=/wp/v2/users HTTP/2.0", upstream: "https://192.249.127.245:8443/?rest_route=/wp/v2/users", host: "www.classing.ru"
2025/10/16 15:35:19 [error] 1785366#0: *9547 connect() failed (111: Connection refused) while connecting to upstream, client: 159.138.109.53, server: pouted.com, request: "GET /best-60-ideas-to-enhance-your-bathrooms-luxuriousness/amp HTTP/2.0", upstream: "https://192.145.236.239:8443/best-60-ideas-to-enhance-your-bathrooms-luxuriousness/amp", host: "pouted.com", referrer: "https://pouted.com/best-60-ideas-to-enhance-your-bathrooms-luxuriousness/amp"
2025/10/16 15:35:20 [error] 1785366#0: *9549 connect() failed (111: Connection refused) while connecting to upstream, client: 132.148.78.150, server: classing.ru, request: "GET /?rest_route=%2Fwp%2Fv2%2Fusers HTTP/2.0", upstream: "https://192.249.127.245:8443/?rest_route=%2Fwp%2Fv2%2Fusers", host: "www.classing.ru"
2025/10/16 15:35:21 [error] 1785366#0: *9493 connect() failed (111: Connection refused) while connecting to upstream, client: 100.29.34.97, server: ayaclass.com, request: "GET /?dir=/opt/imh/python3.13/lib/python3.13/encodings/__pycache__&dl=/opt/imh/python3.13/lib/python3.13/encodings/__pycache__/cp1257.cpython-313.pyc HTTP/1.1", upstream: "http://192.145.236.239:8080/?dir=/opt/imh/python3.13/lib/python3.13/encodings/__pycache__&dl=/opt/imh/python3.13/lib/python3.13/encodings/__pycache__/cp1257.cpython-313.pyc", host: "www.ayaclass.com"
2025/10/16 15:35:22 [error] 1785366#0: *9552 connect() failed (111: Connection refused) while connecting to upstream, client: 132.148.78.150, server: classing.ru, request: "GET /?rest_route=%2Fwp%2Fv2%2Fusers HTTP/2.0", upstream: "https://192.249.127.245:8443/?rest_route=%2Fwp%2Fv2%2Fusers", host: "www.classing.ru"
2025/10/16 15:35:22 [error] 1785366#0: *9554 open() "/home/pouted/public_html/wp-content/uploads/2017/04/GlowHost-Company-Review-By-Current-Customers-390x220.jpg" failed (2: No such file or directory), client: 3.139.225.206, server: pouted.com, request: "GET /wp-content/uploads/2017/04/GlowHost-Company-Review-By-Current-Customers-390x220.jpg?x85627 HTTP/2.0", host: "www.pouted.com"
2025/10/16 15:35:24 [error] 1785366#0: *9556 connect() failed (111: Connection refused) while connecting to upstream, client: 98.82.39.241, server: ayaclass.com, request: "GET /?dir=/opt/imh/python3.13/lib/python3.13/multiprocessing/__pycache__&edit=/opt/imh/python3.13/lib/python3.13/multiprocessing/__pycache__/shared_memory.cpython-313.pyc HTTP/1.1", upstream: "http://192.145.236.239:8080/?dir=/opt/imh/python3.13/lib/python3.13/multiprocessing/__pycache__&edit=/opt/imh/python3.13/lib/python3.13/multiprocessing/__pycache__/shared_memory.cpython-313.pyc", host: "www.ayaclass.com"
2025/10/16 15:35:29 [error] 1785366#0: *9493 connect() failed (111: Connection refused) while connecting to upstream, client: 52.22.64.232, server: ayaclass.com, request: "GET /?dir=/home/ayaclass/.trash/AAA/vendor/aws/aws-sdk-php/src/RedshiftServerless/Exception/.. HTTP/1.1", upstream: "http://192.145.236.239:8080/?dir=/home/ayaclass/.trash/AAA/vendor/aws/aws-sdk-php/src/RedshiftServerless/Exception/..", host: "www.ayaclass.com"
2025/10/16 15:35:29 [error] 1785366#0: *9564 open() "/home/pouted/public_html/wp-content/uploads/jewels/Jordan-Alexander-Lava-with-White-Pearl-Bracelet-Set.jpg" failed (2: No such file or directory), client: 124.220.154.62, server: pouted.com, request: "GET /wp-content/uploads/jewels/Jordan-Alexander-Lava-with-White-Pearl-Bracelet-Set.jpg?x44527 HTTP/2.0", host: "www.pouted.com"
2025/10/16 15:35:32 [error] 1785366#0: *9566 connect() failed (111: Connection refused) while connecting to upstream, client: 20.171.207.135, server: ayaclass.com, request: "GET /?dir=%2Fproc&dl=%2Fproc%2F1383193 HTTP/1.1", upstream: "http://192.145.236.239:8080/?dir=%2Fproc&dl=%2Fproc%2F1383193", host: "www.ayaclass.com"
2025/10/16 15:35:32 [error] 1785366#0: *9569 connect() failed (111: Connection refused) while connecting to upstream, client: 85.208.96.193, server: ayaclass.com, request: "GET /?a=17862215 HTTP/1.1", upstream: "http://192.145.236.239:8080/?a=17862215", host: "www.ayaclass.com"
2025/10/16 15:35:32 [error] 1785366#0: *9568 connect() failed (111: Connection refused) while connecting to upstream, client: 20.194.157.179, server: pouted.com, request: "GET /gold-bee-cbd-products-brand-review/ HTTP/2.0", upstream: "https://192.145.236.239:8443/gold-bee-cbd-products-brand-review/", host: "www.pouted.com"
2025/10/16 15:35:33 [error] 1785366#0: *9572 connect() failed (111: Connection refused) while connecting to upstream, client: 20.194.157.183, server: pouted.com, request: "GET /gold-bee-cbd-products-brand-review/ HTTP/2.0", upstream: "https://192.145.236.239:8443/gold-bee-cbd-products-brand-review/", host: "www.pouted.com"
2025/10/16 15:35:33 [error] 1785366#0: *9574 connect() failed (111: Connection refused) while connecting to upstream, client: 3.81.253.213, server: ayaclass.com, request: "GET /public/?dir=/opt/imh-python/lib/python3.9/site-packages/botocore/data/budgets/2016-10-20/.. HTTP/1.1", upstream: "http://192.145.236.239:8080/public/?dir=/opt/imh-python/lib/python3.9/site-packages/botocore/data/budgets/2016-10-20/..", host: "www.ayaclass.com"
2025/10/16 15:35:33 [error] 1785366#0: *9568 connect() failed (111: Connection refused) while connecting to upstream, client: 20.194.157.187, server: pouted.com, request: "GET /gold-bee-cbd-products-brand-review/ HTTP/2.0", upstream: "https://192.145.236.239:8443/gold-bee-cbd-products-brand-review/", host: "www.pouted.com"
2025/10/16 15:35:34 [error] 1785366#0: *9578 connect() failed (111: Connection refused) while connecting to upstream, client: 20.194.157.177, server: pouted.com, request: "GET /gold-bee-cbd-products-brand-review/ HTTP/2.0", upstream: "https://192.145.236.239:8443/gold-bee-cbd-products-brand-review/", host: "www.pouted.com"
2025/10/16 15:35:35 [error] 1785366#0: *9581 open() "/home/pouted/public_html/wp-content/uploads/2020/04/refrigrated-truck-675x450.jpg" failed (2: No such file or directory), client: 128.118.7.55, server: pouted.com, request: "GET /wp-content/uploads/2020/04/refrigrated-truck-675x450.jpg?x44527 HTTP/2.0", host: "www.pouted.com"
2025/10/16 15:35:35 [error] 1785366#0: *9582 connect() failed (111: Connection refused) while connecting to upstream, client: 20.171.207.6, server: ayaclass.com, request: "GET /?dir=%2Fproc&dl=%2Fproc%2F1472244 HTTP/2.0", upstream: "https://192.145.236.239:8443/?dir=%2Fproc&dl=%2Fproc%2F1472244", host: "mail.ayaclass.com"
2025/10/16 15:35:36 [error] 1785366#0: *9585 connect() failed (111: Connection refused) while connecting to upstream, client: 46.101.0.130, server: classing.ru, request: "GET /?rest_route=/Wp/v2/users HTTP/2.0", upstream: "https://192.249.127.245:8443/?rest_route=/Wp/v2/users", host: "www.classing.ru"
2025/10/16 15:35:36 [error] 1785366#0: *9588 connect() failed (111: Connection refused) while connecting to upstream, client: 54.235.191.179, server: ayaclass.com, request: "GET /?dir=/usr/lib/imh-dnskeyapi/venv/lib/python3.13/site-packages/wheel/vendored/packaging HTTP/1.1", upstream: "http://192.145.236.239:8080/?dir=/usr/lib/imh-dnskeyapi/venv/lib/python3.13/site-packages/wheel/vendored/packaging", host: "www.ayaclass.com"
2025/10/16 15:35:37 [error] 1785366#0: *9586 connect() failed (111: Connection refused) while connecting to upstream, client: 147.136.76.201, server: pouted.com, request: "GET /best-spring-perfumes-for-women/ HTTP/2.0", upstream: "https://192.145.236.239:8443/best-spring-perfumes-for-women/", host: "www.pouted.com"
2025/10/16 15:35:38 [error] 1785366#0: *9592 connect() failed (111: Connection refused) while connecting to upstream, client: 66.249.75.132, server: mrmyst.com, request: "GET /oxy1/DOC/hitch/gottlob/cgishl/emis1/9637133387329.html HTTP/2.0", upstream: "https://192.145.236.239:8443/oxy1/DOC/hitch/gottlob/cgishl/emis1/9637133387329.html", host: "mrmyst.com"
2025/10/16 15:35:39 [error] 1785366#0: *9595 connect() failed (111: Connection refused) while connecting to upstream, client: 66.249.64.173, server: pouted.com, request: "GET /70-retro-fashion-ideas-trends-for-fall-winter/amp/ HTTP/2.0", upstream: "https://192.145.236.239:8443/70-retro-fashion-ideas-trends-for-fall-winter/amp/", host: "www.pouted.com"
2025/10/16 15:35:40 [error] 1785366#0: *9597 connect() failed (111: Connection refused) while connecting to upstream, client: 184.73.167.217, server: ayaclass.com, request: "GET /public/?dir=/opt/cpanel/ea-php81/root/usr/share/pear/PEAR&edit=/opt/cpanel/ea-php81/root/usr/share/pear/PEAR/Installer HTTP/1.1", upstream: "http://192.145.236.239:8080/public/?dir=/opt/cpanel/ea-php81/root/usr/share/pear/PEAR&edit=/opt/cpanel/ea-php81/root/usr/share/pear/PEAR/Installer", host: "www.ayaclass.com"
2025/10/16 15:35:41 [error] 1785366#0: *9599 connect() failed (111: Connection refused) while connecting to upstream, client: 116.179.32.151, server: pouted.com, request: "GET /tag/unusual-gifts/ HTTP/2.0", upstream: "https://192.145.236.239:8443/tag/unusual-gifts/", host: "www.pouted.com"
2025/10/16 15:35:42 [error] 1785366#0: *9601 connect() failed (111: Connection refused) while connecting to upstream, client: 52.167.144.172, server: pouted.com, request: "GET /tag/cars-with-unique-shapes/ HTTP/2.0", upstream: "https://192.145.236.239:8443/tag/cars-with-unique-shapes/", host: "www.pouted.com"
2025/10/16 15:35:44 [error] 1785366#0: *9603 connect() failed (111: Connection refused) while connecting to upstream, client: 54.90.169.225, server: pouted.com, request: "GET /top-10-most-ancient-india-artifacts-ever/ HTTP/2.0", upstream: "https://192.145.236.239:8443/top-10-most-ancient-india-artifacts-ever/", host: "www.pouted.com"
2025/10/16 15:35:44 [error] 1785366#0: *9605 connect() failed (111: Connection refused) while connecting to upstream, client: 66.249.64.174, server: pouted.com, request: "GET /pearl-rings-for-sale/amp/ HTTP/2.0", upstream: "https://192.145.236.239:8443/pearl-rings-for-sale/amp/", host: "www.pouted.com"
2025/10/16 15:35:45 [error] 1785366#0: *9608 connect() failed (111: Connection refused) while connecting to upstream, client: 3.213.85.234, server: ayaclass.com, request: "GET /?dir=/proc/1661180 HTTP/1.1", upstream: "http://192.145.236.239:8080/?dir=/proc/1661180", host: "www.ayaclass.com"
2025/10/16 15:35:49 [error] 1785366#0: *9614 open() "/home/pouted/public_html/wp-content/uploads/2014/04/bedroom-trendy-dashing-purple-haze-and-celosia-orange-bunk-bed-bedroom-style-super-stylish-bunk-bed-styles-and-colors-for-2014-bedroom-designs.jpg" failed (2: No such file or directory), client: 34.58.178.124, server: pouted.com, request: "GET /wp-content/uploads/2014/04/bedroom-trendy-dashing-purple-haze-and-celosia-orange-bunk-bed-bedroom-style-super-stylish-bunk-bed-styles-and-colors-for-2014-bedroom-designs.jpg HTTP/2.0", host: "www.pouted.com"
2025/10/16 15:35:50 [error] 1785366#0: *9615 open() "/home/pouted/public_html/wp-content/uploads/2017/07/Dark-Chocolate-Cherry-Brownies-2-675x506.jpg" failed (2: No such file or directory), client: 128.118.7.55, server: pouted.com, request: "GET /wp-content/uploads/2017/07/Dark-Chocolate-Cherry-Brownies-2-675x506.jpg HTTP/2.0", host: "www.pouted.com"
2025/10/16 15:35:51 [error] 1785366#0: *9569 connect() failed (111: Connection refused) while connecting to upstream, client: 44.223.193.255, server: ayaclass.com, request: "GET /?dir=/proc/1618894 HTTP/1.1", upstream: "http://192.145.236.239:8080/?dir=/proc/1618894", host: "www.ayaclass.com"
2025/10/16 15:35:51 [error] 1785366#0: *9617 connect() failed (111: Connection refused) while connecting to upstream, client: 87.250.224.35, server: pouted.com, request: "GET /robots.txt HTTP/2.0", upstream: "https://192.145.236.239:8443/robots.txt", host: "www.pouted.com"
2025/10/16 15:35:52 [error] 1785366#0: *9493 connect() failed (111: Connection refused) while connecting to upstream, client: 2a03:2880:f800:30::, server: ayaclass.com, request: "GET /products/17943798/ HTTP/1.1", upstream: "http://192.145.236.239:8080/products/17943798/", host: "www.ayaclass.com"
2025/10/16 15:35:54 [error] 1785366#0: *9556 connect() failed (111: Connection refused) while connecting to upstream, client: 18.205.91.101, server: ayaclass.com, request: "GET /public/?dir=/var/softaculous/feng/php53/.. HTTP/1.1", upstream: "http://192.145.236.239:8080/public/?dir=/var/softaculous/feng/php53/..", host: "www.ayaclass.com"
2025/10/16 15:35:55 [error] 1785366#0: *9623 open() "/home/pouted/public_html/wp-content/uploads/2013/05/candies.jpg" failed (2: No such file or directory), client: 131.111.184.51, server: pouted.com, request: "GET /wp-content/uploads/2013/05/candies.jpg?x44527 HTTP/2.0", host: "www.pouted.com"
2025/10/16 15:35:56 [error] 1785366#0: *9624 connect() failed (111: Connection refused) while connecting to upstream, client: 127.0.0.1, server: 127.0.0.1, request: "GET /whm-server-status HTTP/1.0", upstream: "http://127.0.0.1:8080/whm-server-status", host: "localhost"
2025/10/16 15:35:56 [error] 1785366#0: *9626 connect() failed (111: Connection refused) while connecting to upstream, client: 157.55.39.8, server: ayaclass.com, request: "GET /products/15584910/ HTTP/1.1", upstream: "http://192.145.236.239:8080/products/15584910/", host: "www.ayaclass.com"
2025/10/16 15:35:57 [error] 1785366#0: *9628 connect() failed (111: Connection refused) while connecting to upstream, client: 52.167.144.172, server: pouted.com, request: "GET /magazine/arts/ HTTP/2.0", upstream: "https://192.145.236.239:8443/magazine/arts/", host: "www.pouted.com"
2025/10/16 15:35:57 [error] 1785366#0: *9569 connect() failed (111: Connection refused) while connecting to upstream, client: 44.205.74.196, server: ayaclass.com, request: "GET /public/?dir=/usr/lib/python2.7/site-packages/pip/_vendor/html5lib/treeadapters/.. HTTP/1.1", upstream: "http://192.145.236.239:8080/public/?dir=/usr/lib/python2.7/site-packages/pip/_vendor/html5lib/treeadapters/..", host: "www.ayaclass.com"
2025/10/16 15:35:58 [error] 1785366#0: *9611 open() "/home/pouted/public_html/wp-content/uploads/2013/02/33.jpg" failed (2: No such file or directory), client: 131.227.80.158, server: pouted.com, request: "GET /wp-content/uploads/2013/02/33.jpg HTTP/2.0", host: "www.pouted.com"
2025/10/16 15:35:59 [error] 1785366#0: *9631 connect() failed (111: Connection refused) while connecting to upstream, client: 23.239.187.203, server: pouted.com, request: "GET /wp-json/wp/v2/tags/17606 HTTP/2.0", upstream: "https://192.145.236.239:8443/wp-json/wp/v2/tags/17606", host: "www.pouted.com"
2025/10/16 15:36:00 [error] 1785366#0: *9634 open() "/home/pouted/public_html/wp-content/uploads/2014/01/nflovesilverm.jpg" failed (2: No such file or directory), client: 106.38.226.4, server: pouted.com, request: "GET /wp-content/uploads/2014/01/nflovesilverm.jpg?x44527 HTTP/2.0", host: "www.pouted.com"
