2025/10/16 14:34:20 [error] 1785366#0: *1110 connect() failed (111: Connection refused) while connecting to upstream, client: 66.249.72.65, server: ayaclass.com, request: "GET /?dir=%2Fproc%2F3195247 HTTP/1.1", upstream: "http://192.145.236.239:8080/?dir=%2Fproc%2F3195247", host: "www.ayaclass.com"
2025/10/16 14:34:21 [error] 1785366#0: *1119 connect() failed (111: Connection refused) while connecting to upstream, client: 66.249.73.68, server: ayaclass.com, request: "GET /?dir=%2Fproc%2F1080172 HTTP/1.1", upstream: "http://192.145.236.239:8080/?dir=%2Fproc%2F1080172", host: "www.ayaclass.com"
2025/10/16 14:34:22 [error] 1785366#0: *1121 connect() failed (111: Connection refused) while connecting to upstream, client: 66.249.72.64, server: ayaclass.com, request: "GET /products/10350043/ HTTP/1.1", upstream: "http://192.145.236.239:8080/products/10350043/", host: "www.ayaclass.com"
2025/10/16 14:34:23 [error] 1785366#0: *1123 connect() failed (111: Connection refused) while connecting to upstream, client: 2a03:2880:f800:1e::, server: ayaclass.com, request: "GET /products/17442409/ HTTP/1.1", upstream: "http://192.145.236.239:8080/products/17442409/", host: "www.ayaclass.com"
2025/10/16 14:34:25 [error] 1785366#0: *1123 connect() failed (111: Connection refused) while connecting to upstream, client: 3.208.146.193, server: ayaclass.com, request: "GET /?dir=/var/softaculous/faveo/.. HTTP/1.1", upstream: "http://192.145.236.239:8080/?dir=/var/softaculous/faveo/..", host: "www.ayaclass.com"
2025/10/16 14:34:26 [error] 1785366#0: *1131 connect() failed (111: Connection refused) while connecting to upstream, client: 47.128.47.232, server: pouted.com, request: "GET /benefit-from-staying-at-home/ HTTP/2.0", upstream: "https://192.145.236.239:8443/benefit-from-staying-at-home/", host: "www.pouted.com"
2025/10/16 14:34:28 [error] 1785366#0: *1133 connect() failed (111: Connection refused) while connecting to upstream, client: 54.84.169.196, server: ayaclass.com, request: "GET /public/?dir=/opt/imh-python/lib/python3.9/site-packages/libcloud/test/dns/fixtures/vultr&dl=/opt/imh-python/lib/python3.9/site-packages/libcloud/test/dns/fixtures/vultr/empty_records_list.json HTTP/1.1", upstream: "http://192.145.236.239:8080/public/?dir=/opt/imh-python/lib/python3.9/site-packages/libcloud/test/dns/fixtures/vultr&dl=/opt/imh-python/lib/python3.9/site-packages/libcloud/test/dns/fixtures/vultr/empty_records_list.json", host: "www.ayaclass.com"
2025/10/16 14:34:29 [error] 1785366#0: *1135 connect() failed (111: Connection refused) while connecting to upstream, client: 20.171.207.6, server: ayaclass.com, request: "GET /?dir=%2Fproc&dl=%2Fproc%2F1782295 HTTP/2.0", upstream: "https://192.145.236.239:8443/?dir=%2Fproc&dl=%2Fproc%2F1782295", host: "mail.ayaclass.com"
2025/10/16 14:34:29 [error] 1785366#0: *1136 connect() failed (111: Connection refused) while connecting to upstream, client: 46.250.170.146, server: pouted.com, request: "GET /terrazzo-trend-2024 HTTP/2.0", upstream: "https://192.145.236.239:8443/terrazzo-trend-2024", host: "pouted.com", referrer: "https://pouted.com/terrazzo-trend-2024"
2025/10/16 14:34:30 [error] 1785366#0: *1139 open() "/home/pouted/public_html/wp-content/uploads/2013/02/blackboard-mobile-app-devices.jpg" failed (2: No such file or directory), client: 43.134.70.65, server: pouted.com, request: "GET /wp-content/uploads/2013/02/blackboard-mobile-app-devices.jpg HTTP/2.0", host: "www.pouted.com"
2025/10/16 14:34:30 [error] 1785366#0: *1141 connect() failed (111: Connection refused) while connecting to upstream, client: 66.249.64.174, server: pouted.com, request: "GET /types-of-interior-design-styles/ HTTP/2.0", upstream: "https://192.145.236.239:8443/types-of-interior-design-styles/", host: "www.pouted.com"
2025/10/16 14:34:32 [error] 1785366#0: *1144 connect() failed (111: Connection refused) while connecting to upstream, client: 34.226.89.140, server: ayaclass.com, request: "GET /public/?dir=/home/ayaclass/public_html/vendor/vonage/client-core/src/Messages/Channel&dl=/home/ayaclass/public_html/vendor/vonage/client-core/src/Messages/Channel/MMS HTTP/1.1", upstream: "http://192.145.236.239:8080/public/?dir=/home/ayaclass/public_html/vendor/vonage/client-core/src/Messages/Channel&dl=/home/ayaclass/public_html/vendor/vonage/client-core/src/Messages/Channel/MMS", host: "www.ayaclass.com"
2025/10/16 14:34:32 [error] 1785366#0: *1146 connect() failed (111: Connection refused) while connecting to upstream, client: 18.215.253.171, server: pouted.com, request: "GET /15-killer-garden-bench-decoration-ideas HTTP/2.0", upstream: "https://192.145.236.239:8443/15-killer-garden-bench-decoration-ideas", host: "www.pouted.com"
2025/10/16 14:34:34 [error] 1785366#0: *1148 connect() failed (111: Connection refused) while connecting to upstream, client: 20.194.1.12, server: pouted.com, request: "GET /formal-matching-outfits-couples/ HTTP/2.0", upstream: "https://192.145.236.239:8443/formal-matching-outfits-couples/", host: "www.pouted.com"
2025/10/16 14:34:34 [error] 1785366#0: *1153 connect() failed (111: Connection refused) while connecting to upstream, client: 31.220.97.154, server: intensed.com, request: "GET / HTTP/2.0", upstream: "https://192.249.127.250:8443/", host: "www.intensed.com"
2025/10/16 14:34:35 [error] 1785366#0: *1154 connect() failed (111: Connection refused) while connecting to upstream, client: 20.194.1.7, server: pouted.com, request: "GET /formal-matching-outfits-couples/ HTTP/2.0", upstream: "https://192.145.236.239:8443/formal-matching-outfits-couples/", host: "www.pouted.com"
2025/10/16 14:34:35 [error] 1785366#0: *1148 connect() failed (111: Connection refused) while connecting to upstream, client: 20.194.1.14, server: pouted.com, request: "GET /formal-matching-outfits-couples/ HTTP/2.0", upstream: "https://192.145.236.239:8443/formal-matching-outfits-couples/", host: "www.pouted.com"
2025/10/16 14:34:36 [error] 1785366#0: *1158 connect() failed (111: Connection refused) while connecting to upstream, client: 20.194.1.7, server: pouted.com, request: "GET /formal-matching-outfits-couples/ HTTP/2.0", upstream: "https://192.145.236.239:8443/formal-matching-outfits-couples/", host: "www.pouted.com"
2025/10/16 14:34:37 [error] 1785366#0: *1163 connect() failed (111: Connection refused) while connecting to upstream, client: 34.225.24.180, server: ayaclass.com, request: "GET /public/?dir=/opt/imh-python/lib/python3.9/site-packages/setuptools/_distutils&edit=/opt/imh-python/lib/python3.9/site-packages/setuptools/_distutils/dist.py HTTP/1.1", upstream: "http://192.145.236.239:8080/public/?dir=/opt/imh-python/lib/python3.9/site-packages/setuptools/_distutils&edit=/opt/imh-python/lib/python3.9/site-packages/setuptools/_distutils/dist.py", host: "www.ayaclass.com"
2025/10/16 14:34:38 [error] 1785366#0: *1165 connect() failed (111: Connection refused) while connecting to upstream, client: 20.171.207.30, server: pouted.com, request: "GET /wp-content/plugins/wp-smushit/core/external/plugin-notice/assets/images/?C=N;O=D HTTP/2.0", upstream: "https://192.145.236.239:8443/wp-content/plugins/wp-smushit/core/external/plugin-notice/assets/images/?C=N;O=D", host: "www.pouted.com"
2025/10/16 14:34:41 [error] 1785366#0: *1063 connect() failed (111: Connection refused) while connecting to upstream, client: 3.229.95.193, server: ayaclass.com, request: "GET /?dir=/home/ayaclass/public_html/vendor/google/apiclient-services/src&edit=/home/ayaclass/public_html/vendor/google/apiclient-services/src/BigLakeService.php HTTP/1.1", upstream: "http://192.145.236.239:8080/?dir=/home/ayaclass/public_html/vendor/google/apiclient-services/src&edit=/home/ayaclass/public_html/vendor/google/apiclient-services/src/BigLakeService.php", host: "www.ayaclass.com"
2025/10/16 14:34:42 [error] 1785366#0: *1172 connect() failed (111: Connection refused) while connecting to upstream, client: 46.137.132.91, server: pouted.com, request: "GET /magazine/design/feed/ HTTP/2.0", upstream: "https://192.145.236.239:8443/magazine/design/feed/", host: "www.pouted.com"
2025/10/16 14:34:43 [error] 1785366#0: *1175 connect() failed (111: Connection refused) while connecting to upstream, client: 46.137.132.91, server: pouted.com, request: "GET /magazine/pets/feed/ HTTP/2.0", upstream: "https://192.145.236.239:8443/magazine/pets/feed/", host: "www.pouted.com"
2025/10/16 14:34:43 [error] 1785366#0: *1176 connect() failed (111: Connection refused) while connecting to upstream, client: 46.137.132.91, server: pouted.com, request: "GET /magazine/education/feed/ HTTP/2.0", upstream: "https://192.145.236.239:8443/magazine/education/feed/", host: "www.pouted.com"
2025/10/16 14:34:43 [error] 1785366#0: *1177 connect() failed (111: Connection refused) while connecting to upstream, client: 46.137.132.91, server: pouted.com, request: "GET /magazine/business-finance/feed/ HTTP/2.0", upstream: "https://192.145.236.239:8443/magazine/business-finance/feed/", host: "www.pouted.com"
2025/10/16 14:34:43 [error] 1785366#0: *1178 connect() failed (111: Connection refused) while connecting to upstream, client: 46.137.132.91, server: pouted.com, request: "GET /magazine/arts/feed/ HTTP/2.0", upstream: "https://192.145.236.239:8443/magazine/arts/feed/", host: "www.pouted.com"
2025/10/16 14:34:44 [error] 1785366#0: *1183 open() "/home/pouted/public_html/wp-content/uploads/2019/04/3D-printing-technology-675x380.jpg" failed (2: No such file or directory), client: 131.227.80.133, server: pouted.com, request: "GET /wp-content/uploads/2019/04/3D-printing-technology-675x380.jpg HTTP/2.0", host: "www.pouted.com"
2025/10/16 14:34:45 [error] 1785366#0: *1184 connect() failed (111: Connection refused) while connecting to upstream, client: 3.213.46.222, server: ayaclass.com, request: "GET /?dir=/opt/imh-python/lib/python3.9/site-packages/Crypto/Hash&edit=/opt/imh-python/lib/python3.9/site-packages/Crypto/Hash/SHA224.pyi HTTP/1.1", upstream: "http://192.145.236.239:8080/?dir=/opt/imh-python/lib/python3.9/site-packages/Crypto/Hash&edit=/opt/imh-python/lib/python3.9/site-packages/Crypto/Hash/SHA224.pyi", host: "www.ayaclass.com"
2025/10/16 14:34:45 [error] 1785366#0: *1186 connect() failed (111: Connection refused) while connecting to upstream, client: 52.167.144.167, server: ayaclass.com, request: "GET /products/23508709/ HTTP/1.1", upstream: "http://192.145.236.239:8080/products/23508709/", host: "www.ayaclass.com"
2025/10/16 14:34:46 [error] 1785366#0: *1188 open() "/home/pouted/public_html/wp-content/uploads/jewels/Mikimoto-18K-White-Gold-Rhapsody-Natural-Pearl-Diamond-Pendant-Necklace.jpg" failed (2: No such file or directory), client: 132.170.203.109, server: pouted.com, request: "GET /wp-content/uploads/jewels/Mikimoto-18K-White-Gold-Rhapsody-Natural-Pearl-Diamond-Pendant-Necklace.jpg HTTP/2.0", host: "www.pouted.com"
2025/10/16 14:34:46 [error] 1785366#0: *1189 open() "/home/pouted/public_html/wp-content/uploads/2015/01/Ndamukong-Suh-1.jpg" failed (2: No such file or directory), client: 128.118.7.57, server: pouted.com, request: "GET /wp-content/uploads/2015/01/Ndamukong-Suh-1.jpg HTTP/2.0", host: "www.pouted.com"
2025/10/16 14:34:46 [error] 1785366#0: *1165 connect() failed (111: Connection refused) while connecting to upstream, client: 125.228.216.16, server: pouted.com, request: "GET /build-capsule-wardrobe/ HTTP/2.0", upstream: "https://192.145.236.239:8443/build-capsule-wardrobe/", host: "www.pouted.com", referrer: "https://www.pouted.com/"
2025/10/16 14:34:47 [error] 1785366#0: *1192 connect() failed (111: Connection refused) while connecting to upstream, client: 66.249.64.173, server: pouted.com, request: "GET /eco-friendly-transport/ HTTP/2.0", upstream: "https://192.145.236.239:8443/eco-friendly-transport/", host: "www.pouted.com"
2025/10/16 14:34:47 [error] 1785366#0: *1194 connect() failed (111: Connection refused) while connecting to upstream, client: 52.230.163.43, server: pouted.com, request: "GET /industrial-bedroom-decor-ideas/ HTTP/2.0", upstream: "https://192.145.236.239:8443/industrial-bedroom-decor-ideas/", host: "www.pouted.com"
2025/10/16 14:34:47 [error] 1785366#0: *1194 connect() failed (111: Connection refused) while connecting to upstream, client: 52.230.163.36, server: pouted.com, request: "GET /industrial-bedroom-decor-ideas/ HTTP/2.0", upstream: "https://192.145.236.239:8443/industrial-bedroom-decor-ideas/", host: "www.pouted.com"
2025/10/16 14:34:47 [error] 1785366#0: *1197 connect() failed (111: Connection refused) while connecting to upstream, client: 52.230.163.43, server: pouted.com, request: "GET /industrial-bedroom-decor-ideas/ HTTP/2.0", upstream: "https://192.145.236.239:8443/industrial-bedroom-decor-ideas/", host: "www.pouted.com"
2025/10/16 14:34:48 [error] 1785366#0: *1199 connect() failed (111: Connection refused) while connecting to upstream, client: 20.171.207.135, server: ayaclass.com, request: "GET /?dir=%2Fproc&dl=%2Fproc%2F1774074 HTTP/1.1", upstream: "http://192.145.236.239:8080/?dir=%2Fproc&dl=%2Fproc%2F1774074", host: "www.ayaclass.com"
2025/10/16 14:34:48 [error] 1785366#0: *1063 connect() failed (111: Connection refused) while connecting to upstream, client: 44.209.187.99, server: ayaclass.com, request: "GET /public/?dir=/home/ayaclass/public_html/vendor/authorizenet/authorizenet/lib/net/authorize/api/yml/v1&dl=/home/ayaclass/public_html/vendor/authorizenet/authorizenet/lib/net/authorize/api/yml/v1/CustomerAddressType.yml HTTP/1.1", upstream: "http://192.145.236.239:8080/public/?dir=/home/ayaclass/public_html/vendor/authorizenet/authorizenet/lib/net/authorize/api/yml/v1&dl=/home/ayaclass/public_html/vendor/authorizenet/authorizenet/lib/net/authorize/api/yml/v1/CustomerAddressType.yml", host: "www.ayaclass.com"
2025/10/16 14:34:48 [error] 1785366#0: *1202 connect() failed (111: Connection refused) while connecting to upstream, client: 52.230.163.34, server: pouted.com, request: "GET /industrial-bedroom-decor-ideas/ HTTP/2.0", upstream: "https://192.145.236.239:8443/industrial-bedroom-decor-ideas/", host: "www.pouted.com"
2025/10/16 14:34:48 [error] 1785366#0: *1203 connect() failed (111: Connection refused) while connecting to upstream, client: 185.191.171.13, server: pouted.com, request: "GET /modern-wood-flooring/ HTTP/2.0", upstream: "https://192.145.236.239:8443/modern-wood-flooring/", host: "www.pouted.com"
2025/10/16 14:34:50 [error] 1785366#0: *1123 connect() failed (111: Connection refused) while connecting to upstream, client: 185.191.171.18, server: ayaclass.com, request: "GET /?a=112590615 HTTP/1.1", upstream: "http://192.145.236.239:8080/?a=112590615", host: "www.ayaclass.com"
2025/10/16 14:34:52 [error] 1785366#0: *1210 connect() failed (111: Connection refused) while connecting to upstream, client: 44.210.204.255, server: ayaclass.com, request: "GET /?dir=/home/ayaclass/public_html/vendor/phpoffice/phpspreadsheet/src/PhpSpreadsheet/Calculation&dl=/home/ayaclass/public_html/vendor/phpoffice/phpspreadsheet/src/PhpSpreadsheet/Calculation/Logical HTTP/1.1", upstream: "http://192.145.236.239:8080/?dir=/home/ayaclass/public_html/vendor/phpoffice/phpspreadsheet/src/PhpSpreadsheet/Calculation&dl=/home/ayaclass/public_html/vendor/phpoffice/phpspreadsheet/src/PhpSpreadsheet/Calculation/Logical", host: "www.ayaclass.com"
2025/10/16 14:34:53 [error] 1785366#0: *1212 connect() failed (111: Connection refused) while connecting to upstream, client: 127.0.0.1, server: 127.0.0.1, request: "GET /whm-server-status HTTP/1.0", upstream: "http://127.0.0.1:8080/whm-server-status", host: "localhost"
2025/10/16 14:34:56 [error] 1785366#0: *1210 connect() failed (111: Connection refused) while connecting to upstream, client: 23.21.250.48, server: ayaclass.com, request: "GET /?dir=/home/ayaclass/public_html/vendor/google/apiclient-services/src/AIPlatformNotebooks&edit=/home/ayaclass/public_html/vendor/google/apiclient-services/src/AIPlatformNotebooks/GuestOsFeature.php HTTP/1.1", upstream: "http://192.145.236.239:8080/?dir=/home/ayaclass/public_html/vendor/google/apiclient-services/src/AIPlatformNotebooks&edit=/home/ayaclass/public_html/vendor/google/apiclient-services/src/AIPlatformNotebooks/GuestOsFeature.php", host: "www.ayaclass.com"
2025/10/16 14:34:57 [error] 1785366#0: *1216 connect() failed (111: Connection refused) while connecting to upstream, client: 74.125.212.66, server: pouted.com, request: "HEAD /feed/ HTTP/2.0", upstream: "https://192.145.236.239:8443/feed/", host: "www.pouted.com"
2025/10/16 14:34:57 [error] 1785366#0: *1218 connect() failed (111: Connection refused) while connecting to upstream, client: 74.125.212.68, server: pouted.com, request: "GET /feed/ HTTP/2.0", upstream: "https://192.145.236.239:8443/feed/", host: "www.pouted.com"
2025/10/16 14:34:57 [error] 1785366#0: *1220 open() "/home/pouted/public_html/wp-content/uploads/2015/01/vpn-.jpg" failed (2: No such file or directory), client: 43.134.27.196, server: pouted.com, request: "GET /wp-content/uploads/2015/01/vpn-.jpg?x44527 HTTP/2.0", host: "www.pouted.com"
2025/10/16 14:34:59 [error] 1785366#0: *1221 connect() failed (111: Connection refused) while connecting to upstream, client: 2a03:2880:f800:29::, server: pouted.com, request: "GET /6-unique-healing-products-that-you-must-try/amp/ HTTP/2.0", upstream: "https://192.145.236.239:8443/6-unique-healing-products-that-you-must-try/amp/", host: "www.pouted.com"
2025/10/16 14:35:00 [error] 1785366#0: *1225 connect() failed (111: Connection refused) while connecting to upstream, client: 66.249.75.134, server: mrmyst.com, request: "GET /northville/765610729632.html HTTP/2.0", upstream: "https://192.145.236.239:8443/northville/765610729632.html", host: "mrmyst.com"
2025/10/16 14:35:00 [error] 1785366#0: *1228 open() "/home/pouted/public_html/wp-content/uploads/jewels/Ruby-Ring-14k-Gold-Diamonds-Flowers.jpg" failed (2: No such file or directory), client: 43.134.70.65, server: pouted.com, request: "GET /wp-content/uploads/jewels/Ruby-Ring-14k-Gold-Diamonds-Flowers.jpg?x44527 HTTP/2.0", host: "www.pouted.com"
2025/10/16 14:35:02 [error] 1785366#0: *1186 connect() failed (111: Connection refused) while connecting to upstream, client: 44.196.118.6, server: ayaclass.com, request: "GET /?dir=/home/ayaclass/public_html/vendor/laravel/framework/src/Illuminate/Support&edit=/home/ayaclass/public_html/vendor/laravel/framework/src/Illuminate/Support/MessageBag.php HTTP/1.1", upstream: "http://192.145.236.239:8080/?dir=/home/ayaclass/public_html/vendor/laravel/framework/src/Illuminate/Support&edit=/home/ayaclass/public_html/vendor/laravel/framework/src/Illuminate/Support/MessageBag.php", host: "www.ayaclass.com"
2025/10/16 14:35:02 [error] 1785366#0: *1234 open() "/home/pouted/public_html/wp-content/uploads/2013/12/zztree09-590x350.jpg" failed (2: No such file or directory), client: 3.139.225.206, server: pouted.com, request: "GET /wp-content/uploads/2013/12/zztree09-590x350.jpg HTTP/2.0", host: "www.pouted.com"
2025/10/16 14:35:04 [error] 1785366#0: *1235 connect() failed (111: Connection refused) while connecting to upstream, client: 196.251.72.221, server: intensed.com, request: "GET / HTTP/2.0", upstream: "https://192.249.127.250:8443/", host: "www.intensed.com"
2025/10/16 14:35:04 [error] 1785366#0: *1237 open() "/home/pouted/public_html/wp-content/uploads/2017/07/Chocolate-Cinnamon-Balls-2-675x451.jpg" failed (2: No such file or directory), client: 128.118.7.55, server: pouted.com, request: "GET /wp-content/uploads/2017/07/Chocolate-Cinnamon-Balls-2-675x451.jpg HTTP/2.0", host: "www.pouted.com"
2025/10/16 14:35:05 [error] 1785366#0: *1237 open() "/home/pouted/public_html/wp-content/uploads/2017/07/Chocolate-Cinnamon-Balls-2-675x451.jpg" failed (2: No such file or directory), client: 128.118.7.55, server: pouted.com, request: "GET /wp-content/uploads/2017/07/Chocolate-Cinnamon-Balls-2-675x451.jpg HTTP/2.0", host: "www.pouted.com"
2025/10/16 14:35:05 [error] 1785366#0: *1238 connect() failed (111: Connection refused) while connecting to upstream, client: 54.80.73.122, server: ayaclass.com, request: "GET /?dir=/home/ayaclass/public_html/vendor/aws/aws-sdk-php/src/data&edit=/home/ayaclass/public_html/vendor/aws/aws-sdk-php/src/data/servicecatalog HTTP/1.1", upstream: "http://192.145.236.239:8080/?dir=/home/ayaclass/public_html/vendor/aws/aws-sdk-php/src/data&edit=/home/ayaclass/public_html/vendor/aws/aws-sdk-php/src/data/servicecatalog", host: "www.ayaclass.com"
2025/10/16 14:35:08 [error] 1785366#0: *1241 connect() failed (111: Connection refused) while connecting to upstream, client: 2a03:2880:3ff:4f::, server: pouted.com, request: "GET /kids-fashion-trends-2025/ HTTP/2.0", upstream: "https://192.145.236.239:8443/kids-fashion-trends-2025/", host: "www.pouted.com"
2025/10/16 14:35:08 [error] 1785366#0: *1245 connect() failed (111: Connection refused) while connecting to upstream, client: 44.212.145.46, server: ayaclass.com, request: "GET /public/?dir=/usr/lib64/python3.6/site-packages/cryptography/hazmat/primitives/ciphers/__pycache__&edit=/usr/lib64/python3.6/site-packages/cryptography/hazmat/primitives/ciphers/__pycache__/__init__.cpython-36.opt-1.pyc HTTP/1.1", upstream: "http://192.145.236.239:8080/public/?dir=/usr/lib64/python3.6/site-packages/cryptography/hazmat/primitives/ciphers/__pycache__&edit=/usr/lib64/python3.6/site-packages/cryptography/hazmat/primitives/ciphers/__pycache__/__init__.cpython-36.opt-1.pyc", host: "www.ayaclass.com"
2025/10/16 14:35:12 [error] 1785366#0: *1250 connect() failed (111: Connection refused) while connecting to upstream, client: 18.233.24.238, server: ayaclass.com, request: "GET /public/?dir=/usr/lib/python2.7/site-packages/pip/_vendor/urllib3&dl=/usr/lib/python2.7/site-packages/pip/_vendor/urllib3/response.pyo HTTP/1.1", upstream: "http://192.145.236.239:8080/public/?dir=/usr/lib/python2.7/site-packages/pip/_vendor/urllib3&dl=/usr/lib/python2.7/site-packages/pip/_vendor/urllib3/response.pyo", host: "www.ayaclass.com"
2025/10/16 14:35:14 [error] 1785366#0: *1252 connect() failed (111: Connection refused) while connecting to upstream, client: 196.251.72.221, server: intensed.com, request: "GET / HTTP/2.0", upstream: "https://192.249.127.250:8443/", host: "intensed.com"
2025/10/16 14:35:17 [error] 1785366#0: *1123 connect() failed (111: Connection refused) while connecting to upstream, client: 54.85.109.140, server: ayaclass.com, request: "GET /public/?dir=/usr/lib/python3.6/site-packages/slip/__pycache__&edit=/usr/lib/python3.6/site-packages/slip/__pycache__/__init__.cpython-36.pyc HTTP/1.1", upstream: "http://192.145.236.239:8080/public/?dir=/usr/lib/python3.6/site-packages/slip/__pycache__&edit=/usr/lib/python3.6/site-packages/slip/__pycache__/__init__.cpython-36.pyc", host: "www.ayaclass.com"
2025/10/16 14:35:18 [error] 1785366#0: *1258 connect() failed (111: Connection refused) while connecting to upstream, client: 2.189.5.218, server: pouted.com, request: "GET / HTTP/2.0", upstream: "https://192.145.236.239:8443/", host: "www.pouted.com"
2025/10/16 14:35:20 [error] 1785366#0: *1260 connect() failed (111: Connection refused) while connecting to upstream, client: 34.238.45.183, server: ayaclass.com, request: "GET /?dir=/usr/lib64/perl5/vendor_perl&dl=/usr/lib64/perl5/vendor_perl/Net HTTP/1.1", upstream: "http://192.145.236.239:8080/?dir=/usr/lib64/perl5/vendor_perl&dl=/usr/lib64/perl5/vendor_perl/Net", host: "www.ayaclass.com"
2025/10/16 14:35:22 [error] 1785366#0: *1262 connect() failed (111: Connection refused) while connecting to upstream, client: 66.249.72.64, server: ayaclass.com, request: "GET /?dir=%2Fproc%2F2696853&dl=%2Fproc%2F2696853%2Fpatch_state HTTP/1.1", upstream: "http://192.145.236.239:8080/?dir=%2Fproc%2F2696853&dl=%2Fproc%2F2696853%2Fpatch_state", host: "www.ayaclass.com"
2025/10/16 14:35:23 [error] 1785366#0: *1266 connect() failed (111: Connection refused) while connecting to upstream, client: 66.249.72.71, server: ayaclass.com, request: "GET /?dir=%2Fproc%2F1773787 HTTP/1.1", upstream: "http://192.145.236.239:8080/?dir=%2Fproc%2F1773787", host: "www.ayaclass.com"
2025/10/16 14:35:23 [error] 1785366#0: *1265 connect() failed (111: Connection refused) while connecting to upstream, client: 15.235.27.23, server: pouted.com, request: "GET /tag/spring-and-summer-outfits/ HTTP/2.0", upstream: "https://192.145.236.239:8443/tag/spring-and-summer-outfits/", host: "www.pouted.com"
2025/10/16 14:35:23 [error] 1785366#0: *1264 connect() failed (111: Connection refused) while connecting to upstream, client: 47.128.121.176, server: intensed.com, request: "GET /crello-lifetime-deal/ HTTP/2.0", upstream: "https://192.249.127.250:8443/crello-lifetime-deal/", host: "www.intensed.com"
2025/10/16 14:35:24 [error] 1785366#0: *1262 connect() failed (111: Connection refused) while connecting to upstream, client: 66.249.72.64, server: ayaclass.com, request: "GET /products/22859721/ HTTP/1.1", upstream: "http://192.145.236.239:8080/products/22859721/", host: "www.ayaclass.com"
2025/10/16 14:35:24 [error] 1785366#0: *1272 connect() failed (111: Connection refused) while connecting to upstream, client: 3.224.205.25, server: ayaclass.com, request: "GET /?dir=/home/ayaclass/public_html/vendor/aws/aws-sdk-php/src/Sns&edit=/home/ayaclass/public_html/vendor/aws/aws-sdk-php/src/Sns/Exception HTTP/1.1", upstream: "http://192.145.236.239:8080/?dir=/home/ayaclass/public_html/vendor/aws/aws-sdk-php/src/Sns&edit=/home/ayaclass/public_html/vendor/aws/aws-sdk-php/src/Sns/Exception", host: "www.ayaclass.com"
2025/10/16 14:35:25 [error] 1785366#0: *1266 connect() failed (111: Connection refused) while connecting to upstream, client: 66.249.72.65, server: ayaclass.com, request: "GET /products/15412510/ HTTP/1.1", upstream: "http://192.145.236.239:8080/products/15412510/", host: "www.ayaclass.com"
2025/10/16 14:35:26 [error] 1785366#0: *1266 connect() failed (111: Connection refused) while connecting to upstream, client: 66.249.72.71, server: ayaclass.com, request: "GET /products/11372754/ HTTP/1.1", upstream: "http://192.145.236.239:8080/products/11372754/", host: "www.ayaclass.com"
2025/10/16 14:35:27 [error] 1785366#0: *1245 connect() failed (111: Connection refused) while connecting to upstream, client: 52.167.144.167, server: ayaclass.com, request: "GET /products/27828454/ HTTP/1.1", upstream: "http://192.145.236.239:8080/products/27828454/", host: "www.ayaclass.com"
2025/10/16 14:35:28 [error] 1785366#0: *1250 connect() failed (111: Connection refused) while connecting to upstream, client: 50.17.193.48, server: ayaclass.com, request: "GET /public/?dir=/opt/imh-python/lib/python3.9/site-packages/IPython/core/tests&dl=/opt/imh-python/lib/python3.9/site-packages/IPython/core/tests/test_display.py HTTP/1.1", upstream: "http://192.145.236.239:8080/public/?dir=/opt/imh-python/lib/python3.9/site-packages/IPython/core/tests&dl=/opt/imh-python/lib/python3.9/site-packages/IPython/core/tests/test_display.py", host: "www.ayaclass.com"
2025/10/16 14:35:31 [error] 1785366#0: *1281 connect() failed (111: Connection refused) while connecting to upstream, client: 20.171.207.6, server: ayaclass.com, request: "GET /?dir=%2Fproc&dl=%2Fproc%2F1721046 HTTP/2.0", upstream: "https://192.145.236.239:8443/?dir=%2Fproc&dl=%2Fproc%2F1721046", host: "mail.ayaclass.com"
2025/10/16 14:35:32 [error] 1785366#0: *1283 connect() failed (111: Connection refused) while connecting to upstream, client: 121.24.36.251, server: pouted.com, request: "GET /tag/baby-clothes/ HTTP/2.0", upstream: "https://192.145.236.239:8443/tag/baby-clothes/", host: "www.pouted.com"
2025/10/16 14:35:32 [error] 1785366#0: *1285 connect() failed (111: Connection refused) while connecting to upstream, client: 35.171.141.42, server: ayaclass.com, request: "GET /?dir=/home/ayaclass/public_html/vendor/aws/aws-sdk-php/src/data/servicecatalog/2015-12-10&dl=/home/ayaclass/public_html/vendor/aws/aws-sdk-php/src/data/servicecatalog/2015-12-10/smoke.json.php HTTP/1.1", upstream: "http://192.145.236.239:8080/?dir=/home/ayaclass/public_html/vendor/aws/aws-sdk-php/src/data/servicecatalog/2015-12-10&dl=/home/ayaclass/public_html/vendor/aws/aws-sdk-php/src/data/servicecatalog/2015-12-10/smoke.json.php", host: "www.ayaclass.com"
2025/10/16 14:35:33 [error] 1785366#0: *1290 connect() failed (111: Connection refused) while connecting to upstream, client: 183.241.100.109, server: pouted.com, request: "GET /tag/baby-clothes/ HTTP/2.0", upstream: "https://192.145.236.239:8443/tag/baby-clothes/", host: "www.pouted.com"
2025/10/16 14:35:35 [error] 1785366#0: *1290 connect() failed (111: Connection refused) while connecting to upstream, client: 223.90.125.194, server: pouted.com, request: "GET /tag/baby-clothes/ HTTP/2.0", upstream: "https://192.145.236.239:8443/tag/baby-clothes/", host: "www.pouted.com"
2025/10/16 14:35:36 [error] 1785366#0: *1294 connect() failed (111: Connection refused) while connecting to upstream, client: 3.216.13.10, server: ayaclass.com, request: "GET /public/?dir=/home/ayaclass/.trash/AAA/vendor/google/apiclient-services/src/DisplayVideo&edit=/home/ayaclass/.trash/AAA/vendor/google/apiclient-services/src/DisplayVideo/AudioContentTypeAssignedTargetingOptionDetails.php HTTP/1.1", upstream: "http://192.145.236.239:8080/public/?dir=/home/ayaclass/.trash/AAA/vendor/google/apiclient-services/src/DisplayVideo&edit=/home/ayaclass/.trash/AAA/vendor/google/apiclient-services/src/DisplayVideo/AudioContentTypeAssignedTargetingOptionDetails.php", host: "www.ayaclass.com"
2025/10/16 14:35:38 [error] 1785366#0: *1298 connect() failed (111: Connection refused) while connecting to upstream, client: 2600:387:15:4413::a, server: pouted.com, request: "GET /cool-bedroom-ideas/ HTTP/2.0", upstream: "https://192.145.236.239:8443/cool-bedroom-ideas/", host: "www.pouted.com", referrer: "https://www.google.com/"
2025/10/16 14:35:41 [error] 1785366#0: *1283 connect() failed (111: Connection refused) while connecting to upstream, client: 20.171.207.30, server: pouted.com, request: "GET /wp-content/plugins/wp-smushit/core/external/plugin-notice/assets/images/?C=S;O=A HTTP/2.0", upstream: "https://192.145.236.239:8443/wp-content/plugins/wp-smushit/core/external/plugin-notice/assets/images/?C=S;O=A", host: "www.pouted.com"
2025/10/16 14:35:41 [error] 1785366#0: *1303 connect() failed (111: Connection refused) while connecting to upstream, client: 98.83.226.125, server: ayaclass.com, request: "GET /?dir=/usr/lib64&dl=/usr/lib64/libusb-1.0.so.0 HTTP/1.1", upstream: "http://192.145.236.239:8080/?dir=/usr/lib64&dl=/usr/lib64/libusb-1.0.so.0", host: "www.ayaclass.com"
2025/10/16 14:35:44 [error] 1785366#0: *1272 connect() failed (111: Connection refused) while connecting to upstream, client: 50.16.248.61, server: ayaclass.com, request: "GET /public/?dir=/usr/share/zoneinfo/posix/America&dl=/usr/share/zoneinfo/posix/America/Guadeloupe HTTP/1.1", upstream: "http://192.145.236.239:8080/public/?dir=/usr/share/zoneinfo/posix/America&dl=/usr/share/zoneinfo/posix/America/Guadeloupe", host: "www.ayaclass.com"
2025/10/16 14:35:45 [error] 1785366#0: *1307 connect() failed (111: Connection refused) while connecting to upstream, client: 34.85.181.89, server: pouted.com, request: "GET /ads.txt HTTP/2.0", upstream: "https://192.145.236.239:8443/ads.txt", host: "www.pouted.com"
2025/10/16 14:35:46 [error] 1785366#0: *1309 connect() failed (111: Connection refused) while connecting to upstream, client: 2a03:2880:13ff:70::, server: pouted.com, request: "GET /the-miss-grand-international-competition/ HTTP/2.0", upstream: "https://192.145.236.239:8443/the-miss-grand-international-competition/", host: "www.pouted.com"
2025/10/16 14:35:46 [error] 1785366#0: *1123 connect() failed (111: Connection refused) while connecting to upstream, client: 2a03:2880:f800:1::, server: ayaclass.com, request: "GET /products/11455521/ HTTP/1.1", upstream: "http://192.145.236.239:8080/products/11455521/", host: "www.ayaclass.com"
2025/10/16 14:35:47 [error] 1785366#0: *1313 connect() failed (111: Connection refused) while connecting to upstream, client: 101.46.7.68, server: pouted.com, request: "GET /fine-dining-revolution-trends-2025/amp HTTP/2.0", upstream: "https://192.145.236.239:8443/fine-dining-revolution-trends-2025/amp", host: "pouted.com", referrer: "https://pouted.com/fine-dining-revolution-trends-2025/amp"
2025/10/16 14:35:48 [error] 1785366#0: *1272 connect() failed (111: Connection refused) while connecting to upstream, client: 35.170.205.140, server: ayaclass.com, request: "GET /?dir=/home/ayaclass/.trash/AAA/vendor/google/apiclient-services/src/CloudMemorystoreforMemcached&dl=/home/ayaclass/.trash/AAA/vendor/google/apiclient-services/src/CloudMemorystoreforMemcached/NodeConfig.php HTTP/1.1", upstream: "http://192.145.236.239:8080/?dir=/home/ayaclass/.trash/AAA/vendor/google/apiclient-services/src/CloudMemorystoreforMemcached&dl=/home/ayaclass/.trash/AAA/vendor/google/apiclient-services/src/CloudMemorystoreforMemcached/NodeConfig.php", host: "www.ayaclass.com"
2025/10/16 14:35:48 [error] 1785366#0: *1316 connect() failed (111: Connection refused) while connecting to upstream, client: 20.171.207.135, server: ayaclass.com, request: "GET /?dir=%2Fproc&dl=%2Fproc%2F1435014 HTTP/1.1", upstream: "http://192.145.236.239:8080/?dir=%2Fproc&dl=%2Fproc%2F1435014", host: "www.ayaclass.com"
2025/10/16 14:35:50 [error] 1785366#0: *1319 open() "/home/pouted/public_html/wp-content/uploads/2015/02/Chicken-Parmesan.jpg" failed (2: No such file or directory), client: 34.59.44.242, server: pouted.com, request: "GET /wp-content/uploads/2015/02/Chicken-Parmesan.jpg?x71148 HTTP/2.0", host: "www.pouted.com"
2025/10/16 14:35:51 [error] 1785366#0: *1320 connect() failed (111: Connection refused) while connecting to upstream, client: 185.191.171.4, server: ayaclass.com, request: "GET /?a=32309215 HTTP/1.1", upstream: "http://192.145.236.239:8080/?a=32309215", host: "www.ayaclass.com"
2025/10/16 14:35:52 [error] 1785366#0: *1322 connect() failed (111: Connection refused) while connecting to upstream, client: 34.85.181.89, server: pouted.com, request: "GET /ads.txt HTTP/2.0", upstream: "https://192.145.236.239:8443/ads.txt", host: "pouted.com"
2025/10/16 14:35:53 [error] 1785366#0: *1123 connect() failed (111: Connection refused) while connecting to upstream, client: 23.21.148.226, server: ayaclass.com, request: "GET /?dir=/usr/lib64/python3.6/site-packages/samba/netcmd/domain/__pycache__&dl=/usr/lib64/python3.6/site-packages/samba/netcmd/domain/__pycache__/join.cpython-36.opt-1.pyc HTTP/1.1", upstream: "http://192.145.236.239:8080/?dir=/usr/lib64/python3.6/site-packages/samba/netcmd/domain/__pycache__&dl=/usr/lib64/python3.6/site-packages/samba/netcmd/domain/__pycache__/join.cpython-36.opt-1.pyc", host: "www.ayaclass.com"
2025/10/16 14:35:55 [error] 1785366#0: *1326 open() "/home/pouted/public_html/wp-content/uploads/2014/02/454554.png" failed (2: No such file or directory), client: 3.139.225.206, server: pouted.com, request: "GET /wp-content/uploads/2014/02/454554.png?x33143 HTTP/2.0", host: "www.pouted.com"
2025/10/16 14:35:56 [error] 1785366#0: *1330 connect() failed (111: Connection refused) while connecting to upstream, client: 3.215.221.125, server: ayaclass.com, request: "GET /?dir=/usr/share/snmp/snmpconf-data/snmpd-data&dl=/usr/share/snmp/snmpconf-data/snmpd-data/basic_setup HTTP/1.1", upstream: "http://192.145.236.239:8080/?dir=/usr/share/snmp/snmpconf-data/snmpd-data&dl=/usr/share/snmp/snmpconf-data/snmpd-data/basic_setup", host: "www.ayaclass.com"
2025/10/16 14:35:57 [error] 1785366#0: *1333 connect() failed (111: Connection refused) while connecting to upstream, client: 66.249.64.170, server: pouted.com, request: "GET /famous-pharaohs-gold-statues/amp/ HTTP/2.0", upstream: "https://192.145.236.239:8443/famous-pharaohs-gold-statues/amp/", host: "www.pouted.com"
2025/10/16 14:35:58 [error] 1785366#0: *1335 open() "/home/pouted/public_html/wp-content/uploads/2013/11/gallery-unit2-large3.jpg" failed (2: No such file or directory), client: 3.139.225.206, server: pouted.com, request: "GET /wp-content/uploads/2013/11/gallery-unit2-large3.jpg HTTP/2.0", host: "www.pouted.com"
2025/10/16 14:36:01 [error] 1785366#0: *1336 connect() failed (111: Connection refused) while connecting to upstream, client: 52.0.41.164, server: ayaclass.com, request: "GET /?dir=/home/ayaclass/public_html/vendor/google/apiclient-services/src/Aiplatform&edit=/home/ayaclass/public_html/vendor/google/apiclient-services/src/Aiplatform/GoogleCloudAiplatformV1BatchDedicatedResources.php HTTP/1.1", upstream: "http://192.145.236.239:8080/?dir=/home/ayaclass/public_html/vendor/google/apiclient-services/src/Aiplatform&edit=/home/ayaclass/public_html/vendor/google/apiclient-services/src/Aiplatform/GoogleCloudAiplatformV1BatchDedicatedResources.php", host: "www.ayaclass.com"
2025/10/16 14:36:02 [error] 1785366#0: *1338 connect() failed (111: Connection refused) while connecting to upstream, client: 127.0.0.1, server: 127.0.0.1, request: "GET /whm-server-status HTTP/1.0", upstream: "http://127.0.0.1:8080/whm-server-status", host: "localhost"
2025/10/16 14:36:03 [error] 1785366#0: *1341 connect() failed (111: Connection refused) while connecting to upstream, client: 193.31.106.75, server: pouted.com, request: "GET /positive-effects-discipline-in-education-on-process-of-learning/ HTTP/2.0", upstream: "https://192.145.236.239:8443/positive-effects-discipline-in-education-on-process-of-learning/", host: "pouted.com", referrer: "http://pouted.com/positive-effects-discipline-in-education-on-process-of-learning/"
2025/10/16 14:36:04 [error] 1785366#0: *1343 connect() failed (111: Connection refused) while connecting to upstream, client: 66.93.195.163, server: pouted.com, request: "GET /positive-effects-discipline-in-education-on-process-of-learning/ HTTP/2.0", upstream: "https://192.145.236.239:8443/positive-effects-discipline-in-education-on-process-of-learning/", host: "pouted.com", referrer: "https://pouted.com/"
2025/10/16 14:36:04 [error] 1785366#0: *1345 connect() failed (111: Connection refused) while connecting to upstream, client: 66.93.192.111, server: pouted.com, request: "GET /positive-effects-discipline-in-education-on-process-of-learning/ HTTP/2.0", upstream: "https://192.145.236.239:8443/positive-effects-discipline-in-education-on-process-of-learning/", host: "pouted.com", referrer: "https://pouted.com/"
2025/10/16 14:36:05 [error] 1785366#0: *1347 connect() failed (111: Connection refused) while connecting to upstream, client: 208.242.44.186, server: pouted.com, request: "GET /positive-effects-discipline-in-education-on-process-of-learning/ HTTP/2.0", upstream: "https://192.145.236.239:8443/positive-effects-discipline-in-education-on-process-of-learning/", host: "pouted.com", referrer: "https://pouted.com/"
2025/10/16 14:36:06 [error] 1785366#0: *1349 connect() failed (111: Connection refused) while connecting to upstream, client: 44.217.177.142, server: ayaclass.com, request: "GET /public/?dir=/opt/imh-python/lib/python3.9/site-packages/pylint/config/_pylint_config/__pycache__&dl=/opt/imh-python/lib/python3.9/site-packages/pylint/config/_pylint_config/__pycache__/help_message.cpython-39.pyc HTTP/1.1", upstream: "http://192.145.236.239:8080/public/?dir=/opt/imh-python/lib/python3.9/site-packages/pylint/config/_pylint_config/__pycache__&dl=/opt/imh-python/lib/python3.9/site-packages/pylint/config/_pylint_config/__pycache__/help_message.cpython-39.pyc", host: "www.ayaclass.com"
2025/10/16 14:36:06 [error] 1785366#0: *1351 connect() failed (111: Connection refused) while connecting to upstream, client: 2a03:2880:f800:d::, server: pouted.com, request: "GET /tag/think-positive/ HTTP/2.0", upstream: "https://192.145.236.239:8443/tag/think-positive/", host: "www.pouted.com"
2025/10/16 14:36:06 [error] 1785366#0: *1298 connect() failed (111: Connection refused) while connecting to upstream, client: 2600:387:15:4413::a, server: pouted.com, request: "GET /cool-bedroom-ideas/ HTTP/2.0", upstream: "https://192.145.236.239:8443/cool-bedroom-ideas/", host: "www.pouted.com", referrer: "https://www.google.com/"
2025/10/16 14:36:07 [error] 1785366#0: *1355 open() "/home/pouted/public_html/wp-content/uploads/2015/11/il_fullxfull.333192097-475x356.jpg" failed (2: No such file or directory), client: 3.139.225.206, server: pouted.com, request: "GET /wp-content/uploads/2015/11/il_fullxfull.333192097-475x356.jpg HTTP/2.0", host: "www.pouted.com"
2025/10/16 14:36:08 [error] 1785366#0: *1356 connect() failed (111: Connection refused) while connecting to upstream, client: 52.187.246.131, server: pouted.com, request: "GET /top-trendy-hairstyles-2025/ HTTP/2.0", upstream: "https://192.145.236.239:8443/top-trendy-hairstyles-2025/", host: "www.pouted.com"
2025/10/16 14:36:08 [error] 1785366#0: *1356 connect() failed (111: Connection refused) while connecting to upstream, client: 52.187.246.129, server: pouted.com, request: "GET /top-trendy-hairstyles-2025/ HTTP/2.0", upstream: "https://192.145.236.239:8443/top-trendy-hairstyles-2025/", host: "www.pouted.com"
2025/10/16 14:36:09 [error] 1785366#0: *1272 connect() failed (111: Connection refused) while connecting to upstream, client: 52.203.65.83, server: ayaclass.com, request: "GET /?dir=/home/ayaclass/.trash/AAA/vendor/psr/event-dispatcher&edit=/home/ayaclass/.trash/AAA/vendor/psr/event-dispatcher/src HTTP/1.1", upstream: "http://192.145.236.239:8080/?dir=/home/ayaclass/.trash/AAA/vendor/psr/event-dispatcher&edit=/home/ayaclass/.trash/AAA/vendor/psr/event-dispatcher/src", host: "www.ayaclass.com"
2025/10/16 14:36:09 [error] 1785366#0: *1359 connect() failed (111: Connection refused) while connecting to upstream, client: 52.187.246.142, server: pouted.com, request: "GET /top-trendy-hairstyles-2025/ HTTP/2.0", upstream: "https://192.145.236.239:8443/top-trendy-hairstyles-2025/", host: "www.pouted.com"
2025/10/16 14:36:09 [error] 1785366#0: *1362 connect() failed (111: Connection refused) while connecting to upstream, client: 2a03:2880:22ff:70::, server: pouted.com, request: "GET /formal-matching-outfits-couples/ HTTP/2.0", upstream: "https://192.145.236.239:8443/formal-matching-outfits-couples/", host: "www.pouted.com"
2025/10/16 14:36:10 [error] 1785366#0: *1356 connect() failed (111: Connection refused) while connecting to upstream, client: 52.187.246.129, server: pouted.com, request: "GET /top-trendy-hairstyles-2025/ HTTP/2.0", upstream: "https://192.145.236.239:8443/top-trendy-hairstyles-2025/", host: "www.pouted.com"
2025/10/16 14:36:12 [error] 1785366#0: *1365 connect() failed (111: Connection refused) while connecting to upstream, client: 3.216.86.144, server: ayaclass.com, request: "GET /public/?dir=/usr/share/doc&dl=/usr/share/doc/perl-Net-SSLeay HTTP/1.1", upstream: "http://192.145.236.239:8080/public/?dir=/usr/share/doc&dl=/usr/share/doc/perl-Net-SSLeay", host: "www.ayaclass.com"
2025/10/16 14:36:14 [error] 1785366#0: *1367 connect() failed (111: Connection refused) while connecting to upstream, client: 34.186.45.219, server: pouted.com, request: "GET /magazine/fashion-designs/feed HTTP/2.0", upstream: "https://192.145.236.239:8443/magazine/fashion-designs/feed", host: "www.pouted.com"
2025/10/16 14:36:17 [error] 1785366#0: *1372 connect() failed (111: Connection refused) while connecting to upstream, client: 54.164.106.236, server: ayaclass.com, request: "GET /public/?dir=/opt/imh-python/lib/python3.9/site-packages/numpy/core&dl=/opt/imh-python/lib/python3.9/site-packages/numpy/core/__init__.pyi HTTP/1.1", upstream: "http://192.145.236.239:8080/public/?dir=/opt/imh-python/lib/python3.9/site-packages/numpy/core&dl=/opt/imh-python/lib/python3.9/site-packages/numpy/core/__init__.pyi", host: "www.ayaclass.com"
2025/10/16 14:36:21 [error] 1785366#0: *1374 connect() failed (111: Connection refused) while connecting to upstream, client: 66.249.72.65, server: ayaclass.com, request: "GET /products/18862365/ HTTP/1.1", upstream: "http://192.145.236.239:8080/products/18862365/", host: "www.ayaclass.com"
2025/10/16 14:36:21 [error] 1785366#0: *1376 open() "/home/pouted/public_html/wp-content/uploads/2013/06/magdalene-party-dress.jpg" failed (2: No such file or directory), client: 120.92.12.206, server: pouted.com, request: "GET /wp-content/uploads/2013/06/magdalene-party-dress.jpg?x44527 HTTP/2.0", host: "www.pouted.com"
2025/10/16 14:36:21 [error] 1785366#0: *1349 connect() failed (111: Connection refused) while connecting to upstream, client: 34.236.185.101, server: ayaclass.com, request: "GET /public/?dir=/usr/share/licenses/python3-pysocks HTTP/1.1", upstream: "http://192.145.236.239:8080/public/?dir=/usr/share/licenses/python3-pysocks", host: "www.ayaclass.com"
2025/10/16 14:36:22 [error] 1785366#0: *1374 connect() failed (111: Connection refused) while connecting to upstream, client: 66.249.72.65, server: ayaclass.com, request: "GET /products/21455876/ HTTP/1.1", upstream: "http://192.145.236.239:8080/products/21455876/", host: "www.ayaclass.com"
2025/10/16 14:36:22 [error] 1785366#0: *1374 connect() failed (111: Connection refused) while connecting to upstream, client: 66.249.72.65, server: ayaclass.com, request: "GET /products/3062398/ HTTP/1.1", upstream: "http://192.145.236.239:8080/products/3062398/", host: "www.ayaclass.com"
2025/10/16 14:36:24 [error] 1785366#0: *1374 connect() failed (111: Connection refused) while connecting to upstream, client: 66.249.72.71, server: ayaclass.com, request: "GET /products/16754787/ HTTP/1.1", upstream: "http://192.145.236.239:8080/products/16754787/", host: "www.ayaclass.com"
2025/10/16 14:36:25 [error] 1785366#0: *1386 connect() failed (111: Connection refused) while connecting to upstream, client: 98.82.107.102, server: ayaclass.com, request: "GET /public/?dir=/home/ayaclass/public_html/vendor/twilio/sdk/src/Twilio/Rest/Voice/V1&dl=/home/ayaclass/public_html/vendor/twilio/sdk/src/Twilio/Rest/Voice/V1/ConnectionPolicyOptions.php HTTP/1.1", upstream: "http://192.145.236.239:8080/public/?dir=/home/ayaclass/public_html/vendor/twilio/sdk/src/Twilio/Rest/Voice/V1&dl=/home/ayaclass/public_html/vendor/twilio/sdk/src/Twilio/Rest/Voice/V1/ConnectionPolicyOptions.php", host: "www.ayaclass.com"
2025/10/16 14:36:28 [error] 1785366#0: *1391 connect() failed (111: Connection refused) while connecting to upstream, client: 92.205.20.105, server: classing.ru, request: "GET /wp-login.php HTTP/2.0", upstream: "https://192.249.127.245:8443/wp-login.php", host: "www.classing.ru"
2025/10/16 14:36:29 [error] 1785366#0: *1272 connect() failed (111: Connection refused) while connecting to upstream, client: 18.213.102.186, server: ayaclass.com, request: "GET /public/?dir=/usr/lib/rads/venv/lib/python3.13/site-packages/pip/_internal/resolution/resolvelib/__pycache__&edit=/usr/lib/rads/venv/lib/python3.13/site-packages/pip/_internal/resolution/resolvelib/__pycache__/candidates.cpython-313.pyc HTTP/1.1", upstream: "http://192.145.236.239:8080/public/?dir=/usr/lib/rads/venv/lib/python3.13/site-packages/pip/_internal/resolution/resolvelib/__pycache__&edit=/usr/lib/rads/venv/lib/python3.13/site-packages/pip/_internal/resolution/resolvelib/__pycache__/candidates.cpython-313.pyc", host: "www.ayaclass.com"
2025/10/16 14:36:29 [error] 1785366#0: *1394 open() "/home/pouted/public_html/wp-content/uploads/2015/11/sun-hat-wide-brimmed1-1024x685-475x317.jpg" failed (2: No such file or directory), client: 128.118.7.54, server: pouted.com, request: "GET /wp-content/uploads/2015/11/sun-hat-wide-brimmed1-1024x685-475x317.jpg HTTP/2.0", host: "www.pouted.com"
2025/10/16 14:36:29 [error] 1785366#0: *1395 connect() failed (111: Connection refused) while connecting to upstream, client: 2a09:bac5:3a5b:15f::23:47a, server: pouted.com, request: "GET /wp-login.php HTTP/2.0", upstream: "https://192.145.236.239:8443/wp-login.php", host: "www.pouted.com"
2025/10/16 14:36:29 [error] 1785366#0: *1396 connect() failed (111: Connection refused) while connecting to upstream, client: 92.205.20.105, server: classing.ru, request: "POST /wp-login.php HTTP/2.0", upstream: "https://192.249.127.245:8443/wp-login.php", host: "www.classing.ru", referrer: "https://www.classing.ru/wp-login.php"
2025/10/16 14:36:32 [error] 1785366#0: *1399 open() "/home/pouted/public_html/wp-content/uploads/2016/04/Chocolate-chocolate-35500724-1920-1080.jpg" failed (2: No such file or directory), client: 131.111.184.51, server: pouted.com, request: "GET /wp-content/uploads/2016/04/Chocolate-chocolate-35500724-1920-1080.jpg?x45357 HTTP/2.0", host: "www.pouted.com"
2025/10/16 14:36:32 [error] 1785366#0: *1400 connect() failed (111: Connection refused) while connecting to upstream, client: 50.16.248.61, server: ayaclass.com, request: "GET /public/?dir=/opt/imh-python/lib/python3.9/site-packages/libcloud/test/compute/fixtures/nttcis&dl=/opt/imh-python/lib/python3.9/site-packages/libcloud/test/compute/fixtures/nttcis/server_removeDisk.xml HTTP/1.1", upstream: "http://192.145.236.239:8080/public/?dir=/opt/imh-python/lib/python3.9/site-packages/libcloud/test/compute/fixtures/nttcis&dl=/opt/imh-python/lib/python3.9/site-packages/libcloud/test/compute/fixtures/nttcis/server_removeDisk.xml", host: "www.ayaclass.com"
2025/10/16 14:36:34 [error] 1785366#0: *1402 connect() failed (111: Connection refused) while connecting to upstream, client: 20.171.207.6, server: ayaclass.com, request: "GET /?dir=%2Fproc&dl=%2Fproc%2F1724763 HTTP/2.0", upstream: "https://192.145.236.239:8443/?dir=%2Fproc&dl=%2Fproc%2F1724763", host: "mail.ayaclass.com"
