2025/10/16 15:00:08 [error] 1785366#0: *4964 connect() failed (111: Connection refused) while connecting to upstream, client: 3.215.59.93, server: ayaclass.com, request: "GET /public/?dir=/home/ayaclass/public_html/vendor/google/apiclient-services/src/CloudSearch&dl=/home/ayaclass/public_html/vendor/google/apiclient-services/src/CloudSearch/AppsDynamiteSharedBorderStyle.php HTTP/1.1", upstream: "http://192.145.236.239:8080/public/?dir=/home/ayaclass/public_html/vendor/google/apiclient-services/src/CloudSearch&dl=/home/ayaclass/public_html/vendor/google/apiclient-services/src/CloudSearch/AppsDynamiteSharedBorderStyle.php", host: "www.ayaclass.com"
2025/10/16 15:00:09 [error] 1785366#0: *4982 connect() failed (111: Connection refused) while connecting to upstream, client: 8.217.208.54, server: pouted.com, request: "GET /wp-json/oembed/1.0/embed?url=https%3A%2F%2Fwww.pouted.com%2Fdesign-soothing-relaxing-bedroom-retreat%2F&format=xml HTTP/2.0", upstream: "https://192.145.236.239:8443/wp-json/oembed/1.0/embed?url=https%3A%2F%2Fwww.pouted.com%2Fdesign-soothing-relaxing-bedroom-retreat%2F&format=xml", host: "www.pouted.com"
2025/10/16 15:00:12 [error] 1785366#0: *4985 connect() failed (111: Connection refused) while connecting to upstream, client: 34.195.248.30, server: ayaclass.com, request: "GET /?dir=/home/ayaclass/public_html/vendor/google/apiclient-services/src/CloudDeploy&edit=/home/ayaclass/public_html/vendor/google/apiclient-services/src/CloudDeploy/JobRunNotificationEvent.php HTTP/1.1", upstream: "http://192.145.236.239:8080/?dir=/home/ayaclass/public_html/vendor/google/apiclient-services/src/CloudDeploy&edit=/home/ayaclass/public_html/vendor/google/apiclient-services/src/CloudDeploy/JobRunNotificationEvent.php", host: "www.ayaclass.com"
2025/10/16 15:00:12 [error] 1785366#0: *4984 connect() failed (111: Connection refused) while connecting to upstream, client: 8.217.139.32, server: pouted.com, request: "GET /self-care-rituals-for-mental-physical-wellbeing/embed/ HTTP/2.0", upstream: "https://192.145.236.239:8443/self-care-rituals-for-mental-physical-wellbeing/embed/", host: "www.pouted.com"
2025/10/16 15:00:13 [error] 1785366#0: *4988 connect() failed (111: Connection refused) while connecting to upstream, client: 127.0.0.1, server: 127.0.0.1, request: "GET /whm-server-status HTTP/1.0", upstream: "http://127.0.0.1:8080/whm-server-status", host: "localhost"
2025/10/16 15:00:14 [error] 1785366#0: *4990 connect() failed (111: Connection refused) while connecting to upstream, client: 8.217.177.13, server: pouted.com, request: "GET /wp-json/wp/v2/tags/1112 HTTP/2.0", upstream: "https://192.145.236.239:8443/wp-json/wp/v2/tags/1112", host: "www.pouted.com"
2025/10/16 15:00:16 [error] 1785366#0: *4994 connect() failed (111: Connection refused) while connecting to upstream, client: 100.28.133.214, server: ayaclass.com, request: "GET /public/?dir=/opt/imh-python/lib/python3.9/site-packages/numpy/random/_examples/numba/__pycache__&edit=/opt/imh-python/lib/python3.9/site-packages/numpy/random/_examples/numba/__pycache__/.. HTTP/1.1", upstream: "http://192.145.236.239:8080/public/?dir=/opt/imh-python/lib/python3.9/site-packages/numpy/random/_examples/numba/__pycache__&edit=/opt/imh-python/lib/python3.9/site-packages/numpy/random/_examples/numba/__pycache__/..", host: "www.ayaclass.com"
2025/10/16 15:00:16 [error] 1785366#0: *4990 connect() failed (111: Connection refused) while connecting to upstream, client: 8.217.212.190, server: pouted.com, request: "GET /wp-json/wp/v2/tags/12912 HTTP/2.0", upstream: "https://192.145.236.239:8443/wp-json/wp/v2/tags/12912", host: "www.pouted.com"
2025/10/16 15:00:17 [error] 1785366#0: *4955 connect() failed (111: Connection refused) while connecting to upstream, client: 185.191.171.8, server: ayaclass.com, request: "GET /?a=37673915 HTTP/1.1", upstream: "http://192.145.236.239:8080/?a=37673915", host: "www.ayaclass.com"
2025/10/16 15:00:17 [error] 1785366#0: *4998 open() "/home/pouted/public_html/wp-content/uploads/2014/08/98450b69dfde5d5b125ea6008ced82ac.jpg" failed (2: No such file or directory), client: 176.117.67.21, server: pouted.com, request: "GET /wp-content/uploads/2014/08/98450b69dfde5d5b125ea6008ced82ac.jpg HTTP/2.0", host: "www.pouted.com"
2025/10/16 15:00:18 [error] 1785366#0: *5000 connect() failed (111: Connection refused) while connecting to upstream, client: 2a03:2880:f800::, server: intensed.com, request: "GET /tools/instagram-username-generator/ HTTP/2.0", upstream: "https://192.249.127.250:8443/tools/instagram-username-generator/", host: "www.intensed.com"
2025/10/16 15:00:20 [error] 1785366#0: *4966 connect() failed (111: Connection refused) while connecting to upstream, client: 18.232.36.1, server: ayaclass.com, request: "GET /?dir=/opt/imh-python/lib/python3.9/site-packages/openstack/tests/unit/object_store/v1/__pycache__&edit=/opt/imh-python/lib/python3.9/site-packages/openstack/tests/unit/object_store/v1/__pycache__/.. HTTP/1.1", upstream: "http://192.145.236.239:8080/?dir=/opt/imh-python/lib/python3.9/site-packages/openstack/tests/unit/object_store/v1/__pycache__&edit=/opt/imh-python/lib/python3.9/site-packages/openstack/tests/unit/object_store/v1/__pycache__/..", host: "www.ayaclass.com"
2025/10/16 15:00:21 [error] 1785366#0: *5006 connect() failed (111: Connection refused) while connecting to upstream, client: 189.1.216.57, server: pouted.com, request: "GET /top-10-accredited-interior-design-schools-in-usa/amp HTTP/2.0", upstream: "https://192.145.236.239:8443/top-10-accredited-interior-design-schools-in-usa/amp", host: "pouted.com", referrer: "https://pouted.com/top-10-accredited-interior-design-schools-in-usa/amp"
2025/10/16 15:00:22 [error] 1785366#0: *5008 connect() failed (111: Connection refused) while connecting to upstream, client: 8.217.208.126, server: pouted.com, request: "GET /tag/hfc-refrigerants/feed/ HTTP/2.0", upstream: "https://192.145.236.239:8443/tag/hfc-refrigerants/feed/", host: "www.pouted.com"
2025/10/16 15:00:24 [error] 1785366#0: *4955 connect() failed (111: Connection refused) while connecting to upstream, client: 44.193.102.198, server: ayaclass.com, request: "GET /public/?dir=/usr/share/licenses&dl=/usr/share/licenses/file-libs HTTP/1.1", upstream: "http://192.145.236.239:8080/public/?dir=/usr/share/licenses&dl=/usr/share/licenses/file-libs", host: "www.ayaclass.com"
2025/10/16 15:00:26 [error] 1785366#0: *5012 connect() failed (111: Connection refused) while connecting to upstream, client: 130.94.217.137, server: pouted.com, request: "GET /southall-travel/ HTTP/2.0", upstream: "https://192.145.236.239:8443/southall-travel/", host: "www.pouted.com"
2025/10/16 15:00:28 [error] 1785366#0: *5017 connect() failed (111: Connection refused) while connecting to upstream, client: 52.54.95.127, server: ayaclass.com, request: "GET /?dir=/home/ayaclass/.trash/AAA/vendor/twilio/sdk/src/Twilio/Rest/Taskrouter/V1/Workspace/TaskQueue&dl=/home/ayaclass/.trash/AAA/vendor/twilio/sdk/src/Twilio/Rest/Taskrouter/V1/Workspace/TaskQueue/TaskQueuesStatisticsInstance.php HTTP/1.1", upstream: "http://192.145.236.239:8080/?dir=/home/ayaclass/.trash/AAA/vendor/twilio/sdk/src/Twilio/Rest/Taskrouter/V1/Workspace/TaskQueue&dl=/home/ayaclass/.trash/AAA/vendor/twilio/sdk/src/Twilio/Rest/Taskrouter/V1/Workspace/TaskQueue/TaskQueuesStatisticsInstance.php", host: "www.ayaclass.com"
2025/10/16 15:00:29 [error] 1785366#0: *5020 connect() failed (111: Connection refused) while connecting to upstream, client: 40.77.167.57, server: pouted.com, request: "GET /tag/diamond-princess-cut-hoop-earrings/ HTTP/2.0", upstream: "https://192.145.236.239:8443/tag/diamond-princess-cut-hoop-earrings/", host: "www.pouted.com"
2025/10/16 15:00:32 [error] 1785366#0: *4994 connect() failed (111: Connection refused) while connecting to upstream, client: 54.225.181.161, server: ayaclass.com, request: "GET /?dir=/usr/share/doc/pure-ftpd&dl=/usr/share/doc/pure-ftpd/README.Virtual-Users HTTP/1.1", upstream: "http://192.145.236.239:8080/?dir=/usr/share/doc/pure-ftpd&dl=/usr/share/doc/pure-ftpd/README.Virtual-Users", host: "www.ayaclass.com"
2025/10/16 15:00:33 [error] 1785366#0: *5029 connect() failed (111: Connection refused) while connecting to upstream, client: 66.249.72.64, server: ayaclass.com, request: "GET /products/7254909/ HTTP/1.1", upstream: "http://192.145.236.239:8080/products/7254909/", host: "www.ayaclass.com"
2025/10/16 15:00:33 [error] 1785366#0: *5031 connect() failed (111: Connection refused) while connecting to upstream, client: 2a03:2880:f800:c::, server: pouted.com, request: "GET /bracelet-stacking-best-tips-how-to-stack-bracelets/ HTTP/2.0", upstream: "https://192.145.236.239:8443/bracelet-stacking-best-tips-how-to-stack-bracelets/", host: "www.pouted.com"
2025/10/16 15:00:34 [error] 1785366#0: *5036 connect() failed (111: Connection refused) while connecting to upstream, client: 66.249.64.169, server: pouted.com, request: "GET /magazine/pets/amp/page/7/ HTTP/2.0", upstream: "https://192.145.236.239:8443/magazine/pets/amp/page/7/", host: "www.pouted.com"
2025/10/16 15:00:34 [error] 1785366#0: *5038 open() "/home/pouted/public_html/wp-content/uploads/2014/01/4-Piece-Manicure-Set-With-Metallic-Case_50935827.jpg" failed (2: No such file or directory), client: 3.139.225.206, server: pouted.com, request: "GET /wp-content/uploads/2014/01/4-Piece-Manicure-Set-With-Metallic-Case_50935827.jpg?x71148 HTTP/2.0", host: "www.pouted.com"
2025/10/16 15:00:36 [error] 1785366#0: *5039 connect() failed (111: Connection refused) while connecting to upstream, client: 54.225.98.148, server: ayaclass.com, request: "GET /?dir=/usr/share/doc/python2-docs/html/library&edit=/usr/share/doc/python2-docs/html/library/i18n.html HTTP/1.1", upstream: "http://192.145.236.239:8080/?dir=/usr/share/doc/python2-docs/html/library&edit=/usr/share/doc/python2-docs/html/library/i18n.html", host: "www.ayaclass.com"
2025/10/16 15:00:39 [error] 1785366#0: *5044 connect() failed (111: Connection refused) while connecting to upstream, client: 85.208.98.31, server: intensed.com, request: "GET /best-ai-resume-builders/ HTTP/2.0", upstream: "https://192.249.127.250:8443/best-ai-resume-builders/", host: "www.intensed.com"
2025/10/16 15:00:40 [error] 1785366#0: *5048 connect() failed (111: Connection refused) while connecting to upstream, client: 52.6.232.201, server: ayaclass.com, request: "GET /public/?dir=/opt/cpanel/ea-openssl11/share/doc/openssl/html/man3&edit=/opt/cpanel/ea-openssl11/share/doc/openssl/html/man3/CRYPTO_mem_debug_pop.html HTTP/1.1", upstream: "http://192.145.236.239:8080/public/?dir=/opt/cpanel/ea-openssl11/share/doc/openssl/html/man3&edit=/opt/cpanel/ea-openssl11/share/doc/openssl/html/man3/CRYPTO_mem_debug_pop.html", host: "www.ayaclass.com"
2025/10/16 15:00:40 [error] 1785366#0: *5047 connect() failed (111: Connection refused) while connecting to upstream, client: 34.186.45.219, server: pouted.com, request: "GET /magazine/travel-holidays/feed HTTP/2.0", upstream: "https://192.145.236.239:8443/magazine/travel-holidays/feed", host: "www.pouted.com"
2025/10/16 15:00:44 [error] 1785366#0: *5051 connect() failed (111: Connection refused) while connecting to upstream, client: 44.209.35.147, server: ayaclass.com, request: "GET /public/?dir=/opt/cpanel/ea-openssl11/share/doc/openssl/html/man3&edit=/opt/cpanel/ea-openssl11/share/doc/openssl/html/man3/OCSP_id_issuer_cmp.html HTTP/1.1", upstream: "http://192.145.236.239:8080/public/?dir=/opt/cpanel/ea-openssl11/share/doc/openssl/html/man3&edit=/opt/cpanel/ea-openssl11/share/doc/openssl/html/man3/OCSP_id_issuer_cmp.html", host: "www.ayaclass.com"
2025/10/16 15:00:45 [error] 1785366#0: *5053 connect() failed (111: Connection refused) while connecting to upstream, client: 20.171.207.6, server: ayaclass.com, request: "GET /?dir=%2Fproc&dl=%2Fproc%2F1755875 HTTP/2.0", upstream: "https://192.145.236.239:8443/?dir=%2Fproc&dl=%2Fproc%2F1755875", host: "mail.ayaclass.com"
2025/10/16 15:00:45 [error] 1785366#0: *5055 connect() failed (111: Connection refused) while connecting to upstream, client: 40.77.167.48, server: ayaclass.com, request: "GET /products/14921098/ HTTP/1.1", upstream: "http://192.145.236.239:8080/products/14921098/", host: "www.ayaclass.com"
2025/10/16 15:00:46 [error] 1785366#0: *4994 connect() failed (111: Connection refused) while connecting to upstream, client: 2a03:2880:f800:28::, server: ayaclass.com, request: "GET /products/8367709/ HTTP/1.1", upstream: "http://192.145.236.239:8080/products/8367709/", host: "www.ayaclass.com"
2025/10/16 15:00:46 [error] 1785366#0: *5000 connect() failed (111: Connection refused) while connecting to upstream, client: 3.235.191.53, server: intensed.com, request: "GET /_profiler/empty/search/results?limit=10 HTTP/2.0", upstream: "https://192.249.127.250:8443/_profiler/empty/search/results?limit=10", host: "www.intensed.com"
2025/10/16 15:00:48 [error] 1785366#0: *5055 connect() failed (111: Connection refused) while connecting to upstream, client: 3.220.70.171, server: ayaclass.com, request: "GET /public/?dir=/opt/cpanel/ea-openssl11/share/doc/openssl/html/man3&edit=/opt/cpanel/ea-openssl11/share/doc/openssl/html/man3/DES_set_key_unchecked.html HTTP/1.1", upstream: "http://192.145.236.239:8080/public/?dir=/opt/cpanel/ea-openssl11/share/doc/openssl/html/man3&edit=/opt/cpanel/ea-openssl11/share/doc/openssl/html/man3/DES_set_key_unchecked.html", host: "www.ayaclass.com"
2025/10/16 15:00:52 [error] 1785366#0: *5062 connect() failed (111: Connection refused) while connecting to upstream, client: 3.219.81.66, server: ayaclass.com, request: "GET /?dir=/opt/imh-python/lib/python3.9/site-packages/openstack/tests/functional/load_balancer/v2/__pycache__/.. HTTP/1.1", upstream: "http://192.145.236.239:8080/?dir=/opt/imh-python/lib/python3.9/site-packages/openstack/tests/functional/load_balancer/v2/__pycache__/..", host: "www.ayaclass.com"
2025/10/16 15:00:53 [error] 1785366#0: *5066 connect() failed (111: Connection refused) while connecting to upstream, client: 20.171.207.30, server: pouted.com, request: "GET /wp-content/plugins/link-whisper-premium/vendor/phpoffice/phpspreadsheet/src/PhpSpreadsheet/Writer/?C=S;O=A HTTP/2.0", upstream: "https://192.145.236.239:8443/wp-content/plugins/link-whisper-premium/vendor/phpoffice/phpspreadsheet/src/PhpSpreadsheet/Writer/?C=S;O=A", host: "www.pouted.com"
2025/10/16 15:00:55 [error] 1785366#0: *5070 open() "/home/pouted/public_html/wp-content/uploads/2014/01/The-Chanel-Diamond-Forever-Classic-Handbag-261k.jpg" failed (2: No such file or directory), client: 128.118.7.56, server: pouted.com, request: "GET /wp-content/uploads/2014/01/The-Chanel-Diamond-Forever-Classic-Handbag-261k.jpg HTTP/2.0", host: "www.pouted.com"
2025/10/16 15:00:56 [error] 1785366#0: *5071 connect() failed (111: Connection refused) while connecting to upstream, client: 50.17.193.48, server: ayaclass.com, request: "GET /public/?dir=/opt/imh-python/lib/python3.9/site-packages/influxdb/tests/server_tests/__pycache__&edit=/opt/imh-python/lib/python3.9/site-packages/influxdb/tests/server_tests/__pycache__/client_test_with_server.cpython-39.pyc HTTP/1.1", upstream: "http://192.145.236.239:8080/public/?dir=/opt/imh-python/lib/python3.9/site-packages/influxdb/tests/server_tests/__pycache__&edit=/opt/imh-python/lib/python3.9/site-packages/influxdb/tests/server_tests/__pycache__/client_test_with_server.cpython-39.pyc", host: "www.ayaclass.com"
2025/10/16 15:00:58 [error] 1785366#0: *5074 connect() failed (111: Connection refused) while connecting to upstream, client: 8.218.220.87, server: pouted.com, request: "GET /tag/cities/feed/ HTTP/2.0", upstream: "https://192.145.236.239:8443/tag/cities/feed/", host: "www.pouted.com"
2025/10/16 15:01:00 [error] 1785366#0: *5077 connect() failed (111: Connection refused) while connecting to upstream, client: 34.224.9.144, server: ayaclass.com, request: "GET /public/?dir=/proc/1617744 HTTP/1.1", upstream: "http://192.145.236.239:8080/public/?dir=/proc/1617744", host: "www.ayaclass.com"
2025/10/16 15:01:00 [error] 1785366#0: *5080 connect() failed (111: Connection refused) while connecting to upstream, client: 20.171.207.135, server: ayaclass.com, request: "GET /?dir=%2Fproc&dl=%2Fproc%2F1780240 HTTP/1.1", upstream: "http://192.145.236.239:8080/?dir=%2Fproc&dl=%2Fproc%2F1780240", host: "www.ayaclass.com"
2025/10/16 15:01:02 [error] 1785366#0: *5082 connect() failed (111: Connection refused) while connecting to upstream, client: 66.249.75.131, server: mrmyst.com, request: "GET /sunipc/piring/5524285281010.html HTTP/2.0", upstream: "https://192.145.236.239:8443/sunipc/piring/5524285281010.html", host: "mrmyst.com"
2025/10/16 15:01:03 [error] 1785366#0: *5084 connect() failed (111: Connection refused) while connecting to upstream, client: 2a03:2880:32ff:70::, server: pouted.com, request: "GET /mr-bean-victim-death-rumor-claiming-suicide-rowan-atkinson-died/ HTTP/2.0", upstream: "https://192.145.236.239:8443/mr-bean-victim-death-rumor-claiming-suicide-rowan-atkinson-died/", host: "www.pouted.com"
2025/10/16 15:01:03 [error] 1785366#0: *5086 connect() failed (111: Connection refused) while connecting to upstream, client: 85.100.45.142, server: pouted.com, request: "GET /wp-content/plugins/litespeed-cache/readme.txt HTTP/2.0", upstream: "https://192.145.236.239:8443/wp-content/plugins/litespeed-cache/readme.txt", host: "pouted.com"
2025/10/16 15:01:04 [error] 1785366#0: *4994 connect() failed (111: Connection refused) while connecting to upstream, client: 54.87.62.248, server: ayaclass.com, request: "GET /public/?dir=/opt/imh-python/lib/python3.9/site-packages/Crypto/SelfTest/Hash/__pycache__&edit=/opt/imh-python/lib/python3.9/site-packages/Crypto/SelfTest/Hash/__pycache__/test_SHA224.cpython-39.pyc HTTP/1.1", upstream: "http://192.145.236.239:8080/public/?dir=/opt/imh-python/lib/python3.9/site-packages/Crypto/SelfTest/Hash/__pycache__&edit=/opt/imh-python/lib/python3.9/site-packages/Crypto/SelfTest/Hash/__pycache__/test_SHA224.cpython-39.pyc", host: "www.ayaclass.com"
2025/10/16 15:01:08 [error] 1785366#0: *5048 connect() failed (111: Connection refused) while connecting to upstream, client: 54.83.23.103, server: ayaclass.com, request: "GET /public/?dir=/opt/imh-python/lib/python3.9/site-packages/amqp/__pycache__&edit=/opt/imh-python/lib/python3.9/site-packages/amqp/__pycache__/channel.cpython-39.pyc HTTP/1.1", upstream: "http://192.145.236.239:8080/public/?dir=/opt/imh-python/lib/python3.9/site-packages/amqp/__pycache__&edit=/opt/imh-python/lib/python3.9/site-packages/amqp/__pycache__/channel.cpython-39.pyc", host: "www.ayaclass.com"
2025/10/16 15:01:12 [error] 1785366#0: *5095 connect() failed (111: Connection refused) while connecting to upstream, client: 52.204.253.129, server: ayaclass.com, request: "GET /public/?dir=/home/ayaclass/public_html/vendor/google/apiclient-services/src/Compute&edit=/home/ayaclass/public_html/vendor/google/apiclient-services/src/Compute/SubnetworksSetPrivateIpGoogleAccessRequest.php HTTP/1.1", upstream: "http://192.145.236.239:8080/public/?dir=/home/ayaclass/public_html/vendor/google/apiclient-services/src/Compute&edit=/home/ayaclass/public_html/vendor/google/apiclient-services/src/Compute/SubnetworksSetPrivateIpGoogleAccessRequest.php", host: "www.ayaclass.com"
2025/10/16 15:01:13 [error] 1785366#0: *5097 connect() failed (111: Connection refused) while connecting to upstream, client: 2a03:2880:32ff:9::, server: pouted.com, request: "GET /2025-fashion-trends-that-worth-buying/ HTTP/2.0", upstream: "https://192.145.236.239:8443/2025-fashion-trends-that-worth-buying/", host: "www.pouted.com"
2025/10/16 15:01:16 [error] 1785366#0: *5099 connect() failed (111: Connection refused) while connecting to upstream, client: 44.207.252.58, server: ayaclass.com, request: "GET /?dir=/home/ayaclass/public_html/vendor/laravel/framework/src/Illuminate/Testing&edit=/home/ayaclass/public_html/vendor/laravel/framework/src/Illuminate/Testing/ParallelRunner.php HTTP/1.1", upstream: "http://192.145.236.239:8080/?dir=/home/ayaclass/public_html/vendor/laravel/framework/src/Illuminate/Testing&edit=/home/ayaclass/public_html/vendor/laravel/framework/src/Illuminate/Testing/ParallelRunner.php", host: "www.ayaclass.com"
2025/10/16 15:01:17 [error] 1785366#0: *5062 connect() failed (111: Connection refused) while connecting to upstream, client: 85.208.96.211, server: ayaclass.com, request: "GET /?a=110570515 HTTP/1.1", upstream: "http://192.145.236.239:8080/?a=110570515", host: "www.ayaclass.com"
2025/10/16 15:01:18 [error] 1785366#0: *5102 connect() failed (111: Connection refused) while connecting to upstream, client: 8.217.183.158, server: pouted.com, request: "GET /magazine/travel-holidays/page/2/ HTTP/2.0", upstream: "https://192.145.236.239:8443/magazine/travel-holidays/page/2/", host: "www.pouted.com"
2025/10/16 15:01:19 [error] 1785366#0: *5107 connect() failed (111: Connection refused) while connecting to upstream, client: 40.77.167.136, server: pouted.com, request: "GET /tag/mens-streetwear-trends/ HTTP/2.0", upstream: "https://192.145.236.239:8443/tag/mens-streetwear-trends/", host: "www.pouted.com"
2025/10/16 15:01:19 [error] 1785366#0: *5066 connect() failed (111: Connection refused) while connecting to upstream, client: 122.97.68.71, server: pouted.com, request: "GET /outdoor-activities-miami-offer/ HTTP/2.0", upstream: "https://192.145.236.239:8443/outdoor-activities-miami-offer/", host: "www.pouted.com"
2025/10/16 15:01:20 [error] 1785366#0: *5111 connect() failed (111: Connection refused) while connecting to upstream, client: 98.83.178.66, server: ayaclass.com, request: "GET /public/?dir=/home/ayaclass/public_html/resources/views/admin/users&edit=/home/ayaclass/public_html/resources/views/admin/users/groups HTTP/1.1", upstream: "http://192.145.236.239:8080/public/?dir=/home/ayaclass/public_html/resources/views/admin/users&edit=/home/ayaclass/public_html/resources/views/admin/users/groups", host: "www.ayaclass.com"
2025/10/16 15:01:20 [error] 1785366#0: *5110 connect() failed (111: Connection refused) while connecting to upstream, client: 52.230.164.184, server: pouted.com, request: "GET /stunning-powder-room-decorating-ideas/ HTTP/2.0", upstream: "https://192.145.236.239:8443/stunning-powder-room-decorating-ideas/", host: "www.pouted.com"
2025/10/16 15:01:20 [error] 1785366#0: *5114 connect() failed (111: Connection refused) while connecting to upstream, client: 52.230.164.184, server: pouted.com, request: "GET /stunning-powder-room-decorating-ideas/ HTTP/2.0", upstream: "https://192.145.236.239:8443/stunning-powder-room-decorating-ideas/", host: "www.pouted.com"
2025/10/16 15:01:20 [error] 1785366#0: *5116 connect() failed (111: Connection refused) while connecting to upstream, client: 52.230.164.184, server: pouted.com, request: "GET /stunning-powder-room-decorating-ideas/ HTTP/2.0", upstream: "https://192.145.236.239:8443/stunning-powder-room-decorating-ideas/", host: "www.pouted.com"
2025/10/16 15:01:21 [error] 1785366#0: *5118 connect() failed (111: Connection refused) while connecting to upstream, client: 52.230.164.189, server: pouted.com, request: "GET /stunning-powder-room-decorating-ideas/ HTTP/2.0", upstream: "https://192.145.236.239:8443/stunning-powder-room-decorating-ideas/", host: "www.pouted.com"
2025/10/16 15:01:22 [error] 1785366#0: *5120 open() "/home/pouted/public_html/wp-content/uploads/2013/06/2014-jeep-grand-cherokee-ecodiesel-summit-interior.jpg" failed (2: No such file or directory), client: 106.38.226.129, server: pouted.com, request: "GET /wp-content/uploads/2013/06/2014-jeep-grand-cherokee-ecodiesel-summit-interior.jpg?x44527 HTTP/2.0", host: "www.pouted.com"
2025/10/16 15:01:22 [error] 1785366#0: *5121 connect() failed (111: Connection refused) while connecting to upstream, client: 127.0.0.1, server: 127.0.0.1, request: "GET /whm-server-status HTTP/1.0", upstream: "http://127.0.0.1:8080/whm-server-status", host: "localhost"
2025/10/16 15:01:23 [error] 1785366#0: *5124 connect() failed (111: Connection refused) while connecting to upstream, client: 2a03:2880:f800:34::, server: intensed.com, request: "GET /instagram-reels-marketing/ HTTP/2.0", upstream: "https://192.249.127.250:8443/instagram-reels-marketing/", host: "www.intensed.com"
2025/10/16 15:01:24 [error] 1785366#0: *5126 connect() failed (111: Connection refused) while connecting to upstream, client: 18.208.11.93, server: ayaclass.com, request: "GET /public/?dir=/home/ayaclass/public_html/vendor/aws/aws-sdk-php/src/data/databrew/2017-07-25&edit=/home/ayaclass/public_html/vendor/aws/aws-sdk-php/src/data/databrew/2017-07-25/.. HTTP/1.1", upstream: "http://192.145.236.239:8080/public/?dir=/home/ayaclass/public_html/vendor/aws/aws-sdk-php/src/data/databrew/2017-07-25&edit=/home/ayaclass/public_html/vendor/aws/aws-sdk-php/src/data/databrew/2017-07-25/..", host: "www.ayaclass.com"
2025/10/16 15:01:24 [error] 1785366#0: *5128 open() "/home/pouted/public_html/wp-content/uploads/2017/06/NOS-used-aftermarket-parts.jpg" failed (2: No such file or directory), client: 3.139.225.206, server: pouted.com, request: "GET /wp-content/uploads/2017/06/NOS-used-aftermarket-parts.jpg?x71148 HTTP/2.0", host: "www.pouted.com"
2025/10/16 15:01:27 [error] 1785366#0: *5131 connect() failed (111: Connection refused) while connecting to upstream, client: 34.85.181.89, server: pouted.com, request: "GET /ads.txt HTTP/2.0", upstream: "https://192.145.236.239:8443/ads.txt", host: "www.pouted.com"
2025/10/16 15:01:28 [error] 1785366#0: *4994 connect() failed (111: Connection refused) while connecting to upstream, client: 18.213.240.226, server: ayaclass.com, request: "GET /?dir=/usr/share/doc&dl=/usr/share/doc/libidn HTTP/1.1", upstream: "http://192.145.236.239:8080/?dir=/usr/share/doc&dl=/usr/share/doc/libidn", host: "www.ayaclass.com"
2025/10/16 15:01:29 [error] 1785366#0: *5136 connect() failed (111: Connection refused) while connecting to upstream, client: 2a03:2880:31ff:71::, server: pouted.com, request: "GET /famous-makeup-artists-worldwide/ HTTP/2.0", upstream: "https://192.145.236.239:8443/famous-makeup-artists-worldwide/", host: "www.pouted.com"
2025/10/16 15:01:30 [error] 1785366#0: *5139 connect() failed (111: Connection refused) while connecting to upstream, client: 188.211.25.214, server: pouted.com, request: "GET /top-5-hottest-summer-jewelry-trends/amp/ HTTP/2.0", upstream: "https://192.145.236.239:8443/top-5-hottest-summer-jewelry-trends/amp/", host: "www.pouted.com"
2025/10/16 15:01:31 [error] 1785366#0: *5141 connect() failed (111: Connection refused) while connecting to upstream, client: 8.217.213.68, server: pouted.com, request: "GET /wp-json/wp/v2/tags/8141 HTTP/2.0", upstream: "https://192.145.236.239:8443/wp-json/wp/v2/tags/8141", host: "www.pouted.com"
2025/10/16 15:01:32 [error] 1785366#0: *5143 connect() failed (111: Connection refused) while connecting to upstream, client: 52.5.242.243, server: ayaclass.com, request: "GET /?dir=/home/ayaclass/.trash/AAA/vendor/google/apiclient-services/src/AnalyticsReporting&dl=/home/ayaclass/.trash/AAA/vendor/google/apiclient-services/src/AnalyticsReporting/GetReportsResponse.php HTTP/1.1", upstream: "http://192.145.236.239:8080/?dir=/home/ayaclass/.trash/AAA/vendor/google/apiclient-services/src/AnalyticsReporting&dl=/home/ayaclass/.trash/AAA/vendor/google/apiclient-services/src/AnalyticsReporting/GetReportsResponse.php", host: "www.ayaclass.com"
2025/10/16 15:01:32 [error] 1785366#0: *5145 connect() failed (111: Connection refused) while connecting to upstream, client: 8.217.188.201, server: pouted.com, request: "GET /wp-json/wp/v2/tags/5715 HTTP/2.0", upstream: "https://192.145.236.239:8443/wp-json/wp/v2/tags/5715", host: "www.pouted.com"
2025/10/16 15:01:34 [error] 1785366#0: *5148 connect() failed (111: Connection refused) while connecting to upstream, client: 34.85.181.89, server: pouted.com, request: "GET /ads.txt HTTP/2.0", upstream: "https://192.145.236.239:8443/ads.txt", host: "pouted.com"
2025/10/16 15:01:34 [error] 1785366#0: *5150 connect() failed (111: Connection refused) while connecting to upstream, client: 185.191.171.6, server: pouted.com, request: "GET /newest-summer-2025-eye-makeup-trends/ HTTP/2.0", upstream: "https://192.145.236.239:8443/newest-summer-2025-eye-makeup-trends/", host: "www.pouted.com"
2025/10/16 15:01:34 [error] 1785366#0: *5145 connect() failed (111: Connection refused) while connecting to upstream, client: 8.217.211.163, server: pouted.com, request: "GET /tag/flowers-as-gifts/feed/ HTTP/2.0", upstream: "https://192.145.236.239:8443/tag/flowers-as-gifts/feed/", host: "www.pouted.com"
2025/10/16 15:01:35 [error] 1785366#0: *5153 connect() failed (111: Connection refused) while connecting to upstream, client: 8.217.210.220, server: pouted.com, request: "GET /tag/weightlifting-at-home/ HTTP/2.0", upstream: "https://192.145.236.239:8443/tag/weightlifting-at-home/", host: "www.pouted.com"
2025/10/16 15:01:36 [error] 1785366#0: *5156 connect() failed (111: Connection refused) while connecting to upstream, client: 44.207.252.58, server: ayaclass.com, request: "GET /public/?dir=/home/ayaclass/public_html/vendor/symfony/http-foundation/Test/Constraint&edit=/home/ayaclass/public_html/vendor/symfony/http-foundation/Test/Constraint/ResponseCookieValueSame.php HTTP/1.1", upstream: "http://192.145.236.239:8080/public/?dir=/home/ayaclass/public_html/vendor/symfony/http-foundation/Test/Constraint&edit=/home/ayaclass/public_html/vendor/symfony/http-foundation/Test/Constraint/ResponseCookieValueSame.php", host: "www.ayaclass.com"
2025/10/16 15:01:39 [error] 1785366#0: *5159 connect() failed (111: Connection refused) while connecting to upstream, client: 2a03:2880:f800:39::, server: pouted.com, request: "GET /top-trendy-hair-accessories-2025/ HTTP/2.0", upstream: "https://192.145.236.239:8443/top-trendy-hair-accessories-2025/", host: "www.pouted.com"
2025/10/16 15:01:40 [error] 1785366#0: *5095 connect() failed (111: Connection refused) while connecting to upstream, client: 52.207.47.227, server: ayaclass.com, request: "GET /?dir=/proc/1094126/net&dl=/proc/1094126/net/ipv6_route HTTP/1.1", upstream: "http://192.145.236.239:8080/?dir=/proc/1094126/net&dl=/proc/1094126/net/ipv6_route", host: "www.ayaclass.com"
2025/10/16 15:01:40 [error] 1785366#0: *5163 connect() failed (111: Connection refused) while connecting to upstream, client: 119.13.88.134, server: pouted.com, request: "GET /marvelous-ideas-kids-rooms-ceiling-designs/amp HTTP/2.0", upstream: "https://192.145.236.239:8443/marvelous-ideas-kids-rooms-ceiling-designs/amp", host: "pouted.com", referrer: "https://pouted.com/marvelous-ideas-kids-rooms-ceiling-designs/amp"
2025/10/16 15:01:43 [error] 1785366#0: *5150 connect() failed (111: Connection refused) while connecting to upstream, client: 40.77.167.14, server: pouted.com, request: "GET /34915-running-shoes-for-plantar-fasciitis-for-men/ HTTP/2.0", upstream: "https://192.145.236.239:8443/34915-running-shoes-for-plantar-fasciitis-for-men/", host: "www.pouted.com"
2025/10/16 15:01:44 [error] 1785366#0: *5170 connect() failed (111: Connection refused) while connecting to upstream, client: 54.156.55.147, server: ayaclass.com, request: "GET /public/?dir=/home/ayaclass/public_html/vendor/aws/aws-sdk-php/src/ServiceCatalog&edit=/home/ayaclass/public_html/vendor/aws/aws-sdk-php/src/ServiceCatalog/Exception HTTP/1.1", upstream: "http://192.145.236.239:8080/public/?dir=/home/ayaclass/public_html/vendor/aws/aws-sdk-php/src/ServiceCatalog&edit=/home/ayaclass/public_html/vendor/aws/aws-sdk-php/src/ServiceCatalog/Exception", host: "www.ayaclass.com"
2025/10/16 15:01:44 [error] 1785366#0: *5173 connect() failed (111: Connection refused) while connecting to upstream, client: 66.249.64.169, server: pouted.com, request: "GET /10-kitchen-modern-appliances-you-must-have/ HTTP/2.0", upstream: "https://192.145.236.239:8443/10-kitchen-modern-appliances-you-must-have/", host: "www.pouted.com"
2025/10/16 15:01:45 [error] 1785366#0: *5175 connect() failed (111: Connection refused) while connecting to upstream, client: 217.114.14.248, server: pouted.com, request: "GET /camps-for-kids/ HTTP/2.0", upstream: "https://192.145.236.239:8443/camps-for-kids/", host: "www.pouted.com", referrer: "https://www.pouted.com/"
2025/10/16 15:01:45 [error] 1785366#0: *5177 connect() failed (111: Connection refused) while connecting to upstream, client: 20.171.207.6, server: ayaclass.com, request: "GET /?dir=%2Fproc&dl=%2Fproc%2F1782236 HTTP/2.0", upstream: "https://192.145.236.239:8443/?dir=%2Fproc&dl=%2Fproc%2F1782236", host: "mail.ayaclass.com"
2025/10/16 15:01:47 [error] 1785366#0: *5180 connect() failed (111: Connection refused) while connecting to upstream, client: 220.181.108.111, server: pouted.com, request: "GET /contact-us/ HTTP/2.0", upstream: "https://192.145.236.239:8443/contact-us/", host: "www.pouted.com"
2025/10/16 15:01:48 [error] 1785366#0: *5184 connect() failed (111: Connection refused) while connecting to upstream, client: 44.195.145.102, server: ayaclass.com, request: "GET /?dir=/usr/share/doc/python3-docs/html/whatsnew&dl=/usr/share/doc/python3-docs/html/whatsnew/3.0.html HTTP/1.1", upstream: "http://192.145.236.239:8080/?dir=/usr/share/doc/python3-docs/html/whatsnew&dl=/usr/share/doc/python3-docs/html/whatsnew/3.0.html", host: "www.ayaclass.com"
2025/10/16 15:01:52 [error] 1785366#0: *5143 connect() failed (111: Connection refused) while connecting to upstream, client: 18.205.213.231, server: ayaclass.com, request: "GET /?dir=/home/ayaclass/.trash/AAA/vendor/monolog/monolog/src/Monolog/Handler&dl=/home/ayaclass/.trash/AAA/vendor/monolog/monolog/src/Monolog/Handler/SqsHandler.php HTTP/1.1", upstream: "http://192.145.236.239:8080/?dir=/home/ayaclass/.trash/AAA/vendor/monolog/monolog/src/Monolog/Handler&dl=/home/ayaclass/.trash/AAA/vendor/monolog/monolog/src/Monolog/Handler/SqsHandler.php", host: "www.ayaclass.com"
2025/10/16 15:01:52 [error] 1785366#0: *5180 connect() failed (111: Connection refused) while connecting to upstream, client: 220.181.51.113, server: pouted.com, request: "GET /contact-us/ HTTP/2.0", upstream: "https://192.145.236.239:8443/contact-us/", host: "www.pouted.com"
2025/10/16 15:01:53 [error] 1785366#0: *5193 connect() failed (111: Connection refused) while connecting to upstream, client: 157.55.39.53, server: ayaclass.com, request: "GET /products/23448121/ HTTP/1.1", upstream: "http://192.145.236.239:8080/products/23448121/", host: "www.ayaclass.com"
2025/10/16 15:01:54 [error] 1785366#0: *5195 connect() failed (111: Connection refused) while connecting to upstream, client: 20.171.207.30, server: pouted.com, request: "GET /wp-content/plugins/link-whisper-premium/vendor/phpoffice/phpspreadsheet/src/PhpSpreadsheet/Helper/?C=S;O=A HTTP/2.0", upstream: "https://192.145.236.239:8443/wp-content/plugins/link-whisper-premium/vendor/phpoffice/phpspreadsheet/src/PhpSpreadsheet/Helper/?C=S;O=A", host: "www.pouted.com"
2025/10/16 15:01:56 [error] 1785366#0: *5197 connect() failed (111: Connection refused) while connecting to upstream, client: 45.154.98.29, server: mrmyst.com, request: "HEAD / HTTP/2.0", upstream: "https://192.145.236.239:8443/", host: "mrmyst.com"
2025/10/16 15:01:56 [error] 1785366#0: *4994 connect() failed (111: Connection refused) while connecting to upstream, client: 3.214.176.44, server: ayaclass.com, request: "GET /?dir=/home/ayaclass/public_html/vendor/twilio/sdk/src/Twilio/Rest/Voice/V1&edit=/home/ayaclass/public_html/vendor/twilio/sdk/src/Twilio/Rest/Voice/V1/ArchivedCallList.php HTTP/1.1", upstream: "http://192.145.236.239:8080/?dir=/home/ayaclass/public_html/vendor/twilio/sdk/src/Twilio/Rest/Voice/V1&edit=/home/ayaclass/public_html/vendor/twilio/sdk/src/Twilio/Rest/Voice/V1/ArchivedCallList.php", host: "www.ayaclass.com"
2025/10/16 15:01:57 [error] 1785366#0: *5200 connect() failed (111: Connection refused) while connecting to upstream, client: 45.154.98.29, server: mrmyst.com, request: "HEAD / HTTP/2.0", upstream: "https://192.145.236.239:8443/", host: "mrmyst.com"
2025/10/16 15:01:57 [error] 1785366#0: *5202 connect() failed (111: Connection refused) while connecting to upstream, client: 20.194.1.6, server: pouted.com, request: "GET /10-fashion-tips-for-plus-size-men-to-wear-in-office/ HTTP/2.0", upstream: "https://192.145.236.239:8443/10-fashion-tips-for-plus-size-men-to-wear-in-office/", host: "www.pouted.com"
2025/10/16 15:01:57 [error] 1785366#0: *5202 connect() failed (111: Connection refused) while connecting to upstream, client: 20.194.1.11, server: pouted.com, request: "GET /10-fashion-tips-for-plus-size-men-to-wear-in-office/ HTTP/2.0", upstream: "https://192.145.236.239:8443/10-fashion-tips-for-plus-size-men-to-wear-in-office/", host: "www.pouted.com"
2025/10/16 15:01:58 [error] 1785366#0: *5202 connect() failed (111: Connection refused) while connecting to upstream, client: 20.194.1.7, server: pouted.com, request: "GET /10-fashion-tips-for-plus-size-men-to-wear-in-office/ HTTP/2.0", upstream: "https://192.145.236.239:8443/10-fashion-tips-for-plus-size-men-to-wear-in-office/", host: "www.pouted.com"
2025/10/16 15:01:58 [error] 1785366#0: *5202 connect() failed (111: Connection refused) while connecting to upstream, client: 20.194.1.2, server: pouted.com, request: "GET /10-fashion-tips-for-plus-size-men-to-wear-in-office/ HTTP/2.0", upstream: "https://192.145.236.239:8443/10-fashion-tips-for-plus-size-men-to-wear-in-office/", host: "www.pouted.com"
2025/10/16 15:01:59 [error] 1785366#0: *5208 connect() failed (111: Connection refused) while connecting to upstream, client: 47.128.110.255, server: pouted.com, request: "GET /hostingfiles/visit/thinkhost HTTP/2.0", upstream: "https://192.145.236.239:8443/hostingfiles/visit/thinkhost", host: "www.pouted.com"
2025/10/16 15:02:00 [error] 1785366#0: *5156 connect() failed (111: Connection refused) while connecting to upstream, client: 54.84.250.51, server: ayaclass.com, request: "GET /public/?dir=/opt/imh-python/lib/python3.9/site-packages/tzdata/zoneinfo/America&dl=/opt/imh-python/lib/python3.9/site-packages/tzdata/zoneinfo/America/Thule HTTP/1.1", upstream: "http://192.145.236.239:8080/public/?dir=/opt/imh-python/lib/python3.9/site-packages/tzdata/zoneinfo/America&dl=/opt/imh-python/lib/python3.9/site-packages/tzdata/zoneinfo/America/Thule", host: "www.ayaclass.com"
2025/10/16 15:02:00 [error] 1785366#0: *5212 open() "/home/pouted/public_html/wp-content/uploads/2013/11/University-of-Rochester.jpg" failed (2: No such file or directory), client: 3.139.225.206, server: pouted.com, request: "GET /wp-content/uploads/2013/11/University-of-Rochester.jpg?x33143 HTTP/2.0", host: "www.pouted.com"
2025/10/16 15:02:01 [error] 1785366#0: *5213 open() "/home/pouted/public_html/wp-content/uploads/2017/08/Tampa-Financial-Planning_1-675x352.jpg" failed (2: No such file or directory), client: 128.118.7.56, server: pouted.com, request: "GET /wp-content/uploads/2017/08/Tampa-Financial-Planning_1-675x352.jpg?x45357 HTTP/2.0", host: "www.pouted.com"
2025/10/16 15:02:02 [error] 1785366#0: *5214 connect() failed (111: Connection refused) while connecting to upstream, client: 23.92.16.227, server: pouted.com, request: "GET /top-3-highest-mountains-world/ HTTP/2.0", upstream: "https://192.145.236.239:8443/top-3-highest-mountains-world/", host: "www.pouted.com"
2025/10/16 15:02:02 [error] 1785366#0: *5218 connect() failed (111: Connection refused) while connecting to upstream, client: 20.171.207.135, server: ayaclass.com, request: "GET /?dir=%2Fproc&dl=%2Fproc%2F1776318 HTTP/1.1", upstream: "http://192.145.236.239:8080/?dir=%2Fproc&dl=%2Fproc%2F1776318", host: "www.ayaclass.com"
2025/10/16 15:02:03 [error] 1785366#0: *5220 open() "/home/pouted/public_html/wp-content/uploads/2013/01/Nike-SportWatch-GPS-with-Sensor-powered-by-TomTom.jpg" failed (2: No such file or directory), client: 89.149.52.110, server: pouted.com, request: "GET /wp-content/uploads/2013/01/Nike-SportWatch-GPS-with-Sensor-powered-by-TomTom.jpg?x44527 HTTP/2.0", host: "www.pouted.com"
2025/10/16 15:02:04 [error] 1785366#0: *5156 connect() failed (111: Connection refused) while connecting to upstream, client: 18.211.148.239, server: ayaclass.com, request: "GET /?dir=/home/ayaclass/public_html/vendor/google/apiclient-services/src/AlertCenter&edit=/home/ayaclass/public_html/vendor/google/apiclient-services/src/AlertCenter/AppMakerSqlSetupNotification.php HTTP/1.1", upstream: "http://192.145.236.239:8080/?dir=/home/ayaclass/public_html/vendor/google/apiclient-services/src/AlertCenter&edit=/home/ayaclass/public_html/vendor/google/apiclient-services/src/AlertCenter/AppMakerSqlSetupNotification.php", host: "www.ayaclass.com"
2025/10/16 15:02:07 [error] 1785366#0: *5224 connect() failed (111: Connection refused) while connecting to upstream, client: 20.194.157.187, server: pouted.com, request: "GET /popular-gel-nail-colors/ HTTP/2.0", upstream: "https://192.145.236.239:8443/popular-gel-nail-colors/", host: "www.pouted.com"
2025/10/16 15:02:08 [error] 1785366#0: *5224 connect() failed (111: Connection refused) while connecting to upstream, client: 20.194.157.179, server: pouted.com, request: "GET /popular-gel-nail-colors/ HTTP/2.0", upstream: "https://192.145.236.239:8443/popular-gel-nail-colors/", host: "www.pouted.com"
2025/10/16 15:02:08 [error] 1785366#0: *5227 connect() failed (111: Connection refused) while connecting to upstream, client: 98.80.130.239, server: ayaclass.com, request: "GET /public/?dir=/opt/imh-python/lib/python3.9/site-packages/pygraph/helpers/classes/__pycache__&edit=/opt/imh-python/lib/python3.9/site-packages/pygraph/helpers/classes/__pycache__/priority_queue.cpython-39.pyc HTTP/1.1", upstream: "http://192.145.236.239:8080/public/?dir=/opt/imh-python/lib/python3.9/site-packages/pygraph/helpers/classes/__pycache__&edit=/opt/imh-python/lib/python3.9/site-packages/pygraph/helpers/classes/__pycache__/priority_queue.cpython-39.pyc", host: "www.ayaclass.com"
2025/10/16 15:02:08 [error] 1785366#0: *5224 connect() failed (111: Connection refused) while connecting to upstream, client: 20.194.157.180, server: pouted.com, request: "GET /popular-gel-nail-colors/ HTTP/2.0", upstream: "https://192.145.236.239:8443/popular-gel-nail-colors/", host: "www.pouted.com"
2025/10/16 15:02:08 [error] 1785366#0: *5224 connect() failed (111: Connection refused) while connecting to upstream, client: 20.194.157.186, server: pouted.com, request: "GET /popular-gel-nail-colors/ HTTP/2.0", upstream: "https://192.145.236.239:8443/popular-gel-nail-colors/", host: "www.pouted.com"
2025/10/16 15:02:08 [error] 1785366#0: *5231 connect() failed (111: Connection refused) while connecting to upstream, client: 40.77.167.43, server: pouted.com, request: "GET /?s=pomeranian+blue HTTP/2.0", upstream: "https://192.145.236.239:8443/?s=pomeranian+blue", host: "www.pouted.com"
2025/10/16 15:02:09 [error] 1785366#0: *5231 connect() failed (111: Connection refused) while connecting to upstream, client: 40.77.167.43, server: pouted.com, request: "GET /food-processors-vital-to-enhancing-cooking-experience/ HTTP/2.0", upstream: "https://192.145.236.239:8443/food-processors-vital-to-enhancing-cooking-experience/", host: "www.pouted.com"
2025/10/16 15:02:09 [error] 1785366#0: *5233 connect() failed (111: Connection refused) while connecting to upstream, client: 146.190.95.224, server: pouted.com, request: "GET /wp-login.php HTTP/2.0", upstream: "https://192.145.236.239:8443/wp-login.php", host: "www.pouted.com"
2025/10/16 15:02:12 [error] 1785366#0: *5227 connect() failed (111: Connection refused) while connecting to upstream, client: 18.213.102.186, server: ayaclass.com, request: "GET /?dir=/usr/lib/gcc/x86_64-redhat-linux/8/32 HTTP/1.1", upstream: "http://192.145.236.239:8080/?dir=/usr/lib/gcc/x86_64-redhat-linux/8/32", host: "www.ayaclass.com"
2025/10/16 15:02:13 [error] 1785366#0: *5239 connect() failed (111: Connection refused) while connecting to upstream, client: 183.197.237.115, server: pouted.com, request: "GET /tag/hung-vanngo/ HTTP/2.0", upstream: "https://192.145.236.239:8443/tag/hung-vanngo/", host: "www.pouted.com"
2025/10/16 15:02:13 [error] 1785366#0: *5238 connect() failed (111: Connection refused) while connecting to upstream, client: 20.204.24.250, server: pouted.com, request: "GET /2025-dessert-trends/ HTTP/2.0", upstream: "https://192.145.236.239:8443/2025-dessert-trends/", host: "www.pouted.com"
2025/10/16 15:02:15 [error] 1785366#0: *5242 connect() failed (111: Connection refused) while connecting to upstream, client: 20.204.24.250, server: pouted.com, request: "GET /2025-dessert-trends/ HTTP/2.0", upstream: "https://192.145.236.239:8443/2025-dessert-trends/", host: "www.pouted.com"
2025/10/16 15:02:15 [error] 1785366#0: *5245 open() "/home/pouted/public_html/wp-content/uploads/jewels/Precious-Green-Gemstone-drop-earrings-on-almond-shape.jpg" failed (2: No such file or directory), client: 103.232.241.147, server: pouted.com, request: "GET /wp-content/uploads/jewels/Precious-Green-Gemstone-drop-earrings-on-almond-shape.jpg HTTP/2.0", host: "www.pouted.com"
2025/10/16 15:02:15 [error] 1785366#0: *5195 connect() failed (111: Connection refused) while connecting to upstream, client: 112.39.5.107, server: pouted.com, request: "GET /tag/hung-vanngo/ HTTP/2.0", upstream: "https://192.145.236.239:8443/tag/hung-vanngo/", host: "www.pouted.com"
2025/10/16 15:02:16 [error] 1785366#0: *5249 connect() failed (111: Connection refused) while connecting to upstream, client: 52.54.249.218, server: ayaclass.com, request: "GET /?dir=/opt/imh-python/lib/python3.9/site-packages/twisted/words/__pycache__&dl=/opt/imh-python/lib/python3.9/site-packages/twisted/words/__pycache__/ewords.cpython-39.pyc HTTP/1.1", upstream: "http://192.145.236.239:8080/?dir=/opt/imh-python/lib/python3.9/site-packages/twisted/words/__pycache__&dl=/opt/imh-python/lib/python3.9/site-packages/twisted/words/__pycache__/ewords.cpython-39.pyc", host: "www.ayaclass.com"
2025/10/16 15:02:16 [error] 1785366#0: *5248 connect() failed (111: Connection refused) while connecting to upstream, client: 20.204.24.252, server: pouted.com, request: "GET /2025-dessert-trends/ HTTP/2.0", upstream: "https://192.145.236.239:8443/2025-dessert-trends/", host: "www.pouted.com"
2025/10/16 15:02:17 [error] 1785366#0: *5252 connect() failed (111: Connection refused) while connecting to upstream, client: 120.242.89.211, server: pouted.com, request: "GET /tag/hung-vanngo/ HTTP/2.0", upstream: "https://192.145.236.239:8443/tag/hung-vanngo/", host: "www.pouted.com"
2025/10/16 15:02:17 [error] 1785366#0: *5255 connect() failed (111: Connection refused) while connecting to upstream, client: 85.208.96.202, server: ayaclass.com, request: "GET /?a=11875915 HTTP/1.1", upstream: "http://192.145.236.239:8080/?a=11875915", host: "www.ayaclass.com"
2025/10/16 15:02:17 [error] 1785366#0: *5254 connect() failed (111: Connection refused) while connecting to upstream, client: 20.204.24.246, server: pouted.com, request: "GET /2025-dessert-trends/ HTTP/2.0", upstream: "https://192.145.236.239:8443/2025-dessert-trends/", host: "www.pouted.com"
2025/10/16 15:02:18 [error] 1785366#0: *5259 connect() failed (111: Connection refused) while connecting to upstream, client: 85.208.98.22, server: pouted.com, request: "GET /stores-to-buy-affordable-real-instagram-likes/ HTTP/2.0", upstream: "https://192.145.236.239:8443/stores-to-buy-affordable-real-instagram-likes/", host: "www.pouted.com"
2025/10/16 15:02:19 [error] 1785366#0: *5261 connect() failed (111: Connection refused) while connecting to upstream, client: 20.204.24.245, server: pouted.com, request: "GET / HTTP/2.0", upstream: "https://192.145.236.239:8443/", host: "pouted.com"
2025/10/16 15:02:19 [error] 1785366#0: *5262 connect() failed (111: Connection refused) while connecting to upstream, client: 8.217.211.106, server: pouted.com, request: "GET /tag/virtual/feed/ HTTP/2.0", upstream: "https://192.145.236.239:8443/tag/virtual/feed/", host: "www.pouted.com"
2025/10/16 15:02:20 [error] 1785366#0: *5238 connect() failed (111: Connection refused) while connecting to upstream, client: 20.204.24.250, server: pouted.com, request: "GET /2025-dessert-trends/ HTTP/2.0", upstream: "https://192.145.236.239:8443/2025-dessert-trends/", host: "www.pouted.com"
2025/10/16 15:02:20 [error] 1785366#0: *5249 connect() failed (111: Connection refused) while connecting to upstream, client: 54.147.182.90, server: ayaclass.com, request: "GET /public/?dir=/opt/imh-python/lib/python3.9/site-packages/zmq&dl=/opt/imh-python/lib/python3.9/site-packages/zmq/error.py HTTP/1.1", upstream: "http://192.145.236.239:8080/public/?dir=/opt/imh-python/lib/python3.9/site-packages/zmq&dl=/opt/imh-python/lib/python3.9/site-packages/zmq/error.py", host: "www.ayaclass.com"
2025/10/16 15:02:20 [error] 1785366#0: *5248 connect() failed (111: Connection refused) while connecting to upstream, client: 20.204.24.247, server: pouted.com, request: "GET /2025-dessert-trends/ HTTP/2.0", upstream: "https://192.145.236.239:8443/2025-dessert-trends/", host: "www.pouted.com"
2025/10/16 15:02:20 [error] 1785366#0: *5248 connect() failed (111: Connection refused) while connecting to upstream, client: 20.204.24.252, server: pouted.com, request: "GET /2025-dessert-trends/ HTTP/2.0", upstream: "https://192.145.236.239:8443/2025-dessert-trends/", host: "www.pouted.com"
2025/10/16 15:02:20 [error] 1785366#0: *5238 connect() failed (111: Connection refused) while connecting to upstream, client: 20.204.24.243, server: pouted.com, request: "GET /2025-dessert-trends/ HTTP/2.0", upstream: "https://192.145.236.239:8443/2025-dessert-trends/", host: "www.pouted.com"
