2025/10/16 14:56:16 [error] 1785366#0: *4402 connect() failed (111: Connection refused) while connecting to upstream, client: 18.205.91.101, server: ayaclass.com, request: "GET /public/?dir=/usr/share/vim/vim80/lang&dl=/usr/share/vim/vim80/lang/menu_de_de.utf-8.vim HTTP/1.1", upstream: "http://192.145.236.239:8080/public/?dir=/usr/share/vim/vim80/lang&dl=/usr/share/vim/vim80/lang/menu_de_de.utf-8.vim", host: "www.ayaclass.com"
2025/10/16 14:56:18 [error] 1785366#0: *4404 connect() failed (111: Connection refused) while connecting to upstream, client: 8.217.214.111, server: pouted.com, request: "GET /ipage-review/amp/ HTTP/2.0", upstream: "https://192.145.236.239:8443/ipage-review/amp/", host: "www.pouted.com"
2025/10/16 14:56:19 [error] 1785366#0: *4404 connect() failed (111: Connection refused) while connecting to upstream, client: 8.217.175.178, server: pouted.com, request: "GET /tag/jewelry-trend/feed/ HTTP/2.0", upstream: "https://192.145.236.239:8443/tag/jewelry-trend/feed/", host: "www.pouted.com"
2025/10/16 14:56:19 [error] 1785366#0: *4398 connect() failed (111: Connection refused) while connecting to upstream, client: 40.77.167.14, server: pouted.com, request: "GET /12-hottest-fall-winter-fragrances-for-women/ HTTP/2.0", upstream: "https://192.145.236.239:8443/12-hottest-fall-winter-fragrances-for-women/", host: "www.pouted.com"
2025/10/16 14:56:19 [error] 1785366#0: *4408 connect() failed (111: Connection refused) while connecting to upstream, client: 40.77.167.32, server: classing.ru, request: "GET /safe_search/config?return_url=%2Fproduct%2Fdetail%2F97980085 HTTP/2.0", upstream: "https://192.249.127.245:8443/safe_search/config?return_url=%2Fproduct%2Fdetail%2F97980085", host: "www.classing.ru"
2025/10/16 14:56:20 [error] 1785366#0: *4391 connect() failed (111: Connection refused) while connecting to upstream, client: 44.195.145.102, server: ayaclass.com, request: "GET /?dir=/usr/share/X11/locale/iso8859-5 HTTP/1.1", upstream: "http://192.145.236.239:8080/?dir=/usr/share/X11/locale/iso8859-5", host: "www.ayaclass.com"
2025/10/16 14:56:24 [error] 1785366#0: *4385 connect() failed (111: Connection refused) while connecting to upstream, client: 40.77.167.136, server: pouted.com, request: "GET /tag/expat-life/ HTTP/2.0", upstream: "https://192.145.236.239:8443/tag/expat-life/", host: "www.pouted.com"
2025/10/16 14:56:24 [error] 1785366#0: *4419 connect() failed (111: Connection refused) while connecting to upstream, client: 107.23.62.75, server: ayaclass.com, request: "GET /?dir=/home/ayaclass/.trash/AAA/vendor/google/apiclient-services/src/DiscoveryEngine/Resource&dl=/home/ayaclass/.trash/AAA/vendor/google/apiclient-services/src/DiscoveryEngine/Resource/ProjectsLocationsCollectionsDataStoresServingConfigs.php HTTP/1.1", upstream: "http://192.145.236.239:8080/?dir=/home/ayaclass/.trash/AAA/vendor/google/apiclient-services/src/DiscoveryEngine/Resource&dl=/home/ayaclass/.trash/AAA/vendor/google/apiclient-services/src/DiscoveryEngine/Resource/ProjectsLocationsCollectionsDataStoresServingConfigs.php", host: "www.ayaclass.com"
2025/10/16 14:56:25 [error] 1785366#0: *4421 connect() failed (111: Connection refused) while connecting to upstream, client: 45.148.10.204, server: pouted.com, request: "GET /.git/config HTTP/2.0", upstream: "https://192.145.236.239:8443/.git/config", host: "mail.pouted.com"
2025/10/16 14:56:27 [error] 1785366#0: *4425 connect() failed (111: Connection refused) while connecting to upstream, client: 66.249.72.70, server: ayaclass.com, request: "GET /products/16495121/ HTTP/1.1", upstream: "http://192.145.236.239:8080/products/16495121/", host: "www.ayaclass.com"
2025/10/16 14:56:28 [error] 1785366#0: *4400 connect() failed (111: Connection refused) while connecting to upstream, client: 52.70.138.176, server: ayaclass.com, request: "GET /public/?dir=/home/ayaclass/public_html/vendor/twilio/sdk/src/Twilio/Rest/Taskrouter/V1/Workspace&dl=/home/ayaclass/public_html/vendor/twilio/sdk/src/Twilio/Rest/Taskrouter/V1/Workspace/WorkflowPage.php HTTP/1.1", upstream: "http://192.145.236.239:8080/public/?dir=/home/ayaclass/public_html/vendor/twilio/sdk/src/Twilio/Rest/Taskrouter/V1/Workspace&dl=/home/ayaclass/public_html/vendor/twilio/sdk/src/Twilio/Rest/Taskrouter/V1/Workspace/WorkflowPage.php", host: "www.ayaclass.com"
2025/10/16 14:56:28 [error] 1785366#0: *4429 connect() failed (111: Connection refused) while connecting to upstream, client: 223.109.211.160, server: pouted.com, request: "GET /tag/kitchen-renovation-on-a-budget/ HTTP/2.0", upstream: "https://192.145.236.239:8443/tag/kitchen-renovation-on-a-budget/", host: "www.pouted.com"
2025/10/16 14:56:29 [error] 1785366#0: *4433 connect() failed (111: Connection refused) while connecting to upstream, client: 40.77.167.57, server: pouted.com, request: "GET /10-most-expensive-flowers/ HTTP/2.0", upstream: "https://192.145.236.239:8443/10-most-expensive-flowers/", host: "www.pouted.com"
2025/10/16 14:56:30 [error] 1785366#0: *4435 connect() failed (111: Connection refused) while connecting to upstream, client: 166.108.194.28, server: pouted.com, request: "GET /best-wedding-blogs-to-follow/amp HTTP/2.0", upstream: "https://192.145.236.239:8443/best-wedding-blogs-to-follow/amp", host: "pouted.com", referrer: "https://pouted.com/best-wedding-blogs-to-follow/amp"
2025/10/16 14:56:30 [error] 1785366#0: *4408 connect() failed (111: Connection refused) while connecting to upstream, client: 40.77.167.32, server: classing.ru, request: "GET /safe_search/config?return_url=%2Fproduct%2Fdetail%2F25337140 HTTP/2.0", upstream: "https://192.249.127.245:8443/safe_search/config?return_url=%2Fproduct%2Fdetail%2F25337140", host: "www.classing.ru"
2025/10/16 14:56:32 [error] 1785366#0: *4383 connect() failed (111: Connection refused) while connecting to upstream, client: 54.84.250.51, server: ayaclass.com, request: "GET /public/?dir=/opt/imh-python/lib/python3.9/site-packages/libcloud/test/compute/fixtures/digitalocean_v2&dl=/opt/imh-python/lib/python3.9/site-packages/libcloud/test/compute/fixtures/digitalocean_v2/error_invalid_image.json HTTP/1.1", upstream: "http://192.145.236.239:8080/public/?dir=/opt/imh-python/lib/python3.9/site-packages/libcloud/test/compute/fixtures/digitalocean_v2&dl=/opt/imh-python/lib/python3.9/site-packages/libcloud/test/compute/fixtures/digitalocean_v2/error_invalid_image.json", host: "www.ayaclass.com"
2025/10/16 14:56:33 [error] 1785366#0: *4442 connect() failed (111: Connection refused) while connecting to upstream, client: 66.249.64.169, server: pouted.com, request: "GET /make-home-look-like-palace/double-2/ HTTP/2.0", upstream: "https://192.145.236.239:8443/make-home-look-like-palace/double-2/", host: "www.pouted.com"
2025/10/16 14:56:34 [error] 1785366#0: *4445 connect() failed (111: Connection refused) while connecting to upstream, client: 20.171.207.6, server: ayaclass.com, request: "GET /?dir=%2Fproc&dl=%2Fproc%2F1782446 HTTP/2.0", upstream: "https://192.145.236.239:8443/?dir=%2Fproc&dl=%2Fproc%2F1782446", host: "mail.ayaclass.com"
2025/10/16 14:56:36 [error] 1785366#0: *4450 connect() failed (111: Connection refused) while connecting to upstream, client: 3.218.103.254, server: ayaclass.com, request: "GET /?dir=/opt/cpanel/ea-openssl11/share/doc/openssl/html/man3&edit=/opt/cpanel/ea-openssl11/share/doc/openssl/html/man3/ENGINE_up_ref.html HTTP/1.1", upstream: "http://192.145.236.239:8080/?dir=/opt/cpanel/ea-openssl11/share/doc/openssl/html/man3&edit=/opt/cpanel/ea-openssl11/share/doc/openssl/html/man3/ENGINE_up_ref.html", host: "www.ayaclass.com"
2025/10/16 14:56:39 [error] 1785366#0: *4453 open() "/home/pouted/public_html/wp-content/uploads/2013/04/1920x1200-amazing-angel-falls-venezuela.jpg" failed (2: No such file or directory), client: 136.114.85.85, server: pouted.com, request: "GET /wp-content/uploads/2013/04/1920x1200-amazing-angel-falls-venezuela.jpg HTTP/2.0", host: "www.pouted.com"
2025/10/16 14:56:39 [error] 1785366#0: *4452 connect() failed (111: Connection refused) while connecting to upstream, client: 172.213.21.147, server: pouted.com, request: "GET /chocolate-sculptors/ HTTP/2.0", upstream: "https://192.145.236.239:8443/chocolate-sculptors/", host: "www.pouted.com"
2025/10/16 14:56:39 [error] 1785366#0: *4452 connect() failed (111: Connection refused) while connecting to upstream, client: 172.213.21.158, server: pouted.com, request: "GET /chocolate-sculptors/ HTTP/2.0", upstream: "https://192.145.236.239:8443/chocolate-sculptors/", host: "www.pouted.com"
2025/10/16 14:56:39 [error] 1785366#0: *4455 connect() failed (111: Connection refused) while connecting to upstream, client: 8.217.211.31, server: pouted.com, request: "GET /magazine/fashion-designs/women-fashion/amp/page/3/ HTTP/2.0", upstream: "https://192.145.236.239:8443/magazine/fashion-designs/women-fashion/amp/page/3/", host: "www.pouted.com"
2025/10/16 14:56:40 [error] 1785366#0: *4458 connect() failed (111: Connection refused) while connecting to upstream, client: 172.213.21.151, server: pouted.com, request: "GET /chocolate-sculptors/ HTTP/2.0", upstream: "https://192.145.236.239:8443/chocolate-sculptors/", host: "www.pouted.com"
2025/10/16 14:56:40 [error] 1785366#0: *4460 connect() failed (111: Connection refused) while connecting to upstream, client: 52.203.237.170, server: ayaclass.com, request: "GET /?dir=/usr/share/doc/vim-common&edit=/usr/share/doc/vim-common/README_ole.txt HTTP/1.1", upstream: "http://192.145.236.239:8080/?dir=/usr/share/doc/vim-common&edit=/usr/share/doc/vim-common/README_ole.txt", host: "www.ayaclass.com"
2025/10/16 14:56:40 [error] 1785366#0: *4452 connect() failed (111: Connection refused) while connecting to upstream, client: 172.213.21.156, server: pouted.com, request: "GET /chocolate-sculptors/ HTTP/2.0", upstream: "https://192.145.236.239:8443/chocolate-sculptors/", host: "www.pouted.com"
2025/10/16 14:56:41 [error] 1785366#0: *4465 connect() failed (111: Connection refused) while connecting to upstream, client: 20.171.207.30, server: pouted.com, request: "GET /wp-content/plugins/link-whisper-premium/vendor/phpoffice/phpspreadsheet/src/PhpSpreadsheet/Shared/?C=M;O=A HTTP/2.0", upstream: "https://192.145.236.239:8443/wp-content/plugins/link-whisper-premium/vendor/phpoffice/phpspreadsheet/src/PhpSpreadsheet/Shared/?C=M;O=A", host: "www.pouted.com"
2025/10/16 14:56:41 [error] 1785366#0: *4464 connect() failed (111: Connection refused) while connecting to upstream, client: 172.213.21.153, server: pouted.com, request: "GET / HTTP/2.0", upstream: "https://192.145.236.239:8443/", host: "pouted.com"
2025/10/16 14:56:41 [error] 1785366#0: *4464 connect() failed (111: Connection refused) while connecting to upstream, client: 172.213.21.150, server: pouted.com, request: "GET / HTTP/2.0", upstream: "https://192.145.236.239:8443/", host: "pouted.com"
2025/10/16 14:56:41 [error] 1785366#0: *4468 connect() failed (111: Connection refused) while connecting to upstream, client: 74.7.36.104, server: pouted.com, request: "GET / HTTP/2.0", upstream: "https://192.145.236.239:8443/", host: "pouted.com"
2025/10/16 14:56:42 [error] 1785366#0: *4471 connect() failed (111: Connection refused) while connecting to upstream, client: 4.151.241.245, server: pouted.com, request: "GET /10-fashion-tips-for-plus-size-men-to-wear-in-office/ HTTP/2.0", upstream: "https://192.145.236.239:8443/10-fashion-tips-for-plus-size-men-to-wear-in-office/", host: "www.pouted.com"
2025/10/16 14:56:42 [error] 1785366#0: *4473 connect() failed (111: Connection refused) while connecting to upstream, client: 74.7.36.108, server: pouted.com, request: "GET / HTTP/2.0", upstream: "https://192.145.236.239:8443/", host: "pouted.com"
2025/10/16 14:56:42 [error] 1785366#0: *4475 connect() failed (111: Connection refused) while connecting to upstream, client: 4.151.241.250, server: pouted.com, request: "GET /10-fashion-tips-for-plus-size-men-to-wear-in-office/ HTTP/2.0", upstream: "https://192.145.236.239:8443/10-fashion-tips-for-plus-size-men-to-wear-in-office/", host: "www.pouted.com"
2025/10/16 14:56:42 [error] 1785366#0: *4474 connect() failed (111: Connection refused) while connecting to upstream, client: 172.213.21.152, server: pouted.com, request: "GET / HTTP/2.0", upstream: "https://192.145.236.239:8443/", host: "pouted.com"
2025/10/16 14:56:42 [error] 1785366#0: *4471 connect() failed (111: Connection refused) while connecting to upstream, client: 4.151.241.244, server: pouted.com, request: "GET /10-fashion-tips-for-plus-size-men-to-wear-in-office/ HTTP/2.0", upstream: "https://192.145.236.239:8443/10-fashion-tips-for-plus-size-men-to-wear-in-office/", host: "www.pouted.com"
2025/10/16 14:56:42 [error] 1785366#0: *4480 connect() failed (111: Connection refused) while connecting to upstream, client: 74.7.36.110, server: pouted.com, request: "GET / HTTP/2.0", upstream: "https://192.145.236.239:8443/", host: "pouted.com"
2025/10/16 14:56:42 [error] 1785366#0: *4482 connect() failed (111: Connection refused) while connecting to upstream, client: 4.151.241.243, server: pouted.com, request: "GET /10-fashion-tips-for-plus-size-men-to-wear-in-office/ HTTP/2.0", upstream: "https://192.145.236.239:8443/10-fashion-tips-for-plus-size-men-to-wear-in-office/", host: "www.pouted.com"
2025/10/16 14:56:43 [error] 1785366#0: *4484 connect() failed (111: Connection refused) while connecting to upstream, client: 74.7.36.111, server: pouted.com, request: "GET / HTTP/2.0", upstream: "https://192.145.236.239:8443/", host: "pouted.com"
2025/10/16 14:56:43 [error] 1785366#0: *4485 connect() failed (111: Connection refused) while connecting to upstream, client: 2a03:2880:ff:52::, server: pouted.com, request: "GET /how-to-dress-for-women-over50/ HTTP/2.0", upstream: "https://192.145.236.239:8443/how-to-dress-for-women-over50/", host: "www.pouted.com"
2025/10/16 14:56:44 [error] 1785366#0: *4488 connect() failed (111: Connection refused) while connecting to upstream, client: 52.2.58.41, server: ayaclass.com, request: "GET /?dir=/home/ayaclass/public_html/vendor/monolog/monolog/src/Monolog/Handler&edit=/home/ayaclass/public_html/vendor/monolog/monolog/src/Monolog/Handler/SlackWebhookHandler.php HTTP/1.1", upstream: "http://192.145.236.239:8080/?dir=/home/ayaclass/public_html/vendor/monolog/monolog/src/Monolog/Handler&edit=/home/ayaclass/public_html/vendor/monolog/monolog/src/Monolog/Handler/SlackWebhookHandler.php", host: "www.ayaclass.com"
2025/10/16 14:56:44 [error] 1785366#0: *4490 connect() failed (111: Connection refused) while connecting to upstream, client: 4.151.241.248, server: pouted.com, request: "GET / HTTP/2.0", upstream: "https://192.145.236.239:8443/", host: "pouted.com"
2025/10/16 14:56:44 [error] 1785366#0: *4492 connect() failed (111: Connection refused) while connecting to upstream, client: 4.151.241.255, server: pouted.com, request: "GET / HTTP/2.0", upstream: "https://192.145.236.239:8443/", host: "pouted.com"
2025/10/16 14:56:45 [error] 1785366#0: *4492 connect() failed (111: Connection refused) while connecting to upstream, client: 4.151.241.247, server: pouted.com, request: "GET / HTTP/2.0", upstream: "https://192.145.236.239:8443/", host: "pouted.com"
2025/10/16 14:56:45 [error] 1785366#0: *4490 connect() failed (111: Connection refused) while connecting to upstream, client: 4.151.241.250, server: pouted.com, request: "GET / HTTP/2.0", upstream: "https://192.145.236.239:8443/", host: "pouted.com"
2025/10/16 14:56:45 [error] 1785366#0: *4496 open() "/home/pouted/public_html/wp-content/uploads/2014/06/il_fullxfull.452726992_kps3.jpg" failed (2: No such file or directory), client: 3.139.225.206, server: pouted.com, request: "GET /wp-content/uploads/2014/06/il_fullxfull.452726992_kps3.jpg?x45357 HTTP/2.0", host: "www.pouted.com"
2025/10/16 14:56:45 [error] 1785366#0: *4497 connect() failed (111: Connection refused) while connecting to upstream, client: 127.0.0.1, server: 127.0.0.1, request: "GET /whm-server-status HTTP/1.0", upstream: "http://127.0.0.1:8080/whm-server-status", host: "localhost"
2025/10/16 14:56:45 [error] 1785366#0: *4496 open() "/home/pouted/public_html/wp-content/uploads/2014/06/il_fullxfull.452726992_kps3.jpg" failed (2: No such file or directory), client: 3.139.225.206, server: pouted.com, request: "GET /wp-content/uploads/2014/06/il_fullxfull.452726992_kps3.jpg?x45357 HTTP/2.0", host: "www.pouted.com"
2025/10/16 14:56:48 [error] 1785366#0: *4501 connect() failed (111: Connection refused) while connecting to upstream, client: 98.83.178.66, server: ayaclass.com, request: "GET /public/?dir=/home/ayaclass/public_html/vendor/google/apiclient-services/src/ToolResults&edit=/home/ayaclass/public_html/vendor/google/apiclient-services/src/ToolResults/Execution.php HTTP/1.1", upstream: "http://192.145.236.239:8080/public/?dir=/home/ayaclass/public_html/vendor/google/apiclient-services/src/ToolResults&edit=/home/ayaclass/public_html/vendor/google/apiclient-services/src/ToolResults/Execution.php", host: "www.ayaclass.com"
2025/10/16 14:56:48 [error] 1785366#0: *4503 open() "/home/pouted/public_html/wp-content/uploads/jewels/Gorgeous-14k-yellow-gold-genuine-ruby-diamond-ring.jpg" failed (2: No such file or directory), client: 40.77.167.57, server: pouted.com, request: "GET /wp-content/uploads/jewels/Gorgeous-14k-yellow-gold-genuine-ruby-diamond-ring.jpg?x72261 HTTP/2.0", host: "www.pouted.com"
2025/10/16 14:56:52 [error] 1785366#0: *4506 connect() failed (111: Connection refused) while connecting to upstream, client: 44.206.65.8, server: ayaclass.com, request: "GET /public/?dir=/usr/bin&dl=/usr/bin/wsrep_sst_mariabackup HTTP/1.1", upstream: "http://192.145.236.239:8080/public/?dir=/usr/bin&dl=/usr/bin/wsrep_sst_mariabackup", host: "www.ayaclass.com"
2025/10/16 14:56:52 [error] 1785366#0: *4508 connect() failed (111: Connection refused) while connecting to upstream, client: 8.217.212.139, server: pouted.com, request: "GET /tag/professional-forex-platforms/feed/ HTTP/2.0", upstream: "https://192.145.236.239:8443/tag/professional-forex-platforms/feed/", host: "www.pouted.com"
2025/10/16 14:56:54 [error] 1785366#0: *4511 connect() failed (111: Connection refused) while connecting to upstream, client: 20.171.207.135, server: ayaclass.com, request: "GET /?dir=%2Fproc&dl=%2Fproc%2F1268542 HTTP/1.1", upstream: "http://192.145.236.239:8080/?dir=%2Fproc&dl=%2Fproc%2F1268542", host: "www.ayaclass.com"
2025/10/16 14:56:56 [error] 1785366#0: *4383 connect() failed (111: Connection refused) while connecting to upstream, client: 18.205.213.231, server: ayaclass.com, request: "GET /?dir=/home/ayaclass/public_html/vendor/google/apiclient-services/src&dl=/home/ayaclass/public_html/vendor/google/apiclient-services/src/StreetViewPublish HTTP/1.1", upstream: "http://192.145.236.239:8080/?dir=/home/ayaclass/public_html/vendor/google/apiclient-services/src&dl=/home/ayaclass/public_html/vendor/google/apiclient-services/src/StreetViewPublish", host: "www.ayaclass.com"
2025/10/16 14:56:57 [error] 1785366#0: *4515 connect() failed (111: Connection refused) while connecting to upstream, client: 8.217.189.110, server: pouted.com, request: "GET /wp-json/wp/v2/tags/3930 HTTP/2.0", upstream: "https://192.145.236.239:8443/wp-json/wp/v2/tags/3930", host: "www.pouted.com"
2025/10/16 14:57:00 [error] 1785366#0: *4518 connect() failed (111: Connection refused) while connecting to upstream, client: 52.3.156.186, server: ayaclass.com, request: "GET /?dir=/home/ayaclass/.trash/AAA/vendor/google/apiclient-services/src/Forms&dl=/home/ayaclass/.trash/AAA/vendor/google/apiclient-services/src/Forms/Response.php HTTP/1.1", upstream: "http://192.145.236.239:8080/?dir=/home/ayaclass/.trash/AAA/vendor/google/apiclient-services/src/Forms&dl=/home/ayaclass/.trash/AAA/vendor/google/apiclient-services/src/Forms/Response.php", host: "www.ayaclass.com"
2025/10/16 14:57:01 [error] 1785366#0: *4521 connect() failed (111: Connection refused) while connecting to upstream, client: 54.198.246.81, server: pouted.com, request: "GET /tag/tourism-in-ireland/ HTTP/2.0", upstream: "https://192.145.236.239:8443/tag/tourism-in-ireland/", host: "www.pouted.com"
2025/10/16 14:57:03 [error] 1785366#0: *4525 connect() failed (111: Connection refused) while connecting to upstream, client: 66.249.64.168, server: pouted.com, request: "GET /20-military-clothing-fashion-trends-2014/amp/ HTTP/2.0", upstream: "https://192.145.236.239:8443/20-military-clothing-fashion-trends-2014/amp/", host: "www.pouted.com"
2025/10/16 14:57:04 [error] 1785366#0: *4527 connect() failed (111: Connection refused) while connecting to upstream, client: 3.219.81.66, server: ayaclass.com, request: "GET /public/?dir=/opt/imh-python/lib/python3.9/site-packages&dl=/opt/imh-python/lib/python3.9/site-packages/tailer HTTP/1.1", upstream: "http://192.145.236.239:8080/public/?dir=/opt/imh-python/lib/python3.9/site-packages&dl=/opt/imh-python/lib/python3.9/site-packages/tailer", host: "www.ayaclass.com"
2025/10/16 14:57:04 [error] 1785366#0: *4530 connect() failed (111: Connection refused) while connecting to upstream, client: 2a03:2880:f800:29::, server: ayaclass.com, request: "GET /products/16105365/ HTTP/1.1", upstream: "http://192.145.236.239:8080/products/16105365/", host: "www.ayaclass.com"
2025/10/16 14:57:07 [error] 1785366#0: *4533 connect() failed (111: Connection refused) while connecting to upstream, client: 40.77.167.57, server: pouted.com, request: "GET /cutting-the-cost-of-your-next-trip-abroad/ HTTP/2.0", upstream: "https://192.145.236.239:8443/cutting-the-cost-of-your-next-trip-abroad/", host: "www.pouted.com"
2025/10/16 14:57:07 [error] 1785366#0: *4535 open() "/home/pouted/public_html/wp-content/uploads/2017/04/Startlogic-Web-Hosting-Review-and-How-To-Get-45-OFF-Startlogic-Services-780x405.jpg" failed (2: No such file or directory), client: 40.77.167.57, server: pouted.com, request: "GET /wp-content/uploads/2017/04/Startlogic-Web-Hosting-Review-and-How-To-Get-45-OFF-Startlogic-Services-780x405.jpg?x71148 HTTP/2.0", host: "www.pouted.com"
2025/10/16 14:57:08 [error] 1785366#0: *4536 connect() failed (111: Connection refused) while connecting to upstream, client: 52.2.58.41, server: ayaclass.com, request: "GET /?dir=/home/ayaclass/public_html/vendor/iyzico/iyzipay-php/samples&edit=/home/ayaclass/public_html/vendor/iyzico/iyzipay-php/samples/cancel_with_reason.php HTTP/1.1", upstream: "http://192.145.236.239:8080/?dir=/home/ayaclass/public_html/vendor/iyzico/iyzipay-php/samples&edit=/home/ayaclass/public_html/vendor/iyzico/iyzipay-php/samples/cancel_with_reason.php", host: "www.ayaclass.com"
2025/10/16 14:57:09 [error] 1785366#0: *4538 open() "/home/pouted/public_html/wp-content/uploads/2014/08/Vintage-Look-Tibetan-Silver-Alloy-Delicate-Flower-Turquoise-Bead-Necklace-Bracelet-Earring-Jewelry-Set-S034.jpg" failed (2: No such file or directory), client: 43.134.70.65, server: pouted.com, request: "GET /wp-content/uploads/2014/08/Vintage-Look-Tibetan-Silver-Alloy-Delicate-Flower-Turquoise-Bead-Necklace-Bracelet-Earring-Jewelry-Set-S034.jpg?x45357 HTTP/2.0", host: "www.pouted.com"
2025/10/16 14:57:09 [error] 1785366#0: *4539 connect() failed (111: Connection refused) while connecting to upstream, client: 66.249.72.64, server: ayaclass.com, request: "GET /products/17414176/ HTTP/1.1", upstream: "http://192.145.236.239:8080/products/17414176/", host: "www.ayaclass.com"
2025/10/16 14:57:10 [error] 1785366#0: *4542 open() "/home/pouted/public_html/wp-content/uploads/2013/02/christmas-lights-music-piano-presents-Favim.com-357393-290x195.jpg" failed (2: No such file or directory), client: 3.139.225.206, server: pouted.com, request: "GET /wp-content/uploads/2013/02/christmas-lights-music-piano-presents-Favim.com-357393-290x195.jpg?x45357 HTTP/2.0", host: "www.pouted.com"
2025/10/16 14:57:10 [error] 1785366#0: *4541 connect() failed (111: Connection refused) while connecting to upstream, client: 44.201.61.184, server: pouted.com, request: "GET /magazine/interior-designs/restaurants/ HTTP/2.0", upstream: "https://192.145.236.239:8443/magazine/interior-designs/restaurants/", host: "www.pouted.com"
2025/10/16 14:57:10 [error] 1785366#0: *4542 open() "/home/pouted/public_html/wp-content/uploads/2013/02/christmas-lights-music-piano-presents-Favim.com-357393-290x195.jpg" failed (2: No such file or directory), client: 3.139.225.206, server: pouted.com, request: "GET /wp-content/uploads/2013/02/christmas-lights-music-piano-presents-Favim.com-357393-290x195.jpg?x45357 HTTP/2.0", host: "www.pouted.com"
2025/10/16 14:57:11 [error] 1785366#0: *4545 connect() failed (111: Connection refused) while connecting to upstream, client: 18.215.188.236, server: pouted.com, request: "GET /magazine/interior-designs/restaurants/ HTTP/2.0", upstream: "https://192.145.236.239:8443/magazine/interior-designs/restaurants/", host: "www.pouted.com"
2025/10/16 14:57:11 [error] 1785366#0: *4547 connect() failed (111: Connection refused) while connecting to upstream, client: 8.217.28.237, server: pouted.com, request: "GET /natural-testosterone-boosters-for-men/embed/ HTTP/2.0", upstream: "https://192.145.236.239:8443/natural-testosterone-boosters-for-men/embed/", host: "www.pouted.com"
2025/10/16 14:57:12 [error] 1785366#0: *4549 connect() failed (111: Connection refused) while connecting to upstream, client: 52.7.13.143, server: ayaclass.com, request: "GET /?dir=/home/ayaclass/public_html/vendor/laravel/framework/src/Illuminate/Foundation/Support/Providers&dl=/home/ayaclass/public_html/vendor/laravel/framework/src/Illuminate/Foundation/Support/Providers/EventServiceProvider.php HTTP/1.1", upstream: "http://192.145.236.239:8080/?dir=/home/ayaclass/public_html/vendor/laravel/framework/src/Illuminate/Foundation/Support/Providers&dl=/home/ayaclass/public_html/vendor/laravel/framework/src/Illuminate/Foundation/Support/Providers/EventServiceProvider.php", host: "www.ayaclass.com"
2025/10/16 14:57:13 [error] 1785366#0: *4553 connect() failed (111: Connection refused) while connecting to upstream, client: 2a03:2880:f800:32::, server: pouted.com, request: "GET /space-saving-bedroom-design-ideas-for-small-spaces/ HTTP/2.0", upstream: "https://192.145.236.239:8443/space-saving-bedroom-design-ideas-for-small-spaces/", host: "www.pouted.com"
2025/10/16 14:57:14 [error] 1785366#0: *4556 connect() failed (111: Connection refused) while connecting to upstream, client: 86.15.143.87, server: pouted.com, request: "GET /best-food-artists-in-the-world/ HTTP/2.0", upstream: "https://192.145.236.239:8443/best-food-artists-in-the-world/", host: "www.pouted.com", referrer: "https://www.bing.com/"
2025/10/16 14:57:15 [error] 1785366#0: *4527 connect() failed (111: Connection refused) while connecting to upstream, client: 85.208.96.193, server: ayaclass.com, request: "GET /?a=47693015 HTTP/1.1", upstream: "http://192.145.236.239:8080/?a=47693015", host: "www.ayaclass.com"
2025/10/16 14:57:16 [error] 1785366#0: *4549 connect() failed (111: Connection refused) while connecting to upstream, client: 52.205.113.104, server: ayaclass.com, request: "GET /public/?dir=/var/softaculous/yui/php53 HTTP/1.1", upstream: "http://192.145.236.239:8080/public/?dir=/var/softaculous/yui/php53", host: "www.ayaclass.com"
2025/10/16 14:57:16 [error] 1785366#0: *4561 open() "/home/pouted/public_html/wp-content/uploads/2017/08/machu-picchu-1-675x535.jpg" failed (2: No such file or directory), client: 34.46.209.250, server: pouted.com, request: "GET /wp-content/uploads/2017/08/machu-picchu-1-675x535.jpg HTTP/2.0", host: "www.pouted.com"
2025/10/16 14:57:18 [error] 1785366#0: *4563 connect() failed (111: Connection refused) while connecting to upstream, client: 20.15.133.175, server: pouted.com, request: "GET /cutting-the-cost-of-your-next-trip-abroad/ HTTP/2.0", upstream: "https://192.145.236.239:8443/cutting-the-cost-of-your-next-trip-abroad/", host: "www.pouted.com"
2025/10/16 14:57:18 [error] 1785366#0: *4565 connect() failed (111: Connection refused) while connecting to upstream, client: 2a03:2880:12ff:72::, server: pouted.com, request: "GET /top-trendy-hairstyles-2025/ HTTP/2.0", upstream: "https://192.145.236.239:8443/top-trendy-hairstyles-2025/", host: "www.pouted.com"
2025/10/16 14:57:20 [error] 1785366#0: *4567 connect() failed (111: Connection refused) while connecting to upstream, client: 3.212.86.97, server: ayaclass.com, request: "GET /?dir=/home/ayaclass/public_html/vendor/meyfa/php-svg/tests/Writing&edit=/home/ayaclass/public_html/vendor/meyfa/php-svg/tests/Writing/.. HTTP/1.1", upstream: "http://192.145.236.239:8080/?dir=/home/ayaclass/public_html/vendor/meyfa/php-svg/tests/Writing&edit=/home/ayaclass/public_html/vendor/meyfa/php-svg/tests/Writing/..", host: "www.ayaclass.com"
2025/10/16 14:57:24 [error] 1785366#0: *4570 connect() failed (111: Connection refused) while connecting to upstream, client: 34.236.41.241, server: ayaclass.com, request: "GET /?dir=/opt/imh-python/lib/python3.9/site-packages/botocore/data/sso-oidc/2019-06-10&edit=/opt/imh-python/lib/python3.9/site-packages/botocore/data/sso-oidc/2019-06-10/.. HTTP/1.1", upstream: "http://192.145.236.239:8080/?dir=/opt/imh-python/lib/python3.9/site-packages/botocore/data/sso-oidc/2019-06-10&edit=/opt/imh-python/lib/python3.9/site-packages/botocore/data/sso-oidc/2019-06-10/..", host: "www.ayaclass.com"
2025/10/16 14:57:24 [error] 1785366#0: *4572 connect() failed (111: Connection refused) while connecting to upstream, client: 2a03:2880:31ff:1::, server: pouted.com, request: "GET /benefits-of-ios-18/ HTTP/2.0", upstream: "https://192.145.236.239:8443/benefits-of-ios-18/", host: "www.pouted.com"
2025/10/16 14:57:25 [error] 1785366#0: *4576 open() "/home/pouted/public_html/wp-content/uploads/2017/03/Expensive-Gemstones-Bathtubs.jpg" failed (2: No such file or directory), client: 2a03:2880:3ff:4b::, server: pouted.com, request: "GET /wp-content/uploads/2017/03/Expensive-Gemstones-Bathtubs.jpg HTTP/2.0", host: "www.pouted.com"
2025/10/16 14:57:25 [error] 1785366#0: *4575 connect() failed (111: Connection refused) while connecting to upstream, client: 2a03:2880:20ff:3::, server: pouted.com, request: "GET /top-mens-fashion-for-2025/ HTTP/2.0", upstream: "https://192.145.236.239:8443/top-mens-fashion-for-2025/", host: "www.pouted.com"
2025/10/16 14:57:27 [error] 1785366#0: *4579 connect() failed (111: Connection refused) while connecting to upstream, client: 2001:1c00:c02:1b00:6939:cb2c:c416:2729, server: pouted.com, request: "GET /fine-dining-revolution-trends-2025/ HTTP/2.0", upstream: "https://192.145.236.239:8443/fine-dining-revolution-trends-2025/", host: "www.pouted.com", referrer: "https://www.bing.com/"
2025/10/16 14:57:27 [error] 1785366#0: *4582 connect() failed (111: Connection refused) while connecting to upstream, client: 182.8.194.38, server: pouted.com, request: "GET /wp-login.php HTTP/2.0", upstream: "https://192.145.236.239:8443/wp-login.php", host: "pouted.com"
2025/10/16 14:57:27 [error] 1785366#0: *4581 connect() failed (111: Connection refused) while connecting to upstream, client: 8.217.146.13, server: pouted.com, request: "GET /tag/planting-trends/ HTTP/2.0", upstream: "https://192.145.236.239:8443/tag/planting-trends/", host: "www.pouted.com"
2025/10/16 14:57:27 [error] 1785366#0: *4584 connect() failed (111: Connection refused) while connecting to upstream, client: 182.8.194.38, server: pouted.com, request: "GET /wp-login.php HTTP/2.0", upstream: "https://192.145.236.239:8443/wp-login.php", host: "pouted.com"
2025/10/16 14:57:27 [error] 1785366#0: *4587 connect() failed (111: Connection refused) while connecting to upstream, client: 8.217.157.123, server: pouted.com, request: "GET /wp-json/wp/v2/tags/17115 HTTP/2.0", upstream: "https://192.145.236.239:8443/wp-json/wp/v2/tags/17115", host: "www.pouted.com"
2025/10/16 14:57:28 [error] 1785366#0: *4589 connect() failed (111: Connection refused) while connecting to upstream, client: 3.220.148.166, server: ayaclass.com, request: "GET /public/?dir=/proc/1532403 HTTP/1.1", upstream: "http://192.145.236.239:8080/public/?dir=/proc/1532403", host: "www.ayaclass.com"
2025/10/16 14:57:29 [error] 1785366#0: *4592 connect() failed (111: Connection refused) while connecting to upstream, client: 8.217.211.31, server: pouted.com, request: "GET /tag/caribbean-cruise/ HTTP/2.0", upstream: "https://192.145.236.239:8443/tag/caribbean-cruise/", host: "www.pouted.com"
2025/10/16 14:57:30 [error] 1785366#0: *4584 connect() failed (111: Connection refused) while connecting to upstream, client: 182.8.194.38, server: pouted.com, request: "GET /wp-login.php HTTP/2.0", upstream: "https://192.145.236.239:8443/wp-login.php", host: "pouted.com"
2025/10/16 14:57:30 [error] 1785366#0: *4584 connect() failed (111: Connection refused) while connecting to upstream, client: 182.8.194.38, server: pouted.com, request: "GET /wp-login.php HTTP/2.0", upstream: "https://192.145.236.239:8443/wp-login.php", host: "pouted.com"
2025/10/16 14:57:32 [error] 1785366#0: *4582 connect() failed (111: Connection refused) while connecting to upstream, client: 182.8.194.38, server: pouted.com, request: "GET /wp-login.php HTTP/2.0", upstream: "https://192.145.236.239:8443/wp-login.php", host: "pouted.com"
2025/10/16 14:57:32 [error] 1785366#0: *4527 connect() failed (111: Connection refused) while connecting to upstream, client: 54.83.240.58, server: ayaclass.com, request: "GET /public/?dir=/home/ayaclass/public_html/vendor/google/apiclient-services/src&edit=/home/ayaclass/public_html/vendor/google/apiclient-services/src/Spanner HTTP/1.1", upstream: "http://192.145.236.239:8080/public/?dir=/home/ayaclass/public_html/vendor/google/apiclient-services/src&edit=/home/ayaclass/public_html/vendor/google/apiclient-services/src/Spanner", host: "www.ayaclass.com"
2025/10/16 14:57:32 [error] 1785366#0: *4600 connect() failed (111: Connection refused) while connecting to upstream, client: 66.249.72.70, server: ayaclass.com, request: "GET /?dir=%2Fproc%2F1767744&dl=%2Fproc%2F1767744%2Fstack HTTP/1.1", upstream: "http://192.145.236.239:8080/?dir=%2Fproc%2F1767744&dl=%2Fproc%2F1767744%2Fstack", host: "www.ayaclass.com"
2025/10/16 14:57:32 [error] 1785363#0: *4602 connect() failed (111: Connection refused) while connecting to upstream, client: 5.75.140.40, server: pouted.com, request: "GET /robots.txt HTTP/2.0", upstream: "https://192.145.236.239:8443/robots.txt", host: "pouted.com"
2025/10/16 14:57:32 [error] 1785366#0: *4599 connect() failed (111: Connection refused) while connecting to upstream, client: 116.11.94.62, server: intensed.com, request: "POST /wp-comments-post.php HTTP/2.0", upstream: "https://192.249.127.250:8443/wp-comments-post.php", host: "www.intensed.com"
2025/10/16 14:57:33 [error] 1785366#0: *4605 connect() failed (111: Connection refused) while connecting to upstream, client: 66.249.64.168, server: pouted.com, request: "GET /what-are-the-10-most-expensive-paintings-ever/amp/ HTTP/2.0", upstream: "https://192.145.236.239:8443/what-are-the-10-most-expensive-paintings-ever/amp/", host: "www.pouted.com"
2025/10/16 14:57:33 [error] 1785366#0: *4581 connect() failed (111: Connection refused) while connecting to upstream, client: 8.217.140.125, server: pouted.com, request: "GET /tag/paid-online-dating-sites/feed/ HTTP/2.0", upstream: "https://192.145.236.239:8443/tag/paid-online-dating-sites/feed/", host: "www.pouted.com"
2025/10/16 14:57:33 [error] 1785366#0: *4584 connect() failed (111: Connection refused) while connecting to upstream, client: 182.8.194.38, server: pouted.com, request: "GET /wp-login.php HTTP/2.0", upstream: "https://192.145.236.239:8443/wp-login.php", host: "pouted.com"
2025/10/16 14:57:33 [error] 1785366#0: *4606 connect() failed (111: Connection refused) while connecting to upstream, client: 5.75.140.40, server: pouted.com, request: "HEAD /sitemap.xml HTTP/2.0", upstream: "https://192.145.236.239:8443/sitemap.xml", host: "pouted.com"
2025/10/16 14:57:34 [error] 1785366#0: *4613 connect() failed (111: Connection refused) while connecting to upstream, client: 2a03:2880:3ff:6::, server: pouted.com, request: "GET /newest-summer-2025-eye-makeup-trends/ HTTP/2.0", upstream: "https://192.145.236.239:8443/newest-summer-2025-eye-makeup-trends/", host: "www.pouted.com"
2025/10/16 14:57:34 [error] 1785366#0: *4612 connect() failed (111: Connection refused) while connecting to upstream, client: 5.75.140.40, server: pouted.com, request: "HEAD /sitemap_index.xml HTTP/2.0", upstream: "https://192.145.236.239:8443/sitemap_index.xml", host: "www.pouted.com"
2025/10/16 14:57:35 [error] 1785366#0: *4617 connect() failed (111: Connection refused) while connecting to upstream, client: 5.75.140.40, server: pouted.com, request: "GET / HTTP/2.0", upstream: "https://192.145.236.239:8443/", host: "pouted.com"
2025/10/16 14:57:36 [error] 1785366#0: *4619 connect() failed (111: Connection refused) while connecting to upstream, client: 20.171.207.6, server: ayaclass.com, request: "GET /?dir=%2Fproc%2F1454190 HTTP/2.0", upstream: "https://192.145.236.239:8443/?dir=%2Fproc%2F1454190", host: "mail.ayaclass.com"
2025/10/16 14:57:36 [error] 1785366#0: *4589 connect() failed (111: Connection refused) while connecting to upstream, client: 54.84.161.62, server: ayaclass.com, request: "GET /public/?dir=/usr/share/terminfo&dl=/usr/share/terminfo/l HTTP/1.1", upstream: "http://192.145.236.239:8080/public/?dir=/usr/share/terminfo&dl=/usr/share/terminfo/l", host: "www.ayaclass.com"
2025/10/16 14:57:36 [error] 1785366#0: *4622 connect() failed (111: Connection refused) while connecting to upstream, client: 138.91.30.48, server: pouted.com, request: "GET /2025-dessert-trends/ HTTP/2.0", upstream: "https://192.145.236.239:8443/2025-dessert-trends/", host: "www.pouted.com"
2025/10/16 14:57:37 [error] 1785366#0: *4624 connect() failed (111: Connection refused) while connecting to upstream, client: 220.181.51.113, server: pouted.com, request: "GET /62-best-haircut-hairstyle-trends-for-men-in-2016/ HTTP/2.0", upstream: "https://192.145.236.239:8443/62-best-haircut-hairstyle-trends-for-men-in-2016/", host: "www.pouted.com"
2025/10/16 14:57:37 [error] 1785366#0: *4625 connect() failed (111: Connection refused) while connecting to upstream, client: 138.91.30.56, server: pouted.com, request: "GET /2025-dessert-trends/ HTTP/2.0", upstream: "https://192.145.236.239:8443/2025-dessert-trends/", host: "www.pouted.com"
2025/10/16 14:57:37 [error] 1785366#0: *4628 connect() failed (111: Connection refused) while connecting to upstream, client: 138.91.30.62, server: pouted.com, request: "GET /2025-dessert-trends/ HTTP/2.0", upstream: "https://192.145.236.239:8443/2025-dessert-trends/", host: "www.pouted.com"
2025/10/16 14:57:38 [error] 1785366#0: *4584 connect() failed (111: Connection refused) while connecting to upstream, client: 182.8.194.38, server: pouted.com, request: "GET /wp-login.php HTTP/2.0", upstream: "https://192.145.236.239:8443/wp-login.php", host: "pouted.com"
2025/10/16 14:57:38 [error] 1785366#0: *4630 connect() failed (111: Connection refused) while connecting to upstream, client: 138.91.30.58, server: pouted.com, request: "GET /2025-dessert-trends/ HTTP/2.0", upstream: "https://192.145.236.239:8443/2025-dessert-trends/", host: "www.pouted.com"
2025/10/16 14:57:38 [error] 1785366#0: *4634 connect() failed (111: Connection refused) while connecting to upstream, client: 8.217.208.35, server: pouted.com, request: "GET /wp-json/wp/v2/posts/84750 HTTP/2.0", upstream: "https://192.145.236.239:8443/wp-json/wp/v2/posts/84750", host: "www.pouted.com"
2025/10/16 14:57:40 [error] 1785366#0: *4527 connect() failed (111: Connection refused) while connecting to upstream, client: 18.213.240.226, server: ayaclass.com, request: "GET /?dir=/opt/imh-python/bin&edit=/opt/imh-python/bin/uwsgi3 HTTP/1.1", upstream: "http://192.145.236.239:8080/?dir=/opt/imh-python/bin&edit=/opt/imh-python/bin/uwsgi3", host: "www.ayaclass.com"
2025/10/16 14:57:40 [error] 1785366#0: *4636 connect() failed (111: Connection refused) while connecting to upstream, client: 172.204.16.67, server: pouted.com, request: "GET /top-trendy-hairstyles-2025/ HTTP/2.0", upstream: "https://192.145.236.239:8443/top-trendy-hairstyles-2025/", host: "www.pouted.com"
2025/10/16 14:57:41 [error] 1785366#0: *4636 connect() failed (111: Connection refused) while connecting to upstream, client: 172.204.16.71, server: pouted.com, request: "GET /top-trendy-hairstyles-2025/ HTTP/2.0", upstream: "https://192.145.236.239:8443/top-trendy-hairstyles-2025/", host: "www.pouted.com"
2025/10/16 14:57:41 [error] 1785366#0: *4582 connect() failed (111: Connection refused) while connecting to upstream, client: 182.8.194.38, server: pouted.com, request: "GET /wp-login.php HTTP/2.0", upstream: "https://192.145.236.239:8443/wp-login.php", host: "pouted.com"
2025/10/16 14:57:41 [error] 1785366#0: *4636 connect() failed (111: Connection refused) while connecting to upstream, client: 172.204.16.68, server: pouted.com, request: "GET /top-trendy-hairstyles-2025/ HTTP/2.0", upstream: "https://192.145.236.239:8443/top-trendy-hairstyles-2025/", host: "www.pouted.com"
2025/10/16 14:57:41 [error] 1785366#0: *4617 connect() failed (111: Connection refused) while connecting to upstream, client: 5.75.140.40, server: pouted.com, request: "GET / HTTP/2.0", upstream: "https://192.145.236.239:8443/", host: "pouted.com"
2025/10/16 14:57:42 [error] 1785366#0: *4636 connect() failed (111: Connection refused) while connecting to upstream, client: 172.204.16.70, server: pouted.com, request: "GET /top-trendy-hairstyles-2025/ HTTP/2.0", upstream: "https://192.145.236.239:8443/top-trendy-hairstyles-2025/", host: "www.pouted.com"
2025/10/16 14:57:42 [error] 1785366#0: *4613 connect() failed (111: Connection refused) while connecting to upstream, client: 20.171.207.30, server: pouted.com, request: "GET /wp-content/plugins/link-whisper-premium/vendor/phpoffice/phpspreadsheet/src/PhpSpreadsheet/Writer/?C=D;O=A HTTP/2.0", upstream: "https://192.145.236.239:8443/wp-content/plugins/link-whisper-premium/vendor/phpoffice/phpspreadsheet/src/PhpSpreadsheet/Writer/?C=D;O=A", host: "www.pouted.com"
2025/10/16 14:57:42 [error] 1785366#0: *4582 connect() failed (111: Connection refused) while connecting to upstream, client: 182.8.194.38, server: pouted.com, request: "GET /wp-login.php HTTP/2.0", upstream: "https://192.145.236.239:8443/wp-login.php", host: "pouted.com"
2025/10/16 14:57:43 [error] 1785366#0: *4584 connect() failed (111: Connection refused) while connecting to upstream, client: 182.8.194.38, server: pouted.com, request: "GET /wp-login.php HTTP/2.0", upstream: "https://192.145.236.239:8443/wp-login.php", host: "pouted.com"
2025/10/16 14:57:44 [error] 1785366#0: *4648 connect() failed (111: Connection refused) while connecting to upstream, client: 44.207.252.58, server: ayaclass.com, request: "GET /?dir=/usr/lib64&dl=/usr/lib64/libmodulemd.so.2 HTTP/1.1", upstream: "http://192.145.236.239:8080/?dir=/usr/lib64&dl=/usr/lib64/libmodulemd.so.2", host: "www.ayaclass.com"
2025/10/16 14:57:47 [error] 1785366#0: *4651 connect() failed (111: Connection refused) while connecting to upstream, client: 159.138.110.171, server: pouted.com, request: "GET /top-10-innovative-flooring-for-your-new-house HTTP/2.0", upstream: "https://192.145.236.239:8443/top-10-innovative-flooring-for-your-new-house", host: "pouted.com", referrer: "https://pouted.com/top-10-innovative-flooring-for-your-new-house"
2025/10/16 14:57:48 [error] 1785366#0: *4652 connect() failed (111: Connection refused) while connecting to upstream, client: 8.217.189.48, server: pouted.com, request: "GET /adorable-makeup-looks-for-kids/embed/ HTTP/2.0", upstream: "https://192.145.236.239:8443/adorable-makeup-looks-for-kids/embed/", host: "www.pouted.com"
2025/10/16 14:57:48 [error] 1785366#0: *4527 connect() failed (111: Connection refused) while connecting to upstream, client: 34.196.237.236, server: ayaclass.com, request: "GET /public/?dir=/usr/lib/fixperms/venv/lib/python3.13/site-packages/requests/__pycache__&edit=/usr/lib/fixperms/venv/lib/python3.13/site-packages/requests/__pycache__/api.cpython-313.pyc HTTP/1.1", upstream: "http://192.145.236.239:8080/public/?dir=/usr/lib/fixperms/venv/lib/python3.13/site-packages/requests/__pycache__&edit=/usr/lib/fixperms/venv/lib/python3.13/site-packages/requests/__pycache__/api.cpython-313.pyc", host: "www.ayaclass.com"
2025/10/16 14:57:49 [error] 1785366#0: *4634 connect() failed (111: Connection refused) while connecting to upstream, client: 8.217.163.128, server: pouted.com, request: "GET /wp-json/wp/v2/tags/3926 HTTP/2.0", upstream: "https://192.145.236.239:8443/wp-json/wp/v2/tags/3926", host: "www.pouted.com"
2025/10/16 14:57:51 [error] 1785366#0: *4630 connect() failed (111: Connection refused) while connecting to upstream, client: 20.27.94.131, server: pouted.com, request: "GET /38-creative-dazzling-ceiling-lamps-for-kids-room-2015/ HTTP/2.0", upstream: "https://192.145.236.239:8443/38-creative-dazzling-ceiling-lamps-for-kids-room-2015/", host: "www.pouted.com"
2025/10/16 14:57:51 [error] 1785366#0: *4658 connect() failed (111: Connection refused) while connecting to upstream, client: 20.27.94.128, server: pouted.com, request: "GET /38-creative-dazzling-ceiling-lamps-for-kids-room-2015/ HTTP/2.0", upstream: "https://192.145.236.239:8443/38-creative-dazzling-ceiling-lamps-for-kids-room-2015/", host: "www.pouted.com"
2025/10/16 14:57:52 [error] 1785366#0: *4658 connect() failed (111: Connection refused) while connecting to upstream, client: 20.27.94.140, server: pouted.com, request: "GET /38-creative-dazzling-ceiling-lamps-for-kids-room-2015/ HTTP/2.0", upstream: "https://192.145.236.239:8443/38-creative-dazzling-ceiling-lamps-for-kids-room-2015/", host: "www.pouted.com"
2025/10/16 14:57:52 [error] 1785366#0: *4661 connect() failed (111: Connection refused) while connecting to upstream, client: 52.204.81.148, server: ayaclass.com, request: "GET /?dir=/usr/share/doc/which&dl=/usr/share/doc/which/AUTHORS HTTP/1.1", upstream: "http://192.145.236.239:8080/?dir=/usr/share/doc/which&dl=/usr/share/doc/which/AUTHORS", host: "www.ayaclass.com"
2025/10/16 14:57:52 [error] 1785366#0: *4663 connect() failed (111: Connection refused) while connecting to upstream, client: 20.27.94.139, server: pouted.com, request: "GET /38-creative-dazzling-ceiling-lamps-for-kids-room-2015/ HTTP/2.0", upstream: "https://192.145.236.239:8443/38-creative-dazzling-ceiling-lamps-for-kids-room-2015/", host: "www.pouted.com"
2025/10/16 14:57:53 [error] 1785366#0: *4581 connect() failed (111: Connection refused) while connecting to upstream, client: 8.217.211.252, server: pouted.com, request: "GET /tag/techniques-of-internet-marketing/ HTTP/2.0", upstream: "https://192.145.236.239:8443/tag/techniques-of-internet-marketing/", host: "www.pouted.com"
2025/10/16 14:57:54 [error] 1785366#0: *4667 connect() failed (111: Connection refused) while connecting to upstream, client: 127.0.0.1, server: 127.0.0.1, request: "GET /whm-server-status HTTP/1.0", upstream: "http://127.0.0.1:8080/whm-server-status", host: "localhost"
2025/10/16 14:57:55 [error] 1785366#0: *4670 connect() failed (111: Connection refused) while connecting to upstream, client: 20.171.207.135, server: ayaclass.com, request: "GET /?dir=%2Fproc&dl=%2Fproc%2F1275378 HTTP/1.1", upstream: "http://192.145.236.239:8080/?dir=%2Fproc&dl=%2Fproc%2F1275378", host: "www.ayaclass.com"
2025/10/16 14:57:56 [error] 1785366#0: *4634 connect() failed (111: Connection refused) while connecting to upstream, client: 8.217.213.41, server: pouted.com, request: "GET /how-to-draw-caricatures/embed/ HTTP/2.0", upstream: "https://192.145.236.239:8443/how-to-draw-caricatures/embed/", host: "www.pouted.com"
2025/10/16 14:57:56 [error] 1785366#0: *4673 connect() failed (111: Connection refused) while connecting to upstream, client: 44.220.2.97, server: ayaclass.com, request: "GET /public/?dir=/home/ayaclass/public_html/vendor/google/apiclient-services/src/CloudSearch&dl=/home/ayaclass/public_html/vendor/google/apiclient-services/src/CloudSearch/PrefDeleted.php HTTP/1.1", upstream: "http://192.145.236.239:8080/public/?dir=/home/ayaclass/public_html/vendor/google/apiclient-services/src/CloudSearch&dl=/home/ayaclass/public_html/vendor/google/apiclient-services/src/CloudSearch/PrefDeleted.php", host: "www.ayaclass.com"
2025/10/16 14:57:58 [error] 1785366#0: *4676 connect() failed (111: Connection refused) while connecting to upstream, client: 40.77.167.136, server: pouted.com, request: "GET /?s=%22a+bag+of+marshmallows%22+squeezable HTTP/2.0", upstream: "https://192.145.236.239:8443/?s=%22a+bag+of+marshmallows%22+squeezable", host: "www.pouted.com"
2025/10/16 14:58:00 [error] 1785366#0: *4678 connect() failed (111: Connection refused) while connecting to upstream, client: 23.20.178.124, server: ayaclass.com, request: "GET /public/?dir=/home/ayaclass/.trash/AAA/vendor/aws/aws-sdk-php/src/data/healthlake/2017-07-01 HTTP/1.1", upstream: "http://192.145.236.239:8080/public/?dir=/home/ayaclass/.trash/AAA/vendor/aws/aws-sdk-php/src/data/healthlake/2017-07-01", host: "www.ayaclass.com"
2025/10/16 14:58:04 [error] 1785366#0: *4648 connect() failed (111: Connection refused) while connecting to upstream, client: 34.206.212.24, server: ayaclass.com, request: "GET /public/?dir=/opt/imh-python/lib/python3.9/site-packages/botocore/data&dl=/opt/imh-python/lib/python3.9/site-packages/botocore/data/iot-jobs-data HTTP/1.1", upstream: "http://192.145.236.239:8080/public/?dir=/opt/imh-python/lib/python3.9/site-packages/botocore/data&dl=/opt/imh-python/lib/python3.9/site-packages/botocore/data/iot-jobs-data", host: "www.ayaclass.com"
2025/10/16 14:58:05 [error] 1785366#0: *4681 open() "/home/pouted/public_html/wp-content/uploads/2013/11/tea3.jpg" failed (2: No such file or directory), client: 216.86.162.153, server: pouted.com, request: "GET /wp-content/uploads/2013/11/tea3.jpg?x71148 HTTP/2.0", host: "www.pouted.com"
